-- https://www.phpmyadmin.net/
--
-- 主機： localhost
-- 產生時間： 2024 年 06 月 17 日 11:05
-- 伺服器版本： 8.0.36-28
-- PHP 版本： 7.4.33

START TRANSACTION;



--
-- 資料庫: `webeasy8_silvermart_db`
--

-- --------------------------------------------------------

--
-- 資料表結構 `wos_akquickicons_icons`
--

CREATE TABLE `wos_akquickicons_icons` (
  `id` int UNSIGNED NOT NULL,
  `asset_id` int NOT NULL,
  `catid` int NOT NULL,
  `title` varchar(255) NOT NULL,
  `alias` varchar(255) NOT NULL,
  `link` varchar(255) NOT NULL,
  `introtext` mediumtext NOT NULL,
  `fulltext` mediumtext NOT NULL,
  `images` text NOT NULL,
  `icon_class` varchar(255) NOT NULL,
  `version` int UNSIGNED NOT NULL,
  `created` datetime NOT NULL,
  `created_by` int NOT NULL,
  `modified` datetime NOT NULL,
  `modified_by` int NOT NULL,
  `ordering` int NOT NULL,
  `published` tinyint(1) NOT NULL DEFAULT '1',
  `publish_up` datetime NOT NULL,
  `publish_down` datetime NOT NULL,
  `checked_out` int NOT NULL,
  `checked_out_time` datetime NOT NULL DEFAULT '0000-00-00 00:00:00',
  `access` int UNSIGNED NOT NULL,
  `language` char(7) NOT NULL,
  `params` text NOT NULL
) ENGINE=InnoDB DEFAULT CHARSET=utf8mb3;

--
-- 傾印資料表的資料 `wos_akquickicons_icons`
--

INSERT INTO `wos_akquickicons_icons` (`id`, `asset_id`, `catid`, `title`, `alias`, `link`, `introtext`, `fulltext`, `images`, `icon_class`, `version`, `created`, `created_by`, `modified`, `modified_by`, `ordering`, `published`, `publish_up`, `publish_down`, `checked_out`, `checked_out_time`, `access`, `language`, `params`) VALUES
(13, 36, 9, 'Add New Article', 'add-new-article', 'index.php?option=com_content&task=article.add', '', '', 'images/quickicons/Primo-Icons/blog_add_48.png', 'akicon-plus', 0, '2012-08-12 04:03:16', 1, '0000-00-00 00:00:00', 0, 1, -2, '0000-00-00 00:00:00', '0000-00-00 00:00:00', 0, '0000-00-00 00:00:00', 1, '*', ''),
(14, 37, 9, 'Article Manager', 'article-manager', 'index.php?option=com_content', '', '', 'images/quickicons/Primo-Icons/blog_compose_48.png', 'akicon-pencil', 0, '2012-08-12 04:09:56', 1, '0000-00-00 00:00:00', 0, 11, 1, '0000-00-00 00:00:00', '0000-00-00 00:00:00', 0, '0000-00-00 00:00:00', 1, '*', ''),
(15, 38, 9, 'Category Manager', 'category-manager', 'index.php?option=com_categories&extension=com_content', '', '', 'images/quickicons/bluestock/icon-48-category.png', 'akicon-folder-close', 0, '2012-08-12 04:14:42', 1, '0000-00-00 00:00:00', 0, 12, 1, '0000-00-00 00:00:00', '0000-00-00 00:00:00', 0, '0000-00-00 00:00:00', 1, '*', ''),
(16, 39, 9, 'Media Manager', 'media-manager', 'index.php?option=com_media', '', '', 'images/quickicons/Primo-Icons/photo_48.png', 'akicon-picture', 0, '2012-11-15 18:48:13', 1, '0000-00-00 00:00:00', 0, 17, 1, '0000-00-00 00:00:00', '0000-00-00 00:00:00', 0, '0000-00-00 00:00:00', 1, '*', ''),
(17, 40, 9, 'Menu Manager', 'menu-manager', 'index.php?option=com_menus', '', '', 'images/quickicons/bluestock/icon-48-menumgr.png', 'akicon-th-list', 0, '2012-11-15 18:52:16', 1, '0000-00-00 00:00:00', 0, 16, 1, '0000-00-00 00:00:00', '0000-00-00 00:00:00', 0, '0000-00-00 00:00:00', 1, '*', ''),
(18, 41, 9, 'User Manager', 'user-manager', 'index.php?option=com_users', '', '', 'images/quickicons/bluestock/icon-48-user.png', 'akicon-user', 0, '2012-11-15 18:53:30', 1, '0000-00-00 00:00:00', 0, 9, 1, '0000-00-00 00:00:00', '0000-00-00 00:00:00', 0, '0000-00-00 00:00:00', 1, '*', ''),
(19, 42, 9, 'Module Manager', 'module-manager', 'index.php?option=com_modules', '', '', 'images/quickicons/Primo-Icons/puzzle_48.png', 'akicon-th-large', 0, '2012-11-15 18:55:21', 1, '0000-00-00 00:00:00', 0, 18, 1, '0000-00-00 00:00:00', '0000-00-00 00:00:00', 0, '0000-00-00 00:00:00', 1, '*', ''),
(20, 43, 9, 'Plugin Manager', 'extension-manager', 'index.php?option=com_plugins', '', '', 'images/quickicons/bluestock/icon-48-plugin.png', 'akicon-hdd', 0, '2012-11-15 18:58:17', 1, '0000-00-00 00:00:00', 0, 19, 1, '0000-00-00 00:00:00', '0000-00-00 00:00:00', 0, '0000-00-00 00:00:00', 1, '*', ''),
(21, 44, 9, 'Language Manager', 'language-manager', 'index.php?option=com_languages', '', '', 'images/quickicons/bluestock/icon-48-language.png', 'akicon-globe', 0, '2012-11-15 18:59:27', 1, '0000-00-00 00:00:00', 0, 20, 1, '0000-00-00 00:00:00', '0000-00-00 00:00:00', 0, '0000-00-00 00:00:00', 1, '*', ''),
(22, 45, 9, 'Global Configuration', 'global-configuration', 'index.php?option=com_config', '', '', 'images/quickicons/bluestock/icon-48-config.png', 'akicon-wrench', 0, '2012-11-15 19:00:54', 1, '0000-00-00 00:00:00', 0, 21, 1, '0000-00-00 00:00:00', '0000-00-00 00:00:00', 0, '0000-00-00 00:00:00', 4, '*', ''),
(23, 46, 9, 'Album Manager', 'album-manager', 'index.php?option=com_albums', '', '', 'images/quickicons/bluestock/icon-48-media.png', 'akicon-eye-open', 0, '2012-11-15 19:04:02', 1, '0000-00-00 00:00:00', 0, 5, 0, '0000-00-00 00:00:00', '0000-00-00 00:00:00', 0, '0000-00-00 00:00:00', 1, '*', ''),
(24, 51, 9, 'Quick Icon', 'quick-icon', 'index.php?option=com_akquickicons', '', '', 'images/quickicons/bluestock/icon-48-component.png', '', 0, '2012-12-05 09:11:50', 1, '0000-00-00 00:00:00', 0, 24, 1, '0000-00-00 00:00:00', '0000-00-00 00:00:00', 0, '0000-00-00 00:00:00', 4, '*', ''),
(25, 52, 9, 'Extension Manager', 'extension-manager', 'index.php?option=com_installer&view=manage', '', '', 'images/quickicons/bluestock/icon-48-extension.png', '', 0, '2012-12-05 09:15:51', 1, '0000-00-00 00:00:00', 0, 22, 1, '0000-00-00 00:00:00', '0000-00-00 00:00:00', 0, '0000-00-00 00:00:00', 4, '*', ''),
(26, 53, 9, 'Group Manager', 'group-manager', 'index.php?option=com_users&view=groups', '', '', 'images/quickicons/bluestock/icon-48-groups.png', '', 0, '2012-12-05 09:26:53', 1, '0000-00-00 00:00:00', 0, 10, 1, '0000-00-00 00:00:00', '0000-00-00 00:00:00', 0, '0000-00-00 00:00:00', 1, '*', ''),
(27, 55, 9, 'Backup', 'backup', 'index.php?option=com_easyjoomlabackup', '', '', 'images/quickicons/Primo-Icons/database_inactive_48.png', '', 0, '2012-12-05 09:50:28', 1, '0000-00-00 00:00:00', 0, 25, 1, '0000-00-00 00:00:00', '0000-00-00 00:00:00', 0, '0000-00-00 00:00:00', 1, '*', ''),
(28, 65, 9, 'Shop Manager', 'shoppro', 'index.php?option=com_shoppro', '', '', 'images/quickicons/free-objects/shoppro.png', '', 0, '2012-12-07 10:19:24', 1, '0000-00-00 00:00:00', 0, 2, 1, '0000-00-00 00:00:00', '0000-00-00 00:00:00', 0, '0000-00-00 00:00:00', 1, '*', ''),
(29, 960, 9, 'Member', 'member', 'index.php?option=com_member', '', '', 'images/quickicons/bluestock/icon-48-contacts.png', '', 0, '2012-12-07 11:10:51', 1, '0000-00-00 00:00:00', 0, 7, 1, '0000-00-00 00:00:00', '0000-00-00 00:00:00', 0, '0000-00-00 00:00:00', 1, '*', ''),
(30, 961, 9, 'Localise', 'localise', 'index.php?option=com_localise', '', '', 'images/quickicons/build/Globe.png', '', 0, '2012-12-07 11:53:11', 1, '0000-00-00 00:00:00', 0, 23, 0, '0000-00-00 00:00:00', '0000-00-00 00:00:00', 0, '0000-00-00 00:00:00', 4, '*', ''),
(31, 969, 9, 'Message Template', 'message-template', 'index.php?option=com_msgtemplates', '', '', 'images/quickicons/bluestock/icon-48-featured.png', '', 0, '2012-12-07 14:51:44', 1, '0000-00-00 00:00:00', 0, 15, 1, '0000-00-00 00:00:00', '0000-00-00 00:00:00', 0, '0000-00-00 00:00:00', 1, '*', ''),
(32, 973, 9, 'Product Manager', 'product-manager', 'index.php?option=com_product', '', '', 'images/quickicons/Quartz/mobile.png', '', 0, '2012-12-10 11:58:25', 1, '0000-00-00 00:00:00', 0, 4, -2, '0000-00-00 00:00:00', '0000-00-00 00:00:00', 0, '0000-00-00 00:00:00', 1, '*', ''),
(33, 1925, 9, 'News Subscription', 'news-subscription', 'index.php?option=com_subscriptions', '', '', 'images/quickicons/build/Mail.png', '', 0, '2013-01-30 18:03:45', 1, '0000-00-00 00:00:00', 0, 14, 1, '0000-00-00 00:00:00', '0000-00-00 00:00:00', 0, '0000-00-00 00:00:00', 1, '*', ''),
(34, 1932, 9, 'Content Translation', 'content-translation', 'index.php?option=com_falang', '', '', 'images/quickicons/free-objects/copy-document.png', '', 0, '2013-02-08 15:53:56', 1, '0000-00-00 00:00:00', 0, 13, 0, '0000-00-00 00:00:00', '0000-00-00 00:00:00', 0, '0000-00-00 00:00:00', 1, '*', ''),
(35, 2921, 9, 'Facebook User', 'facebook-user', 'index.php?option=com_fbcnt&view=userlist', '', '', 'images/quickicons/free-objects/facebook.png', '', 0, '2013-03-25 16:43:33', 1, '0000-00-00 00:00:00', 0, 26, -2, '0000-00-00 00:00:00', '0000-00-00 00:00:00', 0, '0000-00-00 00:00:00', 1, '*', ''),
(36, 2929, 9, 'Stock', 'stock', 'index.php?option=com_stock', '', '', 'images/quickicons/Quartz/box_present_48.png', '', 0, '2013-04-29 11:26:27', 1, '0000-00-00 00:00:00', 0, 3, -2, '0000-00-00 00:00:00', '0000-00-00 00:00:00', 0, '0000-00-00 00:00:00', 1, '*', ''),
(37, 4862, 9, 'Banner Manager', 'banner-manager', 'index.php?option=com_banners', '', '', 'images/quickicons/bluestock/icon-48-banner.png', '', 0, '2013-07-15 10:25:33', 1, '0000-00-00 00:00:00', 0, 8, 0, '0000-00-00 00:00:00', '0000-00-00 00:00:00', 0, '0000-00-00 00:00:00', 1, '*', ''),
(38, 6857, 9, 'Flipbook Manager', 'flipbook-manager', 'index.php?option=com_flipbook', '', '', 'images/quickicons/free-objects/Book.png', '', 0, '2013-08-09 09:42:31', 1, '0000-00-00 00:00:00', 0, 6, -2, '0000-00-00 00:00:00', '0000-00-00 00:00:00', 0, '0000-00-00 00:00:00', 1, '*', '');

-- --------------------------------------------------------

--
-- 資料表結構 `wos_albums`
--

CREATE TABLE `wos_albums` (
  `id` int UNSIGNED NOT NULL,
  `title` varchar(255) NOT NULL,
  `alias` varchar(255) CHARACTER SET utf8mb3 COLLATE utf8mb3_bin NOT NULL DEFAULT '',
  `catid` int UNSIGNED DEFAULT NULL,
  `img_name` varchar(255) DEFAULT NULL,
  `description` text,
  `access` int UNSIGNED NOT NULL DEFAULT '0',
  `featured` tinyint(1) NOT NULL DEFAULT '0',
  `is_new` tinyint UNSIGNED NOT NULL DEFAULT '0',
  `state` tinyint(1) NOT NULL DEFAULT '0',
  `ordering` int NOT NULL DEFAULT '0',
  `checked_out` int NOT NULL,
  `checked_out_time` datetime NOT NULL DEFAULT '0000-00-00 00:00:00',
  `created` datetime NOT NULL DEFAULT '0000-00-00 00:00:00',
  `created_by` int NOT NULL,
  `created_by_alias` varchar(255) NOT NULL DEFAULT '',
  `modified` datetime NOT NULL DEFAULT '0000-00-00 00:00:00',
  `modified_by` int UNSIGNED NOT NULL DEFAULT '0'
) ENGINE=InnoDB DEFAULT CHARSET=utf8mb3;

--
-- 傾印資料表的資料 `wos_albums`
--

INSERT INTO `wos_albums` (`id`, `title`, `alias`, `catid`, `img_name`, `description`, `access`, `featured`, `is_new`, `state`, `ordering`, `checked_out`, `checked_out_time`, `created`, `created_by`, `created_by_alias`, `modified`, `modified_by`) VALUES
(1, 'fdff', 'id-illo-libero-labore-voluptas-eum', 135, 'wallpaper-3023660.jpg', '<p>Dolore enim id tenetur libero consectetur rerum incididunt nulla distinctio. Dolore et qui ipsum ut doloribus sed exercitationem.</p>\r\n<p>Porro numquam et pariatur. Aut sunt aperiam aspernatur odit ex sit.</p>', 1, 1, 0, 0, 2, 0, '0000-00-00 00:00:00', '2016-05-31 04:01:00', 0, '', '0000-00-00 00:00:00', 0),
(2, 'LUMINESCE™赋活肌因俢护霜', 'odit-qui-voluptas-quam-iusto-qui', 135, 'qq20170609140256.png', '<p>&nbsp;</p>\r\n<p>两周内有效提升细胞保水度达85%以上。</p>\r\n<p>两小时内抚平明显的细纹与皱纹。</p>\r\n<p>干细胞生长因子令肌肤重现光泽及紧致。</p>\r\n<p>减少肌肤表面色斑，让肌肤保持均匀色调。</p>\r\n<hr id=\"system-readmore\" />\r\n<p><span style=\"color: #58595b; font-family: \'Gotham Narrow SSm A\',\'Gotham Narrow SSm B\',\'Open Sans\',sans-serif; font-size: 14px; font-style: normal; font-variant: normal; font-weight: normal; letter-spacing: normal; line-height: 27px; text-align: start; text-indent: 0px; text-transform: none; white-space: normal; word-spacing: 0px; float: none; background-color: #fafafa;\">&nbsp;用指尖或附贈的抹刀取適量修護霜，然後用指尖以向上按摩方式均勻塗抹於面部和頸部。晚間使用前先用LUMINESCE™賦活肌因潔顏露清潔並使用LUMINESCE™賦活青春精華露可達最佳效果。</span></p>\r\n<p><span style=\"color: #58595b; font-family: \'Gotham Narrow SSm A\',\'Gotham Narrow SSm B\',\'Open Sans\',sans-serif; font-size: 14px; font-style: normal; font-variant: normal; font-weight: normal; letter-spacing: normal; line-height: 27px; text-align: start; text-indent: 0px; text-transform: none; white-space: normal; word-spacing: 0px; float: none; background-color: #fafafa;\">要买到正品优惠价格，请扫描二维码加会员<br data-mce-bogus=\"1\" /></span></p>\r\n<p><img src=\"images/655052885163817145.jpg\" alt=\"\" /></p>\r\n<p>&nbsp;</p>\r\n<p><span style=\"color: #58595b; font-family: \'Gotham Narrow SSm A\',\'Gotham Narrow SSm B\',\'Open Sans\',sans-serif; font-size: 16px; font-style: normal; font-variant: normal; font-weight: normal; letter-spacing: normal; line-height: 27px; text-align: start; text-indent: 0px; text-transform: none; white-space: normal; word-spacing: 0px; float: none; background-color: #fafafa;\">&nbsp;</span></p>', 2, 1, 1, 1, 2, 0, '0000-00-00 00:00:00', '2016-05-31 04:06:14', 0, '', '0000-00-00 00:00:00', 0),
(3, 'LUMINESCE™赋活青春精华露', 'a-vel-quisquam-tempora-ea-quisquam-culpa', 135, 'q17.jpg', '<p>赋活青春精华露使您回复年轻的光辉。温和的精华露以含有最高比例生长因子的独特配方去维持您的肌肤。</p>\r\n<p>活化细胞分子，令肌肤重现年轻光采。</p>\r\n<p>重新回复肌肤光泽、紧致与平滑。</p>\r\n<p>减少皱纹，抚平细纹。</p>\r\n<p>补充肌肤流失的胶原蛋白与弹力蛋白。</p>\r\n<p><img src=\"images/655052885163817145.jpg\" alt=\"\" /></p>\r\n<p>&nbsp;</p>\r\n<p>&nbsp;</p>', 1, 0, 0, 1, 1, 0, '0000-00-00 00:00:00', '2016-05-31 04:53:36', 0, '', '0000-00-00 00:00:00', 0);

-- --------------------------------------------------------

--
-- 資料表結構 `wos_albums_images`
--

CREATE TABLE `wos_albums_images` (
  `id` int UNSIGNED NOT NULL,
  `album_id` int NOT NULL,
  `caption` varchar(255) DEFAULT NULL,
  `img_name` varchar(255) DEFAULT NULL,
  `ordering` int NOT NULL DEFAULT '0'
) ENGINE=InnoDB DEFAULT CHARSET=utf8mb3;

--
-- 傾印資料表的資料 `wos_albums_images`
--

INSERT INTO `wos_albums_images` (`id`, `album_id`, `caption`, `img_name`, `ordering`) VALUES
(5, 1, NULL, 'wonderful_sunset-wallpaper-1920x1080.jpg', 0),
(6, 1, NULL, 'wallpaper-3027420.jpg', 0),
(7, 1, NULL, 'wallpaper-3032573.jpg', 0),
(15, 2, NULL, '02.jpg', 0),
(16, 2, NULL, '03.jpg', 0),
(17, 3, NULL, 'qq20170609134017.png', 0),
(18, 3, NULL, 'qq20170609134437.png', 0),
(19, 3, NULL, 'qq20170609135143.png', 0),
(20, 2, NULL, 'qq20170609140256.png', 0);

-- --------------------------------------------------------

--
-- 資料表結構 `wos_assets`
--

CREATE TABLE `wos_assets` (
  `id` int UNSIGNED NOT NULL COMMENT 'Primary Key',
  `parent_id` int NOT NULL DEFAULT '0' COMMENT 'Nested set parent.',
  `lft` int NOT NULL DEFAULT '0' COMMENT 'Nested set lft.',
  `rgt` int NOT NULL DEFAULT '0' COMMENT 'Nested set rgt.',
  `level` int UNSIGNED NOT NULL COMMENT 'The cached level in the nested tree.',
  `name` varchar(50) NOT NULL COMMENT 'The unique name for the asset.\n',
  `title` varchar(100) NOT NULL COMMENT 'The descriptive title for the asset.',
  `rules` varchar(5120) NOT NULL COMMENT 'JSON encoded access control.'
) ENGINE=InnoDB DEFAULT CHARSET=utf8mb3;

--
-- 傾印資料表的資料 `wos_assets`
--

INSERT INTO `wos_assets` (`id`, `parent_id`, `lft`, `rgt`, `level`, `name`, `title`, `rules`) VALUES
(1, 0, 1, 13377, 0, 'root.1', 'Root Asset', '{\"core.login.site\":{\"6\":1,\"2\":1},\"core.login.admin\":{\"6\":1},\"core.login.offline\":{\"6\":1},\"core.admin\":{\"7\":1,\"8\":1},\"core.manage\":{\"7\":1},\"core.create\":{\"6\":1,\"3\":1},\"core.delete\":{\"6\":1},\"core.edit\":{\"6\":1,\"4\":1},\"core.edit.state\":{\"6\":1,\"5\":1},\"core.edit.own\":{\"6\":1,\"3\":1}}'),
(2, 1, 1, 2, 1, 'com_admin', 'com_admin', '{}'),
(3, 1, 3, 12, 1, 'com_banners', 'com_banners', '{\"core.admin\":{\"7\":1},\"core.manage\":{\"6\":1},\"core.create\":[],\"core.delete\":[],\"core.edit\":[],\"core.edit.state\":[]}'),
(4, 1, 13, 14, 1, 'com_cache', 'com_cache', '{\"core.admin\":{\"7\":1},\"core.manage\":{\"7\":1}}'),
(5, 1, 15, 16, 1, 'com_checkin', 'com_checkin', '{\"core.admin\":{\"7\":1},\"core.manage\":{\"7\":1}}'),
(6, 1, 17, 18, 1, 'com_config', 'com_config', '{}'),
(7, 1, 19, 22, 1, 'com_contact', 'com_contact', '{\"core.admin\":{\"7\":1},\"core.manage\":{\"6\":1},\"core.create\":[],\"core.delete\":[],\"core.edit\":[],\"core.edit.state\":[],\"core.edit.own\":[]}'),
(8, 1, 23, 92, 1, 'com_content', 'com_content', '{\"core.admin\":{\"7\":1},\"core.manage\":{\"6\":1},\"core.create\":{\"3\":1},\"core.delete\":[],\"core.edit\":{\"4\":1},\"core.edit.state\":{\"5\":1},\"core.edit.own\":[]}'),
(9, 1, 93, 94, 1, 'com_cpanel', 'com_cpanel', '{}'),
(10, 1, 95, 96, 1, 'com_installer', 'com_installer', '{\"core.admin\":[],\"core.manage\":{\"7\":0},\"core.delete\":{\"7\":0},\"core.edit.state\":{\"7\":0}}'),
(11, 1, 97, 98, 1, 'com_languages', 'com_languages', '{\"core.admin\":{\"7\":1},\"core.manage\":[],\"core.create\":[],\"core.delete\":[],\"core.edit\":[],\"core.edit.state\":[]}'),
(12, 1, 99, 100, 1, 'com_login', 'com_login', '{}'),
(13, 1, 101, 102, 1, 'com_mailto', 'com_mailto', '{}'),
(14, 1, 103, 104, 1, 'com_massmail', 'com_massmail', '{}'),
(15, 1, 105, 106, 1, 'com_media', 'com_media', '{\"core.admin\":{\"7\":1},\"core.manage\":{\"6\":1},\"core.create\":{\"3\":1},\"core.delete\":{\"5\":1}}'),
(16, 1, 107, 108, 1, 'com_menus', 'com_menus', '{\"core.admin\":{\"7\":1},\"core.manage\":[],\"core.create\":[],\"core.delete\":[],\"core.edit\":[],\"core.edit.state\":[]}'),
(17, 1, 109, 110, 1, 'com_messages', 'com_messages', '{\"core.admin\":{\"7\":1},\"core.manage\":{\"7\":1}}'),
(18, 1, 111, 112, 1, 'com_modules', 'com_modules', '{\"core.admin\":{\"7\":1},\"core.manage\":[],\"core.create\":[],\"core.delete\":[],\"core.edit\":[],\"core.edit.state\":[]}'),
(19, 1, 113, 116, 1, 'com_newsfeeds', 'com_newsfeeds', '{\"core.admin\":{\"7\":1},\"core.manage\":{\"6\":1},\"core.create\":[],\"core.delete\":[],\"core.edit\":[],\"core.edit.state\":[],\"core.edit.own\":[]}'),
(20, 1, 117, 118, 1, 'com_plugins', 'com_plugins', '{\"core.admin\":{\"7\":1},\"core.manage\":[],\"core.edit\":[],\"core.edit.state\":[]}'),
(21, 1, 119, 120, 1, 'com_redirect', 'com_redirect', '{\"core.admin\":{\"7\":1},\"core.manage\":[]}'),
(22, 1, 121, 122, 1, 'com_search', 'com_search', '{\"core.admin\":{\"7\":1},\"core.manage\":{\"6\":1},\"core.edit.state\":[]}'),
(23, 1, 123, 124, 1, 'com_templates', 'com_templates', '{\"core.admin\":{\"7\":1},\"core.manage\":[],\"core.create\":[],\"core.delete\":[],\"core.edit\":[],\"core.edit.state\":[]}'),
(24, 1, 125, 128, 1, 'com_users', 'com_users', '{\"core.admin\":{\"7\":1},\"core.manage\":[],\"core.create\":[],\"core.delete\":[],\"core.edit\":[],\"core.edit.state\":[]}'),
(25, 1, 129, 132, 1, 'com_weblinks', 'com_weblinks', '{\"core.admin\":{\"7\":1},\"core.manage\":{\"6\":1},\"core.create\":{\"3\":1},\"core.delete\":[],\"core.edit\":{\"4\":1},\"core.edit.state\":{\"5\":1},\"core.edit.own\":[]}'),
(26, 1, 133, 134, 1, 'com_wrapper', 'com_wrapper', '{}'),
(27, 8, 24, 45, 2, 'com_content.category.2', '健康資訊', '{\"core.create\":[],\"core.delete\":[],\"core.edit\":[],\"core.edit.state\":[],\"core.edit.own\":[]}'),
(28, 3, 4, 5, 2, 'com_banners.category.3', 'Uncategorised', '{\"core.create\":[],\"core.delete\":[],\"core.edit\":[],\"core.edit.state\":[]}'),
(29, 7, 20, 21, 2, 'com_contact.category.4', 'Uncategorised', '{\"core.create\":[],\"core.delete\":[],\"core.edit\":[],\"core.edit.state\":[],\"core.edit.own\":[]}'),
(30, 19, 114, 115, 2, 'com_newsfeeds.category.5', 'Uncategorised', '{\"core.create\":[],\"core.delete\":[],\"core.edit\":[],\"core.edit.state\":[],\"core.edit.own\":[]}'),
(31, 25, 130, 131, 2, 'com_weblinks.category.6', 'Uncategorised', '{\"core.create\":[],\"core.delete\":[],\"core.edit\":[],\"core.edit.state\":[],\"core.edit.own\":[]}'),
(32, 24, 126, 127, 1, 'com_users.category.7', 'Uncategorised', '{\"core.create\":[],\"core.delete\":[],\"core.edit\":[],\"core.edit.state\":[]}'),
(33, 1, 135, 136, 1, 'com_finder', 'com_finder', '{\"core.admin\":{\"7\":1},\"core.manage\":{\"6\":1}}'),
(34, 1, 137, 138, 1, 'com_joomlaupdate', 'com_joomlaupdate', '{\"core.admin\":[],\"core.manage\":[],\"core.delete\":[],\"core.edit.state\":[]}'),
(35, 1, 139, 140, 1, 'com_akquickicons.category.8', 'Core Icons', ''),
(36, 1, 141, 142, 1, 'com_akquickicons.icon.13', 'Add New Article', ''),
(37, 1, 143, 144, 1, 'com_akquickicons.icon.14', 'Article Manager', '{\"core.delete\":[],\"core.edit\":[],\"core.edit.state\":[]}'),
(38, 1, 145, 146, 1, 'com_akquickicons.icon.15', 'Category Manager', '{\"core.delete\":[],\"core.edit\":[],\"core.edit.state\":[]}'),
(39, 1, 147, 148, 1, 'com_akquickicons.icon.16', 'Media Manager', ''),
(40, 1, 149, 150, 1, 'com_akquickicons.icon.17', 'Menu Manager', '{\"core.delete\":[],\"core.edit\":[],\"core.edit.state\":[]}'),
(41, 1, 151, 152, 1, 'com_akquickicons.icon.18', 'User Manager', '{\"core.delete\":[],\"core.edit\":[],\"core.edit.state\":[]}'),
(42, 1, 153, 154, 1, 'com_akquickicons.icon.19', 'Module Manager', ''),
(43, 1, 155, 156, 1, 'com_akquickicons.icon.20', 'Plugin Manager', '{\"core.delete\":[],\"core.edit\":[],\"core.edit.state\":[]}'),
(44, 1, 157, 158, 1, 'com_akquickicons.icon.21', 'Language Manager', '{\"core.delete\":[],\"core.edit\":[],\"core.edit.state\":[]}'),
(45, 1, 159, 160, 1, 'com_akquickicons.icon.22', 'Global Configuration', '{\"core.delete\":[],\"core.edit\":[],\"core.edit.state\":[]}'),
(46, 1, 161, 162, 1, 'com_akquickicons.icon.23', 'Album Manager', '{\"core.delete\":[],\"core.edit\":[],\"core.edit.state\":[]}'),
(48, 1, 163, 164, 1, 'com_akquickicons.category.9', 'Core Icons', ''),
(49, 1, 165, 168, 1, 'com_akquickicons', 'com_akquickicons', '{}'),
(50, 49, 166, 167, 2, 'com_akquickicons.category.10', 'Admin Icon', '{\"core.create\":{\"6\":1,\"3\":1},\"core.delete\":{\"6\":1},\"core.edit\":{\"6\":1,\"4\":1},\"core.edit.state\":{\"6\":1,\"5\":1},\"core.edit.own\":{\"6\":1,\"3\":1}}'),
(51, 1, 169, 170, 1, 'com_akquickicons.icon.24', 'Quick Icon', '{\"core.delete\":{\"6\":1},\"core.edit\":{\"6\":1,\"4\":1},\"core.edit.state\":{\"6\":1,\"5\":1}}'),
(52, 1, 171, 172, 1, 'com_akquickicons.icon.25', 'Extension Manager', '{\"core.delete\":{\"6\":1},\"core.edit\":{\"6\":1,\"4\":1},\"core.edit.state\":{\"6\":1,\"5\":1}}'),
(53, 1, 173, 174, 1, 'com_akquickicons.icon.26', 'Group Manager', '{\"core.delete\":{\"6\":1},\"core.edit\":{\"6\":1,\"4\":1},\"core.edit.state\":{\"6\":1,\"5\":1}}'),
(55, 1, 175, 176, 1, 'com_akquickicons.icon.27', 'Backup', '{\"core.delete\":{\"6\":1},\"core.edit\":{\"6\":1,\"4\":1},\"core.edit.state\":{\"6\":1,\"5\":1}}'),
(62, 1, 177, 178, 1, 'com_falang', 'com_falang', '{}'),
(63, 6892, 47, 48, 3, 'com_content.article.1', 'home', '{\"core.delete\":{\"6\":1},\"core.edit\":{\"6\":1,\"4\":1},\"core.edit.state\":{\"6\":1,\"5\":1}}'),
(65, 1, 179, 180, 1, 'com_akquickicons.icon.28', 'Shop Manager', '{\"core.delete\":{\"6\":1},\"core.edit\":{\"6\":1,\"4\":1},\"core.edit.state\":{\"6\":1,\"5\":1}}'),
(957, 6892, 49, 50, 3, 'com_content.article.2', '小店資料', '{\"core.delete\":{\"6\":1},\"core.edit\":{\"6\":1,\"4\":1},\"core.edit.state\":{\"6\":1,\"5\":1}}'),
(959, 1, 9543, 9544, 1, 'com_member', 'member', '{\"core.admin\":[],\"core.manage\":[],\"core.create\":[],\"core.delete\":[],\"core.edit\":[],\"core.edit.state\":[]}'),
(960, 1, 9545, 9546, 1, 'com_akquickicons.icon.29', 'Member', '{\"core.delete\":{\"6\":1},\"core.edit\":{\"6\":1,\"4\":1},\"core.edit.state\":{\"6\":1,\"5\":1}}'),
(961, 1, 9547, 9548, 1, 'com_akquickicons.icon.30', 'Localise', '{\"core.delete\":{\"6\":1},\"core.edit\":{\"6\":1,\"4\":1},\"core.edit.state\":{\"6\":1,\"5\":1}}'),
(968, 1, 9549, 9550, 1, 'com_msgtemplates', 'msgtemplates', '{}'),
(969, 1, 9551, 9552, 1, 'com_akquickicons.icon.31', 'Message Template', '{\"core.delete\":{\"6\":1},\"core.edit\":{\"6\":1,\"4\":1},\"core.edit.state\":{\"6\":1,\"5\":1}}'),
(973, 1, 9553, 9554, 1, 'com_akquickicons.icon.32', 'Product Manager', '{\"core.delete\":{\"6\":1},\"core.edit\":{\"6\":1,\"4\":1},\"core.edit.state\":{\"6\":1,\"5\":1}}'),
(1920, 1, 9555, 9556, 1, 'com_form', 'form', '{}'),
(1924, 1, 9557, 9558, 1, 'com_newsletter', 'newsletter', '{}'),
(1925, 1, 9559, 9560, 1, 'com_akquickicons.icon.33', 'News Subscription', '{\"core.delete\":{\"6\":1},\"core.edit\":{\"6\":1,\"4\":1},\"core.edit.state\":{\"6\":1,\"5\":1}}'),
(1932, 1, 9561, 9562, 1, 'com_akquickicons.icon.34', 'Content Translation', '{\"core.delete\":{\"6\":1},\"core.edit\":{\"6\":1,\"4\":1},\"core.edit.state\":{\"6\":1,\"5\":1}}'),
(2921, 1, 9563, 9564, 1, 'com_akquickicons.icon.35', 'Facebook User', '{\"core.delete\":{\"6\":1},\"core.edit\":{\"6\":1,\"4\":1},\"core.edit.state\":{\"6\":1,\"5\":1}}'),
(2929, 1, 9565, 9566, 1, 'com_akquickicons.icon.36', 'Stock', '{\"core.delete\":{\"6\":1},\"core.edit\":{\"6\":1,\"4\":1},\"core.edit.state\":{\"6\":1,\"5\":1}}'),
(4862, 1, 9567, 9568, 1, 'com_akquickicons.icon.37', 'Banner Manager', '{\"core.delete\":{\"6\":1},\"core.edit\":{\"6\":1,\"4\":1},\"core.edit.state\":{\"6\":1,\"5\":1}}'),
(5897, 3, 6, 7, 2, 'com_banners.category.73', 'Vendors', '{\"core.create\":{\"6\":1,\"3\":1},\"core.delete\":{\"6\":1},\"core.edit\":{\"6\":1,\"4\":1},\"core.edit.state\":{\"6\":1,\"5\":1}}'),
(6857, 1, 13355, 13356, 1, 'com_akquickicons.icon.38', 'Flipbook Manager', '{\"core.delete\":{\"6\":1},\"core.edit\":{\"6\":1,\"4\":1},\"core.edit.state\":{\"6\":1,\"5\":1}}'),
(6888, 6892, 51, 52, 3, 'com_content.article.54', '联络我们', '{\"core.delete\":{\"6\":1},\"core.edit\":{\"6\":1,\"4\":1},\"core.edit.state\":{\"6\":1,\"5\":1}}'),
(6892, 8, 46, 81, 2, 'com_content.category.95', 'Uncategorize', '{\"core.create\":{\"6\":1,\"3\":1},\"core.delete\":{\"6\":1},\"core.edit\":{\"6\":1,\"4\":1},\"core.edit.state\":{\"6\":1,\"5\":1},\"core.edit.own\":{\"6\":1,\"3\":1}}'),
(6897, 1, 13357, 13358, 1, 'com_xmap', 'com_xmap', '{}'),
(6934, 1, 13359, 13360, 1, 'com_easyjoomlabackup', 'com_easyjoomlabackup', '{}'),
(6971, 1, 13361, 13400, 1, 'com_shoppro', 'com_shoppro', '{\"core.admin\":{\"7\":1,\"8\":1},\"core.manage\":{\"7\":1},\"core.create\":{\"6\":1,\"3\":1},\"core.delete\":{\"6\":1},\"core.edit\":{\"6\":1,\"4\":1},\"core.edit.state\":{\"6\":1,\"5\":1},\"core.product\":[],\"core.category\":[],\"core.productcombo\":[],\"core.order\":[],\"core.brand\":[],\"core.vendor\":[],\"core.comment\":[],\"core.vendorpo\":[],\"core.refend\":[],\"core.coupon\":[],\"core.country\":[],\"core.campaign\":[],\"core.shipping\":[],\"core.payment\":[],\"core.ranking\":[],\"core.currency\":[],\"core.report\":[]}'),
(6982, 6892, 73, 74, 3, 'com_content.article.127', '網上購物程序', '{\"core.delete\":{\"6\":1},\"core.edit\":{\"6\":1,\"4\":1},\"core.edit.state\":{\"6\":1,\"5\":1}}'),
(7020, 6892, 69, 70, 3, 'com_content.article.139', '私隱權聲明', '{\"core.delete\":{\"6\":1},\"core.edit\":{\"6\":1,\"4\":1},\"core.edit.state\":{\"6\":1,\"5\":1}}'),
(7022, 7023, 13365, 13400, 1, 'com_albums.category.135', '媒體報導', '{\"core.create\":{\"6\":1,\"3\":1},\"core.delete\":{\"6\":1},\"core.edit\":{\"6\":1,\"4\":1},\"core.edit.state\":{\"6\":1,\"5\":1},\"core.edit.own\":{\"6\":1,\"3\":1}}'),
(7030, 6892, 71, 72, 3, 'com_content.article.141', '使用條款及細則', '{\"core.delete\":{\"6\":1},\"core.edit\":{\"6\":1,\"4\":1},\"core.edit.state\":{\"6\":1,\"5\":1}}'),
(7031, 7155, 83, 84, 3, 'com_content.article.142', '发货方式', '{\"core.delete\":{\"6\":1},\"core.edit\":{\"6\":1,\"4\":1},\"core.edit.state\":{\"6\":1,\"5\":1}}'),
(7063, 3, 8, 9, 2, 'com_banners.category.173', 'Home Banner (1x2)', '{\"core.create\":{\"6\":1,\"3\":1},\"core.delete\":{\"6\":1},\"core.edit\":{\"6\":1,\"4\":1},\"core.edit.state\":{\"6\":1,\"5\":1}}'),
(7064, 3, 10, 11, 2, 'com_banners.category.174', 'Home Banner (1x1)', '{\"core.create\":{\"6\":1,\"3\":1},\"core.delete\":{\"6\":1},\"core.edit\":{\"6\":1,\"4\":1},\"core.edit.state\":{\"6\":1,\"5\":1}}'),
(7077, 6892, 53, 54, 3, 'com_content.article.151', '手作課程', '{\"core.delete\":{\"6\":1},\"core.edit\":{\"6\":1,\"4\":1},\"core.edit.state\":{\"6\":1,\"5\":1}}'),
(7078, 6892, 55, 56, 3, 'com_content.article.152', '布料資訊', '{\"core.delete\":{\"6\":1},\"core.edit\":{\"6\":1,\"4\":1},\"core.edit.state\":{\"6\":1,\"5\":1}}'),
(7079, 6892, 57, 58, 3, 'com_content.article.153', '日韓雜貨', '{\"core.delete\":{\"6\":1},\"core.edit\":{\"6\":1,\"4\":1},\"core.edit.state\":{\"6\":1,\"5\":1}}'),
(7090, 6971, 13362, 13404, 2, 'com_shoppro.category.189', 'WOMEN', '{\"core.create\":{\"6\":1,\"3\":1},\"core.delete\":{\"6\":1},\"core.edit\":{\"6\":1,\"4\":1},\"core.edit.state\":{\"6\":1,\"5\":1},\"core.edit.own\":{\"6\":1,\"3\":1}}'),
(7115, 6971, 13403, 13424, 2, 'com_shoppro.category.214', 'LIFESTYLE', '{\"core.create\":{\"6\":1,\"3\":1},\"core.delete\":{\"6\":1},\"core.edit\":{\"6\":1,\"4\":1},\"core.edit.state\":{\"6\":1,\"5\":1},\"core.edit.own\":{\"6\":1,\"3\":1}}'),
(7116, 6971, 13425, 13428, 2, 'com_shoppro.category.215', 'SPECIAL OFFERS', '{\"core.create\":{\"6\":1,\"3\":1},\"core.delete\":{\"6\":1},\"core.edit\":{\"6\":1,\"4\":1},\"core.edit.state\":{\"6\":1,\"5\":1},\"core.edit.own\":{\"6\":1,\"3\":1}}'),
(7117, 6971, 13429, 13438, 2, 'com_shoppro.category.216', 'GIFTS', '{\"core.create\":{\"6\":1,\"3\":1},\"core.delete\":{\"6\":1},\"core.edit\":{\"6\":1,\"4\":1},\"core.edit.state\":{\"6\":1,\"5\":1},\"core.edit.own\":{\"6\":1,\"3\":1}}'),
(7118, 6971, 13439, 13442, 2, 'com_shoppro.category.217', 'BEST SELLERS', '{\"core.create\":{\"6\":1,\"3\":1},\"core.delete\":{\"6\":1},\"core.edit\":{\"6\":1,\"4\":1},\"core.edit.state\":{\"6\":1,\"5\":1},\"core.edit.own\":{\"6\":1,\"3\":1}}'),
(7119, 7090, 13363, 13364, 3, 'com_shoppro.category.218', 'Women\'s Clothing', '{\"core.create\":{\"6\":1,\"3\":1},\"core.delete\":{\"6\":1},\"core.edit\":{\"6\":1,\"4\":1},\"core.edit.state\":{\"6\":1,\"5\":1},\"core.edit.own\":{\"6\":1,\"3\":1}}'),
(7128, 7115, 13408, 13409, 3, 'com_shoppro.category.227', 'Furniture', '{\"core.create\":{\"6\":1,\"3\":1},\"core.delete\":{\"6\":1},\"core.edit\":{\"6\":1,\"4\":1},\"core.edit.state\":{\"6\":1,\"5\":1},\"core.edit.own\":{\"6\":1,\"3\":1}}'),
(7129, 7115, 13410, 13411, 3, 'com_shoppro.category.228', 'Bathroom', '{\"core.create\":{\"6\":1,\"3\":1},\"core.delete\":{\"6\":1},\"core.edit\":{\"6\":1,\"4\":1},\"core.edit.state\":{\"6\":1,\"5\":1},\"core.edit.own\":{\"6\":1,\"3\":1}}'),
(7130, 7115, 13412, 13413, 3, 'com_shoppro.category.229', 'Kitchen', '{\"core.create\":{\"6\":1,\"3\":1},\"core.delete\":{\"6\":1},\"core.edit\":{\"6\":1,\"4\":1},\"core.edit.state\":{\"6\":1,\"5\":1},\"core.edit.own\":{\"6\":1,\"3\":1}}'),
(7132, 7117, 13432, 13433, 3, 'com_shoppro.category.231', 'Gift for Him', '{\"core.create\":{\"6\":1,\"3\":1},\"core.delete\":{\"6\":1},\"core.edit\":{\"6\":1,\"4\":1},\"core.edit.state\":{\"6\":1,\"5\":1},\"core.edit.own\":{\"6\":1,\"3\":1}}'),
(7133, 7090, 13377, 13400, 3, 'com_shoppro.category.232', 'Women\'s Bags', '{\"core.create\":{\"6\":1,\"3\":1},\"core.delete\":{\"6\":1},\"core.edit\":{\"6\":1,\"4\":1},\"core.edit.state\":{\"6\":1,\"5\":1},\"core.edit.own\":{\"6\":1,\"3\":1}}'),
(7134, 7090, 13401, 13402, 3, 'com_shoppro.category.233', 'Women\'s Accessories', '{\"core.create\":{\"6\":1,\"3\":1},\"core.delete\":{\"6\":1},\"core.edit\":{\"6\":1,\"4\":1},\"core.edit.state\":{\"6\":1,\"5\":1},\"core.edit.own\":{\"6\":1,\"3\":1}}'),
(7138, 7115, 13404, 13405, 3, 'com_shoppro.category.237', 'Lifestyle Products', '{\"core.create\":{\"6\":1,\"3\":1},\"core.delete\":{\"6\":1},\"core.edit\":{\"6\":1,\"4\":1},\"core.edit.state\":{\"6\":1,\"5\":1},\"core.edit.own\":{\"6\":1,\"3\":1}}'),
(7139, 7118, 13440, 13441, 3, 'com_shoppro.category.238', 'Signature Collections', '{\"core.create\":{\"6\":1,\"3\":1},\"core.delete\":{\"6\":1},\"core.edit\":{\"6\":1,\"4\":1},\"core.edit.state\":{\"6\":1,\"5\":1},\"core.edit.own\":{\"6\":1,\"3\":1}}'),
(7140, 7115, 13406, 13407, 3, 'com_shoppro.category.239', 'Home Furnishing/Deco', '{\"core.create\":{\"6\":1,\"3\":1},\"core.delete\":{\"6\":1},\"core.edit\":{\"6\":1,\"4\":1},\"core.edit.state\":{\"6\":1,\"5\":1},\"core.edit.own\":{\"6\":1,\"3\":1}}'),
(7143, 7117, 13430, 13431, 3, 'com_shoppro.category.242', 'Gift for Her', '{\"core.create\":{\"6\":1,\"3\":1},\"core.delete\":{\"6\":1},\"core.edit\":{\"6\":1,\"4\":1},\"core.edit.state\":{\"6\":1,\"5\":1},\"core.edit.own\":{\"6\":1,\"3\":1}}'),
(7144, 7115, 13414, 13415, 3, 'com_shoppro.category.243', 'Tableware', '{\"core.create\":{\"6\":1,\"3\":1},\"core.delete\":{\"6\":1},\"core.edit\":{\"6\":1,\"4\":1},\"core.edit.state\":{\"6\":1,\"5\":1},\"core.edit.own\":{\"6\":1,\"3\":1}}'),
(7145, 27, 25, 26, 3, 'com_content.article.154', 'Neque porro quisquam est qui dolorem', '{\"core.delete\":{\"6\":1},\"core.edit\":{\"6\":1,\"4\":1},\"core.edit.state\":{\"6\":1,\"5\":1}}'),
(7146, 27, 27, 28, 3, 'com_content.article.155', '           COZY ELEMENT', '{\"core.delete\":{\"6\":1},\"core.edit\":{\"6\":1,\"4\":1},\"core.edit.state\":{\"6\":1,\"5\":1}}'),
(7147, 27, 29, 30, 3, 'com_content.article.156', 'LUMINESCE™赋活肌因俢护霜', '{\"core.delete\":{\"6\":1},\"core.edit\":{\"6\":1,\"4\":1},\"core.edit.state\":{\"6\":1,\"5\":1}}'),
(7148, 27, 31, 32, 3, 'com_content.article.157', 'Curabitur porttitor aliquam mattis', '{\"core.delete\":{\"6\":1},\"core.edit\":{\"6\":1,\"4\":1},\"core.edit.state\":{\"6\":1,\"5\":1}}'),
(7152, 7117, 13434, 13435, 3, 'com_shoppro.category.247', 'Gift for Wedding', '{\"core.create\":{\"6\":1,\"3\":1},\"core.delete\":{\"6\":1},\"core.edit\":{\"6\":1,\"4\":1},\"core.edit.state\":{\"6\":1,\"5\":1},\"core.edit.own\":{\"6\":1,\"3\":1}}'),
(7153, 7117, 13436, 13437, 3, 'com_shoppro.category.248', 'Gift for Home', '{\"core.create\":{\"6\":1,\"3\":1},\"core.delete\":{\"6\":1},\"core.edit\":{\"6\":1,\"4\":1},\"core.edit.state\":{\"6\":1,\"5\":1},\"core.edit.own\":{\"6\":1,\"3\":1}}'),
(7154, 27, 37, 38, 3, 'com_content.article.158', '關節痛又發作？', '{\"core.delete\":{\"6\":1},\"core.edit\":{\"6\":1,\"4\":1},\"core.edit.state\":{\"6\":1,\"5\":1}}'),
(7155, 8, 82, 89, 2, 'com_content.category.249', 'Buying Guide', '{\"core.create\":{\"6\":1,\"3\":1},\"core.delete\":{\"6\":1},\"core.edit\":{\"6\":1,\"4\":1},\"core.edit.state\":{\"6\":1,\"5\":1},\"core.edit.own\":{\"6\":1,\"3\":1}}'),
(7156, 6892, 75, 76, 3, 'com_content.article.159', '送貨及自取', '{\"core.delete\":{\"6\":1},\"core.edit\":{\"6\":1,\"4\":1},\"core.edit.state\":{\"6\":1,\"5\":1}}'),
(7157, 7155, 87, 88, 3, 'com_content.article.160', 'returns', '{\"core.delete\":{\"6\":1},\"core.edit\":{\"6\":1,\"4\":1},\"core.edit.state\":{\"6\":1,\"5\":1}}'),
(7158, 7155, 85, 86, 3, 'com_content.article.161', 'Technology', '{\"core.delete\":{\"6\":1},\"core.edit\":{\"6\":1,\"4\":1},\"core.edit.state\":{\"6\":1,\"5\":1}}'),
(7159, 8, 90, 91, 2, 'com_content.category.250', 'Policies', '{\"core.create\":{\"6\":1,\"3\":1},\"core.delete\":{\"6\":1},\"core.edit\":{\"6\":1,\"4\":1},\"core.edit.state\":{\"6\":1,\"5\":1},\"core.edit.own\":{\"6\":1,\"3\":1}}'),
(7160, 6892, 67, 68, 3, 'com_content.article.162', '網站之使用條款', '{\"core.delete\":{\"6\":1},\"core.edit\":{\"6\":1,\"4\":1},\"core.edit.state\":{\"6\":1,\"5\":1}}'),
(7161, 6892, 59, 60, 3, 'com_content.article.163', '店铺地址', '{\"core.delete\":{\"6\":1},\"core.edit\":{\"6\":1,\"4\":1},\"core.edit.state\":{\"6\":1,\"5\":1}}'),
(7162, 6892, 61, 62, 3, 'com_content.article.164', 'About Us', '{\"core.delete\":{\"6\":1},\"core.edit\":{\"6\":1,\"4\":1},\"core.edit.state\":{\"6\":1,\"5\":1}}'),
(7163, 6892, 63, 64, 3, 'com_content.article.165', 'Vertical set up', '{\"core.delete\":{\"6\":1},\"core.edit\":{\"6\":1,\"4\":1},\"core.edit.state\":{\"6\":1,\"5\":1}}'),
(7164, 6971, 13365, 13366, 1, 'com_shoppro.category.251', '血壓計', '{\"core.create\":{\"6\":1,\"3\":1},\"core.delete\":{\"6\":1},\"core.edit\":{\"6\":1,\"4\":1},\"core.edit.state\":{\"6\":1,\"5\":1},\"core.edit.own\":{\"6\":1,\"3\":1}}'),
(7165, 6971, 13367, 13374, 1, 'com_shoppro.category.252', 'MEN', '{\"core.create\":{\"6\":1,\"3\":1},\"core.delete\":{\"6\":1},\"core.edit\":{\"6\":1,\"4\":1},\"core.edit.state\":{\"6\":1,\"5\":1},\"core.edit.own\":{\"6\":1,\"3\":1}}'),
(7166, 7165, 13368, 13369, 2, 'com_shoppro.category.253', 'Men\'s Clothing', '{\"core.create\":{\"6\":1,\"3\":1},\"core.delete\":{\"6\":1},\"core.edit\":{\"6\":1,\"4\":1},\"core.edit.state\":{\"6\":1,\"5\":1},\"core.edit.own\":{\"6\":1,\"3\":1}}'),
(7167, 7165, 13370, 13371, 2, 'com_shoppro.category.254', 'Men\'s Bags', '{\"core.create\":{\"6\":1,\"3\":1},\"core.delete\":{\"6\":1},\"core.edit\":{\"6\":1,\"4\":1},\"core.edit.state\":{\"6\":1,\"5\":1},\"core.edit.own\":{\"6\":1,\"3\":1}}'),
(7168, 7165, 13372, 13373, 2, 'com_shoppro.category.255', 'Men\'s Accessories', '{\"core.create\":{\"6\":1,\"3\":1},\"core.delete\":{\"6\":1},\"core.edit\":{\"6\":1,\"4\":1},\"core.edit.state\":{\"6\":1,\"5\":1},\"core.edit.own\":{\"6\":1,\"3\":1}}'),
(7175, 6892, 65, 66, 3, 'com_content.article.166', '聯絡我們', '{\"core.delete\":{\"6\":1},\"core.edit\":{\"6\":1,\"4\":1},\"core.edit.state\":{\"6\":1,\"5\":1}}'),
(7176, 27, 33, 34, 3, 'com_content.article.167', 'Hong Kong Showroom address:    ', '{\"core.delete\":{\"6\":1},\"core.edit\":{\"6\":1,\"4\":1},\"core.edit.state\":{\"6\":1,\"5\":1}}'),
(7177, 27, 35, 36, 3, 'com_content.article.168', 'Gindy Laura   庆祝六月新店开业活动.', '{\"core.delete\":{\"6\":1},\"core.edit\":{\"6\":1,\"4\":1},\"core.edit.state\":{\"6\":1,\"5\":1}}'),
(7178, 6971, 13375, 13376, 1, 'com_shoppro.category.262', 'OTHERS', '{\"core.create\":{\"6\":1,\"3\":1},\"core.delete\":{\"6\":1},\"core.edit\":{\"6\":1,\"4\":1},\"core.edit.state\":{\"6\":1,\"5\":1},\"core.edit.own\":{\"6\":1,\"3\":1}}'),
(7182, 7116, 13426, 13427, 3, 'com_shoppro.category.266', '欧米茄 OMEGA', '{\"core.create\":{\"6\":1,\"3\":1},\"core.delete\":{\"6\":1},\"core.edit\":{\"6\":1,\"4\":1},\"core.edit.state\":{\"6\":1,\"5\":1},\"core.edit.own\":{\"6\":1,\"3\":1}}'),
(7184, 7115, 13416, 13417, 3, 'com_shoppro.category.268', '瓷器品', '{\"core.create\":{\"6\":1,\"3\":1},\"core.delete\":{\"6\":1},\"core.edit\":{\"6\":1,\"4\":1},\"core.edit.state\":{\"6\":1,\"5\":1},\"core.edit.own\":{\"6\":1,\"3\":1}}'),
(7185, 7115, 13418, 13419, 3, 'com_shoppro.category.269', '玻璃器皿', '{\"core.create\":{\"6\":1,\"3\":1},\"core.delete\":{\"6\":1},\"core.edit\":{\"6\":1,\"4\":1},\"core.edit.state\":{\"6\":1,\"5\":1},\"core.edit.own\":{\"6\":1,\"3\":1}}'),
(7186, 7115, 13420, 13421, 3, 'com_shoppro.category.270', 'CRYSTAL', '{\"core.create\":{\"6\":1,\"3\":1},\"core.delete\":{\"6\":1},\"core.edit\":{\"6\":1,\"4\":1},\"core.edit.state\":{\"6\":1,\"5\":1},\"core.edit.own\":{\"6\":1,\"3\":1}}'),
(7187, 6971, 13378, 13379, 2, 'com_shoppro.category.271', '體溫計', '{\"core.create\":{\"6\":1,\"3\":1},\"core.delete\":{\"6\":1},\"core.edit\":{\"6\":1,\"4\":1},\"core.edit.state\":{\"6\":1,\"5\":1},\"core.edit.own\":{\"6\":1,\"3\":1}}'),
(7188, 7115, 13422, 13423, 3, 'com_shoppro.category.272', '生活百货', '{\"core.create\":{\"6\":1,\"3\":1},\"core.delete\":{\"6\":1},\"core.edit\":{\"6\":1,\"4\":1},\"core.edit.state\":{\"6\":1,\"5\":1},\"core.edit.own\":{\"6\":1,\"3\":1}}'),
(7189, 6971, 13380, 13381, 2, 'com_shoppro.category.273', '輪椅', '{\"core.create\":{\"6\":1,\"3\":1},\"core.delete\":{\"6\":1},\"core.edit\":{\"6\":1,\"4\":1},\"core.edit.state\":{\"6\":1,\"5\":1},\"core.edit.own\":{\"6\":1,\"3\":1}}'),
(7190, 6971, 13382, 13383, 2, 'com_shoppro.category.274', '腰背墊及坐墊', '{\"core.create\":{\"6\":1,\"3\":1},\"core.delete\":{\"6\":1},\"core.edit\":{\"6\":1,\"4\":1},\"core.edit.state\":{\"6\":1,\"5\":1},\"core.edit.own\":{\"6\":1,\"3\":1}}'),
(7191, 6971, 13384, 13385, 2, 'com_shoppro.category.275', '浴室輔助用品', '{\"core.create\":{\"6\":1,\"3\":1},\"core.delete\":{\"6\":1},\"core.edit\":{\"6\":1,\"4\":1},\"core.edit.state\":{\"6\":1,\"5\":1},\"core.edit.own\":{\"6\":1,\"3\":1}}'),
(7192, 6971, 13386, 13387, 2, 'com_shoppro.category.276', '失禁護理用品', '{\"core.create\":{\"6\":1,\"3\":1},\"core.delete\":{\"6\":1},\"core.edit\":{\"6\":1,\"4\":1},\"core.edit.state\":{\"6\":1,\"5\":1},\"core.edit.own\":{\"6\":1,\"3\":1}}'),
(7193, 6971, 13388, 13389, 2, 'com_shoppro.category.277', '拐杖、助行架及配件', '{\"core.create\":{\"6\":1,\"3\":1},\"core.delete\":{\"6\":1},\"core.edit\":{\"6\":1,\"4\":1},\"core.edit.state\":{\"6\":1,\"5\":1},\"core.edit.own\":{\"6\":1,\"3\":1}}'),
(7194, 6971, 13390, 13391, 2, 'com_shoppro.category.278', '消毒清潔及口罩', '{\"core.create\":{\"6\":1,\"3\":1},\"core.delete\":{\"6\":1},\"core.edit\":{\"6\":1,\"4\":1},\"core.edit.state\":{\"6\":1,\"5\":1},\"core.edit.own\":{\"6\":1,\"3\":1}}'),
(7195, 6971, 13392, 13393, 2, 'com_shoppro.category.279', '冷熱治療用品', '{\"core.create\":{\"6\":1,\"3\":1},\"core.delete\":{\"6\":1},\"core.edit\":{\"6\":1,\"4\":1},\"core.edit.state\":{\"6\":1,\"5\":1},\"core.edit.own\":{\"6\":1,\"3\":1}}'),
(7196, 6971, 13394, 13395, 2, 'com_shoppro.category.280', '生活護理產品', '{\"core.create\":{\"6\":1,\"3\":1},\"core.delete\":{\"6\":1},\"core.edit\":{\"6\":1,\"4\":1},\"core.edit.state\":{\"6\":1,\"5\":1},\"core.edit.own\":{\"6\":1,\"3\":1}}'),
(7197, 6971, 13396, 13397, 2, 'com_shoppro.category.281', '常用運動用品', '{\"core.create\":{\"6\":1,\"3\":1},\"core.delete\":{\"6\":1},\"core.edit\":{\"6\":1,\"4\":1},\"core.edit.state\":{\"6\":1,\"5\":1},\"core.edit.own\":{\"6\":1,\"3\":1}}'),
(7198, 6971, 13398, 13399, 2, 'com_shoppro.category.282', 'temp', '{\"core.create\":{\"6\":1,\"3\":1},\"core.delete\":{\"6\":1},\"core.edit\":{\"6\":1,\"4\":1},\"core.edit.state\":{\"6\":1,\"5\":1},\"core.edit.own\":{\"6\":1,\"3\":1}}'),
(7199, 27, 39, 40, 3, 'com_content.article.169', 'new2', '{\"core.delete\":{\"6\":1},\"core.edit\":{\"6\":1,\"4\":1},\"core.edit.state\":{\"6\":1,\"5\":1}}'),
(7200, 27, 41, 42, 3, 'com_content.article.170', '關節痛又發作?', '{\"core.delete\":{\"6\":1},\"core.edit\":{\"6\":1,\"4\":1},\"core.edit.state\":{\"6\":1,\"5\":1}}'),
(7201, 6892, 77, 78, 3, 'com_content.article.171', '退換、保養及維修', '{\"core.delete\":{\"6\":1},\"core.edit\":{\"6\":1,\"4\":1},\"core.edit.state\":{\"6\":1,\"5\":1}}'),
(7202, 6892, 79, 80, 3, 'com_content.article.172', '關於Silvermart', '{\"core.delete\":{\"6\":1},\"core.edit\":{\"6\":1,\"4\":1},\"core.edit.state\":{\"6\":1,\"5\":1}}'),
(7203, 27, 43, 44, 3, 'com_content.article.173', '「居家安老」哪些支援服務最啱您？', '{\"core.delete\":{\"6\":1},\"core.edit\":{\"6\":1,\"4\":1},\"core.edit.state\":{\"6\":1,\"5\":1}}');

-- --------------------------------------------------------

--
-- 資料表結構 `wos_banners`
--

CREATE TABLE `wos_banners` (
  `id` int NOT NULL,
  `cid` int NOT NULL DEFAULT '0',
  `type` int NOT NULL DEFAULT '0',
  `name` varchar(255) NOT NULL DEFAULT '',
  `alias` varchar(255) CHARACTER SET utf8mb3 COLLATE utf8mb3_bin NOT NULL DEFAULT '',
  `imptotal` int NOT NULL DEFAULT '0',
  `impmade` int NOT NULL DEFAULT '0',
  `clicks` int NOT NULL DEFAULT '0',
  `clickurl` varchar(200) NOT NULL DEFAULT '',
  `state` tinyint NOT NULL DEFAULT '0',
  `catid` int UNSIGNED NOT NULL DEFAULT '0',
  `description` text NOT NULL,
  `custombannercode` varchar(2048) NOT NULL,
  `sticky` tinyint UNSIGNED NOT NULL DEFAULT '0',
  `ordering` int NOT NULL DEFAULT '0',
  `metakey` text NOT NULL,
  `params` text NOT NULL,
  `own_prefix` tinyint(1) NOT NULL DEFAULT '0',
  `metakey_prefix` varchar(255) NOT NULL DEFAULT '',
  `purchase_type` tinyint NOT NULL DEFAULT '-1',
  `track_clicks` tinyint NOT NULL DEFAULT '-1',
  `track_impressions` tinyint NOT NULL DEFAULT '-1',
  `checked_out` int UNSIGNED NOT NULL DEFAULT '0',
  `checked_out_time` datetime NOT NULL DEFAULT '0000-00-00 00:00:00',
  `publish_up` datetime NOT NULL DEFAULT '0000-00-00 00:00:00',
  `publish_down` datetime NOT NULL DEFAULT '0000-00-00 00:00:00',
  `reset` datetime NOT NULL DEFAULT '0000-00-00 00:00:00',
  `created` datetime NOT NULL DEFAULT '0000-00-00 00:00:00',
  `language` char(7) NOT NULL DEFAULT ''
) ENGINE=InnoDB DEFAULT CHARSET=utf8mb3;

--
-- 傾印資料表的資料 `wos_banners`
--

INSERT INTO `wos_banners` (`id`, `cid`, `type`, `name`, `alias`, `imptotal`, `impmade`, `clicks`, `clickurl`, `state`, `catid`, `description`, `custombannercode`, `sticky`, `ordering`, `metakey`, `params`, `own_prefix`, `metakey_prefix`, `purchase_type`, `track_clicks`, `track_impressions`, `checked_out`, `checked_out_time`, `publish_up`, `publish_down`, `reset`, `created`, `language`) VALUES
(1, 0, 0, 'Vendor 04', 'vendor-04', 0, 183133, 3, '', -2, 73, '', '', 0, 0, '', '{\"imageurl\":\"images\\/vendors\\/4.jpg\",\"width\":\"\",\"height\":\"\",\"alt\":\"\"}', 0, '', -1, 0, 0, 0, '0000-00-00 00:00:00', '0000-00-00 00:00:00', '0000-00-00 00:00:00', '0000-00-00 00:00:00', '2013-07-15 02:25:38', '*'),
(2, 0, 0, 'Garden Workshop', 'garden-workshop', 0, 183030, 2, 'http://demo2.webeasy.com.hk/gardenworkshop/index.php?option=com_content&view=article&id=2&Itemid=256&lang=hk', -2, 73, '', '', 0, 0, '', '{\"imageurl\":\"images\\/banners\\/homebanner\\/gardenworkshop.png\",\"width\":\"\",\"height\":\"\",\"alt\":\"\"}', 0, '', -1, 0, 0, 0, '0000-00-00 00:00:00', '0000-00-00 00:00:00', '0000-00-00 00:00:00', '0000-00-00 00:00:00', '2013-07-15 02:25:38', '*'),
(3, 0, 0, 'Vendor 01', 'vendor-01', 0, 183082, 1, '', -2, 73, '', '', 0, 0, '', '{\"imageurl\":\"images\\/vendors\\/1.jpg\",\"width\":\"\",\"height\":\"\",\"alt\":\"\"}', 0, '', -1, 0, 0, 0, '0000-00-00 00:00:00', '0000-00-00 00:00:00', '0000-00-00 00:00:00', '0000-00-00 00:00:00', '2013-07-15 02:25:38', '*'),
(6, 0, 0, 'Vendor 03', 'vendor-03', 0, 183078, 0, '', -2, 73, '', '', 0, 0, '', '{\"imageurl\":\"images\\/vendors\\/3.jpg\",\"width\":\"\",\"height\":\"\",\"alt\":\"\"}', 0, '', -1, 0, 0, 0, '0000-00-00 00:00:00', '0000-00-00 00:00:00', '0000-00-00 00:00:00', '0000-00-00 00:00:00', '2013-07-15 02:25:38', '*'),
(7, 0, 0, 'Vendor 02', 'vendor-02', 0, 183069, 0, '', -2, 73, '', '', 0, 0, '', '{\"imageurl\":\"images\\/vendors\\/2.jpg\",\"width\":\"\",\"height\":\"\",\"alt\":\"\"}', 0, '', -1, 0, 0, 0, '0000-00-00 00:00:00', '0000-00-00 00:00:00', '0000-00-00 00:00:00', '0000-00-00 00:00:00', '2013-07-15 02:25:38', '*'),
(8, 0, 0, 'Vendor 05', 'vendor-05', 0, 183133, 3, '', -2, 73, '', '', 0, 0, '', '{\"imageurl\":\"images\\/vendors\\/5.jpg\",\"width\":\"\",\"height\":\"\",\"alt\":\"\"}', 0, '', -1, 0, 0, 0, '0000-00-00 00:00:00', '0000-00-00 00:00:00', '0000-00-00 00:00:00', '0000-00-00 00:00:00', '2013-07-15 02:25:38', '*');

-- --------------------------------------------------------

--
-- 資料表結構 `wos_banner_clients`
--

CREATE TABLE `wos_banner_clients` (
  `id` int NOT NULL,
  `name` varchar(255) NOT NULL DEFAULT '',
  `contact` varchar(255) NOT NULL DEFAULT '',
  `email` varchar(255) NOT NULL DEFAULT '',
  `extrainfo` text NOT NULL,
  `state` tinyint NOT NULL DEFAULT '0',
  `checked_out` int UNSIGNED NOT NULL DEFAULT '0',
  `checked_out_time` datetime NOT NULL DEFAULT '0000-00-00 00:00:00',
  `metakey` text NOT NULL,
  `own_prefix` tinyint NOT NULL DEFAULT '0',
  `metakey_prefix` varchar(255) NOT NULL DEFAULT '',
  `purchase_type` tinyint NOT NULL DEFAULT '-1',
  `track_clicks` tinyint NOT NULL DEFAULT '-1',
  `track_impressions` tinyint NOT NULL DEFAULT '-1'
) ENGINE=InnoDB DEFAULT CHARSET=utf8mb3;

-- --------------------------------------------------------

--
-- 資料表結構 `wos_banner_tracks`
--

CREATE TABLE `wos_banner_tracks` (
  `track_date` datetime NOT NULL,
  `track_type` int UNSIGNED NOT NULL,
  `banner_id` int UNSIGNED NOT NULL,
  `count` int UNSIGNED NOT NULL DEFAULT '0'
) ENGINE=InnoDB DEFAULT CHARSET=utf8mb3;

-- --------------------------------------------------------

--
-- 資料表結構 `wos_categories`
--

CREATE TABLE `wos_categories` (
  `id` int NOT NULL,
  `asset_id` int UNSIGNED NOT NULL DEFAULT '0' COMMENT 'FK to the #__assets table.',
  `parent_id` int UNSIGNED NOT NULL DEFAULT '0',
  `lft` int NOT NULL DEFAULT '0',
  `rgt` int NOT NULL DEFAULT '0',
  `level` int UNSIGNED NOT NULL DEFAULT '0',
  `path` varchar(255) NOT NULL DEFAULT '',
  `extension` varchar(50) NOT NULL DEFAULT '',
  `title` varchar(255) NOT NULL,
  `alias` varchar(255) CHARACTER SET utf8mb3 COLLATE utf8mb3_bin NOT NULL DEFAULT '',
  `note` varchar(255) NOT NULL DEFAULT '',
  `description` mediumtext NOT NULL,
  `published` tinyint(1) NOT NULL DEFAULT '0',
  `checked_out` int UNSIGNED NOT NULL DEFAULT '0',
  `checked_out_time` datetime NOT NULL DEFAULT '0000-00-00 00:00:00',
  `access` int UNSIGNED NOT NULL DEFAULT '0',
  `params` text NOT NULL,
  `metadesc` varchar(1024) NOT NULL COMMENT 'The meta description for the page.',
  `metakey` varchar(1024) NOT NULL COMMENT 'The meta keywords for the page.',
  `metadata` varchar(2048) NOT NULL COMMENT 'JSON encoded metadata properties.',
  `created_user_id` int UNSIGNED NOT NULL DEFAULT '0',
  `created_time` datetime NOT NULL DEFAULT '0000-00-00 00:00:00',
  `modified_user_id` int UNSIGNED NOT NULL DEFAULT '0',
  `modified_time` datetime NOT NULL DEFAULT '0000-00-00 00:00:00',
  `hits` int UNSIGNED NOT NULL DEFAULT '0',
  `language` char(7) NOT NULL
) ENGINE=InnoDB DEFAULT CHARSET=utf8mb3;

--
-- 傾印資料表的資料 `wos_categories`
--

INSERT INTO `wos_categories` (`id`, `asset_id`, `parent_id`, `lft`, `rgt`, `level`, `path`, `extension`, `title`, `alias`, `note`, `description`, `published`, `checked_out`, `checked_out_time`, `access`, `params`, `metadesc`, `metakey`, `metadata`, `created_user_id`, `created_time`, `modified_user_id`, `modified_time`, `hits`, `language`) VALUES
(1, 0, 0, 0, 113, 0, '', 'system', 'ROOT', 'root', '', '', 1, 0, '0000-00-00 00:00:00', 1, '{}', '', '', '', 0, '2009-10-18 16:07:09', 0, '0000-00-00 00:00:00', 0, '*'),
(2, 27, 1, 75, 76, 1, 'health', 'com_content', '健康資訊', 'health', '', '', 1, 0, '0000-00-00 00:00:00', 1, '{\"category_layout\":\"\",\"image\":\"images\\/assets\\/title_news.jpg\"}', '', '', '{\"author\":\"\",\"robots\":\"\"}', 2, '2010-06-28 13:26:37', 1, '2018-05-02 08:19:51', 0, '*'),
(3, 28, 1, 59, 60, 1, 'uncategorised', 'com_banners', 'Uncategorised', 'uncategorised', '', '', 1, 0, '0000-00-00 00:00:00', 1, '{\"target\":\"\",\"image\":\"\",\"foobar\":\"\"}', '', '', '{\"page_title\":\"\",\"author\":\"\",\"robots\":\"\"}', 42, '2010-06-28 13:27:35', 0, '0000-00-00 00:00:00', 0, '*'),
(4, 29, 1, 61, 62, 1, 'uncategorised', 'com_contact', 'Uncategorised', 'uncategorised', '', '', 1, 0, '0000-00-00 00:00:00', 1, '{\"target\":\"\",\"image\":\"\"}', '', '', '{\"page_title\":\"\",\"author\":\"\",\"robots\":\"\"}', 42, '2010-06-28 13:27:57', 0, '0000-00-00 00:00:00', 0, '*'),
(5, 30, 1, 63, 64, 1, 'uncategorised', 'com_newsfeeds', 'Uncategorised', 'uncategorised', '', '', 1, 0, '0000-00-00 00:00:00', 1, '{\"target\":\"\",\"image\":\"\"}', '', '', '{\"page_title\":\"\",\"author\":\"\",\"robots\":\"\"}', 42, '2010-06-28 13:28:15', 0, '0000-00-00 00:00:00', 0, '*'),
(6, 31, 1, 65, 66, 1, 'uncategorised', 'com_weblinks', 'Uncategorised', 'uncategorised', '', '', 1, 0, '0000-00-00 00:00:00', 1, '{\"target\":\"\",\"image\":\"\"}', '', '', '{\"page_title\":\"\",\"author\":\"\",\"robots\":\"\"}', 42, '2010-06-28 13:28:33', 0, '0000-00-00 00:00:00', 0, '*'),
(7, 32, 1, 67, 68, 1, 'uncategorised', 'com_users', 'Uncategorised', 'uncategorised', '', '', 1, 0, '0000-00-00 00:00:00', 1, '{\"target\":\"\",\"image\":\"\"}', '', '', '{\"page_title\":\"\",\"author\":\"\",\"robots\":\"\"}', 42, '2010-06-28 13:28:33', 0, '0000-00-00 00:00:00', 0, '*'),
(9, 48, 1, 77, 78, 1, 'core-icons', 'com_akquickicons', 'Core Icons', 'core-icons', '', '', 1, 0, '0000-00-00 00:00:00', 1, '{\"category_layout\":\"\",\"image\":\"\"}', '', '', '{\"author\":\"\",\"robots\":\"\"}', 908, '2012-08-12 04:03:49', 737, '2012-12-05 07:35:11', 0, '*'),
(10, 50, 1, 69, 70, 1, 'admin-icon', 'com_akquickicons', 'Admin Icon', 'admin-icon', '', '', -2, 0, '0000-00-00 00:00:00', 1, '{\"category_layout\":\"\",\"image\":\"\"}', '', '', '{\"author\":\"\",\"robots\":\"\"}', 737, '2012-12-05 07:36:27', 0, '0000-00-00 00:00:00', 0, '*'),
(73, 5897, 1, 71, 72, 1, 'vendors', 'com_banners', 'Vendors', 'vendors', '', '', 1, 0, '0000-00-00 00:00:00', 1, '{\"category_layout\":\"\",\"image\":\"\"}', '', '', '{\"author\":\"\",\"robots\":\"\"}', 1, '2013-08-06 07:30:03', 1, '2018-01-29 08:24:48', 0, '*'),
(95, 6892, 1, 73, 74, 1, 'uncategorize', 'com_content', 'Uncategorize', 'uncategorize', '', '', 1, 2, '2018-05-17 06:37:14', 1, '{\"category_layout\":\"\",\"image\":\"\"}', '', '', '{\"author\":\"\",\"robots\":\"\"}', 2, '2013-09-21 07:48:49', 0, '0000-00-00 00:00:00', 0, '*'),
(135, 7022, 1, 79, 80, 1, 'media', 'com_albums', '媒體報導', 'media', '', '', 1, 0, '0000-00-00 00:00:00', 1, '{\"category_layout\":\"\",\"image\":\"\"}', '', '', '{\"author\":\"\",\"robots\":\"\"}', 1, '2016-05-31 05:09:25', 1, '2016-12-21 09:01:16', 0, '*'),
(173, 7063, 1, 81, 82, 1, 'home-banner-1x2', 'com_banners', 'Home Banner (1x2)', 'home-banner-1x2', '', '', -2, 0, '0000-00-00 00:00:00', 1, '{\"category_layout\":\"\",\"image\":\"\"}', '', '', '{\"author\":\"\",\"robots\":\"\"}', 1, '2016-12-14 11:17:40', 1, '2016-12-14 11:17:50', 0, '*'),
(174, 7064, 1, 83, 84, 1, 'home-banner-1x1', 'com_banners', 'Home Banner (1x1)', 'home-banner-1x1', '', '', -2, 0, '0000-00-00 00:00:00', 1, '{\"category_layout\":\"\",\"image\":\"\"}', '', '', '{\"author\":\"\",\"robots\":\"\"}', 1, '2016-12-14 11:17:54', 1, '2016-12-14 11:18:01', 0, '*'),
(189, 7090, 1, 3, 10, 1, 'women', 'com_shoppro', 'WOMEN', 'women', '', '', -2, 0, '0000-00-00 00:00:00', 1, '{\"category_layout\":\"\",\"image\":\"\"}', '', '', '{\"author\":\"\",\"robots\":\"\"}', 1, '2017-01-19 02:29:29', 1, '2017-09-25 02:29:49', 0, '*'),
(214, 7115, 1, 19, 40, 1, 'lifestyle', 'com_shoppro', 'LIFESTYLE', 'lifestyle', '', '', -2, 0, '0000-00-00 00:00:00', 1, '{\"category_layout\":\"\",\"image\":\"\"}', '', '', '{\"author\":\"\",\"robots\":\"\"}', 1, '2017-04-11 04:35:11', 1, '2017-09-25 02:30:13', 0, '*'),
(215, 7116, 1, 55, 58, 1, 'special-offers', 'com_shoppro', 'SPECIAL OFFERS', 'special-offers', '', '', -2, 0, '0000-00-00 00:00:00', 1, '{\"category_layout\":\"\",\"image\":\"\"}', '', '', '{\"author\":\"\",\"robots\":\"\"}', 1, '2017-04-11 04:36:01', 1, '2017-09-25 02:30:57', 0, '*'),
(216, 7117, 1, 41, 50, 1, 'gifts', 'com_shoppro', 'GIFTS', 'gifts', '', '', -2, 0, '0000-00-00 00:00:00', 1, '{\"category_layout\":\"\",\"image\":\"\"}', '', '', '{\"author\":\"\",\"robots\":\"\"}', 1, '2017-04-11 04:36:13', 1, '2017-09-25 02:30:24', 0, '*'),
(217, 7118, 1, 51, 54, 1, 'best-sellers', 'com_shoppro', 'BEST SELLERS', 'best-sellers', '', '', -2, 0, '0000-00-00 00:00:00', 1, '{\"category_layout\":\"\",\"image\":\"\"}', '', '', '{\"author\":\"\",\"robots\":\"\"}', 1, '2017-04-11 04:36:33', 1, '2017-09-25 02:30:38', 0, '*'),
(218, 7119, 189, 4, 5, 2, 'women/women-s-clothing', 'com_shoppro', 'Women\'s Clothing', 'women-s-clothing', '', '', -2, 0, '0000-00-00 00:00:00', 1, '{\"category_layout\":\"\",\"image\":\"\"}', '', '', '{\"author\":\"\",\"robots\":\"\"}', 1, '2017-04-11 04:36:33', 1, '2017-09-25 02:39:23', 0, '*'),
(227, 7128, 214, 24, 25, 2, 'lifestyle/furniture', 'com_shoppro', 'Furniture', 'furniture', '', '', -2, 0, '0000-00-00 00:00:00', 1, '{\"category_layout\":\"\",\"image\":\"\"}', '', '', '{\"author\":\"\",\"robots\":\"\"}', 1, '2017-04-11 04:36:33', 2, '2017-09-26 09:40:38', 0, '*'),
(228, 7129, 214, 26, 27, 2, 'lifestyle/bathroom', 'com_shoppro', 'Bathroom', 'bathroom', '', '', -2, 0, '0000-00-00 00:00:00', 1, '{\"category_layout\":\"\",\"image\":\"\"}', '', '', '{\"author\":\"\",\"robots\":\"\"}', 1, '2017-04-11 04:36:33', 1, '2017-09-25 02:41:48', 0, '*'),
(229, 7130, 214, 28, 29, 2, 'lifestyle/kitchen', 'com_shoppro', 'Kitchen', 'kitchen', '', '', -2, 0, '0000-00-00 00:00:00', 1, '{\"category_layout\":\"\",\"image\":\"\"}', '', '', '{\"author\":\"\",\"robots\":\"\"}', 1, '2017-04-11 04:36:33', 1, '2017-09-25 02:42:02', 0, '*'),
(231, 7132, 216, 44, 45, 2, 'gifts/gift-for-him', 'com_shoppro', 'Gift for Him', 'gift-for-him', '', '', -2, 0, '0000-00-00 00:00:00', 1, '{\"category_layout\":\"\",\"image\":\"\"}', '', '', '{\"author\":\"\",\"robots\":\"\"}', 1, '2017-04-11 04:36:33', 1, '2017-09-25 02:43:13', 0, '*'),
(232, 7133, 189, 6, 7, 2, 'women/women-s-bags', 'com_shoppro', 'Women\'s Bags', 'women-s-bags', '', '', -2, 0, '0000-00-00 00:00:00', 1, '{\"category_layout\":\"\",\"image\":\"\"}', '', '', '{\"author\":\"\",\"robots\":\"\"}', 1, '2017-04-11 04:36:33', 1, '2017-09-25 02:39:37', 0, '*'),
(233, 7134, 189, 8, 9, 2, 'women/women-s-accessories', 'com_shoppro', 'Women\'s Accessories', 'women-s-accessories', '', '', -2, 0, '0000-00-00 00:00:00', 1, '{\"category_layout\":\"\",\"image\":\"\"}', '', '', '{\"author\":\"\",\"robots\":\"\"}', 1, '2017-04-11 04:36:33', 1, '2017-09-25 02:39:46', 0, '*'),
(237, 7138, 214, 20, 21, 2, 'lifestyle/lifestyle-products', 'com_shoppro', 'Lifestyle Products', 'lifestyle-products', '', '', -2, 0, '0000-00-00 00:00:00', 1, '{\"category_layout\":\"\",\"image\":\"\"}', '', '', '{\"author\":\"\",\"robots\":\"\"}', 1, '2017-04-11 04:36:33', 1, '2017-09-25 02:41:04', 0, '*'),
(238, 7139, 217, 52, 53, 2, 'best-sellers/signature-collections', 'com_shoppro', 'Signature Collections', 'signature-collections', '', '', -2, 0, '0000-00-00 00:00:00', 1, '{\"category_layout\":\"\",\"image\":\"\"}', '', '', '{\"author\":\"\",\"robots\":\"\"}', 1, '2017-04-11 04:36:33', 1, '2017-09-25 02:44:38', 0, '*'),
(239, 7140, 214, 22, 23, 2, 'lifestyle/home-furnishing-deco', 'com_shoppro', 'Home Furnishing/Deco', 'home-furnishing-deco', '', '', -2, 0, '0000-00-00 00:00:00', 1, '{\"category_layout\":\"\",\"image\":\"\"}', '', '', '{\"author\":\"\",\"robots\":\"\"}', 1, '2017-04-11 04:36:33', 1, '2017-09-25 02:41:16', 0, '*'),
(242, 7143, 216, 42, 43, 2, 'gifts/gift-for-her', 'com_shoppro', 'Gift for Her', 'gift-for-her', '', '', -2, 0, '0000-00-00 00:00:00', 1, '{\"category_layout\":\"\",\"image\":\"\"}', '', '', '{\"author\":\"\",\"robots\":\"\"}', 1, '2017-04-11 04:36:33', 1, '2017-09-25 02:42:55', 0, '*'),
(243, 7144, 214, 30, 31, 2, 'lifestyle/tableware', 'com_shoppro', 'Tableware', 'tableware', '', '', -2, 0, '0000-00-00 00:00:00', 1, '{\"category_layout\":\"\",\"image\":\"\"}', '', '', '{\"author\":\"\",\"robots\":\"\"}', 1, '2017-04-11 04:36:33', 1, '2017-09-25 02:42:29', 0, '*'),
(247, 7152, 216, 48, 49, 2, 'gifts/gift-for-wedding', 'com_shoppro', 'Gift for Wedding', 'gift-for-wedding', '', '', -2, 0, '0000-00-00 00:00:00', 1, '{\"category_layout\":\"\",\"image\":\"\"}', '', '', '{\"author\":\"\",\"robots\":\"\"}', 1, '2017-04-12 07:30:29', 1, '2017-09-25 02:43:47', 0, '*'),
(248, 7153, 216, 46, 47, 2, 'gifts/gift-for-home', 'com_shoppro', 'Gift for Home', 'gift-for-home', '', '', -2, 0, '0000-00-00 00:00:00', 1, '{\"category_layout\":\"\",\"image\":\"\"}', '', '', '{\"author\":\"\",\"robots\":\"\"}', 1, '2017-04-12 07:30:51', 1, '2017-09-25 02:43:30', 0, '*'),
(249, 7155, 1, 85, 86, 1, 'buying-guide', 'com_content', 'Buying Guide', 'buying-guide', '', '', -2, 0, '0000-00-00 00:00:00', 1, '{\"category_layout\":\"\",\"image\":\"\"}', '', '', '{\"author\":\"\",\"robots\":\"\"}', 1, '2017-04-20 08:09:17', 0, '0000-00-00 00:00:00', 0, '*'),
(250, 7159, 1, 87, 88, 1, 'policies', 'com_content', 'Policies', 'policies', '', '', -2, 0, '0000-00-00 00:00:00', 1, '{\"category_layout\":\"\",\"image\":\"\"}', '', '', '{\"author\":\"\",\"robots\":\"\"}', 1, '2017-04-20 08:23:18', 0, '0000-00-00 00:00:00', 0, '*'),
(251, 7164, 1, 1, 2, 1, 'blood-pressure-monitor', 'com_shoppro', '血壓計', 'blood-pressure-monitor', '', '', 1, 0, '0000-00-00 00:00:00', 1, '{\"category_layout\":\"\",\"image\":\"\"}', '', '', '{\"author\":\"\",\"robots\":\"\"}', 1, '2017-04-24 04:16:15', 1, '2018-01-29 04:33:55', 0, '*'),
(252, 7165, 1, 11, 18, 1, 'men', 'com_shoppro', 'MEN', 'men', '', '', -2, 0, '0000-00-00 00:00:00', 1, '{\"category_layout\":\"\",\"image\":\"\"}', '', '', '{\"author\":\"\",\"robots\":\"\"}', 1, '2017-04-27 08:57:34', 1, '2017-09-25 02:29:59', 0, '*'),
(253, 7166, 252, 12, 13, 2, 'men/men-s-clothing', 'com_shoppro', 'Men\'s Clothing', 'men-s-clothing', '', '', -2, 0, '0000-00-00 00:00:00', 1, '{\"category_layout\":\"\",\"image\":\"\"}', '', '', '{\"author\":\"\",\"robots\":\"\"}', 1, '2017-04-27 09:11:25', 1, '2017-09-25 02:40:10', 0, '*'),
(254, 7167, 252, 14, 15, 2, 'men/men-s-bags', 'com_shoppro', 'Men\'s Bags', 'men-s-bags', '', '', -2, 0, '0000-00-00 00:00:00', 1, '{\"category_layout\":\"\",\"image\":\"\"}', '', '', '{\"author\":\"\",\"robots\":\"\"}', 1, '2017-04-27 09:11:55', 1, '2017-09-25 02:40:19', 0, '*'),
(255, 7168, 252, 16, 17, 2, 'men/men-s-accessories', 'com_shoppro', 'Men\'s Accessories', 'men-s-accessories', '', '', -2, 0, '0000-00-00 00:00:00', 1, '{\"category_layout\":\"\",\"image\":\"\"}', '', '', '{\"author\":\"\",\"robots\":\"\"}', 1, '2017-04-27 09:13:24', 1, '2017-09-25 02:40:29', 0, '*'),
(262, 7178, 1, 89, 90, 1, 'others', 'com_shoppro', 'OTHERS', 'others', '', '', -2, 0, '0000-00-00 00:00:00', 1, '{\"category_layout\":\"\",\"image\":\"\"}', '', '', '{\"author\":\"\",\"robots\":\"\"}', 2, '2017-06-26 03:07:32', 1, '2017-09-25 02:31:09', 0, '*'),
(266, 7182, 215, 56, 57, 2, 'special-offers/omega', 'com_shoppro', '欧米茄 OMEGA', 'omega', '', '', -2, 0, '0000-00-00 00:00:00', 1, '{\"category_layout\":\"\",\"image\":\"\"}', '', '', '{\"author\":\"\",\"robots\":\"\"}', 1, '2017-11-17 03:20:50', 1, '2017-11-23 04:10:49', 0, '*'),
(268, 7184, 214, 32, 33, 2, 'lifestyle/porcelain-products', 'com_shoppro', '瓷器品', 'porcelain-products', '', '', -2, 0, '0000-00-00 00:00:00', 1, '{\"category_layout\":\"\",\"image\":\"\"}', '', '', '{\"author\":\"\",\"robots\":\"\"}', 2, '2017-11-28 03:45:13', 2, '2017-11-28 03:46:32', 0, '*'),
(269, 7185, 214, 34, 35, 2, 'lifestyle/glassware', 'com_shoppro', '玻璃器皿', 'glassware', '', '', -2, 0, '0000-00-00 00:00:00', 1, '{\"category_layout\":\"\",\"image\":\"\"}', '', '', '{\"author\":\"\",\"robots\":\"\"}', 2, '2017-11-28 16:15:16', 1, '2017-12-01 09:03:27', 0, '*'),
(270, 7186, 214, 36, 37, 2, 'lifestyle/crystal', 'com_shoppro', 'CRYSTAL', 'crystal', '', '', -2, 0, '0000-00-00 00:00:00', 1, '{\"category_layout\":\"\",\"image\":\"\"}', '', '', '{\"author\":\"\",\"robots\":\"\"}', 2, '2017-11-28 16:15:54', 2, '2017-11-28 16:15:57', 0, '*'),
(271, 7187, 1, 91, 92, 1, 'lighting', 'com_shoppro', '體溫計', 'lighting', '', '', 1, 0, '0000-00-00 00:00:00', 1, '{\"category_layout\":\"\",\"image\":\"\"}', '', '', '{\"author\":\"\",\"robots\":\"\"}', 2, '2017-11-28 16:16:10', 1, '2018-01-29 04:28:23', 0, '*'),
(272, 7188, 214, 38, 39, 2, 'lifestyle/life-stores', 'com_shoppro', '生活百货', 'life-stores', '', '', -2, 0, '0000-00-00 00:00:00', 1, '{\"category_layout\":\"\",\"image\":\"\"}', '', '', '{\"author\":\"\",\"robots\":\"\"}', 1, '2017-12-01 09:17:56', 1, '2017-12-01 09:18:12', 0, '*'),
(273, 7189, 1, 93, 94, 1, 'wheelchair', 'com_shoppro', '輪椅', 'wheelchair', '', '', 1, 0, '0000-00-00 00:00:00', 1, '{\"category_layout\":\"\",\"image\":\"\"}', '', '', '{\"author\":\"\",\"robots\":\"\"}', 1, '2018-01-29 04:28:42', 1, '2018-05-14 09:53:48', 0, '*'),
(274, 7190, 1, 95, 96, 1, 'cushions', 'com_shoppro', '腰背墊及坐墊', 'cushions', '', '', 1, 0, '0000-00-00 00:00:00', 1, '{\"category_layout\":\"\",\"image\":\"\"}', '', '', '{\"author\":\"\",\"robots\":\"\"}', 1, '2018-01-29 04:28:56', 1, '2018-01-29 04:34:15', 0, '*'),
(275, 7191, 1, 97, 98, 1, 'bathing-aids', 'com_shoppro', '浴室輔助用品', 'bathing-aids', '', '', 1, 0, '0000-00-00 00:00:00', 1, '{\"category_layout\":\"\",\"image\":\"\"}', '', '', '{\"author\":\"\",\"robots\":\"\"}', 1, '2018-01-29 04:29:16', 1, '2018-05-11 08:23:16', 0, '*'),
(276, 7192, 1, 99, 100, 1, 'continence', 'com_shoppro', '失禁護理用品', 'continence', '', '', 1, 0, '0000-00-00 00:00:00', 1, '{\"category_layout\":\"\",\"image\":\"\"}', '', '', '{\"author\":\"\",\"robots\":\"\"}', 1, '2018-01-29 04:29:18', 1, '2018-01-29 04:35:12', 0, '*'),
(277, 7193, 1, 101, 102, 1, 'cane-walker', 'com_shoppro', '拐杖、助行架及配件', 'cane-walker', '', '', 1, 0, '0000-00-00 00:00:00', 1, '{\"category_layout\":\"\",\"image\":\"\"}', '', '', '{\"author\":\"\",\"robots\":\"\"}', 1, '2018-01-29 04:29:31', 1, '2018-01-29 04:35:23', 0, '*'),
(278, 7194, 1, 103, 104, 1, 'sterilization', 'com_shoppro', '消毒清潔及口罩', 'sterilization', '', '', 1, 0, '0000-00-00 00:00:00', 1, '{\"category_layout\":\"\",\"image\":\"\"}', '', '', '{\"author\":\"\",\"robots\":\"\"}', 1, '2018-01-29 04:29:39', 1, '2018-01-29 04:38:16', 0, '*'),
(279, 7195, 1, 105, 106, 1, 'cold-hot-therapy', 'com_shoppro', '冷熱治療用品', 'cold-hot-therapy', '', '', 1, 0, '0000-00-00 00:00:00', 1, '{\"category_layout\":\"\",\"image\":\"\"}', '', '', '{\"author\":\"\",\"robots\":\"\"}', 1, '2018-01-29 04:29:47', 1, '2018-01-29 04:35:48', 0, '*'),
(280, 7196, 1, 107, 108, 1, 'adl', 'com_shoppro', '生活護理產品', 'adl', '', '', 1, 0, '0000-00-00 00:00:00', 1, '{\"category_layout\":\"\",\"image\":\"\"}', '', '', '{\"author\":\"\",\"robots\":\"\"}', 1, '2018-01-29 04:29:55', 1, '2018-01-29 04:36:00', 0, '*'),
(281, 7197, 1, 109, 110, 1, 'sportswear', 'com_shoppro', '常用運動用品', 'sportswear', '', '', 1, 0, '0000-00-00 00:00:00', 1, '{\"category_layout\":\"\",\"image\":\"\"}', '', '', '{\"author\":\"\",\"robots\":\"\"}', 1, '2018-01-29 04:30:37', 1, '2018-05-07 08:30:21', 0, '*'),
(282, 7198, 1, 111, 112, 1, 'temp', 'com_shoppro', 'temp', 'temp', '', '', 0, 0, '0000-00-00 00:00:00', 1, '{\"category_layout\":\"\",\"image\":\"\"}', '', '', '{\"author\":\"\",\"robots\":\"\"}', 2, '2018-03-15 04:16:50', 2, '2018-03-15 04:17:01', 0, '*');

-- --------------------------------------------------------

--
-- 資料表結構 `wos_contact_details`
--

CREATE TABLE `wos_contact_details` (
  `id` int NOT NULL,
  `name` varchar(255) NOT NULL DEFAULT '',
  `alias` varchar(255) CHARACTER SET utf8mb3 COLLATE utf8mb3_bin NOT NULL DEFAULT '',
  `con_position` varchar(255) DEFAULT NULL,
  `address` text,
  `suburb` varchar(100) DEFAULT NULL,
  `state` varchar(100) DEFAULT NULL,
  `country` varchar(100) DEFAULT NULL,
  `postcode` varchar(100) DEFAULT NULL,
  `telephone` varchar(255) DEFAULT NULL,
  `fax` varchar(255) DEFAULT NULL,
  `misc` mediumtext,
  `image` varchar(255) DEFAULT NULL,
  `imagepos` varchar(20) DEFAULT NULL,
  `email_to` varchar(255) DEFAULT NULL,
  `default_con` tinyint UNSIGNED NOT NULL DEFAULT '0',
  `published` tinyint(1) NOT NULL DEFAULT '0',
  `checked_out` int UNSIGNED NOT NULL DEFAULT '0',
  `checked_out_time` datetime NOT NULL DEFAULT '0000-00-00 00:00:00',
  `ordering` int NOT NULL DEFAULT '0',
  `params` text NOT NULL,
  `user_id` int NOT NULL DEFAULT '0',
  `catid` int NOT NULL DEFAULT '0',
  `access` int UNSIGNED NOT NULL DEFAULT '0',
  `mobile` varchar(255) NOT NULL DEFAULT '',
  `webpage` varchar(255) NOT NULL DEFAULT '',
  `sortname1` varchar(255) NOT NULL,
  `sortname2` varchar(255) NOT NULL,
  `sortname3` varchar(255) NOT NULL,
  `language` char(7) NOT NULL,
  `created` datetime NOT NULL DEFAULT '0000-00-00 00:00:00',
  `created_by` int UNSIGNED NOT NULL DEFAULT '0',
  `created_by_alias` varchar(255) NOT NULL DEFAULT '',
  `modified` datetime NOT NULL DEFAULT '0000-00-00 00:00:00',
  `modified_by` int UNSIGNED NOT NULL DEFAULT '0',
  `metakey` text NOT NULL,
  `metadesc` text NOT NULL,
  `metadata` text NOT NULL,
  `featured` tinyint UNSIGNED NOT NULL DEFAULT '0' COMMENT 'Set if article is featured.',
  `xreference` varchar(50) NOT NULL COMMENT 'A reference to enable linkages to external data sets.',
  `publish_up` datetime NOT NULL DEFAULT '0000-00-00 00:00:00',
  `publish_down` datetime NOT NULL DEFAULT '0000-00-00 00:00:00'
) ENGINE=InnoDB DEFAULT CHARSET=utf8mb3;

-- --------------------------------------------------------

--
-- 資料表結構 `wos_content`
--

CREATE TABLE `wos_content` (
  `id` int UNSIGNED NOT NULL,
  `asset_id` int UNSIGNED NOT NULL DEFAULT '0' COMMENT 'FK to the #__assets table.',
  `title` varchar(255) NOT NULL DEFAULT '',
  `alias` varchar(255) CHARACTER SET utf8mb3 COLLATE utf8mb3_bin NOT NULL DEFAULT '',
  `title_alias` varchar(255) CHARACTER SET utf8mb3 COLLATE utf8mb3_bin NOT NULL DEFAULT '' COMMENT 'Deprecated in Joomla! 3.0',
  `introtext` mediumtext NOT NULL,
  `fulltext` mediumtext NOT NULL,
  `state` tinyint NOT NULL DEFAULT '0',
  `sectionid` int UNSIGNED NOT NULL DEFAULT '0',
  `mask` int UNSIGNED NOT NULL DEFAULT '0',
  `catid` int UNSIGNED NOT NULL DEFAULT '0',
  `created` datetime NOT NULL DEFAULT '0000-00-00 00:00:00',
  `created_by` int UNSIGNED NOT NULL DEFAULT '0',
  `created_by_alias` varchar(255) NOT NULL DEFAULT '',
  `modified` datetime NOT NULL DEFAULT '0000-00-00 00:00:00',
  `modified_by` int UNSIGNED NOT NULL DEFAULT '0',
  `checked_out` int UNSIGNED NOT NULL DEFAULT '0',
  `checked_out_time` datetime NOT NULL DEFAULT '0000-00-00 00:00:00',
  `publish_up` datetime NOT NULL DEFAULT '0000-00-00 00:00:00',
  `publish_down` datetime NOT NULL DEFAULT '0000-00-00 00:00:00',
  `images` text NOT NULL,
  `urls` text NOT NULL,
  `attribs` varchar(5120) NOT NULL,
  `version` int UNSIGNED NOT NULL DEFAULT '1',
  `parentid` int UNSIGNED NOT NULL DEFAULT '0',
  `ordering` int NOT NULL DEFAULT '0',
  `metakey` text NOT NULL,
  `metadesc` text NOT NULL,
  `access` int UNSIGNED NOT NULL DEFAULT '0',
  `hits` int UNSIGNED NOT NULL DEFAULT '0',
  `metadata` text NOT NULL,
  `featured` tinyint UNSIGNED NOT NULL DEFAULT '0' COMMENT 'Set if article is featured.',
  `language` char(7) NOT NULL COMMENT 'The language code for the article.',
  `xreference` varchar(50) NOT NULL COMMENT 'A reference to enable linkages to external data sets.'
) ENGINE=InnoDB DEFAULT CHARSET=utf8mb3;

--
-- 傾印資料表的資料 `wos_content`
--

INSERT INTO `wos_content` (`id`, `asset_id`, `title`, `alias`, `title_alias`, `introtext`, `fulltext`, `state`, `sectionid`, `mask`, `catid`, `created`, `created_by`, `created_by_alias`, `modified`, `modified_by`, `checked_out`, `checked_out_time`, `publish_up`, `publish_down`, `images`, `urls`, `attribs`, `version`, `parentid`, `ordering`, `metakey`, `metadesc`, `access`, `hits`, `metadata`, `featured`, `language`, `xreference`) VALUES
(1, 63, 'home', 'home', '', '<div class=\"home-blocks\">\r\n<div><span style=\"font-family: \'Microsoft JhengHei\', \'Helvetica Neue\', Arial, sans-serif; font-size: 14.4px;\">{loadposition featured}&nbsp;&nbsp;</span></div>\r\n</div>', '', 1, 0, 0, 95, '2012-12-06 03:09:42', 1, '', '2018-01-29 09:19:13', 1, 2, '2018-12-19 08:01:42', '2012-12-06 03:09:42', '0000-00-00 00:00:00', '{\"image_intro\":\"\",\"float_intro\":\"\",\"image_intro_alt\":\"\",\"image_intro_caption\":\"\",\"image_fulltext\":\"\",\"float_fulltext\":\"\",\"image_fulltext_alt\":\"\",\"image_fulltext_caption\":\"\"}', '{\"urla\":false,\"urlatext\":\"\",\"targeta\":\"\",\"urlb\":false,\"urlbtext\":\"\",\"targetb\":\"\",\"urlc\":false,\"urlctext\":\"\",\"targetc\":\"\"}', '{\"show_title\":\"\",\"link_titles\":\"\",\"show_intro\":\"\",\"show_category\":\"\",\"link_category\":\"\",\"show_parent_category\":\"\",\"link_parent_category\":\"\",\"show_author\":\"\",\"link_author\":\"\",\"show_create_date\":\"\",\"show_modify_date\":\"\",\"show_publish_date\":\"\",\"show_item_navigation\":\"\",\"show_icons\":\"\",\"show_print_icon\":\"\",\"show_email_icon\":\"\",\"show_vote\":\"\",\"show_hits\":\"\",\"show_noauth\":\"\",\"urls_position\":\"\",\"alternative_readmore\":\"\",\"article_layout\":\"\",\"show_publishing_options\":\"\",\"show_article_options\":\"\",\"show_urls_images_backend\":\"\",\"show_urls_images_frontend\":\"\"}', 57, 0, 7, '', '', 1, 212501, '{\"robots\":\"\",\"author\":\"\",\"rights\":\"\",\"xreference\":\"\"}', 0, '*', ''),
(2, 957, '小店資料', 'shop-info', '', '<h1>&nbsp;</h1>\r\n<h1>田園工房 Garden Workshop ガーデンワークショップ</h1>\r\n<p>&nbsp;</p>\r\n<p><span style=\"color: #1d2129; font-family: \'San Francisco\', -apple-system, BlinkMacSystemFont, \'.SFNSText-Regular\', sans-serif; font-size: 14px; letter-spacing: -0.23999999463558197px;\">田園工房 Garden Workshop ガーデンワークショップ</span><br style=\"color: #1d2129; font-family: \'San Francisco\', -apple-system, BlinkMacSystemFont, \'.SFNSText-Regular\', sans-serif; font-size: 14px; letter-spacing: -0.23999999463558197px;\" /><br style=\"color: #1d2129; font-family: \'San Francisco\', -apple-system, BlinkMacSystemFont, \'.SFNSText-Regular\', sans-serif; font-size: 14px; letter-spacing: -0.23999999463558197px;\" /><span style=\"color: #1d2129; font-family: \'San Francisco\', -apple-system, BlinkMacSystemFont, \'.SFNSText-Regular\', sans-serif; font-size: 14px; letter-spacing: -0.23999999463558197px;\">「鬧市中的田園風情」</span><br style=\"color: #1d2129; font-family: \'San Francisco\', -apple-system, BlinkMacSystemFont, \'.SFNSText-Regular\', sans-serif; font-size: 14px; letter-spacing: -0.23999999463558197px;\" /><span style=\"color: #1d2129; font-family: \'San Francisco\', -apple-system, BlinkMacSystemFont, \'.SFNSText-Regular\', sans-serif; font-size: 14px; letter-spacing: -0.23999999463558197px;\">以分享為概念而打造的田園空間，洋溢著悠閒幸福的感覺。</span><br style=\"color: #1d2129; font-family: \'San Francisco\', -apple-system, BlinkMacSystemFont, \'.SFNSText-Regular\', sans-serif; font-size: 14px; letter-spacing: -0.23999999463558197px;\" /><span class=\"text_exposed_show\" style=\"display: inline; font-family: \'San Francisco\', -apple-system, BlinkMacSystemFont, \'.SFNSText-Regular\', sans-serif; color: #1d2129; font-size: 14px; letter-spacing: -0.23999999463558197px;\"><br />樸素可愛的雜貨是創作的力量來源，令訪客及朋友們體驗創作之樂。<br />歡迎您一起來欣賞 ，開拓創意，締造悠閒生活 !</span></p>\r\n<p>園主認為每件作品具有獨特生命，有著創作者的氣息。<br />就讓我們一起走進田園，打破地域限制，匯集不同國家文化，交流心得，享受無限的創作空間！<br />新址：<br />九龍灣臨興街21號美羅中心二期 10樓30室&nbsp;<br />Unit no.30, 10/F, Metro Centre 2, No.21 Lam Hing Street, Kowloon Bay<br />(預約制 / 不定休）</p>\r\n<p>由於園主及導師需外出工作/參予市集活動或到外地搜尋特色精品，開放時間可能有所影響，希望朋友們多多體諒，想到訪田園工房的朋友請先致電92257017或inbox我們查詢，謝謝！</p>\r\n<p><img src=\"images/quickicons/New/FB%20icon.jpg\" width=\"33\" height=\"33\" alt=\"FB icon\" />&nbsp;<a href=\"https://www.facebook.com/Gardenworkshop.hk/\">http://www.facebook.com/gardenworkshop.hk</a></p>', '', -2, 0, 0, 95, '2012-12-07 02:48:54', 1, '', '2017-04-01 00:27:34', 2, 0, '0000-00-00 00:00:00', '2012-12-07 02:48:54', '0000-00-00 00:00:00', '{\"image_intro\":\"\",\"float_intro\":\"\",\"image_intro_alt\":\"\",\"image_intro_caption\":\"\",\"image_fulltext\":\"\",\"float_fulltext\":\"\",\"image_fulltext_alt\":\"\",\"image_fulltext_caption\":\"\"}', '{\"urla\":false,\"urlatext\":\"\",\"targeta\":\"\",\"urlb\":false,\"urlbtext\":\"\",\"targetb\":\"\",\"urlc\":false,\"urlctext\":\"\",\"targetc\":\"\"}', '{\"show_title\":\"\",\"link_titles\":\"\",\"show_intro\":\"\",\"show_category\":\"\",\"link_category\":\"\",\"show_parent_category\":\"\",\"link_parent_category\":\"\",\"show_author\":\"\",\"link_author\":\"\",\"show_create_date\":\"\",\"show_modify_date\":\"\",\"show_publish_date\":\"\",\"show_item_navigation\":\"\",\"show_icons\":\"\",\"show_print_icon\":\"\",\"show_email_icon\":\"\",\"show_vote\":\"\",\"show_hits\":\"\",\"show_noauth\":\"\",\"urls_position\":\"\",\"alternative_readmore\":\"\",\"article_layout\":\"\",\"show_publishing_options\":\"\",\"show_article_options\":\"\",\"show_urls_images_backend\":\"\",\"show_urls_images_frontend\":\"\"}', 169, 0, 9, '', '', 1, 12919, '{\"robots\":\"\",\"author\":\"\",\"rights\":\"\",\"xreference\":\"\"}', 0, '*', ''),
(54, 6888, '联络我们', 'contactus', '', '<table class=\"contact-us\" style=\"color: #000000; font-family: Federo,Arial,Helvetica,sans-serif; font-size: medium; font-style: normal; font-variant: normal; font-weight: normal; letter-spacing: normal; line-height: normal; text-align: start; text-indent: 0px; text-transform: none; white-space: normal; word-spacing: 0px; background-color: #ffffff;\" cellspacing=\"0\" cellpadding=\"5\">\r\n<tbody>\r\n<tr>\r\n<td valign=\"top\"></td>\r\n<td></td>\r\n</tr>\r\n</tbody>\r\n</table>\r\n<table class=\"contact-us\" style=\"color: #000000; font-family: Federo,Arial,Helvetica,sans-serif; font-size: medium; font-style: normal; font-variant: normal; font-weight: normal; letter-spacing: normal; line-height: normal; text-align: start; text-indent: 0px; text-transform: none; white-space: normal; word-spacing: 0px; background-color: #ffffff;\" cellspacing=\"0\" cellpadding=\"5\">\r\n<tbody>\r\n<tr>\r\n<td width=\"150\"></td>\r\n<td></td>\r\n</tr>\r\n<tr>\r\n<td></td>\r\n<td></td>\r\n</tr>\r\n</tbody>\r\n</table>\r\n<dl><dd><span><span style=\"color: #000000; font-family: Federo,Arial,Helvetica,sans-serif; font-size: 12pt; font-style: normal; font-variant: normal; font-weight: normal; letter-spacing: normal; line-height: normal; text-align: start; text-indent: 0px; text-transform: none; white-space: normal; word-spacing: 0px; background-color: #ffffff;\"><span style=\"color: #000000; font-family: Federo,Arial,Helvetica,sans-serif; font-size: 16px; font-style: normal; font-variant: normal; font-weight: normal; letter-spacing: normal; line-height: normal; text-align: start; text-indent: 0px; text-transform: none; white-space: normal; word-spacing: 0px; float: none; background-color: #ffffff;\"><span class=\"Apple-converted-space\">&nbsp;</span>Address: </span>13th floor,Infotech Centre,21 Hung To Road,<span class=\"Apple-converted-space\">&nbsp;</span></span><span style=\"color: #000000; font-family: Federo,Arial,Helvetica,sans-serif; font-size: medium; font-style: normal; font-variant: normal; font-weight: normal; letter-spacing: normal; line-height: normal; text-align: start; text-indent: 0px; text-transform: none; white-space: normal; word-spacing: 0px; float: none; background-color: #ffffff;\">Kwun Tong,Kowloon, Hong Kong.</span><br data-mce-bogus=\"1\" /></span></dd><dd><span><span style=\"color: #000000; font-family: Federo,Arial,Helvetica,sans-serif; font-size: medium; font-style: normal; font-variant: normal; font-weight: normal; letter-spacing: normal; line-height: normal; text-align: start; text-indent: 0px; text-transform: none; white-space: normal; word-spacing: 0px; float: none; background-color: #ffffff;\">&nbsp;&nbsp;&nbsp;&nbsp;&nbsp;&nbsp;&nbsp;&nbsp;&nbsp;&nbsp;&nbsp;&nbsp;&nbsp;&nbsp;&nbsp;&nbsp;&nbsp;&nbsp; <span style=\"color: #000000; font-family: Federo,Arial,Helvetica,sans-serif; font-size: 16px; font-style: normal; font-variant: normal; font-weight: normal; letter-spacing: normal; line-height: normal; text-align: start; text-indent: 0px; text-transform: none; white-space: normal; word-spacing: 0px; float: none; background-color: #ffffff;\">香港&nbsp;&nbsp; 九龙 &nbsp; 观塘&nbsp;&nbsp; 鸿图道21号 &nbsp; 讯科中心13楼F室</span><br data-mce-bogus=\"1\" /></span></span></dd><dd><span><span style=\"color: #000000; font-family: Federo,Arial,Helvetica,sans-serif; font-size: 16px; font-style: normal; font-variant: normal; font-weight: normal; letter-spacing: normal; line-height: normal; text-align: start; text-indent: 0px; text-transform: none; white-space: normal; word-spacing: 0px; float: none; background-color: #ffffff;\"><span style=\"color: #000000; font-family: Federo,Arial,Helvetica,sans-serif; font-size: 16px; font-style: normal; font-variant: normal; font-weight: normal; letter-spacing: normal; line-height: normal; text-align: start; text-indent: 0px; text-transform: none; white-space: normal; word-spacing: 0px; float: none; background-color: #ffffff;\"><span style=\"color: #000000; font-family: Federo,Arial,Helvetica,sans-serif; font-size: 16px; font-style: normal; font-variant: normal; font-weight: normal; letter-spacing: normal; line-height: normal; text-align: start; text-indent: 0px; text-transform: none; white-space: normal; word-spacing: 0px; float: none; background-color: #ffffff;\">&nbsp;&nbsp;&nbsp;&nbsp; Email:</span>&nbsp;&nbsp; Archi</span><span id=\"cloak67714\" style=\"color: #000000; font-family: Federo,Arial,Helvetica,sans-serif; font-size: 16px; font-style: normal; font-variant: normal; font-weight: normal; letter-spacing: normal; line-height: normal; text-align: start; text-indent: 0px; text-transform: none; white-space: normal; word-spacing: 0px; background-color: #ffffff;\"><a href=\"mailto:beatrice@vital-millennium.com\" style=\"text-decoration: none; color: #0000bb;\">@vital-millennium.com</a></span></span><br /></span></dd><dd><span><span style=\"color: #000000; font-family: Federo,Arial,Helvetica,sans-serif; font-size: 16px; font-style: normal; font-variant: normal; font-weight: normal; letter-spacing: normal; line-height: normal; text-align: start; text-indent: 0px; text-transform: none; white-space: normal; word-spacing: 0px; float: none; background-color: #ffffff;\">&nbsp;&nbsp;&nbsp; Phone:</span>&nbsp; + <span style=\"color: #000000; font-family: Federo,Arial,Helvetica,sans-serif; font-size: 16px; font-style: normal; font-variant: normal; font-weight: normal; letter-spacing: normal; line-height: normal; text-align: start; text-indent: 0px; text-transform: none; white-space: normal; word-spacing: 0px; float: none; background-color: #ffffff;\">852-2243-4287</span><br data-mce-bogus=\"1\" /></span></dd></dl>', '', -2, 0, 0, 95, '2013-09-10 04:46:51', 2, '', '2017-07-26 01:26:26', 2, 0, '0000-00-00 00:00:00', '2013-09-10 04:46:51', '0000-00-00 00:00:00', '{\"image_intro\":\"\",\"float_intro\":\"\",\"image_intro_alt\":\"\",\"image_intro_caption\":\"\",\"image_fulltext\":\"\",\"float_fulltext\":\"\",\"image_fulltext_alt\":\"\",\"image_fulltext_caption\":\"\"}', '{\"urla\":false,\"urlatext\":\"\",\"targeta\":\"\",\"urlb\":false,\"urlbtext\":\"\",\"targetb\":\"\",\"urlc\":false,\"urlctext\":\"\",\"targetc\":\"\"}', '{\"show_title\":\"\",\"link_titles\":\"\",\"show_intro\":\"\",\"show_category\":\"\",\"link_category\":\"\",\"show_parent_category\":\"\",\"link_parent_category\":\"\",\"show_author\":\"\",\"link_author\":\"\",\"show_create_date\":\"\",\"show_modify_date\":\"\",\"show_publish_date\":\"\",\"show_item_navigation\":\"\",\"show_icons\":\"\",\"show_print_icon\":\"\",\"show_email_icon\":\"\",\"show_vote\":\"\",\"show_hits\":\"\",\"show_noauth\":\"\",\"urls_position\":\"\",\"alternative_readmore\":\"\",\"article_layout\":\"\",\"show_publishing_options\":\"\",\"show_article_options\":\"\",\"show_urls_images_backend\":\"\",\"show_urls_images_frontend\":\"\"}', 71, 0, 5, '', '', 1, 12049, '{\"robots\":\"\",\"author\":\"\",\"rights\":\"\",\"xreference\":\"\"}', 0, '*', ''),
(127, 6982, '網上購物程序', '2018-05-02-09-07-38', '', '<p><strong style=\"line-height: 16px; color: #484848; font-family: Verdana, Arial, sans-serif; font-size: 12px;\">如何在Silvermart購物？</strong><br style=\"color: #484848; font-family: Verdana, Arial, sans-serif; font-size: 12px;\" /><span style=\"color: #484848; font-family: Verdana, Arial, sans-serif; font-size: 12px;\">幾個簡單的步驟就能於Silvermart購物：&nbsp;</span><br style=\"color: #484848; font-family: Verdana, Arial, sans-serif; font-size: 12px;\" /><span style=\"color: #484848; font-family: Verdana, Arial, sans-serif; font-size: 12px;\">1）登入Silvermart網上商店</span><br style=\"color: #484848; font-family: Verdana, Arial, sans-serif; font-size: 12px;\" /><span style=\"color: #484848; font-family: Verdana, Arial, sans-serif; font-size: 12px;\">2）選取心水產品</span><br style=\"color: #484848; font-family: Verdana, Arial, sans-serif; font-size: 12px;\" /><span style=\"color: #484848; font-family: Verdana, Arial, sans-serif; font-size: 12px;\">3）點擊“加入購物籃”</span><br style=\"color: #484848; font-family: Verdana, Arial, sans-serif; font-size: 12px;\" /><span style=\"color: #484848; font-family: Verdana, Arial, sans-serif; font-size: 12px;\">4）當您完成購物時，點擊右上角“我的購物籃”進行結帳。</span><br style=\"color: #484848; font-family: Verdana, Arial, sans-serif; font-size: 12px;\" /><span style=\"color: #484848; font-family: Verdana, Arial, sans-serif; font-size: 12px;\">5）輸入您的送貨細節，並選擇付款方式</span></p>\r\n<p><img src=\"images/paypal.jpg\" alt=\"\" /><br style=\"color: #484848; font-family: Verdana, Arial, sans-serif; font-size: 12px;\" /><span style=\"color: #484848; font-family: Verdana, Arial, sans-serif; font-size: 12px;\">6）確認訂單和完成交易</span></p>\r\n<p><span style=\"text-decoration: underline;\"><span style=\"color: #484848; font-family: Verdana, Arial, sans-serif; font-size: 12px;\"><strong>或者</strong></span></span></p>\r\n<p><span style=\"color: #484848; font-family: Verdana, Arial, sans-serif; font-size: 12px;\">1) 直接Whatsapp至5494 3165查詢產品及落單</span></p>\r\n<p><span style=\"color: #484848; font-family: Verdana, Arial, sans-serif; font-size: 12px;\">2) 請把款項存入本公司匯豐銀行賬戶：534-640206-838</span></p>\r\n<p><span style=\"color: #484848; font-family: Verdana, Arial, sans-serif; font-size: 12px;\">3) 完成後請將收據Whatsapp至5494 3165</span></p>\r\n<p><br style=\"color: #484848; font-family: Verdana, Arial, sans-serif; font-size: 12px;\" /><strong style=\"line-height: 16px; color: #484848; font-family: Verdana, Arial, sans-serif; font-size: 12px;\">選取產品提示</strong><br style=\"color: #484848; font-family: Verdana, Arial, sans-serif; font-size: 12px;\" /><span style=\"color: #484848; font-family: Verdana, Arial, sans-serif; font-size: 12px;\">你可以先於首頁查精選優惠產品，或在不同的分類中找尋所需產品：</span><br style=\"color: #484848; font-family: Verdana, Arial, sans-serif; font-size: 12px;\" /><span style=\"color: #484848; font-family: Verdana, Arial, sans-serif; font-size: 12px;\">&nbsp;“全線產品” - 產品類別，包括血壓計、體溫計、輪椅、腰背墊及坐墊、浴室輔助用具、失禁護理用品、拐杖、助行架及配件、消毒清潔及口罩、冷熱治療用品、生活護理產品、常用運動產品。點擊選定的類別將顯示相關產品。</span><br style=\"color: #484848; font-family: Verdana, Arial, sans-serif; font-size: 12px;\" /><span style=\"color: #484848; font-family: Verdana, Arial, sans-serif; font-size: 12px;\">&nbsp;“品牌” - 品牌按字母順序（AZ），點擊選定的品牌標誌，以顯示各自的產品。</span><br style=\"color: #484848; font-family: Verdana, Arial, sans-serif; font-size: 12px;\" /><span style=\"color: #484848; font-family: Verdana, Arial, sans-serif; font-size: 12px;\">&nbsp;“我的最愛” - 添加自已經常購買的產品至[我的購物籃]，您以後可輕易地於“我的最愛”中選擇相關產品。</span><br style=\"color: #484848; font-family: Verdana, Arial, sans-serif; font-size: 12px;\" /><span style=\"color: #484848; font-family: Verdana, Arial, sans-serif; font-size: 12px;\">&nbsp;“產品搜尋” - 於頂部的搜尋欄中輸入產品名稱，品牌或相關關鍵字，然後點擊查閱搜尋結果。</span><br style=\"color: #484848; font-family: Verdana, Arial, sans-serif; font-size: 12px;\" /><strong style=\"line-height: 16px; color: #484848; font-family: Verdana, Arial, sans-serif; font-size: 12px;\"><br />添加產品到購物籃提示</strong><br style=\"color: #484848; font-family: Verdana, Arial, sans-serif; font-size: 12px;\" /><span style=\"color: #484848; font-family: Verdana, Arial, sans-serif; font-size: 12px;\">有兩種方法：</span><br style=\"color: #484848; font-family: Verdana, Arial, sans-serif; font-size: 12px;\" /><span style=\"color: #484848; font-family: Verdana, Arial, sans-serif; font-size: 12px;\">&nbsp;</span><br style=\"color: #484848; font-family: Verdana, Arial, sans-serif; font-size: 12px;\" /><span style=\"color: #484848; font-family: Verdana, Arial, sans-serif; font-size: 12px;\">1）點擊位於產品下的“加入購物籃”按鈕</span><br style=\"color: #484848; font-family: Verdana, Arial, sans-serif; font-size: 12px;\" /><span style=\"color: #484848; font-family: Verdana, Arial, sans-serif; font-size: 12px;\">2）單擊產品，並選擇需要的數量</span><br style=\"color: #484848; font-family: Verdana, Arial, sans-serif; font-size: 12px;\" /><br style=\"color: #484848; font-family: Verdana, Arial, sans-serif; font-size: 12px;\" /><strong style=\"line-height: 16px; color: #484848; font-family: Verdana, Arial, sans-serif; font-size: 12px;\">怎樣知道我的訂單已被確認？</strong><br style=\"color: #484848; font-family: Verdana, Arial, sans-serif; font-size: 12px;\" /><span style=\"color: #484848; font-family: Verdana, Arial, sans-serif; font-size: 12px;\">確認訂單後，您的電子郵箱會收到確認通知，其中包含您的訂購詳情。您也可以點擊“個人資料&gt;訂單紀錄”查看您的訂單詳細訊息。</span><span style=\"color: #484848; font-family: Verdana, Arial, sans-serif; font-size: 12px;\"><br /></span></p>', '', 1, 0, 0, 95, '2015-08-15 03:40:10', 2, '', '2018-10-23 09:13:24', 2, 0, '0000-00-00 00:00:00', '2015-08-15 03:40:10', '0000-00-00 00:00:00', '{\"image_intro\":\"\",\"float_intro\":\"\",\"image_intro_alt\":\"\",\"image_intro_caption\":\"\",\"image_fulltext\":\"\",\"float_fulltext\":\"\",\"image_fulltext_alt\":\"\",\"image_fulltext_caption\":\"\"}', '{\"urla\":false,\"urlatext\":\"\",\"targeta\":\"\",\"urlb\":false,\"urlbtext\":\"\",\"targetb\":\"\",\"urlc\":false,\"urlctext\":\"\",\"targetc\":\"\"}', '{\"show_title\":\"\",\"link_titles\":\"\",\"show_intro\":\"\",\"show_category\":\"\",\"link_category\":\"\",\"show_parent_category\":\"\",\"link_parent_category\":\"\",\"show_author\":\"\",\"link_author\":\"\",\"show_create_date\":\"\",\"show_modify_date\":\"\",\"show_publish_date\":\"\",\"show_item_navigation\":\"\",\"show_icons\":\"\",\"show_print_icon\":\"\",\"show_email_icon\":\"\",\"show_vote\":\"\",\"show_hits\":\"\",\"show_noauth\":\"\",\"urls_position\":\"\",\"alternative_readmore\":\"\",\"article_layout\":\"\",\"show_publishing_options\":\"\",\"show_article_options\":\"\",\"show_urls_images_backend\":\"\",\"show_urls_images_frontend\":\"\"}', 23, 0, 8, '', '', 1, 1873, '{\"robots\":\"\",\"author\":\"\",\"rights\":\"\",\"xreference\":\"\"}', 0, '*', ''),
(139, 7020, '私隱權聲明', '2018-05-02-07-35-21', '', '<p style=\"font-family: \'Microsoft JhengHei\', Arial, Helvetica, sans-serif; font-size: 16px;\">私隱政策</p>\r\n<p style=\"font-family: \'Microsoft JhengHei\', Arial, Helvetica, sans-serif; font-size: 16px;\">本政策聲明是根據香港特別行政區《1995年個人資料（私隱）條例》－第486章（「條例」），為安老院一站通（「我們」）就其與本網站有關的責任及政策提供資料。</p>\r\n<p style=\"font-family: \'Microsoft JhengHei\', Arial, Helvetica, sans-serif; font-size: 16px;\">此政策內「個人資料」一詞含有條例所解釋的意義。</p>\r\n<p style=\"font-family: \'Microsoft JhengHei\', Arial, Helvetica, sans-serif; font-size: 16px;\">我們的政策</p>\r\n<p style=\"font-family: \'Microsoft JhengHei\', Arial, Helvetica, sans-serif; font-size: 16px;\">我們遵守條例的責任及要求，屬下主管人員、管理層及員工必須時刻對我們（或代表我們）所收集及／或儲存及／或傳送及／或使用的所有個人資料保密，並妥善保存。</p>\r\n<p style=\"font-family: \'Microsoft JhengHei\', Arial, Helvetica, sans-serif; font-size: 16px;\">我們確保所收集及／或儲存及／或傳送及／或使用的所有個人資料，必須遵照條例規定的責任及要求處理。</p>\r\n<p style=\"font-family: \'Microsoft JhengHei\', Arial, Helvetica, sans-serif; font-size: 16px;\">倘若個人以合法方式要求取得及／或修正我們所持有關於其本人的個人資料，我們會根據條例規定的時限及方式提供及／或修正上述資料。</p>\r\n<p style=\"font-family: \'Microsoft JhengHei\', Arial, Helvetica, sans-serif; font-size: 16px;\">運作聲明</p>\r\n<p style=\"font-family: \'Microsoft JhengHei\', Arial, Helvetica, sans-serif; font-size: 16px;\">所收集的個人資料類別</p>\r\n<p style=\"font-family: \'Microsoft JhengHei\', Arial, Helvetica, sans-serif; font-size: 16px;\">我們或會要求閣下提供下列的個人資料，以便在本網站提供的服務。倘若沒有此等資料，便不可能滿足閣下的服務要求。此類資料包括（但不限於）：</p>\r\n<p style=\"font-family: \'Microsoft JhengHei\', Arial, Helvetica, sans-serif; font-size: 16px;\">(a) 姓名；</p>\r\n<p style=\"font-family: \'Microsoft JhengHei\', Arial, Helvetica, sans-serif; font-size: 16px;\">(b) 賬戶詳情，包括賬戶號碼；</p>\r\n<p style=\"font-family: \'Microsoft JhengHei\', Arial, Helvetica, sans-serif; font-size: 16px;\">(c) 向登記人提供有關任何的長者服務；或</p>\r\n<p style=\"font-family: \'Microsoft JhengHei\', Arial, Helvetica, sans-serif; font-size: 16px;\">(d) 聯絡詳情，包括聯絡人姓名及電話號碼或電郵地址。</p>\r\n<p style=\"font-family: \'Microsoft JhengHei\', Arial, Helvetica, sans-serif; font-size: 16px;\">只有部份有關係的個人資料將轉移至有關的商戶以處理閣下透過本網站發出的指令。</p>\r\n<p style=\"font-family: \'Microsoft JhengHei\', Arial, Helvetica, sans-serif; font-size: 16px;\">在某些情況下，閣下或需按要求提供若干資料，以便我們改善產品和服務，及／或提供切合閣下需要的資訊。在大部分情況下，閣下可選擇不提供此類資料。然而，若有關的服務是按個人所需而設，或產品的供應是需要閣下提供一切所需資料，不提供此等資料會令我們不能提供有關服務。此類資料包括 （但不限於）：</p>\r\n<p style=\"font-family: \'Microsoft JhengHei\', Arial, Helvetica, sans-serif; font-size: 16px;\">(a) 年齡；</p>\r\n<p style=\"font-family: \'Microsoft JhengHei\', Arial, Helvetica, sans-serif; font-size: 16px;\">(b) 性別；</p>\r\n<p style=\"font-family: \'Microsoft JhengHei\', Arial, Helvetica, sans-serif; font-size: 16px;\">(c) 薪金水平及僱員資料；</p>\r\n<p style=\"font-family: \'Microsoft JhengHei\', Arial, Helvetica, sans-serif; font-size: 16px;\">(d) 教育程度及職業；</p>\r\n<p style=\"font-family: \'Microsoft JhengHei\', Arial, Helvetica, sans-serif; font-size: 16px;\">(e) 興趣及公餘活動；</p>\r\n<p style=\"font-family: \'Microsoft JhengHei\', Arial, Helvetica, sans-serif; font-size: 16px;\">(f) 其他有關並已使用的產品及服務；及</p>\r\n<p style=\"font-family: \'Microsoft JhengHei\', Arial, Helvetica, sans-serif; font-size: 16px;\">(g) 家庭及家居統計資料。</p>\r\n<p style=\"font-family: \'Microsoft JhengHei\', Arial, Helvetica, sans-serif; font-size: 16px;\">我們的網頁伺服器亦會收集有關閣下使用互聯網的資料，以不記名累計方式作伺服器使用量的綜合統計，藉以更能滿足網站訪客的需要及期望。此類資料包括（但不限於）：</p>\r\n<p style=\"font-family: \'Microsoft JhengHei\', Arial, Helvetica, sans-serif; font-size: 16px;\">(a) 瀏覽器類型及版本；</p>\r\n<p style=\"font-family: \'Microsoft JhengHei\', Arial, Helvetica, sans-serif; font-size: 16px;\">(b) 操作系統；及</p>\r\n<p style=\"font-family: \'Microsoft JhengHei\', Arial, Helvetica, sans-serif; font-size: 16px;\">(c) 互聯網規程 (IP) 地址及／或網域名稱。</p>\r\n<p style=\"font-family: \'Microsoft JhengHei\', Arial, Helvetica, sans-serif; font-size: 16px;\">若干網站或會將「曲奇」(cookies)放在 閣下的電腦內，例如為提供配合個人需要的服務，及／或在閣下於同一次或多次瀏覽各網頁時作識別身分之用。此資料可包括 （但不限於）登入及確認資料，以及有關閣下在我們網站的活動和喜好。</p>\r\n<p style=\"font-family: \'Microsoft JhengHei\', Arial, Helvetica, sans-serif; font-size: 16px;\">個人資料的準確性</p>\r\n<p style=\"font-family: \'Microsoft JhengHei\', Arial, Helvetica, sans-serif; font-size: 16px;\">我們盡可能利用業內通用的做法及守則，核實所提供的資料，包括對賬戶號碼的一些數字項目核對總和。在若干情況下，我們能藉著所持有的現有資料，鑒別所提供資料的真偽。</p>\r\n<p style=\"font-family: \'Microsoft JhengHei\', Arial, Helvetica, sans-serif; font-size: 16px;\">詳情請參閱下文「查詢及改正個人資料」一節，以瞭解如何取得及改正我們所持任何有關閣下的個人資料。</p>\r\n<p style=\"font-family: \'Microsoft JhengHei\', Arial, Helvetica, sans-serif; font-size: 16px;\">個人資料的保存</p>\r\n<p style=\"font-family: \'Microsoft JhengHei\', Arial, Helvetica, sans-serif; font-size: 16px;\">我們將會根據內部的保存政策，銷毀所持有的個人資料。此政策指出：</p>\r\n<p style=\"font-family: \'Microsoft JhengHei\', Arial, Helvetica, sans-serif; font-size: 16px;\">(a) 個人資料會保存至達到與收集上述資料之原來目的，或直接有關之目的為止；除非上述個人資料可根據任何適用法規或合約規定須予以保存；及</p>\r\n<p style=\"font-family: \'Microsoft JhengHei\', Arial, Helvetica, sans-serif; font-size: 16px;\">個人資料的披露</p>\r\n<p style=\"font-family: \'Microsoft JhengHei\', Arial, Helvetica, sans-serif; font-size: 16px;\">除下列的情況外，我們所持有的全部個人資料將予以保密，然而我們可在有需要披露此等資料以達到收集此等資料之目的，或直接與其有關之目的時，向下述人士披露資料：</p>\r\n<p style=\"font-family: \'Microsoft JhengHei\', Arial, Helvetica, sans-serif; font-size: 16px;\">(a) 我們任何的附屬公司、控股公司、關聯公司，或由我們所持有或與我們同屬一家控制公司的公司或聯營公司；</p>\r\n<p style=\"font-family: \'Microsoft JhengHei\', Arial, Helvetica, sans-serif; font-size: 16px;\">(b) 任何代表我們，或與我們聯營的個人或公司，以達到提供此等資料之目的，或直接與其有關之目的；</p>\r\n<p style=\"font-family: \'Microsoft JhengHei\', Arial, Helvetica, sans-serif; font-size: 16px;\">(c) 有責任為我們對上述資料保密的任何其他人士或公司，而該人士或公司有法定的權利取用該資料；以及</p>\r\n<p style=\"font-family: \'Microsoft JhengHei\', Arial, Helvetica, sans-serif; font-size: 16px;\">(d) 任何所需的金融機構、收費或信用卡發行公司、信貸資料或調查機構，或收數公司，以便閣下透過本網站發出有關繳款的指令，設立及提供支援。</p>\r\n<p style=\"font-family: \'Microsoft JhengHei\', Arial, Helvetica, sans-serif; font-size: 16px;\">個人資料也可根據條例披露予有權取用此等資料的任何人士，但他們須證明其取用資料的權利。例如，若法庭發出指令，要求我們提供若干客戶的資料，我們便會向法庭正式委任的人員披露上述資料。</p>\r\n<p style=\"font-family: \'Microsoft JhengHei\', Arial, Helvetica, sans-serif; font-size: 16px;\">將個人資料轉移至香港以外地方</p>\r\n<p style=\"font-family: \'Microsoft JhengHei\', Arial, Helvetica, sans-serif; font-size: 16px;\">我們在有需要時會審慎地將若干個人資料轉移至香港特別行政區以外的地方以達到收集此等資料之目的，或直接與其有關之目的。該轉移會遵守條例之規定。</p>\r\n<p style=\"font-family: \'Microsoft JhengHei\', Arial, Helvetica, sans-serif; font-size: 16px;\">個人資料的保安</p>\r\n<p style=\"font-family: \'Microsoft JhengHei\', Arial, Helvetica, sans-serif; font-size: 16px;\">載列個人資料的實際記錄，在不使用時妥善存放在上鎖的儲存器內。</p>\r\n<p style=\"font-family: \'Microsoft JhengHei\', Arial, Helvetica, sans-serif; font-size: 16px;\">而電腦數據存放在設有限制進出地方的電腦系統及儲存媒體內，取用資料亦受嚴格監管。</p>\r\n<p style=\"font-family: \'Microsoft JhengHei\', Arial, Helvetica, sans-serif; font-size: 16px;\">凡未經管理層正式授權的人士，不得取用記錄及數據。有關權利只在「必須知道」的情況下授予，並根據個別人士的職責及受訓情況而定。</p>\r\n<p style=\"font-family: \'Microsoft JhengHei\', Arial, Helvetica, sans-serif; font-size: 16px;\">我們的記錄由指定的資料專責人員控制，他們負責確保資料的轉移或取用是合法並符合條例規定。</p>\r\n<p style=\"font-family: \'Microsoft JhengHei\', Arial, Helvetica, sans-serif; font-size: 16px;\">我們可能提出審計記錄，以核實更改的數據，並確定數據的完整性。</p>\r\n<p style=\"font-family: \'Microsoft JhengHei\', Arial, Helvetica, sans-serif; font-size: 16px;\">我們可能設有記錄違反事項的程序，以便調查未經授權試圖取用資料的行為。</p>\r\n<p style=\"font-family: \'Microsoft JhengHei\', Arial, Helvetica, sans-serif; font-size: 16px;\">在網上傳送所收集的資料時，我們可能應用SSL等編碼技術傳送。</p>\r\n<p style=\"font-family: \'Microsoft JhengHei\', Arial, Helvetica, sans-serif; font-size: 16px;\">查詢及改正個人資料</p>\r\n<p style=\"font-family: \'Microsoft JhengHei\', Arial, Helvetica, sans-serif; font-size: 16px;\">根據條例規定，個人可有權：</p>\r\n<p style=\"font-family: \'Microsoft JhengHei\', Arial, Helvetica, sans-serif; font-size: 16px;\">(a) 確定我們是否持有關於其本人的個人資料，並（如有）取得該等資料的副本；</p>\r\n<p style=\"font-family: \'Microsoft JhengHei\', Arial, Helvetica, sans-serif; font-size: 16px;\">(b) 要求我們改正關於其本人而不準確的個人資料以達致使用該資料之目的；以及</p>\r\n<p style=\"font-family: \'Microsoft JhengHei\', Arial, Helvetica, sans-serif; font-size: 16px;\">(c) 確定我們有關其本人個人資料的政策及做法，總體上符合本政策及做法的規定。</p>\r\n<p style=\"font-family: \'Microsoft JhengHei\', Arial, Helvetica, sans-serif; font-size: 16px;\">個人可按下列方式行使改正的權利：</p>\r\n<p style=\"font-family: \'Microsoft JhengHei\', Arial, Helvetica, sans-serif; font-size: 16px;\">(a) 按下列地址致函給我們，指出申請人認為不正確的資料，他們認為不正確的理由，以及有關的改正資料；以及</p>\r\n<p style=\"font-family: \'Microsoft JhengHei\', Arial, Helvetica, sans-serif; font-size: 16px;\">(b) 提供「身分證明」以核實要求改正的申請人已獲授權提出此項要求。</p>\r\n<p style=\"font-family: \'Microsoft JhengHei\', Arial, Helvetica, sans-serif; font-size: 16px;\">(c) 在本網站改正其個人資料。</p>\r\n<p style=\"font-family: \'Microsoft JhengHei\', Arial, Helvetica, sans-serif; font-size: 16px;\">我們在接納要求改正的正確性及有效性後，會盡力依從該要求，並在條例規定的期限內予以回覆。</p>\r\n<p style=\"font-family: \'Microsoft JhengHei\', Arial, Helvetica, sans-serif; font-size: 16px;\">直銷函件</p>\r\n<p style=\"font-family: \'Microsoft JhengHei\', Arial, Helvetica, sans-serif; font-size: 16px;\">根據條例規定，我們會依從個人的要求，不會將其個人資料作為直銷推廣之用。若閣下不想收取我們的直銷函件，請到致函給我們。</p>\r\n<p style=\"font-family: \'Microsoft JhengHei\', Arial, Helvetica, sans-serif; font-size: 16px;\">所有此等要求，應明確列出有關要求的個人資料詳情，尤其要包括列印在閣下登記姓名及聯絡方法，並請明確說明閣下從哪兒獲得授權提出上述的要求。</p>\r\n<p style=\"font-family: \'Microsoft JhengHei\', Arial, Helvetica, sans-serif; font-size: 16px;\">我們可將所收集的個人資料作我們一般市場業務及本網站推廣之用，但按上述方式收到另行指示者則除外。</p>\r\n<p style=\"font-family: \'Microsoft JhengHei\', Arial, Helvetica, sans-serif; font-size: 16px;\">關於我們的個人資料（私隱）條例的聯絡詳情</p>\r\n<p style=\"font-family: \'Microsoft JhengHei\', Arial, Helvetica, sans-serif; font-size: 16px;\">任何有關我們遵守條例責任的查詢，請致函下列地址：</p>\r\n<p style=\"font-family: \'Microsoft JhengHei\', Arial, Helvetica, sans-serif; font-size: 16px;\">長者家</p>\r\n<p style=\"font-family: \'Microsoft JhengHei\', Arial, Helvetica, sans-serif; font-size: 16px;\">香港九龍荔枝角青山道489-491號香港工業中心A座11樓12室</p>\r\n<p style=\"font-family: \'Microsoft JhengHei\', Arial, Helvetica, sans-serif; font-size: 16px;\">或電郵至：<a href=\"mailto:info@hkelderly.net\">info@hkelderly.net</a></p>', '', 1, 0, 0, 95, '2015-08-15 03:40:10', 2, '', '2018-05-02 07:35:21', 2, 0, '0000-00-00 00:00:00', '2015-08-15 03:40:10', '0000-00-00 00:00:00', '{\"image_intro\":\"\",\"float_intro\":\"\",\"image_intro_alt\":\"\",\"image_intro_caption\":\"\",\"image_fulltext\":\"\",\"float_fulltext\":\"\",\"image_fulltext_alt\":\"\",\"image_fulltext_caption\":\"\"}', '{\"urla\":false,\"urlatext\":\"\",\"targeta\":\"\",\"urlb\":false,\"urlbtext\":\"\",\"targetb\":\"\",\"urlc\":false,\"urlctext\":\"\",\"targetc\":\"\"}', '{\"show_title\":\"\",\"link_titles\":\"\",\"show_intro\":\"\",\"show_category\":\"\",\"link_category\":\"\",\"show_parent_category\":\"\",\"link_parent_category\":\"\",\"show_author\":\"\",\"link_author\":\"\",\"show_create_date\":\"\",\"show_modify_date\":\"\",\"show_publish_date\":\"\",\"show_item_navigation\":\"\",\"show_icons\":\"\",\"show_print_icon\":\"\",\"show_email_icon\":\"\",\"show_vote\":\"\",\"show_hits\":\"\",\"show_noauth\":\"\",\"urls_position\":\"\",\"alternative_readmore\":\"\",\"article_layout\":\"\",\"show_publishing_options\":\"\",\"show_article_options\":\"\",\"show_urls_images_backend\":\"\",\"show_urls_images_frontend\":\"\"}', 16, 0, 6, '', '', 1, 75, '{\"robots\":\"\",\"author\":\"\",\"rights\":\"\",\"xreference\":\"\"}', 0, '*', ''),
(141, 7030, '使用條款及細則', '2018-05-02-07-37-55', '', '<p style=\"font-family: \'Microsoft JhengHei\', Arial, Helvetica, sans-serif; font-size: 16px;\"><strong>1. 同意接受條款</strong><br />歡迎你使用長者家專業顧問有限公司的服務。以下是長者家服務條款(下稱「服務條款」) ，我們按照條款的規定，為你提供這項服務。我們會不時修訂條款而無需特意通知你。修訂的服務條款將於公開張貼當日起即時生效，並取代舊有的條款。當你使用特定的長者家服務時，我們雙方均需要遵守為特定服務而公開張貼(並不時重新張貼)的指引及規則。這些指引和規則均構成本服務條款的一部分。</p>\r\n<p style=\"font-family: \'Microsoft JhengHei\', Arial, Helvetica, sans-serif; font-size: 16px;\"><strong>2. 服務說明</strong><br />長者家為用戶提供線上選擇院舍資訊及服務 及其他相關的線上服務（以下簡稱「本服務」）。<br />本服務由長者家專業顧問有限公司所提供。<br />你明白及同意本服務可能包括廣告，而這些廣告是長者家專業顧問有限公司為提供本服務所必須的。你亦明白及同意本服務可能包括長者家專業顧問有限公司發出的一些通訊，例如服務公告及行政信息，而這些通訊是長者家專業顧問有限公司服務的一部份，你並不能選擇停止接收。</p>\r\n<p style=\"font-family: \'Microsoft JhengHei\', Arial, Helvetica, sans-serif; font-size: 16px;\">除非另有其他明文規定，增加或強化目前本服務的任何新功能 (包括所推出的新產品)均受到本服務條款之規範。你了解也同意，本服務是依「現況」提供，任何用戶通訊或個人化設定之時效、刪除、傳遞錯誤、和未予儲存，長者家專業顧問有限公司均不予負責。長者家專業顧問有限公司保留權利無須事先通知你，暫停全部或部分服務以進行維修、保養、更新或其他長者家專業顧問有限公司認為適當的工作。你必須自行取得本服務，而與此有關的第三方費用(例如互聯網供應商或按時收費)，包恬與廣告展示或傳送有關之費用，你亦需負責。此外，你必須提供取得服務所需之一切必要裝備及為此負負。&nbsp;</p>\r\n<p style=\"font-family: \'Microsoft JhengHei\', Arial, Helvetica, sans-serif; font-size: 16px;\"><strong>3. 你的註冊義務</strong><br />為了能使用本服務，你同意以下事項：<br />(a)依本服務註冊表之提示提供你本人正確、精確、最新及完整的資料（前開資料以下簡稱「登記資料」）， (b)維持並立即更新「登記資料」，確保其為正確、精確、最新及完整。若你提供任何錯誤、不實、過時、不完整或有誤導成分的資料，或者長者家專業顧問有限公司有合理的理由懷疑前開資料為錯誤、不實、過時、不完整或有誤導成分的資料，長者家專業顧問有限公司有權暫停或終止你的帳號，並拒絕你於現在和未來使用本服務之全部或一部分。長者家專業顧問有限公司十分關切所有使用者（特別是兒童）的安全及私隱。</p>\r\n<p style=\"font-family: \'Microsoft JhengHei\', Arial, Helvetica, sans-serif; font-size: 16px;\"><strong>4. 私隱</strong><br />由長者家專業顧問有限公司保存並與你有關的「登記資料」及其他相關資料均受到個人資料條例和本公司「私隱權政策」之規管。請不時到以下的網頁瀏覽的私隱權政策全文。</p>\r\n<p style=\"font-family: \'Microsoft JhengHei\', Arial, Helvetica, sans-serif; font-size: 16px;\"><strong>5. 會員帳號、密碼及安全</strong><br />完成本服務的登記程序之後，你將收到一個密碼及帳號。維持密碼及帳號的機密安全，是你的責任。利用該密碼及帳號所進行的一切行動，你將負完全的責任。你同意以下事項：(a)你的密碼或帳號遭到未獲授權的使用，或者其他任何安全問題發生時，你將立即通知長者家專業顧問有限公司，且(b)每次連線完畢，均結束你的帳號使用。你未能遵守本項規定所衍生之任何損失或損害，長者家專業顧問有限公司無法也不予負責。</p>\r\n<p style=\"font-family: \'Microsoft JhengHei\', Arial, Helvetica, sans-serif; font-size: 16px;\"><strong>6. 會員行為</strong><br />你了解一切的資訊、資料、文字、軟件、音樂、音訊、照片、圖形、視訊、信息或其他資料（以下簡稱「內容」），無論其為公開張貼或私下傳送，均為前開「內容」提供者之責任。易言之，你，而非長者家專業顧問有限公司，將對經由本服務上載、張貼、發送電子郵件或傳送之「內容」負完全的責任。長者家專業顧問有限公司無法控制經由本服務而張貼之「內容」，因此不保証前開「內容」之正確性、完整性或品質。你了解使用本服務時，可能會接觸到令人不快、不適當、令人厭惡之「內容」。在任何情況下，長者家專業顧問有限公司均不為任何「內容」負責，包含但不限於任何「內容」之任何錯誤或遺漏，以及經由本服務張貼、發送電子郵件或傳送而衍生之任何損失或損害。</p>\r\n<p style=\"font-family: \'Microsoft JhengHei\', Arial, Helvetica, sans-serif; font-size: 16px;\">你同意不將本服務作以下用途：</p>\r\n<ul style=\"font-family: \'Microsoft JhengHei\', Arial, Helvetica, sans-serif; font-size: 16px;\">\r\n<li>上載、張貼、發送電子郵件或傳送任何非法、有害、脅迫、濫用、騷擾、侵害、中傷、粗俗、猥褻、誹謗、侵害他人私隱、有害或種族歧視的或道德上令人不快的「內容」。</li>\r\n<li>以任何方式傷害未成年人。</li>\r\n<li>冒充任何人或機構，包含但不限於長者家專業顧問有限公司主管、論壇領袖、主持人，或以虛偽不實的方式陳述或謊稱與任何人或機構之關係。</li>\r\n<li>偽造標題或以其他方式操控識別資料，以偽裝經由本服務傳送之任何「內容」之來源。</li>\r\n<li>將依據任何法律或契約或信任關係（例如由於雇用關係和依據保密合約所得知或披露之內部資料、專屬及機密資料）而無權傳送之任何「內容」加以上載、張貼或以其他方式傳送。</li>\r\n<li>將侵害任何人之任何專利、商標、營業祕密、版權或其他專屬權利（以下簡稱「權利」）之「內容」加以上載、張貼或以其他方式傳送。</li>\r\n<li>將任何廣告信函、促銷資料、「垃圾郵件」、「濫發信件」、「連鎖信件」、「直銷」或其他任何形式的勸誘資料加以上載、張貼或以其他方式傳送。</li>\r\n<li>干擾或破壞本服務或與本服務相連線之伺服器和網路，或不遵守於本服務連線網路之規定、程序、政策或規範。</li>\r\n<li>故意或非故意違反任何適用的本地、國家或國際法規，以及任何具有法律效力之規定。</li>\r\n<li>「跟蹤」或以其他方式騷擾他人。</li>\r\n<li>蒐集和儲存其他使用者之個人資料；如果有關個人資料得到正確儲存，並根據有關的個人資料保障條例而使用，則不在此列。</li>\r\n</ul>\r\n<p style=\"font-family: \'Microsoft JhengHei\', Arial, Helvetica, sans-serif; font-size: 16px;\">你了解長者家專業顧問有限公司並未針對「內容」事先加以審查，但長者家專業顧問有限公司及其指定人有權（但無義務）依其自行之考量，拒絕和移除可經由本服務提供之任何「內容」。在不限制前開規定之前提下，長者家專業顧問有限公司及其指定人有權將違反本服務條款和令人厭惡之任何「內容」加以移除。你使用任何「內容」時，包括依賴前開「內容」之正確性、完整性或實用性之情形，你同意必須自行加以評估並承擔所有風險。因此，你同意你不得依賴長者家專業顧問有限公司創造或接受之任何「內容」，包含但不限於本服務其他之部分。</p>\r\n<p style=\"font-family: \'Microsoft JhengHei\', Arial, Helvetica, sans-serif; font-size: 16px;\">長者家專業顧問有限公司是以上載老人資訊的方式運作，長者家專業顧問有限公司對所有資料的真實性、完整性及立場等，不負任何法律責任。而一切留言之言論只代表留言者個人意見，並非本網站之立場。由於長者家專業顧問有限公司受到運作方式所規限，故不能完全監察所有留言，若讀者發現有資訊出現問題，請以透過以下email通知本網站 ：<a href=\"mailto:info@hkelderly.org\">info@hkelderly.org</a></p>\r\n<p style=\"font-family: \'Microsoft JhengHei\', Arial, Helvetica, sans-serif; font-size: 16px;\">你了解並同意，長者家專業顧問有限公司依據法律或規定的要求，或基於誠信為了以下目的之合理必要範圍內，認定必須將「內容」加以保存或揭露時，得加以保存及揭露：(a)遵守法律程序，(b)執行本服務條款，(c)回應任何「內容」侵害第三人權利之主張，或 (d)保護長者家專業顧問有限公司、其使用者及公眾之權利、財產或個人安全。</p>\r\n<p style=\"font-family: \'Microsoft JhengHei\', Arial, Helvetica, sans-serif; font-size: 16px;\">你了解本服務之技術處理及傳送，包含你「內容」，可能(a)經由各個網路加以傳送，且(b)為了符合及配合連線網路或裝置之技術要求而進行改變。</p>\r\n<p style=\"font-family: \'Microsoft JhengHei\', Arial, Helvetica, sans-serif; font-size: 16px;\"><strong>7. 國際使用之特別警告</strong><br />你了解網際網路的無國界性，同意遵守當地所有相關規定之網上行為及可接受「內容」之法規。你特別同意遵守關於從香港或你居住的國家或地區輸出技術性或個人資料所有相關法律。</p>\r\n<p style=\"font-family: \'Microsoft JhengHei\', Arial, Helvetica, sans-serif; font-size: 16px;\"><strong>8. 於長者家專業顧問有限公司張貼之公共資料</strong></p>\r\n<ul style=\"font-family: \'Microsoft JhengHei\', Arial, Helvetica, sans-serif; font-size: 16px;\">\r\n<li>為本服務條款適用之目的，「本服務公開使用區域」係指一般公眾可以使用的區域。舉例言之，本服務可公開使用的區域包括討論區。</li>\r\n<li>你選擇於本服務其他公開使用區域張貼之其他「內容」，你授予長者家專業顧問有限公司免權利金、永久有效、不可撤銷、非專屬及可完全再授權之下述權利：在全球，使用、重製、修改、重新整理、適應化、發行、翻譯「內容」、創作衍生性著作，並將前開「內容」（一部或全部）加以散佈、演示及展示，及/或放入利用任何現在已知和未來開發出之形式、媒體和科技之其他著作物當中。</li>\r\n<li>你了解本服務為長者家專業顧問有限公司的安老院一站通服務，所張貼及篩選出來的院舍佳以長者的利益為考慮之重要元素，而篩選出來的院舍也是有安老院一站通提供跟進服務之院舍為優先。</li>\r\n</ul>\r\n<p style=\"font-family: \'Microsoft JhengHei\', Arial, Helvetica, sans-serif; font-size: 16px;\"><strong>9. 彌償</strong><br />由於你經由本服務提供、張貼或傳送之「內容」、你使用本服務、你與本服務連線、你違反本服務條款、或你侵害其他人任何權利因而衍生或導致任何第三人提出索賠或請求，包括合理的律師費，你同意賠償長者家專業顧問有限公司及其分公司、分支機構、主管、代理人、聯名廠商或其他夥伴及員工，並使其免受損害。</p>\r\n<p style=\"font-family: \'Microsoft JhengHei\', Arial, Helvetica, sans-serif; font-size: 16px;\"><strong>10. 服務轉售之禁止</strong><br />本服務任何部分或本服務之使用或存取，你同意不進行重製、拷貝、出售、轉售或作任何商業目的之使用。</p>\r\n<p style=\"font-family: \'Microsoft JhengHei\', Arial, Helvetica, sans-serif; font-size: 16px;\"><strong>11. 關於使用及儲存之一般措施</strong><br />你承認關於使用本服務長者家專業顧問有限公司得訂定一般措施及限制，包含但不限於本服務將保留短消息、佈告欄內容或其他上載「內容」之最長期間、本服務一個帳號當中可收發短消息的數量限制，以及一般特定期間內你使用本服務之次數上限（及每次使用時間之上限）。若長者家專業顧問有限公司將本服務維持或傳送之任何訊息及其他通訊和其他「內容」刪除或未予儲存，你同意長者家專業顧問有限公司毋須承擔任何責任。你亦同意，長時間未使用的帳號，長者家專業顧問有限公司有權關閉。你也同意，長者家專業顧問有限公司有權依其自行之考量，不論有否通知你，隨時變更這些一般措施及限制。</p>\r\n<p style=\"font-family: \'Microsoft JhengHei\', Arial, Helvetica, sans-serif; font-size: 16px;\"><strong>12. 服務之修改</strong><br />長者家專業顧問有限公司有權於任何時間暫時或永久修改或終止本服務（或其任何部分），無論其通知與否。本服務任何修改、暫停或終止，你同意長者家專業顧問有限公司對你和任何第三人均不承擔責任。</p>\r\n<p style=\"font-family: \'Microsoft JhengHei\', Arial, Helvetica, sans-serif; font-size: 16px;\"><strong>13. 終止</strong><br />你同意長者家專業顧問有限公司得基於其自行之考量，因任何理由，包含但不限於缺乏使用，或長者家專業顧問有限公司認為你已經違反本服務條款的明文規定及精神，終止你的密碼、帳號（或其任何部分）或本服務之使用，並將本服務內任何「內容」加以移除並刪除。長者家專業顧問有限公司無論有否通知你，都可以依其自行之考量隨時終止本服務或其任何部分。你同意依本服務條款任何規定提供之本服務，無需事先通知你即可暫停或終止，你承認並同意，長者家專業顧問有限公司得立即關閉或刪除你的帳號及你帳號中所有相關資料及上載「內容」，及/或禁止前開檔案和本服務之使用。此外，你同意若你被暫停或終止進入服務，或你的帳戶或有關的資料和檔案被凍結或刪除時，長者家專業顧問有限公司對你或任何第三人均不承擔責任。</p>\r\n<p style=\"font-family: \'Microsoft JhengHei\', Arial, Helvetica, sans-serif; font-size: 16px;\"><strong>14. 與廣告商進行之交易</strong><br />你於本服務或經由本服務與廣告商進行通訊或商業往來，或參與促銷活動，包含相關商品或服務之付款及交付，以及前開交易其他任何相關條款、條件、保証或陳述，完全為你與前開廣告商之間之行為。前開任何交易或前開廣告商出現於本服務所生之任何性質的損失或損害，你同意長者家專業顧問有限公司不予負責。</p>\r\n<p style=\"font-family: \'Microsoft JhengHei\', Arial, Helvetica, sans-serif; font-size: 16px;\"><strong>15. 連結</strong><br />本服務或第三人可提供與其他全球資訊網上之網站或資源之連結。由於長者家專業顧問有限公司無法控制前開網站及資源，你了解並同意，前開外部網站或資源是否可供利用，長者家專業顧問有限公司不予負責，存在或源於前開網站或資源之任何「內容」、廣告、產品或其他資料，不代表長者家專業顧問有限公司對其贊同長者家專業顧問有限公司亦不予負責。你進一步同意，因使用或信賴存在或經由前開任何網站或資源之任何「內容」、商品或服務所生或據稱所生之任何損害或損失，長者家專業顧問有限公司不負任何直接或間接之責任。</p>', '', 1, 0, 0, 95, '2016-08-10 07:59:13', 1, '', '2018-05-02 07:37:55', 2, 2, '2018-05-17 06:36:31', '2016-08-10 07:59:13', '0000-00-00 00:00:00', '{\"image_intro\":\"\",\"float_intro\":\"\",\"image_intro_alt\":\"\",\"image_intro_caption\":\"\",\"image_fulltext\":\"\",\"float_fulltext\":\"\",\"image_fulltext_alt\":\"\",\"image_fulltext_caption\":\"\"}', '{\"urla\":false,\"urlatext\":\"\",\"targeta\":\"\",\"urlb\":false,\"urlbtext\":\"\",\"targetb\":\"\",\"urlc\":false,\"urlctext\":\"\",\"targetc\":\"\"}', '{\"show_title\":\"\",\"link_titles\":\"\",\"show_intro\":\"\",\"show_category\":\"\",\"link_category\":\"\",\"show_parent_category\":\"\",\"link_parent_category\":\"\",\"show_author\":\"\",\"link_author\":\"\",\"show_create_date\":\"\",\"show_modify_date\":\"\",\"show_publish_date\":\"\",\"show_item_navigation\":\"\",\"show_icons\":\"\",\"show_print_icon\":\"\",\"show_email_icon\":\"\",\"show_vote\":\"\",\"show_hits\":\"\",\"show_noauth\":\"\",\"urls_position\":\"\",\"alternative_readmore\":\"\",\"article_layout\":\"\",\"show_publishing_options\":\"\",\"show_article_options\":\"\",\"show_urls_images_backend\":\"\",\"show_urls_images_frontend\":\"\"}', 18, 0, 4, '', '', 1, 167, '{\"robots\":\"\",\"author\":\"\",\"rights\":\"\",\"xreference\":\"\"}', 0, '*', ''),
(142, 7031, '发货方式', 'delivery', '', '<p>提交订单后，我们将竭尽全力把你的商品及时送到你方。为了保证您能更准确快捷的收到货品，请在填写订单时，务必填写真实电话号码。<span style=\"font-family: \'Microsoft JhengHei\', \'Helvetica Neue\', Arial, sans-serif; font-size: 14.4px;\">订单确认3天内发货，国内包邮。</span></p>', '', -2, 0, 0, 249, '2016-08-10 09:40:35', 1, '', '2017-06-02 07:58:09', 1, 0, '0000-00-00 00:00:00', '2016-08-10 09:40:35', '0000-00-00 00:00:00', '{\"image_intro\":\"\",\"float_intro\":\"\",\"image_intro_alt\":\"\",\"image_intro_caption\":\"\",\"image_fulltext\":\"\",\"float_fulltext\":\"\",\"image_fulltext_alt\":\"\",\"image_fulltext_caption\":\"\"}', '{\"urla\":false,\"urlatext\":\"\",\"targeta\":\"\",\"urlb\":false,\"urlbtext\":\"\",\"targetb\":\"\",\"urlc\":false,\"urlctext\":\"\",\"targetc\":\"\"}', '{\"show_title\":\"\",\"link_titles\":\"\",\"show_intro\":\"\",\"show_category\":\"\",\"link_category\":\"\",\"show_parent_category\":\"\",\"link_parent_category\":\"\",\"show_author\":\"\",\"link_author\":\"\",\"show_create_date\":\"\",\"show_modify_date\":\"\",\"show_publish_date\":\"\",\"show_item_navigation\":\"\",\"show_icons\":\"\",\"show_print_icon\":\"\",\"show_email_icon\":\"\",\"show_vote\":\"\",\"show_hits\":\"\",\"show_noauth\":\"\",\"urls_position\":\"\",\"alternative_readmore\":\"\",\"article_layout\":\"\",\"show_publishing_options\":\"\",\"show_article_options\":\"\",\"show_urls_images_backend\":\"\",\"show_urls_images_frontend\":\"\"}', 20, 0, 2, '', '', 1, 85, '{\"robots\":\"\",\"author\":\"\",\"rights\":\"\",\"xreference\":\"\"}', 0, '*', ''),
(151, 7077, '手作課程', 'course-info', '', '<p style=\"margin-top: 0pt; margin-bottom: 0pt; direction: ltr; unicode-bidi: embed; vertical-align: baseline;\"><span style=\"font-size: 18pt; font-family: Calibri; color: white;\"></span></p>\r\n<div>&nbsp;</div>\r\n<div>我們的手作課程是以自選款式進行, 導師會相约上堂時間。</div>\r\n<p style=\"margin-top: 0pt; margin-bottom: 0pt; direction: ltr; unicode-bidi: embed; vertical-align: baseline;\"><span style=\"font-size: 18pt; font-family: Calibri; color: white;\"></span></p>\r\n<div>可先看FB相薄:選擇想學的款式</div>\r\n<div><span style=\"font-family: \'Microsoft JhengHei\', \'Helvetica Neue\', Arial, sans-serif;\">&lt;手作課堂款式參考&gt;</span></div>\r\n<p style=\"margin-top: 0pt; margin-bottom: 0pt; direction: ltr; unicode-bidi: embed; vertical-align: baseline;\"><span style=\"font-size: 18pt; font-family: Calibri; color: white;\"></span></p>\r\n<div><a dir=\"ltr\" href=\"https://m.facebook.com/Gardenworkshop.hk/albums/935406353193291/?ref=bookmarks\'\"></a><a href=\"https://m.facebook.com/Gardenworkshop.hk/albums/935406353193291/?ref=bookmarks\'\">https://m.facebook.com/Gardenworkshop.hk/albums/935406353193291/?ref=bookmarks\'</a></div>\r\n<p style=\"margin-top: 0pt; margin-bottom: 0pt; direction: ltr; unicode-bidi: embed; vertical-align: baseline;\"><span style=\"font-size: 18pt; font-family: Calibri; color: white;\"></span></p>\r\n<div>&nbsp;</div>\r\n<p style=\"margin-top: 0pt; margin-bottom: 0pt; direction: ltr; unicode-bidi: embed; vertical-align: baseline;\"><span style=\"font-size: 18pt; font-family: Calibri; color: white;\">Course</span><span style=\"font-size: 18pt; font-family: Calibri; color: white;\"> info</span></p>', '', -2, 0, 0, 95, '2017-01-19 02:22:22', 1, '', '2017-04-01 00:31:11', 2, 0, '0000-00-00 00:00:00', '2017-01-19 02:22:22', '0000-00-00 00:00:00', '{\"image_intro\":\"\",\"float_intro\":\"\",\"image_intro_alt\":\"\",\"image_intro_caption\":\"\",\"image_fulltext\":\"\",\"float_fulltext\":\"\",\"image_fulltext_alt\":\"\",\"image_fulltext_caption\":\"\"}', '{\"urla\":false,\"urlatext\":\"\",\"targeta\":\"\",\"urlb\":false,\"urlbtext\":\"\",\"targetb\":\"\",\"urlc\":false,\"urlctext\":\"\",\"targetc\":\"\"}', '{\"show_title\":\"\",\"link_titles\":\"\",\"show_intro\":\"\",\"show_category\":\"\",\"link_category\":\"\",\"show_parent_category\":\"\",\"link_parent_category\":\"\",\"show_author\":\"\",\"link_author\":\"\",\"show_create_date\":\"\",\"show_modify_date\":\"\",\"show_publish_date\":\"\",\"show_item_navigation\":\"\",\"show_icons\":\"\",\"show_print_icon\":\"\",\"show_email_icon\":\"\",\"show_vote\":\"\",\"show_hits\":\"\",\"show_noauth\":\"\",\"urls_position\":\"\",\"alternative_readmore\":\"\",\"article_layout\":\"\",\"show_publishing_options\":\"\",\"show_article_options\":\"\",\"show_urls_images_backend\":\"\",\"show_urls_images_frontend\":\"\"}', 3, 0, 3, '', '', 1, 21, '{\"robots\":\"\",\"author\":\"\",\"rights\":\"\",\"xreference\":\"\"}', 0, '*', ''),
(152, 7078, '布料資訊', 'fabric-info', '', '<p style=\"margin-top: 0pt; margin-bottom: 0pt; direction: ltr; unicode-bidi: embed; vertical-align: baseline;\"><span style=\"font-size: 18pt; font-family: Calibri; color: white;\">Fabric info</span></p>', '', -2, 0, 0, 95, '2017-01-19 02:22:47', 1, '', '0000-00-00 00:00:00', 0, 0, '0000-00-00 00:00:00', '2017-01-19 02:22:47', '0000-00-00 00:00:00', '{\"image_intro\":\"\",\"float_intro\":\"\",\"image_intro_alt\":\"\",\"image_intro_caption\":\"\",\"image_fulltext\":\"\",\"float_fulltext\":\"\",\"image_fulltext_alt\":\"\",\"image_fulltext_caption\":\"\"}', '{\"urla\":false,\"urlatext\":\"\",\"targeta\":\"\",\"urlb\":false,\"urlbtext\":\"\",\"targetb\":\"\",\"urlc\":false,\"urlctext\":\"\",\"targetc\":\"\"}', '{\"show_title\":\"\",\"link_titles\":\"\",\"show_intro\":\"\",\"show_category\":\"\",\"link_category\":\"\",\"show_parent_category\":\"\",\"link_parent_category\":\"\",\"show_author\":\"\",\"link_author\":\"\",\"show_create_date\":\"\",\"show_modify_date\":\"\",\"show_publish_date\":\"\",\"show_item_navigation\":\"\",\"show_icons\":\"\",\"show_print_icon\":\"\",\"show_email_icon\":\"\",\"show_vote\":\"\",\"show_hits\":\"\",\"show_noauth\":\"\",\"urls_position\":\"\",\"alternative_readmore\":\"\",\"article_layout\":\"\",\"show_publishing_options\":\"\",\"show_article_options\":\"\",\"show_urls_images_backend\":\"\",\"show_urls_images_frontend\":\"\"}', 1, 0, 2, '', '', 1, 28, '{\"robots\":\"\",\"author\":\"\",\"rights\":\"\",\"xreference\":\"\"}', 0, '*', ''),
(153, 7079, '日韓雜貨', 'zakka-items', '', '<p style=\"margin-top: 0pt; margin-bottom: 0pt; direction: ltr; unicode-bidi: embed; vertical-align: baseline;\"><span style=\"font-size: 18pt; font-family: Calibri; color: white;\">Zak<img src=\"images/albums/New/IMG_8832.JPG\" width=\"878\" height=\"658\" alt=\"IMG 8832\" />ka</span><span style=\"font-size: 18pt; font-family: Calibri; color: white;\"> items</span></p>', '', -2, 0, 0, 95, '2017-01-19 02:23:08', 1, '', '2017-04-07 14:56:12', 2, 0, '0000-00-00 00:00:00', '2017-01-19 02:23:08', '0000-00-00 00:00:00', '{\"image_intro\":\"\",\"float_intro\":\"\",\"image_intro_alt\":\"\",\"image_intro_caption\":\"\",\"image_fulltext\":\"\",\"float_fulltext\":\"\",\"image_fulltext_alt\":\"\",\"image_fulltext_caption\":\"\"}', '{\"urla\":false,\"urlatext\":\"\",\"targeta\":\"\",\"urlb\":false,\"urlbtext\":\"\",\"targetb\":\"\",\"urlc\":false,\"urlctext\":\"\",\"targetc\":\"\"}', '{\"show_title\":\"\",\"link_titles\":\"\",\"show_intro\":\"\",\"show_category\":\"\",\"link_category\":\"\",\"show_parent_category\":\"\",\"link_parent_category\":\"\",\"show_author\":\"\",\"link_author\":\"\",\"show_create_date\":\"\",\"show_modify_date\":\"\",\"show_publish_date\":\"\",\"show_item_navigation\":\"\",\"show_icons\":\"\",\"show_print_icon\":\"\",\"show_email_icon\":\"\",\"show_vote\":\"\",\"show_hits\":\"\",\"show_noauth\":\"\",\"urls_position\":\"\",\"alternative_readmore\":\"\",\"article_layout\":\"\",\"show_publishing_options\":\"\",\"show_article_options\":\"\",\"show_urls_images_backend\":\"\",\"show_urls_images_frontend\":\"\"}', 3, 0, 1, '', '', 1, 21, '{\"robots\":\"\",\"author\":\"\",\"rights\":\"\",\"xreference\":\"\"}', 0, '*', '');
INSERT INTO `wos_content` (`id`, `asset_id`, `title`, `alias`, `title_alias`, `introtext`, `fulltext`, `state`, `sectionid`, `mask`, `catid`, `created`, `created_by`, `created_by_alias`, `modified`, `modified_by`, `checked_out`, `checked_out_time`, `publish_up`, `publish_down`, `images`, `urls`, `attribs`, `version`, `parentid`, `ordering`, `metakey`, `metadesc`, `access`, `hits`, `metadata`, `featured`, `language`, `xreference`) VALUES
(154, 7145, 'Neque porro quisquam est qui dolorem', 'article-2', '', '<p>Nuk ka asnjeri që e do dhimbjen, që e kërkon dhe dëshiron ta ketë, thjeshtë sepse është dhimbje.</p>\r\n<p>', '</p>\r\n<p>Vivamus molestie, ante non lobortis ultricies, arcu odio luctus nibh, sed pretium nisi felis in ante. Aliquam erat volutpat. Integer id massa vel eros lacinia ultricies. In eu fermentum arcu. Donec id justo purus. Aenean pharetra convallis iaculis. Etiam non lorem sed lacus ornare ornare. Lorem ipsum dolor sit amet, consectetur adipiscing elit. Vestibulum sit amet interdum felis, eget vulputate nulla. Suspendisse vestibulum velit metus, sed pellentesque tellus condimentum et. Nullam finibus, tortor quis sollicitudin auctor, elit tortor dapibus enim, at hendrerit est nisl eu risus. Maecenas dapibus vitae eros at mattis. Suspendisse posuere aliquet ante, non sollicitudin dui efficitur sagittis. Donec suscipit non lectus sit amet dictum. Vivamus gravida, nisi sit amet dignissim fringilla, lorem nunc lobortis leo, vitae eleifend est felis sed dolor. Aenean enim quam, dapibus at risus aliquam, suscipit cursus quam.</p>\r\n<p>Curabitur porttitor aliquam mattis. Sed efficitur luctus felis ac tincidunt. In ut dapibus tortor, vel sollicitudin arcu. Nunc accumsan maximus orci at tempus. Fusce iaculis elementum lobortis. Aenean eget tortor sodales, sodales nulla ac, posuere nibh. Praesent placerat varius nibh, blandit porttitor ex interdum ut. Maecenas consectetur, lorem vel faucibus imperdiet, elit erat finibus orci, nec dapibus leo diam ut nibh. Vivamus sed euismod urna, nec interdum nulla. Praesent semper blandit felis a dapibus. Sed vitae urna erat. Phasellus id neque quis ligula tincidunt aliquet ut id elit. Maecenas maximus posuere luctus. Suspendisse finibus nisi sed est dapibus, nec cursus dui aliquet. Aliquam erat volutpat.</p>', -2, 0, 0, 2, '2017-04-12 07:01:52', 1, '', '2017-04-12 07:03:20', 1, 0, '0000-00-00 00:00:00', '2017-04-12 07:01:52', '0000-00-00 00:00:00', '{\"image_intro\":\"images\\/article\\/article_1.jpg\",\"float_intro\":\"\",\"image_intro_alt\":\"\",\"image_intro_caption\":\"\",\"image_fulltext\":\"\",\"float_fulltext\":\"\",\"image_fulltext_alt\":\"\",\"image_fulltext_caption\":\"\"}', '{\"urla\":false,\"urlatext\":\"\",\"targeta\":\"\",\"urlb\":false,\"urlbtext\":\"\",\"targetb\":\"\",\"urlc\":false,\"urlctext\":\"\",\"targetc\":\"\"}', '{\"show_title\":\"\",\"link_titles\":\"\",\"show_intro\":\"\",\"show_category\":\"\",\"link_category\":\"\",\"show_parent_category\":\"\",\"link_parent_category\":\"\",\"show_author\":\"\",\"link_author\":\"\",\"show_create_date\":\"\",\"show_modify_date\":\"\",\"show_publish_date\":\"\",\"show_item_navigation\":\"\",\"show_icons\":\"\",\"show_print_icon\":\"\",\"show_email_icon\":\"\",\"show_vote\":\"\",\"show_hits\":\"\",\"show_noauth\":\"\",\"urls_position\":\"\",\"alternative_readmore\":\"\",\"article_layout\":\"\",\"show_publishing_options\":\"\",\"show_article_options\":\"\",\"show_urls_images_backend\":\"\",\"show_urls_images_frontend\":\"\"}', 3, 0, 5, '', '', 1, 2, '{\"robots\":\"\",\"author\":\"\",\"rights\":\"\",\"xreference\":\"\"}', 0, '*', ''),
(155, 7146, '           COZY ELEMENT', 'article-1', '', '<p>Super Labor Intensive, Fashion For The Value &amp; You !<br id=\"system-readmore\" /></p>\r\n<p>&nbsp;</p>', '', -2, 0, 0, 2, '2017-04-12 07:01:52', 1, '', '2017-06-07 01:47:10', 2, 0, '0000-00-00 00:00:00', '2017-04-12 07:01:52', '0000-00-00 00:00:00', '{\"image_intro\":\"images\\/article\\/article_2.jpg\",\"float_intro\":\"\",\"image_intro_alt\":\"\",\"image_intro_caption\":\"\",\"image_fulltext\":\"\",\"float_fulltext\":\"\",\"image_fulltext_alt\":\"\",\"image_fulltext_caption\":\"\"}', '{\"urla\":false,\"urlatext\":\"\",\"targeta\":\"\",\"urlb\":false,\"urlbtext\":\"\",\"targetb\":\"\",\"urlc\":false,\"urlctext\":\"\",\"targetc\":\"\"}', '{\"show_title\":\"\",\"link_titles\":\"\",\"show_intro\":\"\",\"show_category\":\"\",\"link_category\":\"\",\"show_parent_category\":\"\",\"link_parent_category\":\"\",\"show_author\":\"\",\"link_author\":\"\",\"show_create_date\":\"\",\"show_modify_date\":\"\",\"show_publish_date\":\"\",\"show_item_navigation\":\"\",\"show_icons\":\"\",\"show_print_icon\":\"\",\"show_email_icon\":\"\",\"show_vote\":\"\",\"show_hits\":\"\",\"show_noauth\":\"\",\"urls_position\":\"\",\"alternative_readmore\":\"\",\"article_layout\":\"\",\"show_publishing_options\":\"\",\"show_article_options\":\"\",\"show_urls_images_backend\":\"\",\"show_urls_images_frontend\":\"\"}', 8, 0, 4, '', '', 1, 6, '{\"robots\":\"\",\"author\":\"\",\"rights\":\"\",\"xreference\":\"\"}', 0, '*', ''),
(156, 7147, 'LUMINESCE™赋活肌因俢护霜', 'article-3', '', '<p><span style=\"color: #58595b; font-family: \'Gotham Narrow SSm A\',\'Gotham Narrow SSm B\',\'Open Sans\',sans-serif; font-size: 16px; font-style: normal; font-variant: normal; font-weight: normal; letter-spacing: normal; line-height: 24px; text-align: start; text-indent: 0px; text-transform: none; white-space: normal; word-spacing: 0px; float: none; background-color: #fafafa;\">赋活肌因俢护霜让您以美丽的肌肤渡过每一日。这温和的修护霜能滋养肌肤，使您的外表看起来更青春。</span></p>\r\n<p>&nbsp;</p>\r\n', '\r\n<p>&nbsp;</p>\r\n<p>Aenean sit amet tempor dui. Praesent ullamcorper lectus nisl, vitae pharetra ipsum luctus at. Mauris molestie gravida leo a posuere. Cras finibus sapien erat, nec molestie mi congue id. Fusce vel bibendum augue, id aliquam sem. Etiam semper, elit mollis sodales mollis, orci magna rhoncus nisl, at viverra tellus justo id urna. Aenean pharetra ac turpis volutpat posuere. Donec non varius nulla. Phasellus nec sodales massa, id ultrices arcu. Donec at ullamcorper mi. Donec fringilla fermentum orci vel congue. Maecenas ut commodo ligula, id volutpat urna.</p>', -2, 0, 0, 2, '2017-04-12 07:01:52', 1, '', '2017-06-09 05:23:09', 2, 0, '0000-00-00 00:00:00', '2017-04-12 07:01:52', '0000-00-00 00:00:00', '{\"image_intro\":\"images\\/article\\/03.jpg\",\"float_intro\":\"\",\"image_intro_alt\":\"\",\"image_intro_caption\":\"\",\"image_fulltext\":\"images\\/article\\/02.jpg\",\"float_fulltext\":\"\",\"image_fulltext_alt\":\"\",\"image_fulltext_caption\":\"\"}', '{\"urla\":\"https:\\/\\/beatrice888.jeunesseglobal.com\\/\",\"urlatext\":\"\",\"targeta\":\"0\",\"urlb\":false,\"urlbtext\":\"\",\"targetb\":\"\",\"urlc\":false,\"urlctext\":\"\",\"targetc\":\"\"}', '{\"show_title\":\"\",\"link_titles\":\"\",\"show_intro\":\"\",\"show_category\":\"\",\"link_category\":\"\",\"show_parent_category\":\"\",\"link_parent_category\":\"\",\"show_author\":\"\",\"link_author\":\"\",\"show_create_date\":\"\",\"show_modify_date\":\"\",\"show_publish_date\":\"\",\"show_item_navigation\":\"\",\"show_icons\":\"\",\"show_print_icon\":\"\",\"show_email_icon\":\"\",\"show_vote\":\"\",\"show_hits\":\"\",\"show_noauth\":\"\",\"urls_position\":\"\",\"alternative_readmore\":\"\",\"article_layout\":\"\",\"show_publishing_options\":\"\",\"show_article_options\":\"\",\"show_urls_images_backend\":\"\",\"show_urls_images_frontend\":\"\"}', 6, 0, 3, '', '', 1, 8, '{\"robots\":\"\",\"author\":\"\",\"rights\":\"\",\"xreference\":\"\"}', 0, '*', ''),
(157, 7148, 'Curabitur porttitor aliquam mattis', 'article-4', '', '<p>Lorem ipsum dolor sit amet, consectetur adipiscing elit. Phasellus rutrum mi ut accumsan ultrices. Nam a tortor nec tellus egestas commodo ac et nisi. Praesent id sagittis tortor. Praesent eget rhoncus metus.</p>\r\n<p>&nbsp;</p>\r\n', '\r\n<p>&nbsp;</p>\r\n<p>Aenean sit amet tempor dui. Praesent ullamcorper lectus nisl, vitae pharetra ipsum luctus at. Mauris molestie gravida leo a posuere. Cras finibus sapien erat, nec molestie mi congue id. Fusce vel bibendum augue, id aliquam sem. Etiam semper, elit mollis sodales mollis, orci magna rhoncus nisl, at viverra tellus justo id urna. Aenean pharetra ac turpis volutpat posuere. Donec non varius nulla. Phasellus nec sodales massa, id ultrices arcu. Donec at ullamcorper mi. Donec fringilla fermentum orci vel congue. Maecenas ut commodo ligula, id volutpat urna.</p>', -2, 0, 0, 2, '2017-04-12 07:01:52', 1, '', '2017-06-05 02:48:08', 2, 0, '0000-00-00 00:00:00', '2017-04-12 07:01:52', '0000-00-00 00:00:00', '{\"image_intro\":\"images\\/article\\/article_4.jpg\",\"float_intro\":\"\",\"image_intro_alt\":\"\",\"image_intro_caption\":\"\",\"image_fulltext\":\"\",\"float_fulltext\":\"\",\"image_fulltext_alt\":\"\",\"image_fulltext_caption\":\"\"}', '{\"urla\":false,\"urlatext\":\"\",\"targeta\":\"\",\"urlb\":false,\"urlbtext\":\"\",\"targetb\":\"\",\"urlc\":false,\"urlctext\":\"\",\"targetc\":\"\"}', '{\"show_title\":\"\",\"link_titles\":\"\",\"show_intro\":\"\",\"show_category\":\"\",\"link_category\":\"\",\"show_parent_category\":\"\",\"link_parent_category\":\"\",\"show_author\":\"\",\"link_author\":\"\",\"show_create_date\":\"\",\"show_modify_date\":\"\",\"show_publish_date\":\"\",\"show_item_navigation\":\"\",\"show_icons\":\"\",\"show_print_icon\":\"\",\"show_email_icon\":\"\",\"show_vote\":\"\",\"show_hits\":\"\",\"show_noauth\":\"\",\"urls_position\":\"\",\"alternative_readmore\":\"\",\"article_layout\":\"\",\"show_publishing_options\":\"\",\"show_article_options\":\"\",\"show_urls_images_backend\":\"\",\"show_urls_images_frontend\":\"\"}', 3, 0, 2, '', '', 1, 0, '{\"robots\":\"\",\"author\":\"\",\"rights\":\"\",\"xreference\":\"\"}', 0, '*', ''),
(158, 7154, '關節痛又發作？', '2018-05-02-07-29-25', '', '<p>&nbsp;</p>\r\n', '\r\n<p><img src=\"images/02 blog image.png\" alt=\"style=\" /></p>\r\n<p>&nbsp;</p>\r\n<p><span style=\"color: #3b464c; font-family: Tahoma, Verdana; font-size: 16.2px;\">經常聽到長者說：「關節又緊又痛，痛症又發作！」。關節痛其實是長者的常見病痛之一，不少長者每逢天氣轉變，關節痛就會發作，往往疼痛難忍。</span><span style=\"color: #3b464c; font-family: Tahoma, Verdana; font-size: 16.2px;\">長者主要的關節痛有風濕性、類風濕性、退化性，而最常見的則是退化性關節炎。這種關節炎常發生在膝、肩、肘、髖等大關節處。急性發作時關節局部紅腫，有痛、熱等發炎現象，更會出現無力、運動障礙等感覺。</span></p>\r\n<div id=\"newline\" style=\"font-size: 16.2px; font-family: Tahoma, Verdana; line-height: 16.2px; color: #3b464c;\">&nbsp;</div>\r\n<p><span style=\"color: #3b464c; font-family: Tahoma, Verdana; font-size: 16.2px;\">為甚麼轉天氣會導致關節痛呢？</span></p>\r\n<div id=\"newline\" style=\"font-size: 16.2px; font-family: Tahoma, Verdana; line-height: 16.2px; color: #3b464c;\">&nbsp;</div>\r\n<div id=\"newline\" style=\"font-size: 16.2px; font-family: Tahoma, Verdana; line-height: 16.2px; color: #3b464c;\">&nbsp;</div>\r\n<p><span style=\"color: #3b464c; font-family: Tahoma, Verdana; font-size: 16.2px;\">長者在天氣冷的情況下，運動量會較少，筋骨容易缺乏伸展的機會。而且天氣會因為冷縮熱脹的原故而令肌肉變得繃緊，當氣溫突然下降，繃緊的肌肉可能會突然收緊或痙攣，痛症便會因此沒有先兆地出現，嚴重者可致受傷機會增加或令未復元的舊患痛楚加劇。為了防禦天氣變化對關節疼痛的影響，應做到以下幾點：</span></p>\r\n<div id=\"newline\" style=\"font-size: 16.2px; font-family: Tahoma, Verdana; line-height: 16.2px; color: #3b464c;\">&nbsp;</div>\r\n<p><span style=\"color: #3b464c; font-family: Tahoma, Verdana; font-size: 16.2px;\">1.用暖水袋或電氈敷患處，每次十五至二十分鐘。熱敷可增加血液循環，並提高肌肉柔軔性，舒緩痛症。</span></p>\r\n<div id=\"newline\" style=\"font-size: 16.2px; font-family: Tahoma, Verdana; line-height: 16.2px; color: #3b464c;\">&nbsp;</div>\r\n<p><span style=\"color: #3b464c; font-family: Tahoma, Verdana; font-size: 16.2px;\">2.進行物理治療;以外在電、光、熱或手法治療等減輕發炎現象及達到止痛效果，另外強化肌肉運動，都可以大大減輕痛楚。</span></p>\r\n<div id=\"newline\" style=\"font-size: 16.2px; font-family: Tahoma, Verdana; line-height: 16.2px; color: #3b464c;\">&nbsp;</div>\r\n<p><span style=\"color: #3b464c; font-family: Tahoma, Verdana; font-size: 16.2px;\">3.平均分配作息時間， 避免長期站立或步行，或讓膝關節經常保持同一姿勢。</span></p>\r\n<div id=\"newline\" style=\"font-size: 16.2px; font-family: Tahoma, Verdana; line-height: 16.2px; color: #3b464c;\">&nbsp;</div>\r\n<p><span style=\"color: #3b464c; font-family: Tahoma, Verdana; font-size: 16.2px;\">4.若關節痛楚痛影響日常活動，便要看醫生和 接受物理治療。</span></p>\r\n<div id=\"newline\" style=\"font-size: 16.2px; font-family: Tahoma, Verdana; line-height: 16.2px; color: #3b464c;\">&nbsp;</div>\r\n<div id=\"newline\" style=\"font-size: 16.2px; font-family: Tahoma, Verdana; line-height: 16.2px; color: #3b464c;\">&nbsp;</div>\r\n<p><span style=\"color: #3b464c; font-family: Tahoma, Verdana; font-size: 16.2px;\">預防關節痛：</span></p>\r\n<div id=\"newline\" style=\"font-size: 16.2px; font-family: Tahoma, Verdana; line-height: 16.2px; color: #3b464c;\">&nbsp;</div>\r\n<p><span style=\"color: #3b464c; font-family: Tahoma, Verdana; font-size: 16.2px;\">1.控制體重，減輕下半身關節壓力</span></p>\r\n<div id=\"newline\" style=\"font-size: 16.2px; font-family: Tahoma, Verdana; line-height: 16.2px; color: #3b464c;\">&nbsp;</div>\r\n<p><span style=\"color: #3b464c; font-family: Tahoma, Verdana; font-size: 16.2px;\">保持體重在合適範圍內，可以有效減低下半身關節受壓</span></p>\r\n<div id=\"newline\" style=\"font-size: 16.2px; font-family: Tahoma, Verdana; line-height: 16.2px; color: #3b464c;\">&nbsp;</div>\r\n<p><span style=\"color: #3b464c; font-family: Tahoma, Verdana; font-size: 16.2px;\">2.減少關節過度勞損</span></p>\r\n<div id=\"newline\" style=\"font-size: 16.2px; font-family: Tahoma, Verdana; line-height: 16.2px; color: #3b464c;\">&nbsp;</div>\r\n<p><span style=\"color: #3b464c; font-family: Tahoma, Verdana; font-size: 16.2px;\">減少重複動作，以免同一關節過度勞損</span></p>\r\n<div id=\"newline\" style=\"font-size: 16.2px; font-family: Tahoma, Verdana; line-height: 16.2px; color: #3b464c;\">&nbsp;</div>\r\n<p><span style=\"color: #3b464c; font-family: Tahoma, Verdana; font-size: 16.2px;\">3.常做保養運動</span></p>\r\n<div id=\"newline\" style=\"font-size: 16.2px; font-family: Tahoma, Verdana; line-height: 16.2px; color: #3b464c;\">&nbsp;</div>\r\n<p><span style=\"color: #3b464c; font-family: Tahoma, Verdana; font-size: 16.2px;\">適當伸展運動有助舒緩關節腫脹，保持關節靈活；另強化肌肉運動，可幫助增加關節穩定性</span></p>\r\n<div id=\"newline\" style=\"font-size: 16.2px; font-family: Tahoma, Verdana; line-height: 16.2px; color: #3b464c;\">&nbsp;</div>\r\n<p><span style=\"color: #3b464c; font-family: Tahoma, Verdana; font-size: 16.2px;\">4.注意保暖及驅寒</span></p>\r\n<div id=\"newline\" style=\"font-size: 16.2px; font-family: Tahoma, Verdana; line-height: 16.2px; color: #3b464c;\">&nbsp;</div>\r\n<p><span style=\"color: #3b464c; font-family: Tahoma, Verdana; font-size: 16.2px;\">可做熱敷按摩關節，或由醫生處方藥膏按摩；但需留意熱敷跟塗藥膏不宜同時進行。</span></p>\r\n<div id=\"newline\" style=\"font-size: 16.2px; font-family: Tahoma, Verdana; line-height: 16.2px; color: #3b464c;\">&nbsp;</div>\r\n<p><span style=\"color: #3b464c; font-family: Tahoma, Verdana; font-size: 16.2px;\">_______________________________________________________________________________________</span></p>\r\n<div id=\"newline\" style=\"font-size: 16.2px; font-family: Tahoma, Verdana; line-height: 16.2px; color: #3b464c;\">&nbsp;</div>\r\n<p><span style=\"color: #3b464c; font-family: Tahoma, Verdana; font-size: 16.2px;\">家居復康</span></p>\r\n<div id=\"newline\" style=\"font-size: 16.2px; font-family: Tahoma, Verdana; line-height: 16.2px; color: #3b464c;\">&nbsp;</div>\r\n<p><span style=\"color: #3b464c; font-family: Tahoma, Verdana; font-size: 16.2px;\">由2007年至今，家居護理及復康治療已服務逾2,000個家庭，致力為長者提供貼身的家居護理，安排備有專業資格的物理治療師，職業治療師，言語治療師及註冊社工，全方位照顧長者需要。</span></p>\r\n<div id=\"newline\" style=\"font-size: 16.2px; font-family: Tahoma, Verdana; line-height: 16.2px; color: #3b464c;\">&nbsp;</div>\r\n<p><span style=\"color: #3b464c; font-family: Tahoma, Verdana; font-size: 16.2px;\">歡迎聯絡我們 -</span></p>\r\n<p><span style=\"color: #3b464c; font-family: Tahoma, Verdana; font-size: 16.2px;\">電話：2708 9060</span></p>\r\n<p><span style=\"color: #3b464c; font-family: Tahoma, Verdana; font-size: 16.2px;\">網址：hkhomecare.com</span></p>\r\n<p>&nbsp;</p>', -2, 0, 0, 2, '2017-04-20 08:04:03', 1, '', '2018-05-02 08:21:30', 1, 0, '0000-00-00 00:00:00', '2017-04-20 08:04:03', '0000-00-00 00:00:00', '{\"image_intro\":\"images\\/article\\/02 blog image.png\",\"float_intro\":\"\",\"image_intro_alt\":\"\",\"image_intro_caption\":\"\",\"image_fulltext\":\"\",\"float_fulltext\":\"\",\"image_fulltext_alt\":\"\",\"image_fulltext_caption\":\"\"}', '{\"urla\":false,\"urlatext\":\"\",\"targeta\":\"\",\"urlb\":false,\"urlbtext\":\"\",\"targetb\":\"\",\"urlc\":false,\"urlctext\":\"\",\"targetc\":\"\"}', '{\"show_title\":\"\",\"link_titles\":\"\",\"show_intro\":\"\",\"show_category\":\"\",\"link_category\":\"\",\"show_parent_category\":\"\",\"link_parent_category\":\"\",\"show_author\":\"\",\"link_author\":\"\",\"show_create_date\":\"\",\"show_modify_date\":\"\",\"show_publish_date\":\"\",\"show_item_navigation\":\"\",\"show_icons\":\"\",\"show_print_icon\":\"\",\"show_email_icon\":\"\",\"show_vote\":\"\",\"show_hits\":\"\",\"show_noauth\":\"\",\"urls_position\":\"\",\"alternative_readmore\":\"\",\"article_layout\":\"\",\"show_publishing_options\":\"\",\"show_article_options\":\"\",\"show_urls_images_backend\":\"\",\"show_urls_images_frontend\":\"\"}', 24, 0, 1, '', '', 1, 147, '{\"robots\":\"\",\"author\":\"\",\"rights\":\"\",\"xreference\":\"\"}', 0, '*', ''),
(159, 7156, '送貨及自取', '2018-05-02-09-26-13', '', '<p style=\"margin-bottom: 1.3em; color: #333333; font-family: proxima_nova, Arial, \'Microsoft JhengHei\', \'Heiti TC\', \'Microsoft Yahei\', PMingLiU, sans-serif; font-size: 16px;\">Silvermart 提供香港送貨服務，送貨安排及收費因應不同地區而有所不同，確認訂單前請務必詳細閱讀所屬地區的相關送貨條款。</p>\r\n<p style=\"margin-bottom: 1.3em; color: #333333; font-family: proxima_nova, Arial, \'Microsoft JhengHei\', \'Heiti TC\', \'Microsoft Yahei\', PMingLiU, sans-serif; font-size: 16px;\">香港送貨服務<span style=\"font-weight: bolder; color: #0a63b0;\"><br /></span></p>\r\n<ul style=\"list-style-position: initial; list-style-image: initial; padding: 0px; margin-bottom: 1.3em; color: #333333; font-family: proxima_nova, Arial, \'Microsoft JhengHei\', \'Heiti TC\', \'Microsoft Yahei\', PMingLiU, sans-serif; font-size: 16px;\">\r\n<li style=\"margin-bottom: 0.6em; margin-left: 1.3em;\">凡惠顧滿HK$500或以上，即可享用免費送貨服務。</li>\r\n</ul>\r\n<p style=\"margin-bottom: 1.3em; color: #333333; font-family: proxima_nova, Arial, \'Microsoft JhengHei\', \'Heiti TC\', \'Microsoft Yahei\', PMingLiU, sans-serif; font-size: 16px; padding-left: 30px;\">如惠顧未滿HK$500，需額外HK$100送貨服務費(特別地區除外)</p>\r\n<ul style=\"list-style-position: initial; list-style-image: initial; padding: 0px; margin-bottom: 1.3em; color: #333333; font-family: proxima_nova, Arial, \'Microsoft JhengHei\', \'Heiti TC\', \'Microsoft Yahei\', PMingLiU, sans-serif; font-size: 16px;\">\r\n<li style=\"margin-bottom: 0.6em; margin-left: 1.3em;\">請填寫確實送貨地址及聯絡資料；確認訂單時務必再次核實。</li>\r\n<li style=\"margin-bottom: 0.6em; margin-left: 1.3em;\">送貨地點可為住宅或辦公室地址。</li>\r\n<li style=\"margin-bottom: 0.6em; margin-left: 1.3em;\">如香港天文台發出黑色暴雨警告訊號或懸掛八號以上烈風訊號，送貨時間將會另行通知作安排。</li>\r\n</ul>\r\n<p style=\"margin-bottom: 1.3em; color: #333333; font-family: proxima_nova, Arial, \'Microsoft JhengHei\', \'Heiti TC\', \'Microsoft Yahei\', PMingLiU, sans-serif; font-size: 16px;\">送貨時間：</p>\r\n<ul style=\"list-style-position: initial; list-style-image: initial; padding: 0px; margin-bottom: 1.3em; color: #333333; font-family: proxima_nova, Arial, \'Microsoft JhengHei\', \'Heiti TC\', \'Microsoft Yahei\', PMingLiU, sans-serif; font-size: 16px;\">\r\n<li style=\"margin-bottom: 0.6em; margin-left: 1.3em;\">截單時間為香港時間下午1時，<span style=\"color: #333333; font-family: proxima_nova, Arial, \'Microsoft JhengHei\', \'Heiti TC\', \'Microsoft Yahei\', PMingLiU, sans-serif; font-size: 16px;\">下</span><span style=\"color: #333333; font-family: proxima_nova, Arial, \'Microsoft JhengHei\', \'Heiti TC\', \'Microsoft Yahei\', PMingLiU, sans-serif; font-size: 16px;\">午1</span><span style=\"color: #333333; font-family: proxima_nova, Arial, \'Microsoft JhengHei\', \'Heiti TC\', \'Microsoft Yahei\', PMingLiU, sans-serif; font-size: 16px;\">時</span>後下的訂單則視作翌日的訂單處理。</li>\r\n<li style=\"margin-bottom: 0.6em; margin-left: 1.3em;\">香港本地配送，顧客一般可於訂單確認當天隨後的7天內收到。</li>\r\n<li style=\"margin-bottom: 0.6em; margin-left: 1.3em;\">如顧客於公眾假期前1天的截單時間後或假期期間確認訂單，配送日期將相應順延。</li>\r\n<li style=\"margin-bottom: 0.6em; margin-left: 1.3em;\">確認送貨時段後，如客人未能於指定時間內收貨，貨物會送回公司，如兩次安排送貨上門後客人仍無法簽收貨物，本公司會向客人收取HK$80延期送貨費用，大件貨物如護理床或老人椅等將根據實際情況收取額外附加費。</li>\r\n<li style=\"margin-bottom: 0.6em; margin-left: 1.3em;\">基於保安理由，本公司不會接受客人要求將貨品放於門外，敬希於指定時間內點收貨物，我們亦會竭盡所能如期送貨至指定地點。</li>\r\n</ul>\r\n<p style=\"font-family: \'Microsoft JhengHei\', \'Helvetica Neue\', Arial, sans-serif; font-size: 14.4px;\"><span style=\"font-size: 12pt;\">運送大件貨物：</span></p>\r\n<ul>\r\n<li style=\"font-family: \'Microsoft JhengHei\', \'Helvetica Neue\', Arial, sans-serif; font-size: 14.4px;\"><span style=\"font-size: 12pt;\">輪椅、老人椅及其他大型貨品</span></li>\r\n<li style=\"font-family: \'Microsoft JhengHei\', \'Helvetica Neue\', Arial, sans-serif; font-size: 14.4px;\"><span style=\"font-size: 12pt;\">如送貨地點沒有升降機直達，送貨同事需使用樓梯運送貨物，此情況下本公司將向客人收取每層樓梯HK$50之額外收費，唯最高收費不多於HK$300 (以每件大型貨品計)。</span></li>\r\n</ul>\r\n<p style=\"font-family: \'Microsoft JhengHei\', \'Helvetica Neue\', Arial, sans-serif; font-size: 14.4px;\"><span style=\"font-size: 12pt;\">更改送貨資料：</span></p>\r\n<ul>\r\n<li style=\"font-family: \'Microsoft JhengHei\', \'Helvetica Neue\', Arial, sans-serif; font-size: 14.4px;\"><span style=\"font-size: 12pt;\">確認送貨資料後，如需改動款式、顏色、地址及送貨日期。客人必須於下單後24小時電郵或致電本公司 2708 9318 作更改。</span></li>\r\n<li style=\"font-family: \'Microsoft JhengHei\', \'Helvetica Neue\', Arial, sans-serif; font-size: 14.4px;\"><span style=\"font-size: 14pt;\"><span style=\"font-size: 12pt;\">如客人於送貨後作出更改，本公司有權酌情收取額外行政費用</span>。</span></li>\r\n</ul>\r\n<p><span style=\"font-size: 12pt;\">&nbsp;</span></p>', '', 1, 0, 0, 95, '2017-04-20 08:11:32', 1, '', '2018-05-17 06:37:00', 2, 0, '0000-00-00 00:00:00', '2017-04-20 08:11:32', '0000-00-00 00:00:00', '{\"image_intro\":\"\",\"float_intro\":\"\",\"image_intro_alt\":\"\",\"image_intro_caption\":\"\",\"image_fulltext\":\"\",\"float_fulltext\":\"\",\"image_fulltext_alt\":\"\",\"image_fulltext_caption\":\"\"}', '{\"urla\":false,\"urlatext\":\"\",\"targeta\":\"\",\"urlb\":false,\"urlbtext\":\"\",\"targetb\":\"\",\"urlc\":false,\"urlctext\":\"\",\"targetc\":\"\"}', '{\"show_title\":\"\",\"link_titles\":\"\",\"show_intro\":\"\",\"show_category\":\"\",\"link_category\":\"\",\"show_parent_category\":\"\",\"link_parent_category\":\"\",\"show_author\":\"\",\"link_author\":\"\",\"show_create_date\":\"\",\"show_modify_date\":\"\",\"show_publish_date\":\"\",\"show_item_navigation\":\"\",\"show_icons\":\"\",\"show_print_icon\":\"\",\"show_email_icon\":\"\",\"show_vote\":\"\",\"show_hits\":\"\",\"show_noauth\":\"\",\"urls_position\":\"\",\"alternative_readmore\":\"\",\"article_layout\":\"\",\"show_publishing_options\":\"\",\"show_article_options\":\"\",\"show_urls_images_backend\":\"\",\"show_urls_images_frontend\":\"\"}', 13, 0, 5, '', '', 1, 158, '{\"robots\":\"\",\"author\":\"\",\"rights\":\"\",\"xreference\":\"\"}', 0, '*', ''),
(160, 7157, 'returns', 'returns', '', '<p><span style=\"font-family: \'Microsoft JhengHei\', \'Helvetica Neue\', Arial, sans-serif; font-size: 14.4px;\">Under construction</span></p>', '', -2, 0, 0, 249, '2017-04-20 08:19:08', 1, '', '2017-10-12 04:59:43', 1, 0, '0000-00-00 00:00:00', '2017-04-20 08:19:08', '0000-00-00 00:00:00', '{\"image_intro\":\"\",\"float_intro\":\"\",\"image_intro_alt\":\"\",\"image_intro_caption\":\"\",\"image_fulltext\":\"\",\"float_fulltext\":\"\",\"image_fulltext_alt\":\"\",\"image_fulltext_caption\":\"\"}', '{\"urla\":false,\"urlatext\":\"\",\"targeta\":\"\",\"urlb\":false,\"urlbtext\":\"\",\"targetb\":\"\",\"urlc\":false,\"urlctext\":\"\",\"targetc\":\"\"}', '{\"show_title\":\"\",\"link_titles\":\"\",\"show_intro\":\"\",\"show_category\":\"\",\"link_category\":\"\",\"show_parent_category\":\"\",\"link_parent_category\":\"\",\"show_author\":\"\",\"link_author\":\"\",\"show_create_date\":\"\",\"show_modify_date\":\"\",\"show_publish_date\":\"\",\"show_item_navigation\":\"\",\"show_icons\":\"\",\"show_print_icon\":\"\",\"show_email_icon\":\"\",\"show_vote\":\"\",\"show_hits\":\"\",\"show_noauth\":\"\",\"urls_position\":\"\",\"alternative_readmore\":\"\",\"article_layout\":\"\",\"show_publishing_options\":\"\",\"show_article_options\":\"\",\"show_urls_images_backend\":\"\",\"show_urls_images_frontend\":\"\"}', 6, 0, 0, '', '', 1, 47, '{\"robots\":\"\",\"author\":\"\",\"rights\":\"\",\"xreference\":\"\"}', 0, '*', ''),
(161, 7158, 'Technology', 'technology', '', '<ul>\r\n<li>\r\n<h3>Which internet browsers should I use to view the Zara web page correctly?</h3>\r\n<p>La página de Zara está optimizada para ser vista en Google Chrome 44 o superior, Safari 8 o superior, Mozilla Firefox 45 o superior, Microsoft Internet Explorer 11 o superior y Microsoft Edge 12 o superior.</p>\r\n<p>You can install the latest versions of each browser via the following links:</p>\r\n<ul>\r\n<li>&nbsp;<a title=\"Google Chrome\" href=\"https://www.google.com/chrome/browser/desktop/index.html\" target=\"_blank\">Google Chrome</a></li>\r\n<li>&nbsp;<a title=\"Safari\" href=\"http://www.apple.com/safari/\" target=\"_blank\">Safari</a></li>\r\n<li>&nbsp;<a title=\"Mozilla Firefox\" href=\"https://www.mozilla.org/\" target=\"_blank\">Mozilla Firefox</a></li>\r\n<li>&nbsp;<a title=\"Microsoft Internet Explorer\" href=\"http://www.microsoft.com/windows/internet-explorer\" target=\"_blank\">Microsoft Internet Explorer</a></li>\r\n<li>&nbsp;<a title=\"Microsoft Edge\" href=\"https://www.microsoft.com/windows/microsoft-edge\" target=\"_blank\">Microsoft Edge<br /><br /></a></li>\r\n</ul>\r\n</li>\r\n<li>\r\n<h3>What screen resolution do I need?</h3>\r\n<p>1.024 in width x 768 in height and above.<br /><br /></p>\r\n</li>\r\n<li>\r\n<h3>Is it safe to shop on XXXXX online?</h3>\r\n<p>Yes. You can shop with total peace of mind as we make every effort to ensure we have the resources that guarantee the security of your purchases and details.<br /><br /></p>\r\n</li>\r\n</ul>', '', -2, 0, 0, 249, '2017-04-20 08:20:51', 1, '', '0000-00-00 00:00:00', 0, 0, '0000-00-00 00:00:00', '2017-04-20 08:20:51', '0000-00-00 00:00:00', '{\"image_intro\":\"\",\"float_intro\":\"\",\"image_intro_alt\":\"\",\"image_intro_caption\":\"\",\"image_fulltext\":\"\",\"float_fulltext\":\"\",\"image_fulltext_alt\":\"\",\"image_fulltext_caption\":\"\"}', '{\"urla\":false,\"urlatext\":\"\",\"targeta\":\"\",\"urlb\":false,\"urlbtext\":\"\",\"targetb\":\"\",\"urlc\":false,\"urlctext\":\"\",\"targetc\":\"\"}', '{\"show_title\":\"\",\"link_titles\":\"\",\"show_intro\":\"\",\"show_category\":\"\",\"link_category\":\"\",\"show_parent_category\":\"\",\"link_parent_category\":\"\",\"show_author\":\"\",\"link_author\":\"\",\"show_create_date\":\"\",\"show_modify_date\":\"\",\"show_publish_date\":\"\",\"show_item_navigation\":\"\",\"show_icons\":\"\",\"show_print_icon\":\"\",\"show_email_icon\":\"\",\"show_vote\":\"\",\"show_hits\":\"\",\"show_noauth\":\"\",\"urls_position\":\"\",\"alternative_readmore\":\"\",\"article_layout\":\"\",\"show_publishing_options\":\"\",\"show_article_options\":\"\",\"show_urls_images_backend\":\"\",\"show_urls_images_frontend\":\"\"}', 1, 0, 0, '', '', 1, 0, '{\"robots\":\"\",\"author\":\"\",\"rights\":\"\",\"xreference\":\"\"}', 0, '*', ''),
(162, 7160, '網站之使用條款', '2018-05-02-07-32-16', '', '<p style=\"font-family: \'Microsoft JhengHei\', Arial, Helvetica, sans-serif; font-size: 16px;\">網站之使用條款</p>\r\n<p style=\"font-family: \'Microsoft JhengHei\', Arial, Helvetica, sans-serif; font-size: 16px;\">本網站(「本網站」)內所載之資料由安老院一站通(「我們」)提供。閣下進入本網站及其任何網頁，即已同意此等使用條款。我們有權隨時更改本網站所呈示之資料使用條款，而毋須給予通知。我們有全權酌情决定隨時更改、修訂、增加或刪除本網站所呈示之資料使用條款，而毋須給予通知。</p>\r\n<p style=\"font-family: \'Microsoft JhengHei\', Arial, Helvetica, sans-serif; font-size: 16px;\">免責聲明</p>\r\n<p style=\"font-family: \'Microsoft JhengHei\', Arial, Helvetica, sans-serif; font-size: 16px;\">我們在編製本網站之內容時已力求謹慎。本網站並無為資料之準確性發出任何保證或聲明，並無為其資料之準確性及完整性承擔任何責任。我們不會就任何電腦病毒或類似項目或程序以任何方式引致之損失或損害承擔而任何責任。我們在編製本網站之內容時已力求謹慎。本網站並無明示或默示資料之完整性、準確性、有效性、適當性發出任何保證、陳述或聲明，也並不為其資料之完整性、準確性、有效性、適當性承擔任何責任。在任何情况下，我們不會就任何方式，(包括但不限于如電腦病毒或類似項目或程序等)引致之任何直接、間接、衍生之損失或損害而承擔任何責任（包括但不限於失去使用、損失時間、損失資料、損失利潤、商業上損失等）。</p>\r\n<p style=\"font-family: \'Microsoft JhengHei\', Arial, Helvetica, sans-serif; font-size: 16px;\">版權</p>\r\n<p style=\"font-family: \'Microsoft JhengHei\', Arial, Helvetica, sans-serif; font-size: 16px;\">除非特別指明，本網站和其文字的內容、版面及圖像等一切均由我們擁有；網站之資料受到適用的版權法律或其他知識財產法律保護。未經我們事先以書面同意，任何人或機構不得複製作其他用途。本網站容許列印、複製內容作私人或非商業用途。在任何情況下，我們不會就使用本網站而引致之任何直接、間接、連帶或特別損失或損害負責。</p>\r\n<p style=\"font-family: \'Microsoft JhengHei\', Arial, Helvetica, sans-serif; font-size: 16px;\">外部連結</p>\r\n<p style=\"font-family: \'Microsoft JhengHei\', Arial, Helvetica, sans-serif; font-size: 16px;\">本網站可能會含有離開本網站並連繫至第三者網站之連結。我們並無對該等第三者網站作出任何控制或影響，亦不會對使用或接達該等第三者網站承擔任何責任。</p>', '', 1, 0, 0, 95, '2017-04-20 08:49:17', 1, '', '2018-05-02 07:32:16', 2, 0, '0000-00-00 00:00:00', '2017-04-20 08:49:17', '0000-00-00 00:00:00', '{\"image_intro\":\"\",\"float_intro\":\"\",\"image_intro_alt\":\"\",\"image_intro_caption\":\"\",\"image_fulltext\":\"\",\"float_fulltext\":\"\",\"image_fulltext_alt\":\"\",\"image_fulltext_caption\":\"\"}', '{\"urla\":false,\"urlatext\":\"\",\"targeta\":\"\",\"urlb\":false,\"urlbtext\":\"\",\"targetb\":\"\",\"urlc\":false,\"urlctext\":\"\",\"targetc\":\"\"}', '{\"show_title\":\"\",\"link_titles\":\"\",\"show_intro\":\"\",\"show_category\":\"\",\"link_category\":\"\",\"show_parent_category\":\"\",\"link_parent_category\":\"\",\"show_author\":\"\",\"link_author\":\"\",\"show_create_date\":\"\",\"show_modify_date\":\"\",\"show_publish_date\":\"\",\"show_item_navigation\":\"\",\"show_icons\":\"\",\"show_print_icon\":\"\",\"show_email_icon\":\"\",\"show_vote\":\"\",\"show_hits\":\"\",\"show_noauth\":\"\",\"urls_position\":\"\",\"alternative_readmore\":\"\",\"article_layout\":\"\",\"show_publishing_options\":\"\",\"show_article_options\":\"\",\"show_urls_images_backend\":\"\",\"show_urls_images_frontend\":\"\"}', 5, 0, 2, '', '', 1, 100, '{\"robots\":\"\",\"author\":\"\",\"rights\":\"\",\"xreference\":\"\"}', 0, '*', ''),
(163, 7161, '店铺地址', 'stores', '', '<p>&nbsp;</p>\r\n<div class=\"row\">\r\n<div class=\"col-md-4\">\r\n<h2 class=\"sec-title text-center\">【金鹰店】</h2>\r\n<div class=\"text-center\">\r\n<p class=\"text-primary\"><span style=\"font-family: \'Microsoft JhengHei\', \'Helvetica Neue\', Arial, sans-serif; font-size: 14.4px;\"><br /><img src=\"images/article/s01.jpg\" alt=\"01\" width=\"2358\" /><br /><br /></span></p>\r\n<p class=\"text-primary\"><span style=\"font-family: \'Microsoft JhengHei\', \'Helvetica Neue\', Arial, sans-serif; font-size: 14.4px;\">- 地址 -<br />金鹰国际购物广场<br />静安区陕西北路278号1层<br />（星巴克旁边）<br /><br /> - 營業時間 -<br /> 10:00-22:00</span></p>\r\n<br /> &nbsp;\r\n<p>&nbsp;</p>\r\n</div>\r\n</div>\r\n<div class=\"col-md-4\">\r\n<h2 class=\"sec-title text-center\">【正大店】</h2>\r\n<div class=\"text-center\"><address><br /><img src=\"images/article/s02.jpg\" alt=\"02\" height=\"665\" width=\"665\" /><br /><br /></address>\r\n<p><span style=\"font-family: \'Microsoft JhengHei\',\'Helvetica Neue\',Arial,sans-serif; font-size: 14.4px;\">- 地址 -</span></p>\r\n<address>上海正大二楼美鞋苑<br />浦东新区,陆家嘴西路168号正大广场<br />2FM027-1</address><address>&nbsp;</address><address>&nbsp;</address>\r\n<p>- 營業時間 -<br /><span style=\"font-family: \'Microsoft JhengHei\',\'Helvetica Neue\',Arial,sans-serif; font-size: 14.4px;\">10:00-22:00</span></p>\r\n<p>&nbsp;</p>\r\n<br />\r\n<p>&nbsp;</p>\r\n</div>\r\n</div>\r\n</div>\r\n<p>&nbsp;</p>', '', -2, 0, 0, 95, '2017-04-20 09:41:38', 1, '', '2017-06-12 05:50:10', 2, 0, '0000-00-00 00:00:00', '2017-04-20 09:41:38', '0000-00-00 00:00:00', '{\"image_intro\":\"\",\"float_intro\":\"\",\"image_intro_alt\":\"\",\"image_intro_caption\":\"\",\"image_fulltext\":\"\",\"float_fulltext\":\"\",\"image_fulltext_alt\":\"\",\"image_fulltext_caption\":\"\"}', '{\"urla\":false,\"urlatext\":\"\",\"targeta\":\"\",\"urlb\":false,\"urlbtext\":\"\",\"targetb\":\"\",\"urlc\":false,\"urlctext\":\"\",\"targetc\":\"\"}', '{\"show_title\":\"\",\"link_titles\":\"\",\"show_intro\":\"\",\"show_category\":\"\",\"link_category\":\"\",\"show_parent_category\":\"\",\"link_parent_category\":\"\",\"show_author\":\"\",\"link_author\":\"\",\"show_create_date\":\"\",\"show_modify_date\":\"\",\"show_publish_date\":\"\",\"show_item_navigation\":\"\",\"show_icons\":\"\",\"show_print_icon\":\"\",\"show_email_icon\":\"\",\"show_vote\":\"\",\"show_hits\":\"\",\"show_noauth\":\"\",\"urls_position\":\"\",\"alternative_readmore\":\"\",\"article_layout\":\"\",\"show_publishing_options\":\"\",\"show_article_options\":\"\",\"show_urls_images_backend\":\"\",\"show_urls_images_frontend\":\"\"}', 10, 0, 3, '', '', 1, 43, '{\"robots\":\"\",\"author\":\"\",\"rights\":\"\",\"xreference\":\"\"}', 0, '*', ''),
(164, 7162, 'About Us', 'about-us', '', '<p>Gindy Laura a house label by Shang Jian Garment Compang Limited, clothing studio + production, designed for ladies from all walks of lifestyle.</p>\r\n<p>We are one of fastest growing unique clothing chains specialize in westen &amp; eastern fusion design . All of our venues are located in the heart of a major city to make easy for shopping fun. All Gindy Laura designs and products are implemented in-house according to internal J.I.T inventory control per weekly sales data collection, we have a 24 hours turn around for replenishment &amp; inventory upgrade to the finest stitches with export standards.</p>\r\n<p>Originated from Hollywood, Los Angeles 10 years ago, out of a sourcing trip to Hong Kong one day we discovered another exciting opportunity to our aspiration that has become what it is today. We are very few on site fashion retailers&nbsp; that is capable of inhouse development, vertical production, cost control, logistic allocation and venue negotiation with own distribution channels: online, onsite and TV\'s. In days to come, we will continue to achieve functional design and style uniqueness within a budget that you can afford.</p>\r\n<p>Thank you again for reaching out, we take pride to dress up your next outing and special occasion.</p>', '', -2, 0, 0, 95, '2017-04-20 10:05:24', 1, '', '2017-06-20 05:31:24', 2, 0, '0000-00-00 00:00:00', '2017-04-20 10:05:24', '0000-00-00 00:00:00', '{\"image_intro\":\"\",\"float_intro\":\"\",\"image_intro_alt\":\"\",\"image_intro_caption\":\"\",\"image_fulltext\":\"\",\"float_fulltext\":\"\",\"image_fulltext_alt\":\"\",\"image_fulltext_caption\":\"\"}', '{\"urla\":false,\"urlatext\":\"\",\"targeta\":\"\",\"urlb\":false,\"urlbtext\":\"\",\"targetb\":\"\",\"urlc\":false,\"urlctext\":\"\",\"targetc\":\"\"}', '{\"show_title\":\"\",\"link_titles\":\"\",\"show_intro\":\"\",\"show_category\":\"\",\"link_category\":\"\",\"show_parent_category\":\"\",\"link_parent_category\":\"\",\"show_author\":\"\",\"link_author\":\"\",\"show_create_date\":\"\",\"show_modify_date\":\"\",\"show_publish_date\":\"\",\"show_item_navigation\":\"\",\"show_icons\":\"\",\"show_print_icon\":\"\",\"show_email_icon\":\"\",\"show_vote\":\"\",\"show_hits\":\"\",\"show_noauth\":\"\",\"urls_position\":\"\",\"alternative_readmore\":\"\",\"article_layout\":\"\",\"show_publishing_options\":\"\",\"show_article_options\":\"\",\"show_urls_images_backend\":\"\",\"show_urls_images_frontend\":\"\"}', 3, 0, 2, '', '', 1, 38, '{\"robots\":\"\",\"author\":\"\",\"rights\":\"\",\"xreference\":\"\"}', 0, '*', ''),
(165, 7163, 'Vertical set up', 'vertical-set-up', '', '<p>Workshop Factory, Shanghai&nbsp;<br style=\"font-family: Federo, Arial, Helvetica, sans-serif; font-size: medium;\" /><img style=\"font-family: Federo, Arial, Helvetica, sans-serif; font-size: medium;\" src=\"http://www.gindylaura.com/images/product/v1.jpg\" alt=\"\" /><br style=\"font-family: Federo, Arial, Helvetica, sans-serif; font-size: medium;\" /><br style=\"font-family: Federo, Arial, Helvetica, sans-serif; font-size: medium;\" />Former site w/Nike set up<br style=\"font-family: Federo, Arial, Helvetica, sans-serif; font-size: medium;\" /><img style=\"font-family: Federo, Arial, Helvetica, sans-serif; font-size: medium;\" src=\"http://www.gindylaura.com/images/home/NIKE%20Confirmation%20of%20Authorization%20Letter2-1.JPG\" alt=\"\" /></p>', '', -2, 0, 0, 95, '2017-04-20 10:06:41', 1, '', '0000-00-00 00:00:00', 0, 0, '0000-00-00 00:00:00', '2017-04-20 10:06:41', '0000-00-00 00:00:00', '{\"image_intro\":\"\",\"float_intro\":\"\",\"image_intro_alt\":\"\",\"image_intro_caption\":\"\",\"image_fulltext\":\"\",\"float_fulltext\":\"\",\"image_fulltext_alt\":\"\",\"image_fulltext_caption\":\"\"}', '{\"urla\":false,\"urlatext\":\"\",\"targeta\":\"\",\"urlb\":false,\"urlbtext\":\"\",\"targetb\":\"\",\"urlc\":false,\"urlctext\":\"\",\"targetc\":\"\"}', '{\"show_title\":\"\",\"link_titles\":\"\",\"show_intro\":\"\",\"show_category\":\"\",\"link_category\":\"\",\"show_parent_category\":\"\",\"link_parent_category\":\"\",\"show_author\":\"\",\"link_author\":\"\",\"show_create_date\":\"\",\"show_modify_date\":\"\",\"show_publish_date\":\"\",\"show_item_navigation\":\"\",\"show_icons\":\"\",\"show_print_icon\":\"\",\"show_email_icon\":\"\",\"show_vote\":\"\",\"show_hits\":\"\",\"show_noauth\":\"\",\"urls_position\":\"\",\"alternative_readmore\":\"\",\"article_layout\":\"\",\"show_publishing_options\":\"\",\"show_article_options\":\"\",\"show_urls_images_backend\":\"\",\"show_urls_images_frontend\":\"\"}', 1, 0, 1, '', '', 1, 0, '{\"robots\":\"\",\"author\":\"\",\"rights\":\"\",\"xreference\":\"\"}', 0, '*', ''),
(166, 7175, '聯絡我們', '2018-05-02-07-43-31', '', '<p>{googleMaps lat=22.337256 long=114.146773 zoom=18 width=100% height=450 control=GLargeMapControl3D addoverview=0 addgoogle=0 label=\"<span style=\"font-family: \'Microsoft JhengHei\', \'Helvetica Neue\', Arial, sans-serif; font-size: 14.4px;\">九龍荔枝角青山道489-491號香港工業中心A座11樓12室</span>\"}</p>\r\n<p>&nbsp;</p>\r\n<div class=\"row\">\r\n<div class=\"span8\">\r\n<h2 class=\"page-title\" style=\"text-align: justify;\">歡迎您的任何查詢</h2>\r\n<p>{loadposition enquiryform}</p>\r\n</div>\r\n<div class=\"span4\">\r\n<p>地址：九龍荔枝角青山道489-491號<br />香港工業中心A座11樓12室</p>\r\n<p>聯絡電話：(852) 2708 9318</p>\r\n<p>WhatsApp：(852) 5494 3165</p>\r\n<p>Facebook：<a href=\"https://www.facebook.com/hkelderly/\">長者家</a><a href=\"https://www.facebook.com/hkelderly/\"><br /></a></p>\r\n<p>電郵：<a href=\"mailto:teresalai@hkelderly.com.hk\">teresalai@hkelderly.com.hk</a></p>\r\n<p>&nbsp;</p>\r\n<p>&nbsp;</p>\r\n</div>\r\n</div>', '', 1, 0, 0, 95, '2013-09-10 04:46:51', 2, '', '2018-11-08 04:21:46', 2, 2, '2018-12-19 08:01:57', '2013-09-10 04:46:51', '0000-00-00 00:00:00', '{\"image_intro\":\"\",\"float_intro\":\"\",\"image_intro_alt\":\"\",\"image_intro_caption\":\"\",\"image_fulltext\":\"\",\"float_fulltext\":\"\",\"image_fulltext_alt\":\"\",\"image_fulltext_caption\":\"\"}', '{\"urla\":false,\"urlatext\":\"\",\"targeta\":\"\",\"urlb\":false,\"urlbtext\":\"\",\"targetb\":\"\",\"urlc\":false,\"urlctext\":\"\",\"targetc\":\"\"}', '{\"show_title\":\"\",\"link_titles\":\"\",\"show_intro\":\"\",\"show_category\":\"\",\"link_category\":\"\",\"show_parent_category\":\"\",\"link_parent_category\":\"\",\"show_author\":\"\",\"link_author\":\"\",\"show_create_date\":\"\",\"show_modify_date\":\"\",\"show_publish_date\":\"\",\"show_item_navigation\":\"\",\"show_icons\":\"\",\"show_print_icon\":\"\",\"show_email_icon\":\"\",\"show_vote\":\"\",\"show_hits\":\"\",\"show_noauth\":\"\",\"urls_position\":\"\",\"alternative_readmore\":\"\",\"article_layout\":\"\",\"show_publishing_options\":\"\",\"show_article_options\":\"\",\"show_urls_images_backend\":\"\",\"show_urls_images_frontend\":\"\"}', 39, 0, 3, '', '', 1, 596, '{\"robots\":\"\",\"author\":\"\",\"rights\":\"\",\"xreference\":\"\"}', 0, '*', ''),
(167, 7176, 'Hong Kong Showroom address:    ', 'hong-kong-showroom-address', '', '<p><img src=\"images/albums/1/426954282175656613.jpg\" alt=\"\" /></p>\r\n<p>Hong Kong Showroom address: &nbsp; &nbsp;<br />&nbsp;&nbsp; Room F, 13F, Infotec Center 21, Hungto Road,<br />Kwung Tong Kowloon, Hong Kong.<br />&nbsp;&nbsp; Phone:&nbsp;00852-2243-4287&nbsp;(Ask for Rita)<br />&nbsp;&nbsp; Fax:&nbsp;00852-2243-4232</p>', '', -2, 0, 0, 2, '2017-06-05 02:36:57', 2, '', '2017-06-07 02:26:00', 2, 0, '0000-00-00 00:00:00', '2017-06-05 02:36:57', '0000-00-00 00:00:00', '{\"image_intro\":\"\",\"float_intro\":\"\",\"image_intro_alt\":\"\",\"image_intro_caption\":\"\",\"image_fulltext\":\"\",\"float_fulltext\":\"\",\"image_fulltext_alt\":\"\",\"image_fulltext_caption\":\"\"}', '{\"urla\":false,\"urlatext\":\"\",\"targeta\":\"\",\"urlb\":false,\"urlbtext\":\"\",\"targetb\":\"\",\"urlc\":false,\"urlctext\":\"\",\"targetc\":\"\"}', '{\"show_title\":\"\",\"link_titles\":\"\",\"show_intro\":\"\",\"show_category\":\"\",\"link_category\":\"\",\"show_parent_category\":\"\",\"link_parent_category\":\"\",\"show_author\":\"\",\"link_author\":\"\",\"show_create_date\":\"\",\"show_modify_date\":\"\",\"show_publish_date\":\"\",\"show_item_navigation\":\"\",\"show_icons\":\"\",\"show_print_icon\":\"\",\"show_email_icon\":\"\",\"show_vote\":\"\",\"show_hits\":\"\",\"show_noauth\":\"\",\"urls_position\":\"\",\"alternative_readmore\":\"\",\"article_layout\":\"\",\"show_publishing_options\":\"\",\"show_article_options\":\"\",\"show_urls_images_backend\":\"\",\"show_urls_images_frontend\":\"\"}', 5, 0, 1, '', '', 1, 0, '{\"robots\":\"\",\"author\":\"\",\"rights\":\"\",\"xreference\":\"\"}', 0, '*', ''),
(168, 7177, 'Gindy Laura   庆祝六月新店开业活动.', '2017-06-07-01-16-10', '', '<p><img src=\"images/albums/1/QQ20170531143604.png\" alt=\"\" /></p>', '', -2, 0, 0, 2, '2017-06-07 01:16:10', 2, '', '2017-06-07 01:28:10', 2, 0, '0000-00-00 00:00:00', '2017-06-07 01:16:10', '0000-00-00 00:00:00', '{\"image_intro\":\"\",\"float_intro\":\"\",\"image_intro_alt\":\"\",\"image_intro_caption\":\"\",\"image_fulltext\":\"\",\"float_fulltext\":\"\",\"image_fulltext_alt\":\"\",\"image_fulltext_caption\":\"\"}', '{\"urla\":false,\"urlatext\":\"\",\"targeta\":\"\",\"urlb\":false,\"urlbtext\":\"\",\"targetb\":\"\",\"urlc\":false,\"urlctext\":\"\",\"targetc\":\"\"}', '{\"show_title\":\"\",\"link_titles\":\"\",\"show_intro\":\"\",\"show_category\":\"\",\"link_category\":\"\",\"show_parent_category\":\"\",\"link_parent_category\":\"\",\"show_author\":\"\",\"link_author\":\"\",\"show_create_date\":\"\",\"show_modify_date\":\"\",\"show_publish_date\":\"\",\"show_item_navigation\":\"\",\"show_icons\":\"\",\"show_print_icon\":\"\",\"show_email_icon\":\"\",\"show_vote\":\"\",\"show_hits\":\"\",\"show_noauth\":\"\",\"urls_position\":\"\",\"alternative_readmore\":\"\",\"article_layout\":\"\",\"show_publishing_options\":\"\",\"show_article_options\":\"\",\"show_urls_images_backend\":\"\",\"show_urls_images_frontend\":\"\"}', 5, 0, 0, '', '', 1, 0, '{\"robots\":\"\",\"author\":\"\",\"rights\":\"\",\"xreference\":\"\"}', 0, '*', ''),
(169, 7199, 'new2', 'new2', '', '<p>1243</p>\r\n<p>&nbsp;</p>', '', -2, 0, 0, 2, '2017-04-20 08:04:03', 1, '', '2018-03-15 04:21:18', 2, 0, '0000-00-00 00:00:00', '2017-04-20 08:04:03', '0000-00-00 00:00:00', '{\"image_intro\":\"images\\/article\\/singapore-image_large.jpg\",\"float_intro\":\"\",\"image_intro_alt\":\"\",\"image_intro_caption\":\"\",\"image_fulltext\":\"\",\"float_fulltext\":\"\",\"image_fulltext_alt\":\"\",\"image_fulltext_caption\":\"\"}', '{\"urla\":false,\"urlatext\":\"\",\"targeta\":\"\",\"urlb\":false,\"urlbtext\":\"\",\"targetb\":\"\",\"urlc\":false,\"urlctext\":\"\",\"targetc\":\"\"}', '{\"show_title\":\"\",\"link_titles\":\"\",\"show_intro\":\"\",\"show_category\":\"\",\"link_category\":\"\",\"show_parent_category\":\"\",\"link_parent_category\":\"\",\"show_author\":\"\",\"link_author\":\"\",\"show_create_date\":\"\",\"show_modify_date\":\"\",\"show_publish_date\":\"\",\"show_item_navigation\":\"\",\"show_icons\":\"\",\"show_print_icon\":\"\",\"show_email_icon\":\"\",\"show_vote\":\"\",\"show_hits\":\"\",\"show_noauth\":\"\",\"urls_position\":\"\",\"alternative_readmore\":\"\",\"article_layout\":\"\",\"show_publishing_options\":\"\",\"show_article_options\":\"\",\"show_urls_images_backend\":\"\",\"show_urls_images_frontend\":\"\"}', 2, 0, 0, '', '', 1, 0, '{\"robots\":\"\",\"author\":\"\",\"rights\":\"\",\"xreference\":\"\"}', 0, '*', '');
INSERT INTO `wos_content` (`id`, `asset_id`, `title`, `alias`, `title_alias`, `introtext`, `fulltext`, `state`, `sectionid`, `mask`, `catid`, `created`, `created_by`, `created_by_alias`, `modified`, `modified_by`, `checked_out`, `checked_out_time`, `publish_up`, `publish_down`, `images`, `urls`, `attribs`, `version`, `parentid`, `ordering`, `metakey`, `metadesc`, `access`, `hits`, `metadata`, `featured`, `language`, `xreference`) VALUES
(170, 7200, '關節痛又發作?', '2018-05-02-08-21-14', '', '<p>&nbsp;</p>\r\n', '\r\n<p><img src=\"images/02 blog image.jpg\" alt=\"style=\" /></p>\r\n<p>&nbsp;</p>\r\n<p><span style=\"color: #3b464c; font-family: Tahoma, Verdana; font-size: 16.2px;\">經常聽到長者說：「關節又緊又痛，痛症又發作！」。關節痛其實是長者的常見病痛之一，不少長者每逢天氣轉變，關節痛就會發作，往往疼痛難忍。</span><span style=\"color: #3b464c; font-family: Tahoma, Verdana; font-size: 16.2px;\">長者主要的關節痛有風濕性、類風濕性、退化性，而最常見的則是退化性關節炎。這種關節炎常發生在膝、肩、肘、髖等大關節處。急性發作時關節局部紅腫，有痛、熱等發炎現象，更會出現無力、運動障礙等感覺。</span></p>\r\n<div id=\"newline\" style=\"font-size: 16.2px; font-family: Tahoma, Verdana; line-height: 16.2px; color: #3b464c;\">&nbsp;</div>\r\n<p><span style=\"color: #3b464c; font-family: Tahoma, Verdana; font-size: 16.2px;\">為甚麼轉天氣會導致關節痛呢？</span></p>\r\n<div id=\"newline\" style=\"font-size: 16.2px; font-family: Tahoma, Verdana; line-height: 16.2px; color: #3b464c;\">&nbsp;</div>\r\n<div id=\"newline\" style=\"font-size: 16.2px; font-family: Tahoma, Verdana; line-height: 16.2px; color: #3b464c;\">&nbsp;</div>\r\n<p><span style=\"color: #3b464c; font-family: Tahoma, Verdana; font-size: 16.2px;\">長者在天氣冷的情況下，運動量會較少，筋骨容易缺乏伸展的機會。而且天氣會因為冷縮熱脹的原故而令肌肉變得繃緊，當氣溫突然下降，繃緊的肌肉可能會突然收緊或痙攣，痛症便會因此沒有先兆地出現，嚴重者可致受傷機會增加或令未復元的舊患痛楚加劇。為了防禦天氣變化對關節疼痛的影響，應做到以下幾點：</span></p>\r\n<div id=\"newline\" style=\"font-size: 16.2px; font-family: Tahoma, Verdana; line-height: 16.2px; color: #3b464c;\">&nbsp;</div>\r\n<p><span style=\"color: #3b464c; font-family: Tahoma, Verdana; font-size: 16.2px;\">1.用暖水袋或電氈敷患處，每次十五至二十分鐘。熱敷可增加血液循環，並提高肌肉柔軔性，舒緩痛症。</span></p>\r\n<div id=\"newline\" style=\"font-size: 16.2px; font-family: Tahoma, Verdana; line-height: 16.2px; color: #3b464c;\">&nbsp;</div>\r\n<p><span style=\"color: #3b464c; font-family: Tahoma, Verdana; font-size: 16.2px;\">2.進行物理治療;以外在電、光、熱或手法治療等減輕發炎現象及達到止痛效果，另外強化肌肉運動，都可以大大減輕痛楚。</span></p>\r\n<div id=\"newline\" style=\"font-size: 16.2px; font-family: Tahoma, Verdana; line-height: 16.2px; color: #3b464c;\">&nbsp;</div>\r\n<p><span style=\"color: #3b464c; font-family: Tahoma, Verdana; font-size: 16.2px;\">3.平均分配作息時間， 避免長期站立或步行，或讓膝關節經常保持同一姿勢。</span></p>\r\n<div id=\"newline\" style=\"font-size: 16.2px; font-family: Tahoma, Verdana; line-height: 16.2px; color: #3b464c;\">&nbsp;</div>\r\n<p><span style=\"color: #3b464c; font-family: Tahoma, Verdana; font-size: 16.2px;\">4.若關節痛楚痛影響日常活動，便要看醫生和 接受物理治療。</span></p>\r\n<div id=\"newline\" style=\"font-size: 16.2px; font-family: Tahoma, Verdana; line-height: 16.2px; color: #3b464c;\">&nbsp;</div>\r\n<div id=\"newline\" style=\"font-size: 16.2px; font-family: Tahoma, Verdana; line-height: 16.2px; color: #3b464c;\">&nbsp;</div>\r\n<p><span style=\"color: #3b464c; font-family: Tahoma, Verdana; font-size: 16.2px;\">預防關節痛：</span></p>\r\n<div id=\"newline\" style=\"font-size: 16.2px; font-family: Tahoma, Verdana; line-height: 16.2px; color: #3b464c;\">&nbsp;</div>\r\n<p><span style=\"color: #3b464c; font-family: Tahoma, Verdana; font-size: 16.2px;\">1.控制體重，減輕下半身關節壓力</span></p>\r\n<div id=\"newline\" style=\"font-size: 16.2px; font-family: Tahoma, Verdana; line-height: 16.2px; color: #3b464c;\">&nbsp;</div>\r\n<p><span style=\"color: #3b464c; font-family: Tahoma, Verdana; font-size: 16.2px;\">保持體重在合適範圍內，可以有效減低下半身關節受壓</span></p>\r\n<div id=\"newline\" style=\"font-size: 16.2px; font-family: Tahoma, Verdana; line-height: 16.2px; color: #3b464c;\">&nbsp;</div>\r\n<p><span style=\"color: #3b464c; font-family: Tahoma, Verdana; font-size: 16.2px;\">2.減少關節過度勞損</span></p>\r\n<div id=\"newline\" style=\"font-size: 16.2px; font-family: Tahoma, Verdana; line-height: 16.2px; color: #3b464c;\">&nbsp;</div>\r\n<p><span style=\"color: #3b464c; font-family: Tahoma, Verdana; font-size: 16.2px;\">減少重複動作，以免同一關節過度勞損</span></p>\r\n<div id=\"newline\" style=\"font-size: 16.2px; font-family: Tahoma, Verdana; line-height: 16.2px; color: #3b464c;\">&nbsp;</div>\r\n<p><span style=\"color: #3b464c; font-family: Tahoma, Verdana; font-size: 16.2px;\">3.常做保養運動</span></p>\r\n<div id=\"newline\" style=\"font-size: 16.2px; font-family: Tahoma, Verdana; line-height: 16.2px; color: #3b464c;\">&nbsp;</div>\r\n<p><span style=\"color: #3b464c; font-family: Tahoma, Verdana; font-size: 16.2px;\">適當伸展運動有助舒緩關節腫脹，保持關節靈活；另強化肌肉運動，可幫助增加關節穩定性</span></p>\r\n<div id=\"newline\" style=\"font-size: 16.2px; font-family: Tahoma, Verdana; line-height: 16.2px; color: #3b464c;\">&nbsp;</div>\r\n<p><span style=\"color: #3b464c; font-family: Tahoma, Verdana; font-size: 16.2px;\">4.注意保暖及驅寒</span></p>\r\n<div id=\"newline\" style=\"font-size: 16.2px; font-family: Tahoma, Verdana; line-height: 16.2px; color: #3b464c;\">&nbsp;</div>\r\n<p><span style=\"color: #3b464c; font-family: Tahoma, Verdana; font-size: 16.2px;\">可做熱敷按摩關節，或由醫生處方藥膏按摩；但需留意熱敷跟塗藥膏不宜同時進行。</span></p>\r\n<div id=\"newline\" style=\"font-size: 16.2px; font-family: Tahoma, Verdana; line-height: 16.2px; color: #3b464c;\">&nbsp;</div>\r\n<p><span style=\"color: #3b464c; font-family: Tahoma, Verdana; font-size: 16.2px;\">_______________________________________________________________________________________</span></p>\r\n<div id=\"newline\" style=\"font-size: 16.2px; font-family: Tahoma, Verdana; line-height: 16.2px; color: #3b464c;\">&nbsp;</div>\r\n<p><span style=\"color: #3b464c; font-family: Tahoma, Verdana; font-size: 16.2px;\">家居復康</span></p>\r\n<div id=\"newline\" style=\"font-size: 16.2px; font-family: Tahoma, Verdana; line-height: 16.2px; color: #3b464c;\">&nbsp;</div>\r\n<p><span style=\"color: #3b464c; font-family: Tahoma, Verdana; font-size: 16.2px;\">由2007年至今，家居護理及復康治療已服務逾2,000個家庭，致力為長者提供貼身的家居護理，安排備有專業資格的物理治療師，職業治療師，言語治療師及註冊社工，全方位照顧長者需要。</span></p>\r\n<div id=\"newline\" style=\"font-size: 16.2px; font-family: Tahoma, Verdana; line-height: 16.2px; color: #3b464c;\">&nbsp;</div>\r\n<p><span style=\"color: #3b464c; font-family: Tahoma, Verdana; font-size: 16.2px;\">歡迎聯絡我們 -</span></p>\r\n<p><span style=\"color: #3b464c; font-family: Tahoma, Verdana; font-size: 16.2px;\">電話：2708 9060</span></p>\r\n<p><span style=\"color: #3b464c; font-family: Tahoma, Verdana; font-size: 16.2px;\">網址：hkhomecare.com</span></p>\r\n<p>&nbsp;</p>', 1, 0, 0, 2, '2018-05-02 08:20:45', 1, '', '2018-06-06 12:05:44', 1, 0, '0000-00-00 00:00:00', '2018-05-02 08:20:45', '0000-00-00 00:00:00', '{\"image_intro\":\"images\\/article\\/02 blog image.png\",\"float_intro\":\"\",\"image_intro_alt\":\"\",\"image_intro_caption\":\"\",\"image_fulltext\":\"\",\"float_fulltext\":\"\",\"image_fulltext_alt\":\"\",\"image_fulltext_caption\":\"\"}', '{\"urla\":false,\"urlatext\":\"\",\"targeta\":\"\",\"urlb\":false,\"urlbtext\":\"\",\"targetb\":\"\",\"urlc\":false,\"urlctext\":\"\",\"targetc\":\"\"}', '{\"show_title\":\"\",\"link_titles\":\"\",\"show_intro\":\"\",\"show_category\":\"\",\"link_category\":\"\",\"show_parent_category\":\"\",\"link_parent_category\":\"\",\"show_author\":\"\",\"link_author\":\"\",\"show_create_date\":\"\",\"show_modify_date\":\"\",\"show_publish_date\":\"\",\"show_item_navigation\":\"\",\"show_icons\":\"\",\"show_print_icon\":\"\",\"show_email_icon\":\"\",\"show_vote\":\"\",\"show_hits\":\"\",\"show_noauth\":\"\",\"urls_position\":\"\",\"alternative_readmore\":\"\",\"article_layout\":\"\",\"show_publishing_options\":\"\",\"show_article_options\":\"\",\"show_urls_images_backend\":\"\",\"show_urls_images_frontend\":\"\"}', 5, 0, 1, '', '', 1, 67, '{\"robots\":\"\",\"author\":\"\",\"rights\":\"\",\"xreference\":\"\"}', 0, '*', ''),
(171, 7201, '退換、保養及維修', '2018-05-02-09-31-57', '', '<p style=\"margin-bottom: 1.3em; color: #333333; font-family: proxima_nova, Arial, \'Microsoft JhengHei\', \'Heiti TC\', \'Microsoft Yahei\', PMingLiU, sans-serif; font-size: 16px;\"><span style=\"color: #000000;\"><span style=\"font-weight: bolder;\">產品退換</span></span></p>\r\n<p style=\"margin-bottom: 1.3em; color: #333333; font-family: proxima_nova, Arial, \'Microsoft JhengHei\', \'Heiti TC\', \'Microsoft Yahei\', PMingLiU, sans-serif; font-size: 16px;\"><span style=\"color: #000000;\">如閣下發現在本網站訂購的貨品有損壞或與訂單內容不符，請於收貨後7個工作天內電郵或致電我們，我們會為你安排換貨事宜。</span></p>\r\n<p style=\"margin-bottom: 1.3em; color: #333333; font-family: proxima_nova, Arial, \'Microsoft JhengHei\', \'Heiti TC\', \'Microsoft Yahei\', PMingLiU, sans-serif; font-size: 16px;\"><span style=\"color: #000000;\">退換之產品的包裝必須完整，並需要連同所有配件一併退回。客人需要自行安排將貨品於辦公時間內寄回指定地址，郵費由客人自行承擔。客人亦可以選擇把貨品交還到門市。如退換之產品有任何殘缺或過期退回，本公司恕不受理。</span></p>\r\n<p style=\"margin-bottom: 1.3em; color: #333333; font-family: proxima_nova, Arial, \'Microsoft JhengHei\', \'Heiti TC\', \'Microsoft Yahei\', PMingLiU, sans-serif; font-size: 16px;\"><span style=\"color: #000000;\">客人購入產品（系統收到訂單）後，任何情況下，產品一律不設退貨，只可進行換貨。</span></p>\r\n<p style=\"margin-bottom: 1.3em; color: #333333; font-family: proxima_nova, Arial, \'Microsoft JhengHei\', \'Heiti TC\', \'Microsoft Yahei\', PMingLiU, sans-serif; font-size: 16px;\"><span style=\"color: #000000;\">Silvermart&nbsp;長者家 保留退換貨品的最終決定權</span></p>\r\n<p style=\"margin-bottom: 1.3em; color: #333333; font-family: proxima_nova, Arial, \'Microsoft JhengHei\', \'Heiti TC\', \'Microsoft Yahei\', PMingLiU, sans-serif; font-size: 16px;\"><span style=\"color: #000000;\"><span style=\"font-weight: bolder;\">產品保養</span></span></p>\r\n<p style=\"margin-bottom: 1.3em; color: #333333; font-family: proxima_nova, Arial, \'Microsoft JhengHei\', \'Heiti TC\', \'Microsoft Yahei\', PMingLiU, sans-serif; font-size: 16px;\"><span style=\"color: #000000;\"><span style=\"font-family: proxima_nova, Arial, \'Microsoft JhengHei\', \'Heiti TC\', \'Microsoft Yahei\', PMingLiU, sans-serif; font-size: 16px;\">Silvermart&nbsp;</span><span style=\"font-family: proxima_nova, Arial, \'Microsoft JhengHei\', \'Heiti TC\', \'Microsoft Yahei\', PMingLiU, sans-serif; font-size: 16px;\">長</span><span style=\"font-family: proxima_nova, Arial, \'Microsoft JhengHei\', \'Heiti TC\', \'Microsoft Yahei\', PMingLiU, sans-serif; font-size: 16px;\">者</span><span style=\"font-family: proxima_nova, Arial, \'Microsoft JhengHei\', \'Heiti TC\', \'Microsoft Yahei\', PMingLiU, sans-serif; font-size: 16px;\">家</span>大部分產品均享有保養服務，一般電子及電器用品俱享有一年免費保養服務，亦有個別電子及電器產品將享有多於一年的保養服務。詳情請留意產品包裝上資料。</span></p>\r\n<p style=\"margin-bottom: 1.3em; color: #333333; font-family: proxima_nova, Arial, \'Microsoft JhengHei\', \'Heiti TC\', \'Microsoft Yahei\', PMingLiU, sans-serif; font-size: 16px;\"><span style=\"color: #000000;\"><span style=\"font-weight: bolder;\">貨品維修</span></span></p>\r\n<p style=\"margin-bottom: 1.3em; color: #333333; font-family: proxima_nova, Arial, \'Microsoft JhengHei\', \'Heiti TC\', \'Microsoft Yahei\', PMingLiU, sans-serif; font-size: 16px;\"><span style=\"color: #000000;\">於<span style=\"font-family: proxima_nova, Arial, \'Microsoft JhengHei\', \'Heiti TC\', \'Microsoft Yahei\', PMingLiU, sans-serif; font-size: 16px;\">Silvermart&nbsp;</span><span style=\"font-family: proxima_nova, Arial, \'Microsoft JhengHei\', \'Heiti TC\', \'Microsoft Yahei\', PMingLiU, sans-serif; font-size: 16px;\">長</span><span style=\"font-family: proxima_nova, Arial, \'Microsoft JhengHei\', \'Heiti TC\', \'Microsoft Yahei\', PMingLiU, sans-serif; font-size: 16px;\">者</span><span style=\"font-family: proxima_nova, Arial, \'Microsoft JhengHei\', \'Heiti TC\', \'Microsoft Yahei\', PMingLiU, sans-serif; font-size: 16px;\">家</span>網上商店購物後，請保留收據正本。</span></p>\r\n<p style=\"margin-bottom: 1.3em; color: #333333; font-family: proxima_nova, Arial, \'Microsoft JhengHei\', \'Heiti TC\', \'Microsoft Yahei\', PMingLiU, sans-serif; font-size: 16px;\"><span style=\"color: #000000;\">任何貨品，若在保養期內損壞，可獲免費維修，配件費另計。但在以下情況，<span style=\"font-family: proxima_nova, Arial, \'Microsoft JhengHei\', \'Heiti TC\', \'Microsoft Yahei\', PMingLiU, sans-serif; font-size: 16px;\">Silvermart&nbsp;</span><span style=\"font-family: proxima_nova, Arial, \'Microsoft JhengHei\', \'Heiti TC\', \'Microsoft Yahei\', PMingLiU, sans-serif; font-size: 16px;\">長</span><span style=\"font-family: proxima_nova, Arial, \'Microsoft JhengHei\', \'Heiti TC\', \'Microsoft Yahei\', PMingLiU, sans-serif; font-size: 16px;\">者</span><span style=\"font-family: proxima_nova, Arial, \'Microsoft JhengHei\', \'Heiti TC\', \'Microsoft Yahei\', PMingLiU, sans-serif; font-size: 16px;\">家</span>有權向顧客收取額外的維修費用：</span></p>\r\n<p style=\"margin-bottom: 1.3em; color: #333333; font-family: proxima_nova, Arial, \'Microsoft JhengHei\', \'Heiti TC\', \'Microsoft Yahei\', PMingLiU, sans-serif; font-size: 16px;\"><span style=\"color: #000000;\">&nbsp;&nbsp;&nbsp;&nbsp; 1.產品曾被誤用，疏忽使用或天災人禍等意外事件引致機件損壞；</span></p>\r\n<p style=\"margin-bottom: 1.3em; color: #333333; font-family: proxima_nova, Arial, \'Microsoft JhengHei\', \'Heiti TC\', \'Microsoft Yahei\', PMingLiU, sans-serif; font-size: 16px;\"><span style=\"color: #000000;\">&nbsp;&nbsp;&nbsp;&nbsp; 2.產品曾被開啟或非本公司技術人員修理及改裝過；</span></p>\r\n<p style=\"margin-bottom: 1.3em; color: #333333; font-family: proxima_nova, Arial, \'Microsoft JhengHei\', \'Heiti TC\', \'Microsoft Yahei\', PMingLiU, sans-serif; font-size: 16px;\"><span style=\"color: #000000;\">&nbsp;&nbsp;&nbsp;&nbsp; 3.產品機身號碼曾被轉換、塗改或除去；</span></p>\r\n<p style=\"margin-bottom: 1.3em; color: #333333; font-family: proxima_nova, Arial, \'Microsoft JhengHei\', \'Heiti TC\', \'Microsoft Yahei\', PMingLiU, sans-serif; font-size: 16px;\"><span style=\"color: #000000;\">&nbsp;&nbsp;&nbsp;&nbsp; 4.產品不按原廠提供的指示安裝；</span></p>\r\n<p style=\"margin-bottom: 1.3em; color: #333333; font-family: proxima_nova, Arial, \'Microsoft JhengHei\', \'Heiti TC\', \'Microsoft Yahei\', PMingLiU, sans-serif; font-size: 16px;\"><span style=\"color: #000000;\">&nbsp;&nbsp;&nbsp;&nbsp; 5.顧客未能出示購物單據或未有網上登記記錄；</span></p>\r\n<p style=\"margin-bottom: 1.3em; color: #333333; font-family: proxima_nova, Arial, \'Microsoft JhengHei\', \'Heiti TC\', \'Microsoft Yahei\', PMingLiU, sans-serif; font-size: 16px;\"><span style=\"color: #000000;\">&nbsp;&nbsp;&nbsp;&nbsp; 6.使用不當，自行改裝拆修，不按儀器之使用指引操作，或使用規定電源而導致之損壞；</span></p>\r\n<p style=\"margin-bottom: 1.3em; color: #333333; font-family: proxima_nova, Arial, \'Microsoft JhengHei\', \'Heiti TC\', \'Microsoft Yahei\', PMingLiU, sans-serif; font-size: 16px;\"><span style=\"color: #000000;\">&nbsp;&nbsp;&nbsp;&nbsp; 7.安裝後因移動或運送所發生之故障；</span></p>\r\n<p style=\"margin-bottom: 1.3em; color: #333333; font-family: proxima_nova, Arial, \'Microsoft JhengHei\', \'Heiti TC\', \'Microsoft Yahei\', PMingLiU, sans-serif; font-size: 16px;\"><span style=\"color: #000000;\">&nbsp;&nbsp;&nbsp;&nbsp; 8.外觀材料，消耗材 (如電池、輪胎、坐墊、熱墊套) 等附件；</span></p>\r\n<p style=\"margin-bottom: 1.3em; color: #333333; font-family: proxima_nova, Arial, \'Microsoft JhengHei\', \'Heiti TC\', \'Microsoft Yahei\', PMingLiU, sans-serif; font-size: 16px;\"><span style=\"color: #000000;\">&nbsp;&nbsp;&nbsp;&nbsp; 9.機械性勞損。</span></p>\r\n<p style=\"margin-bottom: 1.3em; color: #333333; font-family: proxima_nova, Arial, \'Microsoft JhengHei\', \'Heiti TC\', \'Microsoft Yahei\', PMingLiU, sans-serif; font-size: 16px;\"><span style=\"color: #000000;\">若保用期屆滿後，維修貨品則須另外收費，詳情可與我們聯絡查詢。 所有經維修後的產品，有關零件更換或維修部份將會有90天保養。如產品本身的保養時期較90天為長，則以本身的保養時期為準。</span></p>\r\n<p style=\"margin-bottom: 1.3em; color: #333333; font-family: proxima_nova, Arial, \'Microsoft JhengHei\', \'Heiti TC\', \'Microsoft Yahei\', PMingLiU, sans-serif; font-size: 16px;\"><span style=\"color: #000000;\">任何曾自行更換零件或改裝之產品，恕不包含在保養範圍。</span></p>\r\n<p style=\"margin-bottom: 1.3em; color: #333333; font-family: proxima_nova, Arial, \'Microsoft JhengHei\', \'Heiti TC\', \'Microsoft Yahei\', PMingLiU, sans-serif; font-size: 16px;\"><span style=\"color: #000000;\">除大型貨品外，如病床及老人椅，其他貨品如需維修，顧客須自行將有關貨品送交至長者家辦公室。</span></p>\r\n<p style=\"margin-bottom: 1.3em; color: #333333; font-family: proxima_nova, Arial, \'Microsoft JhengHei\', \'Heiti TC\', \'Microsoft Yahei\', PMingLiU, sans-serif; font-size: 16px;\"><span style=\"color: #000000;\">一般而言，維修需時十四個工作天，修理完畢後，我們會儘快致電通知顧客。</span></p>', '', 1, 0, 0, 95, '2018-05-02 09:31:57', 2, '', '2018-11-30 07:00:16', 2, 0, '0000-00-00 00:00:00', '2018-05-02 09:31:57', '0000-00-00 00:00:00', '{\"image_intro\":\"\",\"float_intro\":\"\",\"image_intro_alt\":\"\",\"image_intro_caption\":\"\",\"image_fulltext\":\"\",\"float_fulltext\":\"\",\"image_fulltext_alt\":\"\",\"image_fulltext_caption\":\"\"}', '{\"urla\":false,\"urlatext\":\"\",\"targeta\":\"\",\"urlb\":false,\"urlbtext\":\"\",\"targetb\":\"\",\"urlc\":false,\"urlctext\":\"\",\"targetc\":\"\"}', '{\"show_title\":\"\",\"link_titles\":\"\",\"show_intro\":\"\",\"show_category\":\"\",\"link_category\":\"\",\"show_parent_category\":\"\",\"link_parent_category\":\"\",\"show_author\":\"\",\"link_author\":\"\",\"show_create_date\":\"\",\"show_modify_date\":\"\",\"show_publish_date\":\"\",\"show_item_navigation\":\"\",\"show_icons\":\"\",\"show_print_icon\":\"\",\"show_email_icon\":\"\",\"show_vote\":\"\",\"show_hits\":\"\",\"show_noauth\":\"\",\"urls_position\":\"\",\"alternative_readmore\":\"\",\"article_layout\":\"\",\"show_publishing_options\":\"\",\"show_article_options\":\"\",\"show_urls_images_backend\":\"\",\"show_urls_images_frontend\":\"\"}', 5, 0, 1, '', '', 1, 93, '{\"robots\":\"\",\"author\":\"\",\"rights\":\"\",\"xreference\":\"\"}', 0, '*', ''),
(172, 7202, '關於Silvermart', '2018-05-07-07-44-45', '', '<p><span style=\"font-family: verdana, geneva; font-size: 12pt; color: #000080;\"><strong>用心關懷長者 </strong><strong>提供貼心選擇</strong></span><br /><span style=\"font-family: verdana, geneva; font-size: 12pt;\">我們提供優質、多元化的居家安老生活用品，以支援長者健康並提升他們的生活質素，另外備有各類型的看護用品，為護老者在看護工作上倍感輕鬆。</span></p>\r\n<p><span style=\"font-family: verdana, geneva; font-size: 12pt;\"><span style=\"font-family: verdana, geneva; font-size: 16px;\">Silvermart所出售的貨品皆為行貨，經過專業品質合格認證，確保頂級質量，連原廠一年保養。如仍有任何問題，歡迎致電本公司。</span></span></p>\r\n<p><span style=\"font-family: verdana, geneva; font-size: 12pt;\"><span style=\"color: #515151; font-family: \'Helvetica Neue\', Helvetica, Arial, sans-serif; font-size: 14px;\">&nbsp;</span></span></p>\r\n<p><span style=\"font-family: verdana, geneva; font-size: 12pt;\"><img src=\"images/11004073887.jpg\" alt=\"\" /></span></p>', '', 1, 0, 0, 95, '2018-05-07 07:44:45', 2, '', '2018-12-19 08:03:13', 2, 0, '0000-00-00 00:00:00', '2018-05-07 07:44:45', '0000-00-00 00:00:00', '{\"image_intro\":\"\",\"float_intro\":\"\",\"image_intro_alt\":\"\",\"image_intro_caption\":\"\",\"image_fulltext\":\"\",\"float_fulltext\":\"\",\"image_fulltext_alt\":\"\",\"image_fulltext_caption\":\"\"}', '{\"urla\":false,\"urlatext\":\"\",\"targeta\":\"\",\"urlb\":false,\"urlbtext\":\"\",\"targetb\":\"\",\"urlc\":false,\"urlctext\":\"\",\"targetc\":\"\"}', '{\"show_title\":\"\",\"link_titles\":\"\",\"show_intro\":\"\",\"show_category\":\"\",\"link_category\":\"\",\"show_parent_category\":\"\",\"link_parent_category\":\"\",\"show_author\":\"\",\"link_author\":\"\",\"show_create_date\":\"\",\"show_modify_date\":\"\",\"show_publish_date\":\"\",\"show_item_navigation\":\"\",\"show_icons\":\"\",\"show_print_icon\":\"\",\"show_email_icon\":\"\",\"show_vote\":\"\",\"show_hits\":\"\",\"show_noauth\":\"\",\"urls_position\":\"\",\"alternative_readmore\":\"\",\"article_layout\":\"\",\"show_publishing_options\":\"\",\"show_article_options\":\"\",\"show_urls_images_backend\":\"\",\"show_urls_images_frontend\":\"\"}', 2, 0, 0, '', '', 1, 136, '{\"robots\":\"\",\"author\":\"\",\"rights\":\"\",\"xreference\":\"\"}', 0, '*', ''),
(173, 7203, '「居家安老」哪些支援服務最啱您？', '「居家安老」哪些支援服務最啱您？', '', '<p><span style=\"color: #3b464c; font-family: Tahoma, Verdana; font-size: 16.2px;\"></span></p>\r\n', '\r\n<p>&nbsp;</p>\r\n<p><span style=\"color: #3b464c; font-family: Tahoma, Verdana; font-size: 16.2px;\">香港已經步入老齡化社會，居家安老是社會公認對長者無論在身、心方面都是最理想的安老模式。往住家居住所的設施未必能配合他們的身體狀況需要，令長者可能會遇到很多生活上的難題。政府及不同的機構亦有推出多項支援服務，家人可以根據長者的需要，為他們安排適切的支援服務。</span></p>\r\n<div id=\"newline\" style=\"font-size: 16.2px; font-family: Tahoma, Verdana; line-height: 16.2px; color: #3b464c;\">&nbsp;</div>\r\n<div id=\"newline\" style=\"font-size: 16.2px; font-family: Tahoma, Verdana; line-height: 16.2px; color: #3b464c;\">&nbsp;</div>\r\n<p><span style=\"color: #3b464c; font-family: Tahoma, Verdana; font-size: 16.2px;\">各項社區支援服務</span></p>\r\n<div id=\"newline\" style=\"font-size: 16.2px; font-family: Tahoma, Verdana; line-height: 16.2px; color: #3b464c;\">&nbsp;</div>\r\n<div id=\"newline\" style=\"font-size: 16.2px; font-family: Tahoma, Verdana; line-height: 16.2px; color: #3b464c;\">&nbsp;</div>\r\n<p><span style=\"color: #3b464c; font-family: Tahoma, Verdana; font-size: 16.2px;\">長者服務中心</span></p>\r\n<div id=\"newline\" style=\"font-size: 16.2px; font-family: Tahoma, Verdana; line-height: 16.2px; color: #3b464c;\">&nbsp;</div>\r\n<p><span style=\"color: #3b464c; font-family: Tahoma, Verdana; font-size: 16.2px;\">具有一定自理能力又行動自如的長者，每個地區都有為長者及家人提供不同程度支援服務的長者服務中心，協助長者建立社交網絡、互相支持，並提供適切的服務，讓長者在社區安享晚年。</span></p>\r\n<div id=\"newline\" style=\"font-size: 16.2px; font-family: Tahoma, Verdana; line-height: 16.2px; color: #3b464c;\">&nbsp;</div>\r\n<p><span style=\"color: #3b464c; font-family: Tahoma, Verdana; font-size: 16.2px;\">更多資訊﹕<a href=\"https://goo.gl/jAPLm9\">https://goo.gl/jAPLm9</a></span></p>\r\n<div id=\"newline\" style=\"font-size: 16.2px; font-family: Tahoma, Verdana; line-height: 16.2px; color: #3b464c;\">&nbsp;</div>\r\n<div id=\"newline\" style=\"font-size: 16.2px; font-family: Tahoma, Verdana; line-height: 16.2px; color: #3b464c;\">&nbsp;</div>\r\n<p><span style=\"color: #3b464c; font-family: Tahoma, Verdana; font-size: 16.2px;\">綜合家居照顧服務</span></p>\r\n<div id=\"newline\" style=\"font-size: 16.2px; font-family: Tahoma, Verdana; line-height: 16.2px; color: #3b464c;\">&nbsp;</div>\r\n<p><span style=\"color: #3b464c; font-family: Tahoma, Verdana; font-size: 16.2px;\">如長者需要較全面的照顧時，家人可考慮居家安老社區支援服務。服務主要為體弱而於日間缺乏家人照顧的長者在熟悉的家居及社區環境內提供照顧﹑護理﹑復康訓練和社交活動。包括陪診、家居清潔、送飯、個人護理等服務。</span></p>\r\n<div id=\"newline\" style=\"font-size: 16.2px; font-family: Tahoma, Verdana; line-height: 16.2px; color: #3b464c;\">&nbsp;</div>\r\n<p><span style=\"color: #3b464c; font-family: Tahoma, Verdana; font-size: 16.2px;\">更多資訊﹕<a href=\"https://goo.gl/DHRkMv\">https://goo.gl/DHRkMv</a></span></p>\r\n<div id=\"newline\" style=\"font-size: 16.2px; font-family: Tahoma, Verdana; line-height: 16.2px; color: #3b464c;\">&nbsp;</div>\r\n<div id=\"newline\" style=\"font-size: 16.2px; font-family: Tahoma, Verdana; line-height: 16.2px; color: #3b464c;\">&nbsp;</div>\r\n<p><span style=\"color: #3b464c; font-family: Tahoma, Verdana; font-size: 16.2px;\">長者日間暫託服務</span></p>\r\n<div id=\"newline\" style=\"font-size: 16.2px; font-family: Tahoma, Verdana; line-height: 16.2px; color: #3b464c;\">&nbsp;</div>\r\n<p><span style=\"color: #3b464c; font-family: Tahoma, Verdana; font-size: 16.2px;\">長者日間暫託服務由全港的受資助長者日間護理中心 ／單位提供。服務專為在社區中生活，但在個人照顧方面需要協助的長者提供臨時的日間照顧服務。服務主要支援及分擔護老者長期照顧長者的責任及壓力，從而鼓勵及協助長者盡量繼續留在社區居住。</span></p>\r\n<div id=\"newline\" style=\"font-size: 16.2px; font-family: Tahoma, Verdana; line-height: 16.2px; color: #3b464c;\">&nbsp;</div>\r\n<p><span style=\"color: #3b464c; font-family: Tahoma, Verdana; font-size: 16.2px;\">更多資訊﹕<a href=\"https://goo.gl/sw8HXr\">https://goo.gl/sw8HXr</a></span></p>\r\n<div id=\"newline\" style=\"font-size: 16.2px; font-family: Tahoma, Verdana; line-height: 16.2px; color: #3b464c;\">&nbsp;</div>\r\n<div id=\"newline\" style=\"font-size: 16.2px; font-family: Tahoma, Verdana; line-height: 16.2px; color: #3b464c;\">&nbsp;</div>\r\n<p><span style=\"color: #3b464c; font-family: Tahoma, Verdana; font-size: 16.2px;\">長者日間護理中心／單位</span></p>\r\n<div id=\"newline\" style=\"font-size: 16.2px; font-family: Tahoma, Verdana; line-height: 16.2px; color: #3b464c;\">&nbsp;</div>\r\n<p><span style=\"color: #3b464c; font-family: Tahoma, Verdana; font-size: 16.2px;\">長者日間護理中心／單位為身體機能屬中度或嚴重缺損的體弱及認知障礙症長者於日間提供照顧及支援服務，協助他們保持最佳活動能力 、發展潛能，以及改善生活質素。另外亦有為護老者提供各類支援和協助，使他們更有動力繼續承擔護老者的責任 。</span></p>\r\n<div id=\"newline\" style=\"font-size: 16.2px; font-family: Tahoma, Verdana; line-height: 16.2px; color: #3b464c;\">&nbsp;</div>\r\n<p><span style=\"color: #3b464c; font-family: Tahoma, Verdana; font-size: 16.2px;\">更多資訊﹕<a href=\"https://goo.gl/4U3ZM6\">https://goo.gl/4U3ZM6</a></span></p>\r\n<div id=\"newline\" style=\"font-size: 16.2px; font-family: Tahoma, Verdana; line-height: 16.2px; color: #3b464c;\">&nbsp;</div>\r\n<p><span style=\"color: #3b464c; font-family: Tahoma, Verdana; font-size: 16.2px;\">_____________________________________________________________________________________</span></p>\r\n<div id=\"newline\" style=\"font-size: 16.2px; font-family: Tahoma, Verdana; line-height: 16.2px; color: #3b464c;\">&nbsp;</div>\r\n<div id=\"newline\" style=\"font-size: 16.2px; font-family: Tahoma, Verdana; line-height: 16.2px; color: #3b464c;\">&nbsp;</div>\r\n<p><span style=\"color: #3b464c; font-family: Tahoma, Verdana; font-size: 16.2px;\">長者家於2005年成立，為長者提供免費安老院轉介服務，至今已協助超過5萬家庭。我們的團隊由社工、護士及物理治療師組成，透過專業知識及累積十多年的經驗，為長者配對合適的安老院。此外，我們也設有居家安老服務，安排物理治療師、職業治療師及註冊護士到戶，提供復康治療等等；同時，我們亦備有家居改裝服務及中醫到診，致力全方位照顧長者需要。</span></p>\r\n<div id=\"newline\" style=\"font-size: 16.2px; font-family: Tahoma, Verdana; line-height: 16.2px; color: #3b464c;\">&nbsp;</div>\r\n<div id=\"newline\" style=\"font-size: 16.2px; font-family: Tahoma, Verdana; line-height: 16.2px; color: #3b464c;\">&nbsp;</div>\r\n<p><span style=\"color: #3b464c; font-family: Tahoma, Verdana; font-size: 16.2px;\">聯絡我們 -</span></p>\r\n<div id=\"newline\" style=\"font-size: 16.2px; font-family: Tahoma, Verdana; line-height: 16.2px; color: #3b464c;\">&nbsp;</div>\r\n<p><span style=\"color: #3b464c; font-family: Tahoma, Verdana; font-size: 16.2px;\">電話：2708 0800</span></p>\r\n<div id=\"newline\" style=\"font-size: 16.2px; font-family: Tahoma, Verdana; line-height: 16.2px; color: #3b464c;\">&nbsp;</div>\r\n<p><span style=\"color: #3b464c; font-family: Tahoma, Verdana; font-size: 16.2px;\">網址：<a href=\"http://www.homeofelderly.com\">www.homeofelderly.com</a></span></p>\r\n<div id=\"newline\" style=\"font-size: 16.2px; font-family: Tahoma, Verdana; line-height: 16.2px; color: #3b464c;\">&nbsp;</div>\r\n<p><span style=\"color: #3b464c; font-family: Tahoma, Verdana; font-size: 16.2px;\">Facebook：<a href=\"https://www.facebook.com/\">長者家</a></span></p>', 1, 0, 0, 2, '2018-11-08 03:56:21', 2, '', '2018-11-08 04:01:50', 2, 0, '0000-00-00 00:00:00', '2018-11-08 03:56:21', '0000-00-00 00:00:00', '{\"image_intro\":\"images\\/11004073887.jpg\",\"float_intro\":\"\",\"image_intro_alt\":\"\",\"image_intro_caption\":\"\",\"image_fulltext\":\"\",\"float_fulltext\":\"\",\"image_fulltext_alt\":\"\",\"image_fulltext_caption\":\"\"}', '{\"urla\":false,\"urlatext\":\"\",\"targeta\":\"\",\"urlb\":false,\"urlbtext\":\"\",\"targetb\":\"\",\"urlc\":false,\"urlctext\":\"\",\"targetc\":\"\"}', '{\"show_title\":\"\",\"link_titles\":\"\",\"show_intro\":\"\",\"show_category\":\"\",\"link_category\":\"\",\"show_parent_category\":\"\",\"link_parent_category\":\"\",\"show_author\":\"\",\"link_author\":\"\",\"show_create_date\":\"\",\"show_modify_date\":\"\",\"show_publish_date\":\"\",\"show_item_navigation\":\"\",\"show_icons\":\"\",\"show_print_icon\":\"\",\"show_email_icon\":\"\",\"show_vote\":\"\",\"show_hits\":\"\",\"show_noauth\":\"\",\"urls_position\":\"\",\"alternative_readmore\":\"\",\"article_layout\":\"\",\"show_publishing_options\":\"\",\"show_article_options\":\"\",\"show_urls_images_backend\":\"\",\"show_urls_images_frontend\":\"\"}', 4, 0, 0, '', '', 1, 35, '{\"robots\":\"\",\"author\":\"\",\"rights\":\"\",\"xreference\":\"\"}', 0, '*', '');

-- --------------------------------------------------------

--
-- 資料表結構 `wos_content_frontpage`
--

CREATE TABLE `wos_content_frontpage` (
  `content_id` int NOT NULL DEFAULT '0',
  `ordering` int NOT NULL DEFAULT '0'
) ENGINE=InnoDB DEFAULT CHARSET=utf8mb3;

--
-- 傾印資料表的資料 `wos_content_frontpage`
--

INSERT INTO `wos_content_frontpage` (`content_id`, `ordering`) VALUES
(131, 1);

-- --------------------------------------------------------

--
-- 資料表結構 `wos_content_rating`
--

CREATE TABLE `wos_content_rating` (
  `content_id` int NOT NULL DEFAULT '0',
  `rating_sum` int UNSIGNED NOT NULL DEFAULT '0',
  `rating_count` int UNSIGNED NOT NULL DEFAULT '0',
  `lastip` varchar(50) NOT NULL DEFAULT ''
) ENGINE=InnoDB DEFAULT CHARSET=utf8mb3;

-- --------------------------------------------------------

--
-- 資料表結構 `wos_core_log_searches`
--

CREATE TABLE `wos_core_log_searches` (
  `search_term` varchar(128) NOT NULL DEFAULT '',
  `hits` int UNSIGNED NOT NULL DEFAULT '0'
) ENGINE=InnoDB DEFAULT CHARSET=utf8mb3;

-- --------------------------------------------------------

--
-- 資料表結構 `wos_dbcache`
--

CREATE TABLE `wos_dbcache` (
  `id` varchar(32) NOT NULL DEFAULT '',
  `groupname` varchar(32) NOT NULL DEFAULT '',
  `expire` datetime NOT NULL DEFAULT '0000-00-00 00:00:00',
  `value` mediumblob NOT NULL
) ENGINE=InnoDB DEFAULT CHARSET=utf8mb3;

-- --------------------------------------------------------

--
-- 資料表結構 `wos_easyjoomlabackup`
--

CREATE TABLE `wos_easyjoomlabackup` (
  `id` int NOT NULL,
  `date` datetime NOT NULL,
  `comment` tinytext NOT NULL,
  `type` varchar(32) NOT NULL,
  `size` varchar(12) NOT NULL,
  `duration` varchar(8) NOT NULL,
  `name` tinytext NOT NULL
) ENGINE=InnoDB DEFAULT CHARSET=utf8mb3;

-- --------------------------------------------------------

--
-- 資料表結構 `wos_extensions`
--

CREATE TABLE `wos_extensions` (
  `extension_id` int NOT NULL,
  `name` varchar(100) NOT NULL,
  `type` varchar(20) NOT NULL,
  `element` varchar(100) NOT NULL,
  `folder` varchar(100) NOT NULL,
  `client_id` tinyint NOT NULL,
  `enabled` tinyint NOT NULL DEFAULT '1',
  `access` int UNSIGNED NOT NULL DEFAULT '1',
  `protected` tinyint NOT NULL DEFAULT '0',
  `manifest_cache` text NOT NULL,
  `params` text NOT NULL,
  `custom_data` text NOT NULL,
  `system_data` text NOT NULL,
  `checked_out` int UNSIGNED NOT NULL DEFAULT '0',
  `checked_out_time` datetime NOT NULL DEFAULT '0000-00-00 00:00:00',
  `ordering` int DEFAULT '0',
  `state` int DEFAULT '0'
) ENGINE=InnoDB DEFAULT CHARSET=utf8mb3;

--
-- 傾印資料表的資料 `wos_extensions`
--

INSERT INTO `wos_extensions` (`extension_id`, `name`, `type`, `element`, `folder`, `client_id`, `enabled`, `access`, `protected`, `manifest_cache`, `params`, `custom_data`, `system_data`, `checked_out`, `checked_out_time`, `ordering`, `state`) VALUES
(1, 'com_mailto', 'component', 'com_mailto', '', 0, 1, 1, 1, '{\"legacy\":false,\"name\":\"com_mailto\",\"type\":\"component\",\"creationDate\":\"April 2006\",\"author\":\"Joomla! Project\",\"copyright\":\"(C) 2005 - 2014 Open Source Matters. All rights reserved.\\t\",\"authorEmail\":\"admin@joomla.org\",\"authorUrl\":\"www.joomla.org\",\"version\":\"2.5.0\",\"description\":\"COM_MAILTO_XML_DESCRIPTION\",\"group\":\"\"}', '', '', '', 0, '0000-00-00 00:00:00', 0, 0),
(2, 'com_wrapper', 'component', 'com_wrapper', '', 0, 1, 1, 1, '{\"legacy\":false,\"name\":\"com_wrapper\",\"type\":\"component\",\"creationDate\":\"April 2006\",\"author\":\"Joomla! Project\",\"copyright\":\"(C) 2005 - 2014 Open Source Matters. All rights reserved.\\n\\t\",\"authorEmail\":\"admin@joomla.org\",\"authorUrl\":\"www.joomla.org\",\"version\":\"2.5.0\",\"description\":\"COM_WRAPPER_XML_DESCRIPTION\",\"group\":\"\"}', '', '', '', 0, '0000-00-00 00:00:00', 0, 0),
(3, 'com_admin', 'component', 'com_admin', '', 1, 1, 1, 1, '{\"legacy\":false,\"name\":\"com_admin\",\"type\":\"component\",\"creationDate\":\"April 2006\",\"author\":\"Joomla! Project\",\"copyright\":\"(C) 2005 - 2014 Open Source Matters. All rights reserved.\\n\\t\",\"authorEmail\":\"admin@joomla.org\",\"authorUrl\":\"www.joomla.org\",\"version\":\"2.5.0\",\"description\":\"COM_ADMIN_XML_DESCRIPTION\",\"group\":\"\"}', '', '', '', 0, '0000-00-00 00:00:00', 0, 0),
(4, 'com_banners', 'component', 'com_banners', '', 1, 1, 1, 0, '{\"legacy\":false,\"name\":\"com_banners\",\"type\":\"component\",\"creationDate\":\"April 2006\",\"author\":\"Joomla! Project\",\"copyright\":\"(C) 2005 - 2014 Open Source Matters. All rights reserved.\\n\\t\",\"authorEmail\":\"admin@joomla.org\",\"authorUrl\":\"www.joomla.org\",\"version\":\"2.5.0\",\"description\":\"COM_BANNERS_XML_DESCRIPTION\",\"group\":\"\"}', '{\"purchase_type\":\"3\",\"track_impressions\":\"0\",\"track_clicks\":\"0\",\"metakey_prefix\":\"\"}', '', '', 0, '0000-00-00 00:00:00', 0, 0),
(5, 'com_cache', 'component', 'com_cache', '', 1, 1, 1, 1, '{\"legacy\":false,\"name\":\"com_cache\",\"type\":\"component\",\"creationDate\":\"April 2006\",\"author\":\"Joomla! Project\",\"copyright\":\"(C) 2005 - 2014 Open Source Matters. All rights reserved.\\t\",\"authorEmail\":\"admin@joomla.org\",\"authorUrl\":\"www.joomla.org\",\"version\":\"2.5.0\",\"description\":\"COM_CACHE_XML_DESCRIPTION\",\"group\":\"\"}', '', '', '', 0, '0000-00-00 00:00:00', 0, 0),
(6, 'com_categories', 'component', 'com_categories', '', 1, 1, 1, 1, '{\"legacy\":false,\"name\":\"com_categories\",\"type\":\"component\",\"creationDate\":\"December 2007\",\"author\":\"Joomla! Project\",\"copyright\":\"(C) 2005 - 2014 Open Source Matters. All rights reserved.\",\"authorEmail\":\"admin@joomla.org\",\"authorUrl\":\"www.joomla.org\",\"version\":\"2.5.0\",\"description\":\"COM_CATEGORIES_XML_DESCRIPTION\",\"group\":\"\"}', '', '', '', 0, '0000-00-00 00:00:00', 0, 0),
(7, 'com_checkin', 'component', 'com_checkin', '', 1, 1, 1, 1, '{\"legacy\":false,\"name\":\"com_checkin\",\"type\":\"component\",\"creationDate\":\"Unknown\",\"author\":\"Joomla! Project\",\"copyright\":\"(C) 2005 - 2008 Open Source Matters. All rights reserved.\\n\\t\",\"authorEmail\":\"admin@joomla.org\",\"authorUrl\":\"www.joomla.org\",\"version\":\"2.5.0\",\"description\":\"COM_CHECKIN_XML_DESCRIPTION\",\"group\":\"\"}', '', '', '', 0, '0000-00-00 00:00:00', 0, 0),
(8, 'com_contact', 'component', 'com_contact', '', 1, 1, 1, 0, '{\"legacy\":false,\"name\":\"com_contact\",\"type\":\"component\",\"creationDate\":\"April 2006\",\"author\":\"Joomla! Project\",\"copyright\":\"(C) 2005 - 2014 Open Source Matters. All rights reserved.\\n\\t\",\"authorEmail\":\"admin@joomla.org\",\"authorUrl\":\"www.joomla.org\",\"version\":\"2.5.0\",\"description\":\"COM_CONTACT_XML_DESCRIPTION\",\"group\":\"\"}', '{\"show_contact_category\":\"hide\",\"show_contact_list\":\"0\",\"presentation_style\":\"sliders\",\"show_name\":\"1\",\"show_position\":\"1\",\"show_email\":\"0\",\"show_street_address\":\"1\",\"show_suburb\":\"1\",\"show_state\":\"1\",\"show_postcode\":\"1\",\"show_country\":\"1\",\"show_telephone\":\"1\",\"show_mobile\":\"1\",\"show_fax\":\"1\",\"show_webpage\":\"1\",\"show_misc\":\"1\",\"show_image\":\"1\",\"image\":\"\",\"allow_vcard\":\"0\",\"show_articles\":\"0\",\"show_profile\":\"0\",\"show_links\":\"0\",\"linka_name\":\"\",\"linkb_name\":\"\",\"linkc_name\":\"\",\"linkd_name\":\"\",\"linke_name\":\"\",\"contact_icons\":\"0\",\"icon_address\":\"\",\"icon_email\":\"\",\"icon_telephone\":\"\",\"icon_mobile\":\"\",\"icon_fax\":\"\",\"icon_misc\":\"\",\"show_headings\":\"1\",\"show_position_headings\":\"1\",\"show_email_headings\":\"0\",\"show_telephone_headings\":\"1\",\"show_mobile_headings\":\"0\",\"show_fax_headings\":\"0\",\"allow_vcard_headings\":\"0\",\"show_suburb_headings\":\"1\",\"show_state_headings\":\"1\",\"show_country_headings\":\"1\",\"show_email_form\":\"1\",\"show_email_copy\":\"1\",\"banned_email\":\"\",\"banned_subject\":\"\",\"banned_text\":\"\",\"validate_session\":\"1\",\"custom_reply\":\"0\",\"redirect\":\"\",\"show_category_crumb\":\"0\",\"metakey\":\"\",\"metadesc\":\"\",\"robots\":\"\",\"author\":\"\",\"rights\":\"\",\"xreference\":\"\"}', '', '', 0, '0000-00-00 00:00:00', 0, 0),
(9, 'com_cpanel', 'component', 'com_cpanel', '', 1, 1, 1, 1, '{\"legacy\":false,\"name\":\"com_cpanel\",\"type\":\"component\",\"creationDate\":\"April 2006\",\"author\":\"Joomla! Project\",\"copyright\":\"(C) 2005 - 2014 Open Source Matters. All rights reserved.\",\"authorEmail\":\"admin@joomla.org\",\"authorUrl\":\"www.joomla.org\",\"version\":\"2.5.0\",\"description\":\"COM_CPANEL_XML_DESCRIPTION\",\"group\":\"\"}', '', '', '', 0, '0000-00-00 00:00:00', 0, 0),
(10, 'com_installer', 'component', 'com_installer', '', 1, 1, 1, 1, '{\"legacy\":false,\"name\":\"com_installer\",\"type\":\"component\",\"creationDate\":\"April 2006\",\"author\":\"Joomla! Project\",\"copyright\":\"(C) 2005 - 2014 Open Source Matters. All rights reserved.\\t\",\"authorEmail\":\"admin@joomla.org\",\"authorUrl\":\"www.joomla.org\",\"version\":\"2.5.0\",\"description\":\"COM_INSTALLER_XML_DESCRIPTION\",\"group\":\"\"}', '{}', '', '', 0, '0000-00-00 00:00:00', 0, 0),
(11, 'com_languages', 'component', 'com_languages', '', 1, 1, 1, 1, '{\"legacy\":false,\"name\":\"com_languages\",\"type\":\"component\",\"creationDate\":\"2006\",\"author\":\"Joomla! Project\",\"copyright\":\"(C) 2005 - 2014 Open Source Matters. All rights reserved.\\n\\t\",\"authorEmail\":\"admin@joomla.org\",\"authorUrl\":\"www.joomla.org\",\"version\":\"2.5.0\",\"description\":\"COM_LANGUAGES_XML_DESCRIPTION\",\"group\":\"\"}', '{\"administrator\":\"zh-TW\",\"site\":\"zh-TW\"}', '', '', 0, '0000-00-00 00:00:00', 0, 0),
(12, 'com_login', 'component', 'com_login', '', 1, 1, 1, 1, '{\"legacy\":false,\"name\":\"com_login\",\"type\":\"component\",\"creationDate\":\"April 2006\",\"author\":\"Joomla! Project\",\"copyright\":\"(C) 2005 - 2014 Open Source Matters. All rights reserved.\\t\",\"authorEmail\":\"admin@joomla.org\",\"authorUrl\":\"www.joomla.org\",\"version\":\"2.5.0\",\"description\":\"COM_LOGIN_XML_DESCRIPTION\",\"group\":\"\"}', '', '', '', 0, '0000-00-00 00:00:00', 0, 0),
(13, 'com_media', 'component', 'com_media', '', 1, 1, 0, 1, '{\"legacy\":false,\"name\":\"com_media\",\"type\":\"component\",\"creationDate\":\"April 2006\",\"author\":\"Joomla! Project\",\"copyright\":\"(C) 2005 - 2014 Open Source Matters. All rights reserved.\\t\",\"authorEmail\":\"admin@joomla.org\",\"authorUrl\":\"www.joomla.org\",\"version\":\"2.5.0\",\"description\":\"COM_MEDIA_XML_DESCRIPTION\",\"group\":\"\"}', '{\"upload_extensions\":\"bmp,csv,doc,gif,ico,jpg,jpeg,odg,odp,ods,odt,pdf,png,ppt,swf,txt,xcf,xls,BMP,CSV,DOC,GIF,ICO,JPG,JPEG,ODG,ODP,ODS,ODT,PDF,PNG,PPT,SWF,TXT,XCF,XLS\",\"upload_maxsize\":\"10\",\"file_path\":\"images\",\"image_path\":\"images\",\"restrict_uploads\":\"1\",\"allowed_media_usergroup\":\"3\",\"check_mime\":\"1\",\"image_extensions\":\"bmp,gif,jpg,png\",\"ignore_extensions\":\"\",\"upload_mime\":\"image\\/jpeg,image\\/gif,image\\/png,image\\/bmp,application\\/x-shockwave-flash,application\\/msword,application\\/excel,application\\/pdf,application\\/powerpoint,text\\/plain,application\\/x-zip\",\"upload_mime_illegal\":\"text\\/html\",\"enable_flash\":\"0\"}', '', '', 0, '0000-00-00 00:00:00', 0, 0),
(14, 'com_menus', 'component', 'com_menus', '', 1, 1, 1, 1, '{\"legacy\":false,\"name\":\"com_menus\",\"type\":\"component\",\"creationDate\":\"April 2006\",\"author\":\"Joomla! Project\",\"copyright\":\"(C) 2005 - 2014 Open Source Matters. All rights reserved.\\t\",\"authorEmail\":\"admin@joomla.org\",\"authorUrl\":\"www.joomla.org\",\"version\":\"2.5.0\",\"description\":\"COM_MENUS_XML_DESCRIPTION\",\"group\":\"\"}', '{}', '', '', 0, '0000-00-00 00:00:00', 0, 0),
(15, 'com_messages', 'component', 'com_messages', '', 1, 1, 1, 1, '{\"legacy\":false,\"name\":\"com_messages\",\"type\":\"component\",\"creationDate\":\"April 2006\",\"author\":\"Joomla! Project\",\"copyright\":\"(C) 2005 - 2014 Open Source Matters. All rights reserved.\\t\",\"authorEmail\":\"admin@joomla.org\",\"authorUrl\":\"www.joomla.org\",\"version\":\"2.5.0\",\"description\":\"COM_MESSAGES_XML_DESCRIPTION\",\"group\":\"\"}', '', '', '', 0, '0000-00-00 00:00:00', 0, 0),
(16, 'com_modules', 'component', 'com_modules', '', 1, 1, 1, 1, '{\"legacy\":false,\"name\":\"com_modules\",\"type\":\"component\",\"creationDate\":\"April 2006\",\"author\":\"Joomla! Project\",\"copyright\":\"(C) 2005 - 2014 Open Source Matters. All rights reserved.\\t\",\"authorEmail\":\"admin@joomla.org\",\"authorUrl\":\"www.joomla.org\",\"version\":\"2.5.0\",\"description\":\"COM_MODULES_XML_DESCRIPTION\",\"group\":\"\"}', '{}', '', '', 0, '0000-00-00 00:00:00', 0, 0),
(17, 'com_newsfeeds', 'component', 'com_newsfeeds', '', 1, 1, 1, 0, '{\"legacy\":false,\"name\":\"com_newsfeeds\",\"type\":\"component\",\"creationDate\":\"April 2006\",\"author\":\"Joomla! Project\",\"copyright\":\"(C) 2005 - 2014 Open Source Matters. All rights reserved.\\t\",\"authorEmail\":\"admin@joomla.org\",\"authorUrl\":\"www.joomla.org\",\"version\":\"2.5.0\",\"description\":\"COM_NEWSFEEDS_XML_DESCRIPTION\",\"group\":\"\"}', '{\"show_feed_image\":\"1\",\"show_feed_description\":\"1\",\"show_item_description\":\"1\",\"feed_word_count\":\"0\",\"show_headings\":\"1\",\"show_name\":\"1\",\"show_articles\":\"0\",\"show_link\":\"1\",\"show_description\":\"1\",\"show_description_image\":\"1\",\"display_num\":\"\",\"show_pagination_limit\":\"1\",\"show_pagination\":\"1\",\"show_pagination_results\":\"1\",\"show_cat_items\":\"1\"}', '', '', 0, '0000-00-00 00:00:00', 0, 0),
(18, 'com_plugins', 'component', 'com_plugins', '', 1, 1, 1, 1, '{\"legacy\":false,\"name\":\"com_plugins\",\"type\":\"component\",\"creationDate\":\"April 2006\",\"author\":\"Joomla! Project\",\"copyright\":\"(C) 2005 - 2014 Open Source Matters. All rights reserved.\\t\",\"authorEmail\":\"admin@joomla.org\",\"authorUrl\":\"www.joomla.org\",\"version\":\"2.5.0\",\"description\":\"COM_PLUGINS_XML_DESCRIPTION\",\"group\":\"\"}', '{}', '', '', 0, '0000-00-00 00:00:00', 0, 0),
(19, 'com_search', 'component', 'com_search', '', 1, 1, 1, 1, '{\"legacy\":false,\"name\":\"com_search\",\"type\":\"component\",\"creationDate\":\"April 2006\",\"author\":\"Joomla! Project\",\"copyright\":\"(C) 2005 - 2014 Open Source Matters. All rights reserved.\\n\\t\",\"authorEmail\":\"admin@joomla.org\",\"authorUrl\":\"www.joomla.org\",\"version\":\"2.5.0\",\"description\":\"COM_SEARCH_XML_DESCRIPTION\",\"group\":\"\"}', '{\"enabled\":\"0\",\"search_areas\":\"0\",\"show_date\":\"0\",\"opensearch_name\":\"\",\"opensearch_description\":\"\"}', '', '', 0, '0000-00-00 00:00:00', 0, 0),
(20, 'com_templates', 'component', 'com_templates', '', 1, 1, 1, 1, '{\"legacy\":false,\"name\":\"com_templates\",\"type\":\"component\",\"creationDate\":\"April 2006\",\"author\":\"Joomla! Project\",\"copyright\":\"(C) 2005 - 2014 Open Source Matters. All rights reserved.\\t\",\"authorEmail\":\"admin@joomla.org\",\"authorUrl\":\"www.joomla.org\",\"version\":\"2.5.0\",\"description\":\"COM_TEMPLATES_XML_DESCRIPTION\",\"group\":\"\"}', '{}', '', '', 0, '0000-00-00 00:00:00', 0, 0),
(21, 'com_weblinks', 'component', 'com_weblinks', '', 1, 1, 1, 0, '{\"legacy\":false,\"name\":\"com_weblinks\",\"type\":\"component\",\"creationDate\":\"April 2006\",\"author\":\"Joomla! Project\",\"copyright\":\"(C) 2005 - 2014 Open Source Matters. All rights reserved.\\n\\t\",\"authorEmail\":\"admin@joomla.org\",\"authorUrl\":\"www.joomla.org\",\"version\":\"2.5.0\",\"description\":\"COM_WEBLINKS_XML_DESCRIPTION\",\"group\":\"\"}', '{\"show_comp_description\":\"1\",\"comp_description\":\"\",\"show_link_hits\":\"1\",\"show_link_description\":\"1\",\"show_other_cats\":\"0\",\"show_headings\":\"0\",\"show_numbers\":\"0\",\"show_report\":\"1\",\"count_clicks\":\"1\",\"target\":\"0\",\"link_icons\":\"\"}', '', '', 0, '0000-00-00 00:00:00', 0, 0),
(22, 'com_content', 'component', 'com_content', '', 1, 1, 0, 1, '{\"legacy\":false,\"name\":\"com_content\",\"type\":\"component\",\"creationDate\":\"April 2006\",\"author\":\"Joomla! Project\",\"copyright\":\"(C) 2005 - 2014 Open Source Matters. All rights reserved.\\t\",\"authorEmail\":\"admin@joomla.org\",\"authorUrl\":\"www.joomla.org\",\"version\":\"2.5.0\",\"description\":\"COM_CONTENT_XML_DESCRIPTION\",\"group\":\"\"}', '{\"article_layout\":\"_:default\",\"show_title\":\"1\",\"link_titles\":\"1\",\"show_intro\":\"0\",\"show_category\":\"1\",\"link_category\":\"1\",\"show_parent_category\":\"0\",\"link_parent_category\":\"0\",\"show_author\":\"0\",\"link_author\":\"0\",\"show_create_date\":\"0\",\"show_modify_date\":\"0\",\"show_publish_date\":\"1\",\"show_item_navigation\":\"1\",\"show_vote\":\"0\",\"show_readmore\":\"1\",\"show_readmore_title\":\"0\",\"readmore_limit\":\"100\",\"show_icons\":\"0\",\"show_print_icon\":\"0\",\"show_email_icon\":\"0\",\"show_hits\":\"0\",\"show_noauth\":\"0\",\"urls_position\":\"0\",\"show_publishing_options\":\"1\",\"show_article_options\":\"1\",\"show_urls_images_frontend\":\"0\",\"show_urls_images_backend\":\"1\",\"targeta\":0,\"targetb\":0,\"targetc\":0,\"float_intro\":\"left\",\"float_fulltext\":\"left\",\"category_layout\":\"_:blog\",\"show_category_heading_title_text\":\"1\",\"show_category_title\":\"0\",\"show_description\":\"0\",\"show_description_image\":\"0\",\"maxLevel\":\"1\",\"show_empty_categories\":\"0\",\"show_no_articles\":\"1\",\"show_subcat_desc\":\"1\",\"show_cat_num_articles\":\"0\",\"show_base_description\":\"1\",\"maxLevelcat\":\"-1\",\"show_empty_categories_cat\":\"0\",\"show_subcat_desc_cat\":\"1\",\"show_cat_num_articles_cat\":\"1\",\"num_leading_articles\":\"0\",\"num_intro_articles\":\"10\",\"num_columns\":\"1\",\"num_links\":\"0\",\"multi_column_order\":\"0\",\"show_subcategory_content\":\"0\",\"show_pagination_limit\":\"1\",\"filter_field\":\"hide\",\"show_headings\":\"1\",\"list_show_date\":\"0\",\"date_format\":\"\",\"list_show_hits\":\"1\",\"list_show_author\":\"1\",\"orderby_pri\":\"order\",\"orderby_sec\":\"rdate\",\"order_date\":\"published\",\"show_pagination\":\"2\",\"show_pagination_results\":\"1\",\"show_feed_link\":\"1\",\"feed_summary\":\"0\",\"feed_show_readmore\":\"0\"}', '', '', 0, '0000-00-00 00:00:00', 0, 0),
(23, 'com_config', 'component', 'com_config', '', 1, 1, 0, 1, '{\"legacy\":false,\"name\":\"com_config\",\"type\":\"component\",\"creationDate\":\"April 2006\",\"author\":\"Joomla! Project\",\"copyright\":\"(C) 2005 - 2014 Open Source Matters. All rights reserved.\\t\",\"authorEmail\":\"admin@joomla.org\",\"authorUrl\":\"www.joomla.org\",\"version\":\"2.5.0\",\"description\":\"COM_CONFIG_XML_DESCRIPTION\",\"group\":\"\"}', '{\"filters\":{\"1\":{\"filter_type\":\"NH\",\"filter_tags\":\"\",\"filter_attributes\":\"\"},\"6\":{\"filter_type\":\"BL\",\"filter_tags\":\"\",\"filter_attributes\":\"\"},\"7\":{\"filter_type\":\"NONE\",\"filter_tags\":\"\",\"filter_attributes\":\"\"},\"2\":{\"filter_type\":\"NH\",\"filter_tags\":\"\",\"filter_attributes\":\"\"},\"3\":{\"filter_type\":\"BL\",\"filter_tags\":\"\",\"filter_attributes\":\"\"},\"4\":{\"filter_type\":\"BL\",\"filter_tags\":\"\",\"filter_attributes\":\"\"},\"5\":{\"filter_type\":\"BL\",\"filter_tags\":\"\",\"filter_attributes\":\"\"},\"8\":{\"filter_type\":\"NONE\",\"filter_tags\":\"\",\"filter_attributes\":\"\"}}}', '', '', 0, '0000-00-00 00:00:00', 0, 0),
(24, 'com_redirect', 'component', 'com_redirect', '', 1, 1, 0, 1, '{\"legacy\":false,\"name\":\"com_redirect\",\"type\":\"component\",\"creationDate\":\"April 2006\",\"author\":\"Joomla! Project\",\"copyright\":\"(C) 2005 - 2014 Open Source Matters. All rights reserved.\\t\",\"authorEmail\":\"admin@joomla.org\",\"authorUrl\":\"www.joomla.org\",\"version\":\"2.5.0\",\"description\":\"COM_REDIRECT_XML_DESCRIPTION\",\"group\":\"\"}', '{}', '', '', 0, '0000-00-00 00:00:00', 0, 0),
(25, 'com_users', 'component', 'com_users', '', 1, 1, 0, 1, '{\"legacy\":false,\"name\":\"com_users\",\"type\":\"component\",\"creationDate\":\"April 2006\",\"author\":\"Joomla! Project\",\"copyright\":\"(C) 2005 - 2014 Open Source Matters. All rights reserved.\\t\",\"authorEmail\":\"admin@joomla.org\",\"authorUrl\":\"www.joomla.org\",\"version\":\"2.5.0\",\"description\":\"COM_USERS_XML_DESCRIPTION\",\"group\":\"\"}', '{\"allowUserRegistration\":\"1\",\"new_usertype\":\"2\",\"guest_usergroup\":\"1\",\"sendpassword\":\"1\",\"useractivation\":\"1\",\"mail_to_admin\":\"0\",\"captcha\":\"\",\"frontend_userparams\":\"1\",\"site_language\":\"0\",\"change_login_name\":\"0\",\"reset_count\":\"10\",\"reset_time\":\"1\",\"mailSubjectPrefix\":\"\",\"mailBodySuffix\":\"\"}', '', '', 0, '0000-00-00 00:00:00', 0, 0),
(27, 'com_finder', 'component', 'com_finder', '', 1, 1, 0, 0, '{\"legacy\":false,\"name\":\"com_finder\",\"type\":\"component\",\"creationDate\":\"August 2011\",\"author\":\"Joomla! Project\",\"copyright\":\"(C) 2005 - 2012 Open Source Matters. All rights reserved.\",\"authorEmail\":\"admin@joomla.org\",\"authorUrl\":\"www.joomla.org\",\"version\":\"2.5.0\",\"description\":\"COM_FINDER_XML_DESCRIPTION\",\"group\":\"\"}', '{\"show_description\":\"1\",\"description_length\":255,\"allow_empty_query\":\"0\",\"show_url\":\"1\",\"show_advanced\":\"1\",\"expand_advanced\":\"0\",\"show_date_filters\":\"0\",\"highlight_terms\":\"1\",\"opensearch_name\":\"\",\"opensearch_description\":\"\",\"batch_size\":\"50\",\"memory_table_limit\":30000,\"title_multiplier\":\"1.7\",\"text_multiplier\":\"0.7\",\"meta_multiplier\":\"1.2\",\"path_multiplier\":\"2.0\",\"misc_multiplier\":\"0.3\",\"stemmer\":\"snowball\"}', '', '', 0, '0000-00-00 00:00:00', 0, 0),
(28, 'com_joomlaupdate', 'component', 'com_joomlaupdate', '', 1, 1, 0, 1, '{\"legacy\":false,\"name\":\"com_joomlaupdate\",\"type\":\"component\",\"creationDate\":\"February 2012\",\"author\":\"Joomla! Project\",\"copyright\":\"(C) 2005 - 2012 Open Source Matters. All rights reserved.\\t\",\"authorEmail\":\"admin@joomla.org\",\"authorUrl\":\"www.joomla.org\",\"version\":\"2.5.0\",\"description\":\"COM_JOOMLAUPDATE_XML_DESCRIPTION\",\"group\":\"\"}', '{}', '', '', 0, '0000-00-00 00:00:00', 0, 0),
(100, 'PHPMailer', 'library', 'phpmailer', '', 0, 1, 1, 1, '{\"legacy\":false,\"name\":\"PHPMailer\",\"type\":\"library\",\"creationDate\":\"2001\",\"author\":\"PHPMailer\",\"copyright\":\"(c) 2001-2003, Brent R. Matzelle, (c) 2004-2009, Andy Prevost. All Rights Reserved., (c) 2010-2011, Jim Jagielski. All Rights Reserved.\",\"authorEmail\":\"jimjag@gmail.com\",\"authorUrl\":\"https:\\/\\/code.google.com\\/a\\/apache-extras.org\\/p\\/phpmailer\\/\",\"version\":\"5.2\",\"description\":\"LIB_PHPMAILER_XML_DESCRIPTION\",\"group\":\"\"}', '', '', '', 0, '0000-00-00 00:00:00', 0, 0),
(101, 'SimplePie', 'library', 'simplepie', '', 0, 1, 1, 1, '{\"legacy\":false,\"name\":\"SimplePie\",\"type\":\"library\",\"creationDate\":\"2004\",\"author\":\"SimplePie\",\"copyright\":\"Copyright (c) 2004-2009, Ryan Parman and Geoffrey Sneddon\",\"authorEmail\":\"\",\"authorUrl\":\"http:\\/\\/simplepie.org\\/\",\"version\":\"1.2\",\"description\":\"LIB_SIMPLEPIE_XML_DESCRIPTION\",\"group\":\"\"}', '', '', '', 0, '0000-00-00 00:00:00', 0, 0),
(102, 'phputf8', 'library', 'phputf8', '', 0, 1, 1, 1, '{\"legacy\":false,\"name\":\"phputf8\",\"type\":\"library\",\"creationDate\":\"2006\",\"author\":\"Harry Fuecks\",\"copyright\":\"Copyright various authors\",\"authorEmail\":\"hfuecks@gmail.com\",\"authorUrl\":\"http:\\/\\/sourceforge.net\\/projects\\/phputf8\",\"version\":\"0.5\",\"description\":\"LIB_PHPUTF8_XML_DESCRIPTION\",\"group\":\"\"}', '', '', '', 0, '0000-00-00 00:00:00', 0, 0),
(103, 'Joomla! Platform', 'library', 'joomla', '', 0, 1, 1, 1, '{\"legacy\":false,\"name\":\"Joomla! Platform\",\"type\":\"library\",\"creationDate\":\"2008\",\"author\":\"Joomla! Project\",\"copyright\":\"Copyright (C) 2005 - 2014 Open Source Matters. All rights reserved.\",\"authorEmail\":\"admin@joomla.org\",\"authorUrl\":\"http:\\/\\/www.joomla.org\",\"version\":\"11.4\",\"description\":\"LIB_JOOMLA_XML_DESCRIPTION\",\"group\":\"\"}', '{}', '', '', 0, '0000-00-00 00:00:00', 0, 0),
(200, 'mod_articles_archive', 'module', 'mod_articles_archive', '', 0, 1, 1, 1, '{\"legacy\":false,\"name\":\"mod_articles_archive\",\"type\":\"module\",\"creationDate\":\"July 2006\",\"author\":\"Joomla! Project\",\"copyright\":\"Copyright (C) 2005 - 2014 Open Source Matters.\\n\\t\\tAll rights reserved.\",\"authorEmail\":\"admin@joomla.org\",\"authorUrl\":\"www.joomla.org\",\"version\":\"2.5.0\",\"description\":\"MOD_ARTICLES_ARCHIVE_XML_DESCRIPTION\",\"group\":\"\"}', '', '', '', 0, '0000-00-00 00:00:00', 0, 0),
(201, 'mod_articles_latest', 'module', 'mod_articles_latest', '', 0, 1, 1, 1, '{\"legacy\":false,\"name\":\"mod_articles_latest\",\"type\":\"module\",\"creationDate\":\"July 2004\",\"author\":\"Joomla! Project\",\"copyright\":\"Copyright (C) 2005 - 2014 Open Source Matters. All rights reserved.\",\"authorEmail\":\"admin@joomla.org\",\"authorUrl\":\"www.joomla.org\",\"version\":\"2.5.0\",\"description\":\"MOD_LATEST_NEWS_XML_DESCRIPTION\",\"group\":\"\"}', '', '', '', 0, '0000-00-00 00:00:00', 0, 0),
(202, 'mod_articles_popular', 'module', 'mod_articles_popular', '', 0, 1, 1, 0, '{\"legacy\":false,\"name\":\"mod_articles_popular\",\"type\":\"module\",\"creationDate\":\"July 2006\",\"author\":\"Joomla! Project\",\"copyright\":\"Copyright (C) 2005 - 2014 Open Source Matters. All rights reserved.\",\"authorEmail\":\"admin@joomla.org\",\"authorUrl\":\"www.joomla.org\",\"version\":\"2.5.0\",\"description\":\"MOD_POPULAR_XML_DESCRIPTION\",\"group\":\"\"}', '', '', '', 0, '0000-00-00 00:00:00', 0, 0),
(203, 'mod_banners', 'module', 'mod_banners', '', 0, 1, 1, 0, '{\"legacy\":false,\"name\":\"mod_banners\",\"type\":\"module\",\"creationDate\":\"July 2006\",\"author\":\"Joomla! Project\",\"copyright\":\"Copyright (C) 2005 - 2014 Open Source Matters. All rights reserved.\",\"authorEmail\":\"admin@joomla.org\",\"authorUrl\":\"www.joomla.org\",\"version\":\"2.5.0\",\"description\":\"MOD_BANNERS_XML_DESCRIPTION\",\"group\":\"\"}', '', '', '', 0, '0000-00-00 00:00:00', 0, 0),
(204, 'mod_breadcrumbs', 'module', 'mod_breadcrumbs', '', 0, 1, 1, 1, '{\"legacy\":false,\"name\":\"mod_breadcrumbs\",\"type\":\"module\",\"creationDate\":\"July 2006\",\"author\":\"Joomla! Project\",\"copyright\":\"Copyright (C) 2005 - 2014 Open Source Matters. All rights reserved.\",\"authorEmail\":\"admin@joomla.org\",\"authorUrl\":\"www.joomla.org\",\"version\":\"2.5.0\",\"description\":\"MOD_BREADCRUMBS_XML_DESCRIPTION\",\"group\":\"\"}', '', '', '', 0, '0000-00-00 00:00:00', 0, 0),
(205, 'mod_custom', 'module', 'mod_custom', '', 0, 1, 1, 1, '{\"legacy\":false,\"name\":\"mod_custom\",\"type\":\"module\",\"creationDate\":\"July 2004\",\"author\":\"Joomla! Project\",\"copyright\":\"Copyright (C) 2005 - 2014 Open Source Matters. All rights reserved.\",\"authorEmail\":\"admin@joomla.org\",\"authorUrl\":\"www.joomla.org\",\"version\":\"2.5.0\",\"description\":\"MOD_CUSTOM_XML_DESCRIPTION\",\"group\":\"\"}', '', '', '', 0, '0000-00-00 00:00:00', 0, 0),
(206, 'mod_feed', 'module', 'mod_feed', '', 0, 1, 1, 1, '{\"legacy\":false,\"name\":\"mod_feed\",\"type\":\"module\",\"creationDate\":\"July 2005\",\"author\":\"Joomla! Project\",\"copyright\":\"Copyright (C) 2005 - 2014 Open Source Matters. All rights reserved.\",\"authorEmail\":\"admin@joomla.org\",\"authorUrl\":\"www.joomla.org\",\"version\":\"2.5.0\",\"description\":\"MOD_FEED_XML_DESCRIPTION\",\"group\":\"\"}', '', '', '', 0, '0000-00-00 00:00:00', 0, 0),
(207, 'mod_footer', 'module', 'mod_footer', '', 0, 1, 1, 1, '{\"legacy\":false,\"name\":\"mod_footer\",\"type\":\"module\",\"creationDate\":\"July 2006\",\"author\":\"Joomla! Project\",\"copyright\":\"Copyright (C) 2005 - 2014 Open Source Matters. All rights reserved.\",\"authorEmail\":\"admin@joomla.org\",\"authorUrl\":\"www.joomla.org\",\"version\":\"2.5.0\",\"description\":\"MOD_FOOTER_XML_DESCRIPTION\",\"group\":\"\"}', '', '', '', 0, '0000-00-00 00:00:00', 0, 0),
(208, 'mod_login', 'module', 'mod_login', '', 0, 1, 1, 1, '{\"legacy\":false,\"name\":\"mod_login\",\"type\":\"module\",\"creationDate\":\"July 2006\",\"author\":\"Joomla! Project\",\"copyright\":\"Copyright (C) 2005 - 2014 Open Source Matters. All rights reserved.\",\"authorEmail\":\"admin@joomla.org\",\"authorUrl\":\"www.joomla.org\",\"version\":\"2.5.0\",\"description\":\"MOD_LOGIN_XML_DESCRIPTION\",\"group\":\"\"}', '', '', '', 0, '0000-00-00 00:00:00', 0, 0),
(209, 'mod_menu', 'module', 'mod_menu', '', 0, 1, 1, 1, '{\"legacy\":false,\"name\":\"mod_menu\",\"type\":\"module\",\"creationDate\":\"July 2004\",\"author\":\"Joomla! Project\",\"copyright\":\"Copyright (C) 2005 - 2014 Open Source Matters. All rights reserved.\",\"authorEmail\":\"admin@joomla.org\",\"authorUrl\":\"www.joomla.org\",\"version\":\"2.5.0\",\"description\":\"MOD_MENU_XML_DESCRIPTION\",\"group\":\"\"}', '', '', '', 0, '0000-00-00 00:00:00', 0, 0),
(210, 'mod_articles_news', 'module', 'mod_articles_news', '', 0, 1, 1, 0, '{\"legacy\":false,\"name\":\"mod_articles_news\",\"type\":\"module\",\"creationDate\":\"July 2006\",\"author\":\"Joomla! Project\",\"copyright\":\"Copyright (C) 2005 - 2014 Open Source Matters. All rights reserved.\",\"authorEmail\":\"admin@joomla.org\",\"authorUrl\":\"www.joomla.org\",\"version\":\"2.5.0\",\"description\":\"MOD_ARTICLES_NEWS_XML_DESCRIPTION\",\"group\":\"\"}', '', '', '', 0, '0000-00-00 00:00:00', 0, 0),
(211, 'mod_random_image', 'module', 'mod_random_image', '', 0, 1, 1, 0, '{\"legacy\":false,\"name\":\"mod_random_image\",\"type\":\"module\",\"creationDate\":\"July 2006\",\"author\":\"Joomla! Project\",\"copyright\":\"Copyright (C) 2005 - 2014 Open Source Matters. All rights reserved.\",\"authorEmail\":\"admin@joomla.org\",\"authorUrl\":\"www.joomla.org\",\"version\":\"2.5.0\",\"description\":\"MOD_RANDOM_IMAGE_XML_DESCRIPTION\",\"group\":\"\"}', '', '', '', 0, '0000-00-00 00:00:00', 0, 0),
(212, 'mod_related_items', 'module', 'mod_related_items', '', 0, 1, 1, 0, '{\"legacy\":false,\"name\":\"mod_related_items\",\"type\":\"module\",\"creationDate\":\"July 2004\",\"author\":\"Joomla! Project\",\"copyright\":\"Copyright (C) 2005 - 2014 Open Source Matters. All rights reserved.\",\"authorEmail\":\"admin@joomla.org\",\"authorUrl\":\"www.joomla.org\",\"version\":\"2.5.0\",\"description\":\"MOD_RELATED_XML_DESCRIPTION\",\"group\":\"\"}', '', '', '', 0, '0000-00-00 00:00:00', 0, 0),
(213, 'mod_search', 'module', 'mod_search', '', 0, 1, 1, 0, '{\"legacy\":false,\"name\":\"mod_search\",\"type\":\"module\",\"creationDate\":\"July 2004\",\"author\":\"Joomla! Project\",\"copyright\":\"Copyright (C) 2005 - 2014 Open Source Matters. All rights reserved.\",\"authorEmail\":\"admin@joomla.org\",\"authorUrl\":\"www.joomla.org\",\"version\":\"2.5.0\",\"description\":\"MOD_SEARCH_XML_DESCRIPTION\",\"group\":\"\"}', '', '', '', 0, '0000-00-00 00:00:00', 0, 0),
(214, 'mod_stats', 'module', 'mod_stats', '', 0, 1, 1, 0, '{\"legacy\":false,\"name\":\"mod_stats\",\"type\":\"module\",\"creationDate\":\"July 2004\",\"author\":\"Joomla! Project\",\"copyright\":\"Copyright (C) 2005 - 2014 Open Source Matters. All rights reserved.\",\"authorEmail\":\"admin@joomla.org\",\"authorUrl\":\"www.joomla.org\",\"version\":\"2.5.0\",\"description\":\"MOD_STATS_XML_DESCRIPTION\",\"group\":\"\"}', '', '', '', 0, '0000-00-00 00:00:00', 0, 0),
(215, 'mod_syndicate', 'module', 'mod_syndicate', '', 0, 1, 1, 1, '{\"legacy\":false,\"name\":\"mod_syndicate\",\"type\":\"module\",\"creationDate\":\"May 2006\",\"author\":\"Joomla! Project\",\"copyright\":\"Copyright (C) 2005 - 2014 Open Source Matters. All rights reserved.\",\"authorEmail\":\"admin@joomla.org\",\"authorUrl\":\"www.joomla.org\",\"version\":\"2.5.0\",\"description\":\"MOD_SYNDICATE_XML_DESCRIPTION\",\"group\":\"\"}', '', '', '', 0, '0000-00-00 00:00:00', 0, 0),
(216, 'mod_users_latest', 'module', 'mod_users_latest', '', 0, 1, 1, 1, '{\"legacy\":false,\"name\":\"mod_users_latest\",\"type\":\"module\",\"creationDate\":\"December 2009\",\"author\":\"Joomla! Project\",\"copyright\":\"Copyright (C) 2005 - 2014 Open Source Matters. All rights reserved.\",\"authorEmail\":\"admin@joomla.org\",\"authorUrl\":\"www.joomla.org\",\"version\":\"2.5.0\",\"description\":\"MOD_USERS_LATEST_XML_DESCRIPTION\",\"group\":\"\"}', '', '', '', 0, '0000-00-00 00:00:00', 0, 0),
(217, 'mod_weblinks', 'module', 'mod_weblinks', '', 0, 1, 1, 0, '{\"legacy\":false,\"name\":\"mod_weblinks\",\"type\":\"module\",\"creationDate\":\"July 2009\",\"author\":\"Joomla! Project\",\"copyright\":\"Copyright (C) 2005 - 2014 Open Source Matters. All rights reserved.\",\"authorEmail\":\"admin@joomla.org\",\"authorUrl\":\"www.joomla.org\",\"version\":\"2.5.0\",\"description\":\"MOD_WEBLINKS_XML_DESCRIPTION\",\"group\":\"\"}', '', '', '', 0, '0000-00-00 00:00:00', 0, 0),
(218, 'mod_whosonline', 'module', 'mod_whosonline', '', 0, 1, 1, 0, '{\"legacy\":false,\"name\":\"mod_whosonline\",\"type\":\"module\",\"creationDate\":\"July 2004\",\"author\":\"Joomla! Project\",\"copyright\":\"Copyright (C) 2005 - 2014 Open Source Matters. All rights reserved.\",\"authorEmail\":\"admin@joomla.org\",\"authorUrl\":\"www.joomla.org\",\"version\":\"2.5.0\",\"description\":\"MOD_WHOSONLINE_XML_DESCRIPTION\",\"group\":\"\"}', '', '', '', 0, '0000-00-00 00:00:00', 0, 0),
(219, 'mod_wrapper', 'module', 'mod_wrapper', '', 0, 1, 1, 0, '{\"legacy\":false,\"name\":\"mod_wrapper\",\"type\":\"module\",\"creationDate\":\"October 2004\",\"author\":\"Joomla! Project\",\"copyright\":\"Copyright (C) 2005 - 2014 Open Source Matters. All rights reserved.\",\"authorEmail\":\"admin@joomla.org\",\"authorUrl\":\"www.joomla.org\",\"version\":\"2.5.0\",\"description\":\"MOD_WRAPPER_XML_DESCRIPTION\",\"group\":\"\"}', '', '', '', 0, '0000-00-00 00:00:00', 0, 0),
(220, 'mod_articles_category', 'module', 'mod_articles_category', '', 0, 1, 1, 1, '{\"legacy\":false,\"name\":\"mod_articles_category\",\"type\":\"module\",\"creationDate\":\"February 2010\",\"author\":\"Joomla! Project\",\"copyright\":\"Copyright (C) 2005 - 2014 Open Source Matters. All rights reserved.\",\"authorEmail\":\"admin@joomla.org\",\"authorUrl\":\"www.joomla.org\",\"version\":\"2.5.0\",\"description\":\"MOD_ARTICLES_CATEGORY_XML_DESCRIPTION\",\"group\":\"\"}', '', '', '', 0, '0000-00-00 00:00:00', 0, 0),
(221, 'mod_articles_categories', 'module', 'mod_articles_categories', '', 0, 1, 1, 1, '{\"legacy\":false,\"name\":\"mod_articles_categories\",\"type\":\"module\",\"creationDate\":\"February 2010\",\"author\":\"Joomla! Project\",\"copyright\":\"Copyright (C) 2005 - 2014 Open Source Matters. All rights reserved.\",\"authorEmail\":\"admin@joomla.org\",\"authorUrl\":\"www.joomla.org\",\"version\":\"2.5.0\",\"description\":\"MOD_ARTICLES_CATEGORIES_XML_DESCRIPTION\",\"group\":\"\"}', '', '', '', 0, '0000-00-00 00:00:00', 0, 0),
(222, 'mod_languages', 'module', 'mod_languages', '', 0, 1, 1, 1, '{\"legacy\":false,\"name\":\"mod_languages\",\"type\":\"module\",\"creationDate\":\"February 2010\",\"author\":\"Joomla! Project\",\"copyright\":\"Copyright (C) 2005 - 2014 Open Source Matters. All rights reserved.\",\"authorEmail\":\"admin@joomla.org\",\"authorUrl\":\"www.joomla.org\",\"version\":\"2.5.0\",\"description\":\"MOD_LANGUAGES_XML_DESCRIPTION\",\"group\":\"\"}', '', '', '', 0, '0000-00-00 00:00:00', 0, 0),
(223, 'mod_finder', 'module', 'mod_finder', '', 0, 1, 0, 0, '{\"legacy\":false,\"name\":\"mod_finder\",\"type\":\"module\",\"creationDate\":\"August 2011\",\"author\":\"Joomla! Project\",\"copyright\":\"(C) 2005 - 2012 Open Source Matters. All rights reserved.\",\"authorEmail\":\"admin@joomla.org\",\"authorUrl\":\"www.joomla.org\",\"version\":\"2.5.0\",\"description\":\"MOD_FINDER_XML_DESCRIPTION\",\"group\":\"\"}', '', '', '', 0, '0000-00-00 00:00:00', 0, 0),
(300, 'mod_custom', 'module', 'mod_custom', '', 1, 1, 1, 1, '{\"legacy\":false,\"name\":\"mod_custom\",\"type\":\"module\",\"creationDate\":\"July 2004\",\"author\":\"Joomla! Project\",\"copyright\":\"Copyright (C) 2005 - 2014 Open Source Matters. All rights reserved.\",\"authorEmail\":\"admin@joomla.org\",\"authorUrl\":\"www.joomla.org\",\"version\":\"2.5.0\",\"description\":\"MOD_CUSTOM_XML_DESCRIPTION\",\"group\":\"\"}', '', '', '', 0, '0000-00-00 00:00:00', 0, 0),
(301, 'mod_feed', 'module', 'mod_feed', '', 1, 1, 1, 0, '{\"legacy\":false,\"name\":\"mod_feed\",\"type\":\"module\",\"creationDate\":\"July 2005\",\"author\":\"Joomla! Project\",\"copyright\":\"Copyright (C) 2005 - 2014 Open Source Matters. All rights reserved.\",\"authorEmail\":\"admin@joomla.org\",\"authorUrl\":\"www.joomla.org\",\"version\":\"2.5.0\",\"description\":\"MOD_FEED_XML_DESCRIPTION\",\"group\":\"\"}', '', '', '', 0, '0000-00-00 00:00:00', 0, 0),
(302, 'mod_latest', 'module', 'mod_latest', '', 1, 1, 1, 0, '{\"legacy\":false,\"name\":\"mod_latest\",\"type\":\"module\",\"creationDate\":\"July 2004\",\"author\":\"Joomla! Project\",\"copyright\":\"Copyright (C) 2005 - 2014 Open Source Matters. All rights reserved.\",\"authorEmail\":\"admin@joomla.org\",\"authorUrl\":\"www.joomla.org\",\"version\":\"2.5.0\",\"description\":\"MOD_LATEST_XML_DESCRIPTION\",\"group\":\"\"}', '', '', '', 0, '0000-00-00 00:00:00', 0, 0),
(303, 'mod_logged', 'module', 'mod_logged', '', 1, 1, 1, 0, '{\"legacy\":false,\"name\":\"mod_logged\",\"type\":\"module\",\"creationDate\":\"January 2005\",\"author\":\"Joomla! Project\",\"copyright\":\"Copyright (C) 2005 - 2014 Open Source Matters. All rights reserved.\",\"authorEmail\":\"admin@joomla.org\",\"authorUrl\":\"www.joomla.org\",\"version\":\"2.5.0\",\"description\":\"MOD_LOGGED_XML_DESCRIPTION\",\"group\":\"\"}', '', '', '', 0, '0000-00-00 00:00:00', 0, 0),
(304, 'mod_login', 'module', 'mod_login', '', 1, 1, 1, 1, '{\"legacy\":false,\"name\":\"mod_login\",\"type\":\"module\",\"creationDate\":\"March 2005\",\"author\":\"Joomla! Project\",\"copyright\":\"Copyright (C) 2005 - 2014 Open Source Matters. All rights reserved.\",\"authorEmail\":\"admin@joomla.org\",\"authorUrl\":\"www.joomla.org\",\"version\":\"2.5.0\",\"description\":\"MOD_LOGIN_XML_DESCRIPTION\",\"group\":\"\"}', '', '', '', 0, '0000-00-00 00:00:00', 0, 0),
(305, 'mod_menu', 'module', 'mod_menu', '', 1, 1, 1, 0, '{\"legacy\":false,\"name\":\"mod_menu\",\"type\":\"module\",\"creationDate\":\"March 2006\",\"author\":\"Joomla! Project\",\"copyright\":\"Copyright (C) 2005 - 2014 Open Source Matters. All rights reserved.\",\"authorEmail\":\"admin@joomla.org\",\"authorUrl\":\"www.joomla.org\",\"version\":\"2.5.0\",\"description\":\"MOD_MENU_XML_DESCRIPTION\",\"group\":\"\"}', '', '', '', 0, '0000-00-00 00:00:00', 0, 0),
(307, 'mod_popular', 'module', 'mod_popular', '', 1, 1, 1, 0, '{\"legacy\":false,\"name\":\"mod_popular\",\"type\":\"module\",\"creationDate\":\"July 2004\",\"author\":\"Joomla! Project\",\"copyright\":\"Copyright (C) 2005 - 2014 Open Source Matters. All rights reserved.\",\"authorEmail\":\"admin@joomla.org\",\"authorUrl\":\"www.joomla.org\",\"version\":\"2.5.0\",\"description\":\"MOD_POPULAR_XML_DESCRIPTION\",\"group\":\"\"}', '', '', '', 0, '0000-00-00 00:00:00', 0, 0),
(308, 'mod_quickicon', 'module', 'mod_quickicon', '', 1, 1, 1, 1, '{\"legacy\":false,\"name\":\"mod_quickicon\",\"type\":\"module\",\"creationDate\":\"Nov 2005\",\"author\":\"Joomla! Project\",\"copyright\":\"Copyright (C) 2005 - 2014 Open Source Matters. All rights reserved.\",\"authorEmail\":\"admin@joomla.org\",\"authorUrl\":\"www.joomla.org\",\"version\":\"2.5.0\",\"description\":\"MOD_QUICKICON_XML_DESCRIPTION\",\"group\":\"\"}', '', '', '', 0, '0000-00-00 00:00:00', 0, 0),
(309, 'mod_status', 'module', 'mod_status', '', 1, 1, 1, 0, '{\"legacy\":false,\"name\":\"mod_status\",\"type\":\"module\",\"creationDate\":\"Feb 2006\",\"author\":\"Joomla! Project\",\"copyright\":\"(C) 2005 - 2014 Open Source Matters. All rights reserved.\",\"authorEmail\":\"admin@joomla.org\",\"authorUrl\":\"www.joomla.org\",\"version\":\"2.5.0\",\"description\":\"MOD_STATUS_XML_DESCRIPTION\",\"group\":\"\"}', '', '', '', 0, '0000-00-00 00:00:00', 0, 0),
(310, 'mod_submenu', 'module', 'mod_submenu', '', 1, 1, 1, 0, '{\"legacy\":false,\"name\":\"mod_submenu\",\"type\":\"module\",\"creationDate\":\"Feb 2006\",\"author\":\"Joomla! Project\",\"copyright\":\"Copyright (C) 2005 - 2014 Open Source Matters. All rights reserved.\",\"authorEmail\":\"admin@joomla.org\",\"authorUrl\":\"www.joomla.org\",\"version\":\"2.5.0\",\"description\":\"MOD_SUBMENU_XML_DESCRIPTION\",\"group\":\"\"}', '', '', '', 0, '0000-00-00 00:00:00', 0, 0),
(311, 'mod_title', 'module', 'mod_title', '', 1, 1, 1, 0, '{\"legacy\":false,\"name\":\"mod_title\",\"type\":\"module\",\"creationDate\":\"Nov 2005\",\"author\":\"Joomla! Project\",\"copyright\":\"Copyright (C) 2005 - 2014 Open Source Matters. All rights reserved.\",\"authorEmail\":\"admin@joomla.org\",\"authorUrl\":\"www.joomla.org\",\"version\":\"2.5.0\",\"description\":\"MOD_TITLE_XML_DESCRIPTION\",\"group\":\"\"}', '', '', '', 0, '0000-00-00 00:00:00', 0, 0),
(312, 'mod_toolbar', 'module', 'mod_toolbar', '', 1, 1, 1, 1, '{\"legacy\":false,\"name\":\"mod_toolbar\",\"type\":\"module\",\"creationDate\":\"Nov 2005\",\"author\":\"Joomla! Project\",\"copyright\":\"Copyright (C) 2005 - 2014 Open Source Matters. All rights reserved.\",\"authorEmail\":\"admin@joomla.org\",\"authorUrl\":\"www.joomla.org\",\"version\":\"2.5.0\",\"description\":\"MOD_TOOLBAR_XML_DESCRIPTION\",\"group\":\"\"}', '', '', '', 0, '0000-00-00 00:00:00', 0, 0),
(313, 'mod_multilangstatus', 'module', 'mod_multilangstatus', '', 1, 1, 1, 0, '{\"legacy\":false,\"name\":\"mod_multilangstatus\",\"type\":\"module\",\"creationDate\":\"September 2011\",\"author\":\"Joomla! Project\",\"copyright\":\"Copyright (C) 2005 - 2014 Open Source Matters. All rights reserved.\",\"authorEmail\":\"admin@joomla.org\",\"authorUrl\":\"www.joomla.org\",\"version\":\"2.5.0\",\"description\":\"MOD_MULTILANGSTATUS_XML_DESCRIPTION\",\"group\":\"\"}', '{\"cache\":\"0\"}', '', '', 0, '0000-00-00 00:00:00', 0, 0),
(314, 'mod_version', 'module', 'mod_version', '', 1, 1, 1, 0, '{\"legacy\":false,\"name\":\"mod_version\",\"type\":\"module\",\"creationDate\":\"January 2012\",\"author\":\"Joomla! Project\",\"copyright\":\"Copyright (C) 2005 - 2012 Open Source Matters. All rights reserved.\",\"authorEmail\":\"admin@joomla.org\",\"authorUrl\":\"www.joomla.org\",\"version\":\"2.5.0\",\"description\":\"MOD_VERSION_XML_DESCRIPTION\",\"group\":\"\"}', '{\"format\":\"short\",\"product\":\"1\",\"cache\":\"0\"}', '', '', 0, '0000-00-00 00:00:00', 0, 0),
(400, 'plg_authentication_gmail', 'plugin', 'gmail', 'authentication', 0, 0, 1, 0, '{\"legacy\":false,\"name\":\"plg_authentication_gmail\",\"type\":\"plugin\",\"creationDate\":\"February 2006\",\"author\":\"Joomla! Project\",\"copyright\":\"Copyright (C) 2005 - 2014 Open Source Matters. All rights reserved.\",\"authorEmail\":\"admin@joomla.org\",\"authorUrl\":\"www.joomla.org\",\"version\":\"2.5.0\",\"description\":\"PLG_GMAIL_XML_DESCRIPTION\",\"group\":\"\"}', '{\"applysuffix\":\"0\",\"suffix\":\"\",\"verifypeer\":\"1\",\"user_blacklist\":\"\"}', '', '', 0, '0000-00-00 00:00:00', 1, 0),
(401, 'plg_authentication_joomla', 'plugin', 'joomla', 'authentication', 0, 1, 1, 1, '{\"legacy\":false,\"name\":\"plg_authentication_joomla\",\"type\":\"plugin\",\"creationDate\":\"November 2005\",\"author\":\"Joomla! Project\",\"copyright\":\"Copyright (C) 2005 - 2014 Open Source Matters. All rights reserved.\",\"authorEmail\":\"admin@joomla.org\",\"authorUrl\":\"www.joomla.org\",\"version\":\"2.5.0\",\"description\":\"PLG_AUTH_JOOMLA_XML_DESCRIPTION\",\"group\":\"\"}', '{}', '', '', 0, '0000-00-00 00:00:00', 0, 0),
(402, 'plg_authentication_ldap', 'plugin', 'ldap', 'authentication', 0, 0, 1, 0, '{\"legacy\":false,\"name\":\"plg_authentication_ldap\",\"type\":\"plugin\",\"creationDate\":\"November 2005\",\"author\":\"Joomla! Project\",\"copyright\":\"Copyright (C) 2005 - 2014 Open Source Matters. All rights reserved.\",\"authorEmail\":\"admin@joomla.org\",\"authorUrl\":\"www.joomla.org\",\"version\":\"2.5.0\",\"description\":\"PLG_LDAP_XML_DESCRIPTION\",\"group\":\"\"}', '{\"host\":\"\",\"port\":\"389\",\"use_ldapV3\":\"0\",\"negotiate_tls\":\"0\",\"no_referrals\":\"0\",\"auth_method\":\"bind\",\"base_dn\":\"\",\"search_string\":\"\",\"users_dn\":\"\",\"username\":\"admin\",\"password\":\"bobby7\",\"ldap_fullname\":\"fullName\",\"ldap_email\":\"mail\",\"ldap_uid\":\"uid\"}', '', '', 0, '0000-00-00 00:00:00', 3, 0),
(404, 'plg_content_emailcloak', 'plugin', 'emailcloak', 'content', 0, 1, 1, 0, '{\"legacy\":false,\"name\":\"plg_content_emailcloak\",\"type\":\"plugin\",\"creationDate\":\"November 2005\",\"author\":\"Joomla! Project\",\"copyright\":\"Copyright (C) 2005 - 2014 Open Source Matters. All rights reserved.\",\"authorEmail\":\"admin@joomla.org\",\"authorUrl\":\"www.joomla.org\",\"version\":\"2.5.0\",\"description\":\"PLG_CONTENT_EMAILCLOAK_XML_DESCRIPTION\",\"group\":\"\"}', '{\"mode\":\"1\"}', '', '', 0, '0000-00-00 00:00:00', 1, 0),
(405, 'plg_content_geshi', 'plugin', 'geshi', 'content', 0, 0, 1, 0, '{\"legacy\":false,\"name\":\"plg_content_geshi\",\"type\":\"plugin\",\"creationDate\":\"November 2005\",\"author\":\"Joomla! Project\",\"copyright\":\"Copyright (C) 2005 - 2014 Open Source Matters. All rights reserved.\",\"authorEmail\":\"\",\"authorUrl\":\"qbnz.com\\/highlighter\",\"version\":\"2.5.0\",\"description\":\"PLG_CONTENT_GESHI_XML_DESCRIPTION\",\"group\":\"\"}', '{}', '', '', 0, '0000-00-00 00:00:00', 2, 0),
(406, 'plg_content_loadmodule', 'plugin', 'loadmodule', 'content', 0, 1, 1, 0, '{\"legacy\":false,\"name\":\"plg_content_loadmodule\",\"type\":\"plugin\",\"creationDate\":\"November 2005\",\"author\":\"Joomla! Project\",\"copyright\":\"Copyright (C) 2005 - 2014 Open Source Matters. All rights reserved.\",\"authorEmail\":\"admin@joomla.org\",\"authorUrl\":\"www.joomla.org\",\"version\":\"2.5.0\",\"description\":\"PLG_LOADMODULE_XML_DESCRIPTION\",\"group\":\"\"}', '{\"style\":\"xhtml\"}', '', '', 0, '0000-00-00 00:00:00', 0, 0),
(407, 'plg_content_pagebreak', 'plugin', 'pagebreak', 'content', 0, 1, 1, 1, '{\"legacy\":false,\"name\":\"plg_content_pagebreak\",\"type\":\"plugin\",\"creationDate\":\"November 2005\",\"author\":\"Joomla! Project\",\"copyright\":\"Copyright (C) 2005 - 2014 Open Source Matters. All rights reserved.\",\"authorEmail\":\"admin@joomla.org\",\"authorUrl\":\"www.joomla.org\",\"version\":\"2.5.0\",\"description\":\"PLG_CONTENT_PAGEBREAK_XML_DESCRIPTION\",\"group\":\"\"}', '{\"title\":\"1\",\"multipage_toc\":\"1\",\"showall\":\"1\"}', '', '', 0, '0000-00-00 00:00:00', 4, 0),
(408, 'plg_content_pagenavigation', 'plugin', 'pagenavigation', 'content', 0, 1, 1, 1, '{\"legacy\":false,\"name\":\"plg_content_pagenavigation\",\"type\":\"plugin\",\"creationDate\":\"January 2006\",\"author\":\"Joomla! Project\",\"copyright\":\"Copyright (C) 2005 - 2014 Open Source Matters. All rights reserved.\",\"authorEmail\":\"admin@joomla.org\",\"authorUrl\":\"www.joomla.org\",\"version\":\"2.5.0\",\"description\":\"PLG_PAGENAVIGATION_XML_DESCRIPTION\",\"group\":\"\"}', '{\"position\":\"1\"}', '', '', 0, '0000-00-00 00:00:00', 5, 0),
(409, 'plg_content_vote', 'plugin', 'vote', 'content', 0, 1, 1, 1, '{\"legacy\":false,\"name\":\"plg_content_vote\",\"type\":\"plugin\",\"creationDate\":\"November 2005\",\"author\":\"Joomla! Project\",\"copyright\":\"Copyright (C) 2005 - 2014 Open Source Matters. All rights reserved.\",\"authorEmail\":\"admin@joomla.org\",\"authorUrl\":\"www.joomla.org\",\"version\":\"2.5.0\",\"description\":\"PLG_VOTE_XML_DESCRIPTION\",\"group\":\"\"}', '{}', '', '', 0, '0000-00-00 00:00:00', 6, 0),
(410, 'plg_editors_codemirror', 'plugin', 'codemirror', 'editors', 0, 1, 1, 1, '{\"legacy\":false,\"name\":\"plg_editors_codemirror\",\"type\":\"plugin\",\"creationDate\":\"28 March 2011\",\"author\":\"Marijn Haverbeke\",\"copyright\":\"\",\"authorEmail\":\"N\\/A\",\"authorUrl\":\"\",\"version\":\"1.0\",\"description\":\"PLG_CODEMIRROR_XML_DESCRIPTION\",\"group\":\"\"}', '{\"linenumbers\":\"0\",\"tabmode\":\"indent\"}', '', '', 0, '0000-00-00 00:00:00', 1, 0),
(411, 'plg_editors_none', 'plugin', 'none', 'editors', 0, 1, 1, 1, '{\"legacy\":false,\"name\":\"plg_editors_none\",\"type\":\"plugin\",\"creationDate\":\"August 2004\",\"author\":\"Unknown\",\"copyright\":\"\",\"authorEmail\":\"N\\/A\",\"authorUrl\":\"\",\"version\":\"2.5.0\",\"description\":\"PLG_NONE_XML_DESCRIPTION\",\"group\":\"\"}', '{}', '', '', 0, '0000-00-00 00:00:00', 2, 0),
(412, 'plg_editors_tinymce', 'plugin', 'tinymce', 'editors', 0, 1, 1, 1, '{\"legacy\":false,\"name\":\"plg_editors_tinymce\",\"type\":\"plugin\",\"creationDate\":\"2005-2014\",\"author\":\"Moxiecode Systems AB\",\"copyright\":\"Moxiecode Systems AB\",\"authorEmail\":\"N\\/A\",\"authorUrl\":\"tinymce.moxiecode.com\\/\",\"version\":\"3.5.11\",\"description\":\"PLG_TINY_XML_DESCRIPTION\",\"group\":\"\"}', '{\"mode\":\"1\",\"skin\":\"0\",\"entity_encoding\":\"raw\",\"lang_mode\":\"0\",\"lang_code\":\"en\",\"text_direction\":\"ltr\",\"content_css\":\"1\",\"content_css_custom\":\"\",\"relative_urls\":\"1\",\"newlines\":\"0\",\"invalid_elements\":\"script,applet,iframe\",\"extended_elements\":\"\",\"toolbar\":\"top\",\"toolbar_align\":\"left\",\"html_height\":\"550\",\"html_width\":\"750\",\"resizing\":\"true\",\"resize_horizontal\":\"false\",\"element_path\":\"1\",\"fonts\":\"1\",\"paste\":\"1\",\"searchreplace\":\"1\",\"insertdate\":\"1\",\"format_date\":\"%Y-%m-%d\",\"inserttime\":\"1\",\"format_time\":\"%H:%M:%S\",\"colors\":\"1\",\"table\":\"1\",\"smilies\":\"1\",\"media\":\"1\",\"hr\":\"1\",\"directionality\":\"1\",\"fullscreen\":\"1\",\"style\":\"1\",\"layer\":\"1\",\"xhtmlxtras\":\"1\",\"visualchars\":\"1\",\"nonbreaking\":\"1\",\"template\":\"1\",\"blockquote\":\"1\",\"wordcount\":\"1\",\"advimage\":\"1\",\"advlink\":\"1\",\"advlist\":\"1\",\"autosave\":\"1\",\"contextmenu\":\"1\",\"inlinepopups\":\"1\",\"custom_plugin\":\"\",\"custom_button\":\"\"}', '', '', 0, '0000-00-00 00:00:00', 3, 0),
(413, 'plg_editors-xtd_article', 'plugin', 'article', 'editors-xtd', 0, 1, 1, 1, '{\"legacy\":false,\"name\":\"plg_editors-xtd_article\",\"type\":\"plugin\",\"creationDate\":\"October 2009\",\"author\":\"Joomla! Project\",\"copyright\":\"Copyright (C) 2005 - 2014 Open Source Matters. All rights reserved.\",\"authorEmail\":\"admin@joomla.org\",\"authorUrl\":\"www.joomla.org\",\"version\":\"2.5.0\",\"description\":\"PLG_ARTICLE_XML_DESCRIPTION\",\"group\":\"\"}', '{}', '', '', 0, '0000-00-00 00:00:00', 1, 0),
(414, 'plg_editors-xtd_image', 'plugin', 'image', 'editors-xtd', 0, 1, 1, 0, '{\"legacy\":false,\"name\":\"plg_editors-xtd_image\",\"type\":\"plugin\",\"creationDate\":\"August 2004\",\"author\":\"Joomla! Project\",\"copyright\":\"Copyright (C) 2005 - 2014 Open Source Matters. All rights reserved.\",\"authorEmail\":\"admin@joomla.org\",\"authorUrl\":\"www.joomla.org\",\"version\":\"2.5.0\",\"description\":\"PLG_IMAGE_XML_DESCRIPTION\",\"group\":\"\"}', '{}', '', '', 5, '2016-04-13 08:34:49', 2, 0),
(415, 'plg_editors-xtd_pagebreak', 'plugin', 'pagebreak', 'editors-xtd', 0, 1, 1, 0, '{\"legacy\":false,\"name\":\"plg_editors-xtd_pagebreak\",\"type\":\"plugin\",\"creationDate\":\"August 2004\",\"author\":\"Joomla! Project\",\"copyright\":\"Copyright (C) 2005 - 2014 Open Source Matters. All rights reserved.\",\"authorEmail\":\"admin@joomla.org\",\"authorUrl\":\"www.joomla.org\",\"version\":\"2.5.0\",\"description\":\"PLG_EDITORSXTD_PAGEBREAK_XML_DESCRIPTION\",\"group\":\"\"}', '{}', '', '', 0, '0000-00-00 00:00:00', 3, 0),
(416, 'plg_editors-xtd_readmore', 'plugin', 'readmore', 'editors-xtd', 0, 1, 1, 0, '{\"legacy\":false,\"name\":\"plg_editors-xtd_readmore\",\"type\":\"plugin\",\"creationDate\":\"March 2006\",\"author\":\"Joomla! Project\",\"copyright\":\"Copyright (C) 2005 - 2014 Open Source Matters. All rights reserved.\",\"authorEmail\":\"admin@joomla.org\",\"authorUrl\":\"www.joomla.org\",\"version\":\"2.5.0\",\"description\":\"PLG_READMORE_XML_DESCRIPTION\",\"group\":\"\"}', '{}', '', '', 0, '0000-00-00 00:00:00', 4, 0),
(417, 'plg_search_categories', 'plugin', 'categories', 'search', 0, 0, 1, 0, '{\"legacy\":false,\"name\":\"plg_search_categories\",\"type\":\"plugin\",\"creationDate\":\"November 2005\",\"author\":\"Joomla! Project\",\"copyright\":\"Copyright (C) 2005 - 2014 Open Source Matters. All rights reserved.\",\"authorEmail\":\"admin@joomla.org\",\"authorUrl\":\"www.joomla.org\",\"version\":\"2.5.0\",\"description\":\"PLG_SEARCH_CATEGORIES_XML_DESCRIPTION\",\"group\":\"\"}', '{\"search_limit\":\"50\",\"search_content\":\"1\",\"search_archived\":\"1\"}', '', '', 0, '0000-00-00 00:00:00', 0, 0);
INSERT INTO `wos_extensions` (`extension_id`, `name`, `type`, `element`, `folder`, `client_id`, `enabled`, `access`, `protected`, `manifest_cache`, `params`, `custom_data`, `system_data`, `checked_out`, `checked_out_time`, `ordering`, `state`) VALUES
(418, 'plg_search_contacts', 'plugin', 'contacts', 'search', 0, 0, 1, 0, '{\"legacy\":false,\"name\":\"plg_search_contacts\",\"type\":\"plugin\",\"creationDate\":\"November 2005\",\"author\":\"Joomla! Project\",\"copyright\":\"Copyright (C) 2005 - 2014 Open Source Matters. All rights reserved.\",\"authorEmail\":\"admin@joomla.org\",\"authorUrl\":\"www.joomla.org\",\"version\":\"2.5.0\",\"description\":\"PLG_SEARCH_CONTACTS_XML_DESCRIPTION\",\"group\":\"\"}', '{\"search_limit\":\"50\",\"search_content\":\"1\",\"search_archived\":\"1\"}', '', '', 0, '0000-00-00 00:00:00', 0, 0),
(419, 'plg_search_content', 'plugin', 'content', 'search', 0, 0, 1, 0, '{\"legacy\":false,\"name\":\"plg_search_content\",\"type\":\"plugin\",\"creationDate\":\"November 2005\",\"author\":\"Joomla! Project\",\"copyright\":\"Copyright (C) 2005 - 2014 Open Source Matters. All rights reserved.\",\"authorEmail\":\"admin@joomla.org\",\"authorUrl\":\"www.joomla.org\",\"version\":\"2.5.0\",\"description\":\"PLG_SEARCH_CONTENT_XML_DESCRIPTION\",\"group\":\"\"}', '{\"search_limit\":\"50\",\"search_content\":\"1\",\"search_archived\":\"1\"}', '', '', 0, '0000-00-00 00:00:00', 0, 0),
(420, 'plg_search_newsfeeds', 'plugin', 'newsfeeds', 'search', 0, 0, 1, 0, '{\"legacy\":false,\"name\":\"plg_search_newsfeeds\",\"type\":\"plugin\",\"creationDate\":\"November 2005\",\"author\":\"Joomla! Project\",\"copyright\":\"Copyright (C) 2005 - 2014 Open Source Matters. All rights reserved.\",\"authorEmail\":\"admin@joomla.org\",\"authorUrl\":\"www.joomla.org\",\"version\":\"2.5.0\",\"description\":\"PLG_SEARCH_NEWSFEEDS_XML_DESCRIPTION\",\"group\":\"\"}', '{\"search_limit\":\"50\",\"search_content\":\"1\",\"search_archived\":\"1\"}', '', '', 0, '0000-00-00 00:00:00', 0, 0),
(421, 'plg_search_weblinks', 'plugin', 'weblinks', 'search', 0, 0, 1, 0, '{\"legacy\":false,\"name\":\"plg_search_weblinks\",\"type\":\"plugin\",\"creationDate\":\"November 2005\",\"author\":\"Joomla! Project\",\"copyright\":\"Copyright (C) 2005 - 2014 Open Source Matters. All rights reserved.\",\"authorEmail\":\"admin@joomla.org\",\"authorUrl\":\"www.joomla.org\",\"version\":\"2.5.0\",\"description\":\"PLG_SEARCH_WEBLINKS_XML_DESCRIPTION\",\"group\":\"\"}', '{\"search_limit\":\"50\",\"search_content\":\"1\",\"search_archived\":\"1\"}', '', '', 0, '0000-00-00 00:00:00', 0, 0),
(422, 'plg_system_languagefilter', 'plugin', 'languagefilter', 'system', 0, 1, 1, 1, '{\"legacy\":false,\"name\":\"plg_system_languagefilter\",\"type\":\"plugin\",\"creationDate\":\"July 2010\",\"author\":\"Joomla! Project\",\"copyright\":\"Copyright (C) 2005 - 2014 Open Source Matters. All rights reserved.\",\"authorEmail\":\"admin@joomla.org\",\"authorUrl\":\"www.joomla.org\",\"version\":\"2.5.0\",\"description\":\"PLG_SYSTEM_LANGUAGEFILTER_XML_DESCRIPTION\",\"group\":\"\"}', '{\"detect_browser\":\"0\",\"automatic_change\":\"0\",\"menu_associations\":\"0\",\"remove_default_prefix\":\"1\",\"lang_cookie\":\"1\",\"alternate_meta\":\"0\"}', '', '', 0, '0000-00-00 00:00:00', 1, 0),
(423, 'plg_system_p3p', 'plugin', 'p3p', 'system', 0, 1, 1, 1, '{\"legacy\":false,\"name\":\"plg_system_p3p\",\"type\":\"plugin\",\"creationDate\":\"September 2010\",\"author\":\"Joomla! Project\",\"copyright\":\"Copyright (C) 2005 - 2014 Open Source Matters. All rights reserved.\",\"authorEmail\":\"admin@joomla.org\",\"authorUrl\":\"www.joomla.org\",\"version\":\"2.5.0\",\"description\":\"PLG_P3P_XML_DESCRIPTION\",\"group\":\"\"}', '{\"headers\":\"NOI ADM DEV PSAi COM NAV OUR OTRo STP IND DEM\"}', '', '', 0, '0000-00-00 00:00:00', 2, 0),
(424, 'plg_system_cache', 'plugin', 'cache', 'system', 0, 0, 1, 1, '{\"legacy\":false,\"name\":\"plg_system_cache\",\"type\":\"plugin\",\"creationDate\":\"February 2007\",\"author\":\"Joomla! Project\",\"copyright\":\"Copyright (C) 2005 - 2014 Open Source Matters. All rights reserved.\",\"authorEmail\":\"admin@joomla.org\",\"authorUrl\":\"www.joomla.org\",\"version\":\"2.5.0\",\"description\":\"PLG_CACHE_XML_DESCRIPTION\",\"group\":\"\"}', '{\"browsercache\":\"0\",\"cachetime\":\"15\"}', '', '', 0, '0000-00-00 00:00:00', 9, 0),
(425, 'plg_system_debug', 'plugin', 'debug', 'system', 0, 1, 1, 0, '{\"legacy\":false,\"name\":\"plg_system_debug\",\"type\":\"plugin\",\"creationDate\":\"December 2006\",\"author\":\"Joomla! Project\",\"copyright\":\"Copyright (C) 2005 - 2014 Open Source Matters. All rights reserved.\",\"authorEmail\":\"admin@joomla.org\",\"authorUrl\":\"www.joomla.org\",\"version\":\"2.5.0\",\"description\":\"PLG_DEBUG_XML_DESCRIPTION\",\"group\":\"\"}', '{\"profile\":\"1\",\"queries\":\"1\",\"memory\":\"1\",\"language_files\":\"1\",\"language_strings\":\"1\",\"strip-first\":\"1\",\"strip-prefix\":\"\",\"strip-suffix\":\"\"}', '', '', 0, '0000-00-00 00:00:00', 4, 0),
(426, 'plg_system_log', 'plugin', 'log', 'system', 0, 1, 1, 1, '{\"legacy\":false,\"name\":\"plg_system_log\",\"type\":\"plugin\",\"creationDate\":\"April 2007\",\"author\":\"Joomla! Project\",\"copyright\":\"Copyright (C) 2005 - 2014 Open Source Matters. All rights reserved.\",\"authorEmail\":\"admin@joomla.org\",\"authorUrl\":\"www.joomla.org\",\"version\":\"2.5.0\",\"description\":\"PLG_LOG_XML_DESCRIPTION\",\"group\":\"\"}', '{}', '', '', 0, '0000-00-00 00:00:00', 5, 0),
(427, 'plg_system_redirect', 'plugin', 'redirect', 'system', 0, 1, 1, 1, '{\"legacy\":false,\"name\":\"plg_system_redirect\",\"type\":\"plugin\",\"creationDate\":\"April 2009\",\"author\":\"Joomla! Project\",\"copyright\":\"Copyright (C) 2005 - 2014 Open Source Matters. All rights reserved.\",\"authorEmail\":\"admin@joomla.org\",\"authorUrl\":\"www.joomla.org\",\"version\":\"2.5.0\",\"description\":\"PLG_REDIRECT_XML_DESCRIPTION\",\"group\":\"\"}', '{}', '', '', 0, '0000-00-00 00:00:00', 6, 0),
(428, 'plg_system_remember', 'plugin', 'remember', 'system', 0, 1, 1, 1, '{\"legacy\":false,\"name\":\"plg_system_remember\",\"type\":\"plugin\",\"creationDate\":\"April 2007\",\"author\":\"Joomla! Project\",\"copyright\":\"Copyright (C) 2005 - 2014 Open Source Matters. All rights reserved.\",\"authorEmail\":\"admin@joomla.org\",\"authorUrl\":\"www.joomla.org\",\"version\":\"2.5.0\",\"description\":\"PLG_REMEMBER_XML_DESCRIPTION\",\"group\":\"\"}', '{}', '', '', 0, '0000-00-00 00:00:00', 7, 0),
(429, 'plg_system_sef', 'plugin', 'sef', 'system', 0, 1, 1, 0, '{\"legacy\":false,\"name\":\"plg_system_sef\",\"type\":\"plugin\",\"creationDate\":\"December 2007\",\"author\":\"Joomla! Project\",\"copyright\":\"Copyright (C) 2005 - 2014 Open Source Matters. All rights reserved.\",\"authorEmail\":\"admin@joomla.org\",\"authorUrl\":\"www.joomla.org\",\"version\":\"2.5.0\",\"description\":\"PLG_SEF_XML_DESCRIPTION\",\"group\":\"\"}', '{}', '', '', 0, '0000-00-00 00:00:00', 8, 0),
(430, 'plg_system_logout', 'plugin', 'logout', 'system', 0, 1, 1, 1, '{\"legacy\":false,\"name\":\"plg_system_logout\",\"type\":\"plugin\",\"creationDate\":\"April 2009\",\"author\":\"Joomla! Project\",\"copyright\":\"Copyright (C) 2005 - 2014 Open Source Matters. All rights reserved.\",\"authorEmail\":\"admin@joomla.org\",\"authorUrl\":\"www.joomla.org\",\"version\":\"2.5.0\",\"description\":\"PLG_SYSTEM_LOGOUT_XML_DESCRIPTION\",\"group\":\"\"}', '{}', '', '', 0, '0000-00-00 00:00:00', 3, 0),
(431, 'plg_user_contactcreator', 'plugin', 'contactcreator', 'user', 0, 0, 1, 1, '{\"legacy\":false,\"name\":\"plg_user_contactcreator\",\"type\":\"plugin\",\"creationDate\":\"August 2009\",\"author\":\"Joomla! Project\",\"copyright\":\"(C) 2005 - 2014 Open Source Matters. All rights reserved.\",\"authorEmail\":\"admin@joomla.org\",\"authorUrl\":\"www.joomla.org\",\"version\":\"2.5.0\",\"description\":\"PLG_CONTACTCREATOR_XML_DESCRIPTION\",\"group\":\"\"}', '{\"autowebpage\":\"\",\"category\":\"34\",\"autopublish\":\"0\"}', '', '', 0, '0000-00-00 00:00:00', 1, 0),
(432, 'plg_user_joomla', 'plugin', 'joomla', 'user', 0, 1, 1, 0, '{\"legacy\":false,\"name\":\"plg_user_joomla\",\"type\":\"plugin\",\"creationDate\":\"December 2006\",\"author\":\"Joomla! Project\",\"copyright\":\"(C) 2005 - 2009 Open Source Matters. All rights reserved.\",\"authorEmail\":\"admin@joomla.org\",\"authorUrl\":\"www.joomla.org\",\"version\":\"2.5.0\",\"description\":\"PLG_USER_JOOMLA_XML_DESCRIPTION\",\"group\":\"\"}', '{\"autoregister\":\"1\"}', '', '', 0, '0000-00-00 00:00:00', 2, 0),
(433, 'plg_user_profile', 'plugin', 'profile', 'user', 0, 0, 1, 1, '{\"legacy\":false,\"name\":\"plg_user_profile\",\"type\":\"plugin\",\"creationDate\":\"January 2008\",\"author\":\"Joomla! Project\",\"copyright\":\"(C) 2005 - 2014 Open Source Matters. All rights reserved.\",\"authorEmail\":\"admin@joomla.org\",\"authorUrl\":\"www.joomla.org\",\"version\":\"2.5.0\",\"description\":\"PLG_USER_PROFILE_XML_DESCRIPTION\",\"group\":\"\"}', '{\"register-require_address1\":\"1\",\"register-require_address2\":\"1\",\"register-require_city\":\"1\",\"register-require_region\":\"1\",\"register-require_country\":\"1\",\"register-require_postal_code\":\"1\",\"register-require_phone\":\"1\",\"register-require_website\":\"1\",\"register-require_favoritebook\":\"1\",\"register-require_aboutme\":\"1\",\"register-require_tos\":\"1\",\"register-require_dob\":\"1\",\"profile-require_address1\":\"1\",\"profile-require_address2\":\"1\",\"profile-require_city\":\"1\",\"profile-require_region\":\"1\",\"profile-require_country\":\"1\",\"profile-require_postal_code\":\"1\",\"profile-require_phone\":\"1\",\"profile-require_website\":\"1\",\"profile-require_favoritebook\":\"1\",\"profile-require_aboutme\":\"1\",\"profile-require_tos\":\"1\",\"profile-require_dob\":\"1\"}', '', '', 0, '0000-00-00 00:00:00', 0, 0),
(434, 'plg_extension_joomla', 'plugin', 'joomla', 'extension', 0, 1, 1, 1, '{\"legacy\":false,\"name\":\"plg_extension_joomla\",\"type\":\"plugin\",\"creationDate\":\"May 2010\",\"author\":\"Joomla! Project\",\"copyright\":\"Copyright (C) 2005 - 2014 Open Source Matters. All rights reserved.\",\"authorEmail\":\"admin@joomla.org\",\"authorUrl\":\"www.joomla.org\",\"version\":\"2.5.0\",\"description\":\"PLG_EXTENSION_JOOMLA_XML_DESCRIPTION\",\"group\":\"\"}', '{}', '', '', 0, '0000-00-00 00:00:00', 1, 0),
(435, 'plg_content_joomla', 'plugin', 'joomla', 'content', 0, 1, 1, 0, '{\"legacy\":false,\"name\":\"plg_content_joomla\",\"type\":\"plugin\",\"creationDate\":\"November 2010\",\"author\":\"Joomla! Project\",\"copyright\":\"Copyright (C) 2005 - 2014 Open Source Matters. All rights reserved.\",\"authorEmail\":\"admin@joomla.org\",\"authorUrl\":\"www.joomla.org\",\"version\":\"2.5.0\",\"description\":\"PLG_CONTENT_JOOMLA_XML_DESCRIPTION\",\"group\":\"\"}', '{}', '', '', 0, '0000-00-00 00:00:00', 0, 0),
(436, 'plg_system_languagecode', 'plugin', 'languagecode', 'system', 0, 0, 1, 0, '{\"legacy\":false,\"name\":\"plg_system_languagecode\",\"type\":\"plugin\",\"creationDate\":\"November 2011\",\"author\":\"Joomla! Project\",\"copyright\":\"Copyright (C) 2005 - 2014 Open Source Matters. All rights reserved.\",\"authorEmail\":\"admin@joomla.org\",\"authorUrl\":\"www.joomla.org\",\"version\":\"2.5.0\",\"description\":\"PLG_SYSTEM_LANGUAGECODE_XML_DESCRIPTION\",\"group\":\"\"}', '{}', '', '', 0, '0000-00-00 00:00:00', 10, 0),
(437, 'plg_quickicon_joomlaupdate', 'plugin', 'joomlaupdate', 'quickicon', 0, 1, 1, 1, '{\"legacy\":false,\"name\":\"plg_quickicon_joomlaupdate\",\"type\":\"plugin\",\"creationDate\":\"August 2011\",\"author\":\"Joomla! Project\",\"copyright\":\"Copyright (C) 2005 - 2014 Open Source Matters. All rights reserved.\",\"authorEmail\":\"admin@joomla.org\",\"authorUrl\":\"www.joomla.org\",\"version\":\"2.5.0\",\"description\":\"PLG_QUICKICON_JOOMLAUPDATE_XML_DESCRIPTION\",\"group\":\"\"}', '{}', '', '', 5, '2016-04-11 09:31:52', 0, 0),
(438, 'plg_quickicon_extensionupdate', 'plugin', 'extensionupdate', 'quickicon', 0, 1, 1, 1, '{\"legacy\":false,\"name\":\"plg_quickicon_extensionupdate\",\"type\":\"plugin\",\"creationDate\":\"August 2011\",\"author\":\"Joomla! Project\",\"copyright\":\"Copyright (C) 2005 - 2014 Open Source Matters. All rights reserved.\",\"authorEmail\":\"admin@joomla.org\",\"authorUrl\":\"www.joomla.org\",\"version\":\"2.5.0\",\"description\":\"PLG_QUICKICON_EXTENSIONUPDATE_XML_DESCRIPTION\",\"group\":\"\"}', '{}', '', '', 5, '2015-10-27 10:11:14', 0, 0),
(439, 'plg_captcha_recaptcha', 'plugin', 'recaptcha', 'captcha', 0, 1, 1, 0, '{\"legacy\":false,\"name\":\"plg_captcha_recaptcha\",\"type\":\"plugin\",\"creationDate\":\"December 2011\",\"author\":\"Joomla! Project\",\"copyright\":\"Copyright (C) 2005 - 2014 Open Source Matters. All rights reserved.\",\"authorEmail\":\"admin@joomla.org\",\"authorUrl\":\"www.joomla.org\",\"version\":\"2.5.0\",\"description\":\"PLG_CAPTCHA_RECAPTCHA_XML_DESCRIPTION\",\"group\":\"\"}', '{\"public_key\":\"\",\"private_key\":\"\",\"theme\":\"clean\"}', '', '', 0, '0000-00-00 00:00:00', 0, 0),
(440, 'plg_system_highlight', 'plugin', 'highlight', 'system', 0, 1, 1, 0, '{\"legacy\":false,\"name\":\"plg_system_highlight\",\"type\":\"plugin\",\"creationDate\":\"August 2011\",\"author\":\"Joomla! Project\",\"copyright\":\"(C) 2005 - 2012 Open Source Matters. All rights reserved.\",\"authorEmail\":\"admin@joomla.org\",\"authorUrl\":\"www.joomla.org\",\"version\":\"2.5.0\",\"description\":\"PLG_SYSTEM_HIGHLIGHT_XML_DESCRIPTION\",\"group\":\"\"}', '{}', '', '', 0, '0000-00-00 00:00:00', 7, 0),
(441, 'plg_content_finder', 'plugin', 'finder', 'content', 0, 0, 1, 0, '{\"legacy\":false,\"name\":\"plg_content_finder\",\"type\":\"plugin\",\"creationDate\":\"December 2011\",\"author\":\"Joomla! Project\",\"copyright\":\"Copyright (C) 2005 - 2012 Open Source Matters. All rights reserved.\",\"authorEmail\":\"admin@joomla.org\",\"authorUrl\":\"www.joomla.org\",\"version\":\"2.5.0\",\"description\":\"PLG_CONTENT_FINDER_XML_DESCRIPTION\",\"group\":\"\"}', '{}', '', '', 0, '0000-00-00 00:00:00', 0, 0),
(442, 'plg_finder_categories', 'plugin', 'categories', 'finder', 0, 0, 1, 0, '{\"legacy\":false,\"name\":\"plg_finder_categories\",\"type\":\"plugin\",\"creationDate\":\"August 2011\",\"author\":\"Joomla! Project\",\"copyright\":\"(C) 2005 - 2012 Open Source Matters. All rights reserved.\",\"authorEmail\":\"admin@joomla.org\",\"authorUrl\":\"www.joomla.org\",\"version\":\"2.5.0\",\"description\":\"PLG_FINDER_CATEGORIES_XML_DESCRIPTION\",\"group\":\"\"}', '{}', '', '', 0, '0000-00-00 00:00:00', 1, 0),
(443, 'plg_finder_contacts', 'plugin', 'contacts', 'finder', 0, 0, 1, 0, '{\"legacy\":false,\"name\":\"plg_finder_contacts\",\"type\":\"plugin\",\"creationDate\":\"August 2011\",\"author\":\"Joomla! Project\",\"copyright\":\"(C) 2005 - 2012 Open Source Matters. All rights reserved.\",\"authorEmail\":\"admin@joomla.org\",\"authorUrl\":\"www.joomla.org\",\"version\":\"2.5.0\",\"description\":\"PLG_FINDER_CONTACTS_XML_DESCRIPTION\",\"group\":\"\"}', '{}', '', '', 0, '0000-00-00 00:00:00', 2, 0),
(444, 'plg_finder_content', 'plugin', 'content', 'finder', 0, 1, 1, 0, '{\"legacy\":false,\"name\":\"plg_finder_content\",\"type\":\"plugin\",\"creationDate\":\"August 2011\",\"author\":\"Joomla! Project\",\"copyright\":\"(C) 2005 - 2012 Open Source Matters. All rights reserved.\",\"authorEmail\":\"admin@joomla.org\",\"authorUrl\":\"www.joomla.org\",\"version\":\"2.5.0\",\"description\":\"PLG_FINDER_CONTENT_XML_DESCRIPTION\",\"group\":\"\"}', '{}', '', '', 0, '0000-00-00 00:00:00', 3, 0),
(445, 'plg_finder_newsfeeds', 'plugin', 'newsfeeds', 'finder', 0, 0, 1, 0, '{\"legacy\":false,\"name\":\"plg_finder_newsfeeds\",\"type\":\"plugin\",\"creationDate\":\"August 2011\",\"author\":\"Joomla! Project\",\"copyright\":\"(C) 2005 - 2012 Open Source Matters. All rights reserved.\",\"authorEmail\":\"admin@joomla.org\",\"authorUrl\":\"www.joomla.org\",\"version\":\"2.5.0\",\"description\":\"PLG_FINDER_NEWSFEEDS_XML_DESCRIPTION\",\"group\":\"\"}', '{}', '', '', 0, '0000-00-00 00:00:00', 4, 0),
(446, 'plg_finder_weblinks', 'plugin', 'weblinks', 'finder', 0, 0, 1, 0, '{\"legacy\":false,\"name\":\"plg_finder_weblinks\",\"type\":\"plugin\",\"creationDate\":\"August 2011\",\"author\":\"Joomla! Project\",\"copyright\":\"(C) 2005 - 2012 Open Source Matters. All rights reserved.\",\"authorEmail\":\"admin@joomla.org\",\"authorUrl\":\"www.joomla.org\",\"version\":\"2.5.0\",\"description\":\"PLG_FINDER_WEBLINKS_XML_DESCRIPTION\",\"group\":\"\"}', '{}', '', '', 5, '2016-04-13 08:34:57', 5, 0),
(502, 'bluestork', 'template', 'bluestork', '', 1, 1, 1, 0, '{\"legacy\":false,\"name\":\"bluestork\",\"type\":\"template\",\"creationDate\":\"07\\/02\\/09\",\"author\":\"Joomla! Project\",\"copyright\":\"Copyright (C) 2005 - 2014 Open Source Matters, Inc. All rights reserved.\",\"authorEmail\":\"admin@joomla.org\",\"authorUrl\":\"www.joomla.org\",\"version\":\"2.5.0\",\"description\":\"TPL_BLUESTORK_XML_DESCRIPTION\",\"group\":\"\"}', '{\"useRoundedCorners\":\"1\",\"showSiteName\":\"0\",\"textBig\":\"0\",\"highContrast\":\"0\"}', '', '', 0, '0000-00-00 00:00:00', 0, 0),
(504, 'hathor', 'template', 'hathor', '', 1, 1, 1, 0, '{\"legacy\":false,\"name\":\"hathor\",\"type\":\"template\",\"creationDate\":\"May 2010\",\"author\":\"Andrea Tarr\",\"copyright\":\"Copyright (C) 2005 - 2014 Open Source Matters, Inc. All rights reserved.\",\"authorEmail\":\"hathor@tarrconsulting.com\",\"authorUrl\":\"http:\\/\\/www.tarrconsulting.com\",\"version\":\"2.5.0\",\"description\":\"TPL_HATHOR_XML_DESCRIPTION\",\"group\":\"\"}', '{\"showSiteName\":\"0\",\"colourChoice\":\"0\",\"boldText\":\"0\"}', '', '', 0, '0000-00-00 00:00:00', 0, 0),
(600, 'English (United Kingdom)', 'language', 'en-GB', '', 0, 1, 1, 1, '{\"legacy\":false,\"name\":\"English (United Kingdom)\",\"type\":\"language\",\"creationDate\":\"2008-03-15\",\"author\":\"Joomla! Project\",\"copyright\":\"Copyright (C) 2005 - 2014 Open Source Matters. All rights reserved.\",\"authorEmail\":\"admin@joomla.org\",\"authorUrl\":\"www.joomla.org\",\"version\":\"2.5.28\",\"description\":\"en-GB site language\",\"group\":\"\"}', '', '', '', 0, '0000-00-00 00:00:00', 0, 0),
(601, 'English (United Kingdom)', 'language', 'en-GB', '', 1, 1, 1, 1, '{\"legacy\":false,\"name\":\"English (United Kingdom)\",\"type\":\"language\",\"creationDate\":\"2008-03-15\",\"author\":\"Joomla! Project\",\"copyright\":\"Copyright (C) 2005 - 2014 Open Source Matters. All rights reserved.\",\"authorEmail\":\"admin@joomla.org\",\"authorUrl\":\"www.joomla.org\",\"version\":\"2.5.28\",\"description\":\"en-GB administrator language\",\"group\":\"\"}', '', '', '', 0, '0000-00-00 00:00:00', 0, 0),
(700, 'files_joomla', 'file', 'joomla', '', 0, 1, 1, 1, '{\"legacy\":false,\"name\":\"files_joomla\",\"type\":\"file\",\"creationDate\":\"December 2014\",\"author\":\"Joomla! Project\",\"copyright\":\"(C) 2005 - 2014 Open Source Matters. All rights reserved\",\"authorEmail\":\"admin@joomla.org\",\"authorUrl\":\"www.joomla.org\",\"version\":\"2.5.28\",\"description\":\"FILES_JOOMLA_XML_DESCRIPTION\",\"group\":\"\"}', '', '', '', 0, '0000-00-00 00:00:00', 0, 0),
(800, 'PKG_JOOMLA', 'package', 'pkg_joomla', '', 0, 1, 1, 1, '{\"legacy\":false,\"name\":\"PKG_JOOMLA\",\"type\":\"package\",\"creationDate\":\"2006\",\"author\":\"Joomla! Project\",\"copyright\":\"Copyright (C) 2005 - 2014 Open Source Matters. All rights reserved.\",\"authorEmail\":\"admin@joomla.org\",\"authorUrl\":\"http:\\/\\/www.joomla.org\",\"version\":\"2.5.0\",\"description\":\"PKG_JOOMLA_XML_DESCRIPTION\",\"group\":\"\"}', '', '', '', 0, '0000-00-00 00:00:00', 0, 0),
(900, 'PLG_EOSNOTIFY', 'plugin', 'eosnotify', 'quickicon', 0, 1, 1, 1, '{\"legacy\":false,\"name\":\"PLG_EOSNOTIFY\",\"type\":\"plugin\",\"creationDate\":\"October 2014\",\"author\":\"Joomla! Project\",\"copyright\":\"Copyright (C) 2005 - 2014 Open Source Matters. All rights reserved.\",\"authorEmail\":\"admin@joomla.org\",\"authorUrl\":\"www.joomla.org\",\"version\":\"2.5.0\",\"description\":\"End of Support Notifier\",\"group\":\"\"}', '{}', '', '', 0, '0000-00-00 00:00:00', 0, 0),
(10003, 'com_akquickicons', 'component', 'com_akquickicons', '', 1, 1, 0, 0, '{\"legacy\":false,\"name\":\"com_akquickicons\",\"type\":\"component\",\"creationDate\":\"2012-11-15\",\"author\":\"Asika\",\"copyright\":\"Copyright (C) 2012. All rights reserved.\",\"authorEmail\":\"asika32764@gmail.com\",\"authorUrl\":\"http:\\/\\/asikart.com\",\"version\":\"1.1.0\",\"description\":\"COM_AKQUICKICONS_XML_DESCRIPTION\",\"group\":\"\"}', '{}', '', '', 0, '0000-00-00 00:00:00', 0, 0),
(10004, 'Asikart QuickIcons Module', 'module', 'mod_akquickicons', '', 1, 1, 2, 0, '{\"legacy\":false,\"name\":\"Asikart QuickIcons Module\",\"type\":\"module\",\"creationDate\":\"2012-08-11\",\"author\":\"Asika\",\"copyright\":\"Copyright (C) 2005 - 2012 http:\\/\\/asikart.com\",\"authorEmail\":\"asika@asikart.com\",\"authorUrl\":\"http:\\/\\/asikart.com\",\"version\":\"1.0\",\"description\":\"MOD_AKQUICKICONS_INSTALL_DESC\",\"group\":\"\"}', '{\"cache\":\"1\",\"cache_time\":\"900\",\"cachemode\":\"static\"}', '', '', 0, '0000-00-00 00:00:00', 0, 0),
(10008, 'Asikart QuickMenu Module', 'module', 'mod_akquickmenu', '', 1, 1, 2, 0, '{\"legacy\":false,\"name\":\"Asikart QuickMenu Module\",\"type\":\"module\",\"creationDate\":\"March 2006\",\"author\":\"Ray Li\",\"copyright\":\"Copyright (C) 2005 - 2012 Open Source Matters. All rights reserved.\",\"authorEmail\":\"ray@kanotec.com\",\"authorUrl\":\"www.joomla.org\",\"version\":\"1.0.0\",\"description\":\"MOD_AKQUICKMENU_XML_DESCRIPTION\",\"group\":\"\"}', '{\"shownew\":\"1\",\"showhelp\":\"1\",\"forum_url\":\"\",\"cache\":\"0\"}', '', '', 0, '0000-00-00 00:00:00', 0, 0),
(10019, 'com_falang', 'component', 'com_falang', '', 1, 1, 0, 0, '{\"legacy\":false,\"name\":\"com_falang\",\"type\":\"component\",\"creationDate\":\"December 2012\",\"author\":\"St\\u00e9phane Bouey\",\"copyright\":\"2011-2013, Faboba\",\"authorEmail\":\"stephane.bouey@faboba.com\",\"authorUrl\":\"www.faboba.com\",\"version\":\"1.4.7\",\"description\":\"COM_FALANG_XML_DESCRIPTION\",\"group\":\"\"}', '{\"liveupdate\":\"stuck=0\\nlastcheck=1506307015\\nupdatedata=\\\"Tzo4OiJzdGRDbGFzcyI6ODp7czo5OiJzdXBwb3J0ZWQiO2I6MTtzOjU6InN0dWNrIjtiOjA7czo3OiJ2ZXJzaW9uIjtzOjA6IiI7czo0OiJkYXRlIjtzOjA6IiI7czo5OiJzdGFiaWxpdHkiO3M6MDoiIjtzOjExOiJkb3dubG9hZFVSTCI7czowOiIiO3M6NzoiaW5mb1VSTCI7czowOiIiO3M6MTI6InJlbGVhc2Vub3RlcyI7czowOiIiO30=\\\"\"}', '', '', 0, '0000-00-00 00:00:00', 0, 0),
(10021, 'plg_system_falangdriver', 'plugin', 'falangdriver', 'system', 0, 1, 1, 0, '{\"legacy\":false,\"name\":\"plg_system_falangdriver\",\"type\":\"plugin\",\"creationDate\":\"December 2012\",\"author\":\"St\\u00e9phane Bouey\",\"copyright\":\"2011-2013, Faboba\",\"authorEmail\":\"stephane.bouey@faboba.com\",\"authorUrl\":\"http:\\/\\/www.faboba.com\",\"version\":\"1.4.7\",\"description\":\"PLG_SYSTEM_FALANGDRIVER_XML_DESCRIPTION\",\"group\":\"\"}', '{}', '', '', 0, '0000-00-00 00:00:00', 0, 0),
(10022, 'falang', 'package', 'pkg_falang', '', 0, 1, 1, 0, '{\"legacy\":false,\"name\":\"FaLang Package\",\"type\":\"package\",\"creationDate\":\"December 2012\",\"author\":\"St\\u00e9phane Bouey\",\"copyright\":\"\",\"authorEmail\":\"\",\"authorUrl\":\"\",\"version\":\"1.4.7\",\"description\":\"FaLang! Installer Package.\",\"group\":\"\"}', '{}', '', '', 0, '0000-00-00 00:00:00', 0, 0),
(10023, '', 'language', 'zh-CN', '', 0, 1, 0, 0, '{\"legacy\":true,\"name\":\"\\u7b80\\u4f53\\u4e2d\\u6587\",\"type\":\"language\",\"creationDate\":\"2013-04-15\",\"author\":\"CHN Translation Team\",\"copyright\":\"Copyright (C) 2010 CHN Joomla Translation Team  (http:\\/\\/joomlacode.org\\/gf\\/project\\/choice\\/). All rights reserved.\",\"authorEmail\":\"zhous1998@sohu.com\",\"authorUrl\":\"www.joomla.cn\",\"version\":\"2.5.20.1\",\"description\":\"\\n    \\n<div align=\\\"center\\\">\\n <table border=\\\"0\\\" width=\\\"90%\\\">\\n  <table width=\\\"100%\\\" border=\\\"0\\\">\\n  <tr>\\n    <td colspan=\\\"2\\\">Chinese language for Joomla 1.6 back-end. Translated by CHN Joomla Translation Team, one of Joomla Accredited Translations.<\\/td>\\n  <\\/tr>\\n  <tr>\\n    <td colspan=\\\"2\\\">Joomla 2.5 \\u7b80\\u4f53\\u4e2d\\u6587\\u8bed\\u8a00\\u662f\\u7531Joomla\\u6388\\u6743\\u7ffb\\u8bd1\\u7ec4\\u7684Derek Joe\\u5728Joomla 1.6\\u7ffb\\u8bd1\\u5de5\\u4f5c\\u7684\\u57fa\\u7840\\u4e0a\\u8865\\u5145\\u7ffb\\u8bd1\\u3002<\\/td>\\n  <\\/tr>\\n  <tr>\\n    <td colspan=\\\"2\\\">Joomla 2.5\\u7b80\\u4f53\\u4e2d\\u6587\\u8bed\\u8a00\\u5305\\u7684\\u4e3b\\u8981\\u8d21\\u732e\\u4eba\\uff1a<\\/td>\\n  <\\/tr>\\n  <tr>\\n    <td colspan=\\\"2\\\">\\u524d\\u53f0\\uff1a <a href=\\\"http:\\/\\/joomlacode.org\\/gf\\/user\\/wuyujie\\/\\\" target=\\\"_blank\\\">\\u6b66\\u7389\\u6770<\\/a>(wuyujie)\\u3001 <a href=\\\"http:\\/\\/joomlacode.org\\/gf\\/user\\/gzpan123\\/\\\" target=\\\"_blank\\\">\\u90ed\\u5fd7\\u6500<\\/a><\\/td>\\n  <\\/tr>\\n  <tr>\\n    <td colspan=\\\"2\\\">\\u540e\\u53f0\\uff1a <a href=\\\"http:\\/\\/joomlacode.org\\/gf\\/user\\/keydiagram\\/\\\" target=\\\"_blank\\\">Key Diagram<\\/a>\\u3001<a href=\\\"http:\\/\\/joomlacode.org\\/gf\\/user\\/tchyusuf\\/\\\">Yusuf  Wang<\\/a><\\/td>\\n  <\\/tr>\\n  <tr>\\n    <td colspan=\\\"2\\\">\\u5b89\\u88c5\\uff1a <a href=\\\"http:\\/\\/joomlacode.org\\/gf\\/user\\/freechoice\\/\\\" target=\\\"_blank\\\">Johnathan Cheun<\\/a>\\u3001<a href=\\\"http:\\/\\/joomlacode.org\\/gf\\/user\\/tchyusuf\\/\\\">Yusuf  Wang<\\/a>\\u3001 <a href=\\\"http:\\/\\/joomlacode.org\\/gf\\/user\\/zhous\\/\\\" target=\\\"_blank\\\">Derek Joe<\\/a><\\/td>\\n  <\\/tr>\\n  <tr>\\n    <td colspan=\\\"2\\\">\\u793a\\u8303\\u5185\\u5bb9\\u53ca\\u7f16\\u8f91\\u5668\\uff1a <a href=\\\"http:\\/\\/joomlacode.org\\/gf\\/user\\/zhous\\/\\\" target=\\\"_blank\\\">Derek Joe<\\/a><\\/td>\\n  <\\/tr>\\n  <tr>\\n    <td colspan=\\\"2\\\">\\u591a\\u8c22\\u5927\\u5bb6\\u7684\\u8f9b\\u52e4\\u52b3\\u52a8\\uff01\\u8c22\\u8c22wayne82\\u7684\\u53cd\\u9988\\u4e0e\\u5efa\\u8bae\\uff01<\\/td>\\n  <\\/tr>\\n  <tr>\\n    <td width=\\\"132\\\"><p><a href=\\\"http:\\/\\/www.joomla.cn\\/index.php?option=com_kunena&func=showcat&catid=34&Itemid=46&lang=zh\\\" target=\\\"_blank\\\"><img src=\\\"http:\\/\\/www.joomla.cn\\/images\\/aboutjoomlacn.png\\\" alt=\\\"\\u56e7\\u5566!\\u4e2d\\u56fd\\\" width=\\\"130\\\" height=\\\"70\\\" align=\\\"left\\\" longdesc=\\\"http:\\/\\/www.joomla.cn\\\"><br \\/>\\n    <\\/a><\\/p><\\/td>\\n    <td valign=\\\"middle\\\"><a href=\\\"http:\\/\\/www.joomla.cn\\/index.php?option=com_kunena&func=showcat&catid=34&Itemid=46&lang=zh\\\" target=\\\"_blank\\\">Joomla\\u53ca\\u5176\\u6269\\u5c55\\u6c49\\u5316\\u7684\\u5206\\u4eab\\u4e0e\\u8ba8\\u8bba\\u8bf7\\u8bbf\\u95ee\\\"\\u56e7\\u5566!\\u4e2d\\u56fd\\\"<\\/a><br \\/>\\n      <b>\\u6b22\\u8fce\\u559c\\u6b22\\u7ffb\\u8bd1\\u4e14\\u61c2\\u5f97\\u4f7f\\u7528SVN\\u7684\\u670b\\u53cb<\\/b><br \\/>\\n    <a href=\\\"http:\\/\\/www.joomla.cn\\/index.php?option=com_kunena&func=view&catid=34&id=9537&Itemid=46\\\" target=\\\"_blank\\\"><b>\\u52a0\\u5165\\u6211\\u4eec\\u7684\\u7ffb\\u8bd1\\u7ec4\\uff08\\u771f\\u6b63\\u81ea\\u4e3b\\u7684\\u534f\\u4f5c\\u65b9\\u5f0f\\uff09<\\/b><\\/a><\\/td>\\n  <\\/tr>\\n  <tr>\\n    <td colspan=\\\"2\\\">&nbsp;<\\/td>\\n  <\\/tr>\\n<\\/table>\\n <\\/div>\\n  \\n\\t\",\"group\":\"\"}', '{}', '', '', 0, '0000-00-00 00:00:00', 0, 0),
(10024, '', 'language', 'zh-CN', '', 1, 1, 0, 0, '{\"legacy\":true,\"name\":\"\\u7b80\\u4f53\\u4e2d\\u6587\",\"type\":\"language\",\"creationDate\":\"2013-04-15\",\"author\":\"Derek Joe(zhous)\",\"copyright\":\"Copyright (C) 2010 CHN Joomla Translation (http:\\/\\/joomlacode.org\\/gf\\/project\\/choice\\/). All rights reserved.\",\"authorEmail\":\"zhous1998@sohu.com\",\"authorUrl\":\"\",\"version\":\"2.5.20.1\",\"description\":\"\\n\\t    \\n<div align=\\\"center\\\">\\n <table border=\\\"0\\\" width=\\\"90%\\\">\\n  <table width=\\\"100%\\\" border=\\\"0\\\">\\n  <tr>\\n    <td colspan=\\\"2\\\">Chinese language for Joomla 2.5 back-end. Translated by CHN Joomla Translation Team, one of Joomla Accredited Translations.<\\/td>\\n  <\\/tr>\\n  <tr>\\n    <td colspan=\\\"2\\\">Joomla 2.5 \\u7b80\\u4f53\\u4e2d\\u6587\\u8bed\\u8a00\\u662f\\u7531Joomla\\u6388\\u6743\\u7ffb\\u8bd1\\u7ec4\\u7684Derek Joe\\u5728Joomla 1.6\\u7ffb\\u8bd1\\u5de5\\u4f5c\\u7684\\u57fa\\u7840\\u4e0a\\u8865\\u5145\\u7ffb\\u8bd1\\u3002<\\/td>\\n  <\\/tr>\\n  <tr>\\n    <td colspan=\\\"2\\\">Joomla 2.5\\u7b80\\u4f53\\u4e2d\\u6587\\u8bed\\u8a00\\u5305\\u7684\\u4e3b\\u8981\\u8d21\\u732e\\u4eba\\uff1a<\\/td>\\n  <\\/tr>\\n  <tr>\\n    <td colspan=\\\"2\\\">\\u524d\\u53f0\\uff1a <a href=\\\"http:\\/\\/joomlacode.org\\/gf\\/user\\/wuyujie\\/\\\" target=\\\"_blank\\\">\\u6b66\\u7389\\u6770<\\/a>(wuyujie)\\u3001 <a href=\\\"http:\\/\\/joomlacode.org\\/gf\\/user\\/gzpan123\\/\\\" target=\\\"_blank\\\">\\u90ed\\u5fd7\\u6500<\\/a><\\/td>\\n  <\\/tr>\\n  <tr>\\n    <td colspan=\\\"2\\\">\\u540e\\u53f0\\uff1a <a href=\\\"http:\\/\\/joomlacode.org\\/gf\\/user\\/keydiagram\\/\\\" target=\\\"_blank\\\">Key Diagram<\\/a>\\u3001<a href=\\\"http:\\/\\/joomlacode.org\\/gf\\/user\\/tchyusuf\\/\\\">Yusuf  Wang<\\/a><\\/td>\\n  <\\/tr>\\n  <tr>\\n    <td colspan=\\\"2\\\">\\u5b89\\u88c5\\uff1a <a href=\\\"http:\\/\\/joomlacode.org\\/gf\\/user\\/freechoice\\/\\\" target=\\\"_blank\\\">Johnathan Cheun<\\/a>\\u3001<a href=\\\"http:\\/\\/joomlacode.org\\/gf\\/user\\/tchyusuf\\/\\\">Yusuf  Wang<\\/a>\\u3001 <a href=\\\"http:\\/\\/joomlacode.org\\/gf\\/user\\/zhous\\/\\\" target=\\\"_blank\\\">Derek Joe<\\/a><\\/td>\\n  <\\/tr>\\n  <tr>\\n    <td colspan=\\\"2\\\">\\u793a\\u8303\\u5185\\u5bb9\\u53ca\\u7f16\\u8f91\\u5668\\uff1a <a href=\\\"http:\\/\\/joomlacode.org\\/gf\\/user\\/zhous\\/\\\" target=\\\"_blank\\\">Derek Joe<\\/a><\\/td>\\n  <\\/tr>\\n  <tr>\\n    <td colspan=\\\"2\\\">\\u591a\\u8c22\\u5927\\u5bb6\\u7684\\u8f9b\\u52e4\\u52b3\\u52a8\\uff01\\u8c22\\u8c22wayne82\\u7684\\u53cd\\u9988\\u4e0e\\u5efa\\u8bae\\uff01<\\/td>\\n  <\\/tr>\\n  <tr>\\n    <td width=\\\"132\\\"><p><a href=\\\"http:\\/\\/www.joomla.cn\\/index.php?option=com_kunena&func=showcat&catid=34&Itemid=46&lang=zh\\\" target=\\\"_blank\\\"><img src=\\\"http:\\/\\/www.joomla.cn\\/images\\/aboutjoomlacn.png\\\" alt=\\\"\\u56e7\\u5566!\\u4e2d\\u56fd\\\" width=\\\"130\\\" height=\\\"70\\\" align=\\\"left\\\" longdesc=\\\"http:\\/\\/www.joomla.cn\\\"><br \\/>\\n    <\\/a><\\/p><\\/td>\\n    <td valign=\\\"middle\\\"><a href=\\\"http:\\/\\/www.joomla.cn\\/index.php?option=com_kunena&func=showcat&catid=34&Itemid=46&lang=zh\\\" target=\\\"_blank\\\">Joomla\\u53ca\\u5176\\u6269\\u5c55\\u6c49\\u5316\\u7684\\u5206\\u4eab\\u4e0e\\u8ba8\\u8bba\\u8bf7\\u8bbf\\u95ee\\\"\\u56e7\\u5566!\\u4e2d\\u56fd\\\"<\\/a><br \\/>\\n      <b>\\u6b22\\u8fce\\u559c\\u6b22\\u7ffb\\u8bd1\\u4e14\\u61c2\\u5f97\\u4f7f\\u7528SVN\\u7684\\u670b\\u53cb<\\/b><br \\/>\\n    <a href=\\\"http:\\/\\/www.joomla.cn\\/index.php?option=com_kunena&func=view&catid=34&id=9537&Itemid=46\\\" target=\\\"_blank\\\"><b>\\u52a0\\u5165\\u6211\\u4eec\\u7684\\u7ffb\\u8bd1\\u7ec4\\uff08\\u771f\\u6b63\\u81ea\\u4e3b\\u7684\\u534f\\u4f5c\\u65b9\\u5f0f\\uff09<\\/b><\\/a><\\/td>\\n  <\\/tr>\\n  <tr>\\n    <td colspan=\\\"2\\\">&nbsp;<\\/td>\\n  <\\/tr>\\n<\\/table>\\n <\\/div>\\n  \\n\\t\",\"group\":\"\"}', '{}', '', '', 0, '0000-00-00 00:00:00', 0, 0),
(10025, 'TinyMCE zh-CN', 'file', 'tinymce_zh-CN', '', 0, 1, 0, 0, '{\"legacy\":false,\"name\":\"TinyMCE zh-CN\",\"type\":\"file\",\"creationDate\":\"2012.05.23\",\"author\":\"Joomla! China\",\"copyright\":\"Copyright (C) 2005 - 2012 Open Source Matters. All rights reserved\",\"authorEmail\":\"zhous1998@gmail.com\",\"authorUrl\":\"www.joomla.cn\",\"version\":\"3.4.9\",\"description\":\"Joomla\\u6838\\u5fc3\\u7f16\\u8f91\\u5668TinyMCE 3.4.9\\u7684\\u7b80\\u4f53\\u4e2d\\u6587\\u8bed\\u8a00\\u5305\\u3002Simplified Chinese Language Package for TinyMCE 3.4.9 in Joomla 2.5.\",\"group\":\"\"}', '', '', '', 0, '0000-00-00 00:00:00', 0, 0),
(10026, 'zh-CN', 'package', 'pkg_zh-CN', '', 0, 1, 1, 0, '{\"legacy\":false,\"name\":\"\\u7b80\\u4f53\\u4e2d\\u6587Simplified Chinese\",\"type\":\"package\",\"creationDate\":\"2013-12-19\",\"author\":\"CHN Translation Team\",\"copyright\":\"Copyright (C) 2010 CHN Joomla Translation Team  (http:\\/\\/joomlacode.org\\/gf\\/project\\/choice\\/). All rights reserved.\",\"authorEmail\":\"zhous1998@sohu.com\",\"authorUrl\":\"www.joomla.cn\",\"version\":\"2.5.20.1\",\"description\":\"\\n\\t\\n\\t<h3>Joomla! 2.5.20\\u7b80\\u4f53\\u4e2d\\u6587\\u8bed\\u8a00\\u5305\\u7b2c\\u4e00\\u7248<\\/h3>\\n    <h3>Joomla! 2.5.20 Full Simplified Chinese (zh-CN) Language Package version 1<\\/h3>\\n    <h3>\\u672c\\u5b89\\u88c5\\u5305\\u5df2\\u5305\\u542bJoomla\\u6838\\u5fc3\\u7f16\\u8f91\\u5668TinyMCE 3.4.9\\u7684\\u4e2d\\u6587\\u8bed\\u8a00<\\/h3>\\n\\t<div>\\n\\tJoomla 2.5.20\\u8bed\\u8a00\\u662f\\u7531Joomla\\u5b98\\u65b9\\u7ffb\\u8bd1\\u7ec4\\u7684Derek Joe\\u7ec4\\u7ec7\\u7ffb\\u8bd1\\u3002\\u5de5\\u4f5c\\u662f\\u5728Joomla1.6\\u7684\\u57fa\\u7840\\u4e0a\\u8fdb\\u884c\\u7684\\u3002Joomla 2.5.20\\u8bed\\u8a00\\u7684\\u8865\\u5145\\u7531Derek Joe\\u5b8c\\u6210\\u3002\\u611f\\u8c22Joomla\\u7b80\\u4f53\\u4e2d\\u6587\\u7ffb\\u8bd1\\u7ec4\\u7684\\u6240\\u6709\\u5fd7\\u613f\\u8005\\uff1a\\u6b66\\u7389\\u6770\\u3001Key Diagram\\u3001Yusuf  Wang\\u3001\\u90ed\\u5fd7\\u6500\\u3001Eric Wong\\uff08http:\\/\\/berocks2.com\\/\\uff09\\u3001wayne82\\uff01\\u7ffb\\u8bd1\\u57fa\\u5730\\uff1a<a href=\\\"http:\\/\\/www.joomla.cn\\\" target=\\\"_blank\\\">\\u56e7\\u5566!\\u4e2d\\u56fd\\uff08Joomla.cn\\uff09<\\/a>\\u3002\\u7ffb\\u8bd1\\u4e0e\\u4f7f\\u7528\\u4ea4\\u6d41\\uff1a\\uff1a<a href=\\\"http:\\/\\/weibo.com\\/joomlacn\\\" target=\\\"_blank\\\">\\u56e7\\u5566\\u4e2d\\u56fd\\uff08\\u65b0\\u6d6a\\u5fae\\u535a\\uff09<\\/a>\\u3002\\u6b22\\u8fce\\u559c\\u6b22\\u7ffb\\u8bd1\\u7684\\u670b\\u53cb\\u52a0\\u5165\\u6211\\u4eec\\u3002<br><br>\\n\\t\\u6b22\\u8fce\\u52a0\\u5165\\u201cJoomla\\u4f7f\\u7528\\u4ea4\\u6d41\\u201dQ\\u7fa4\\uff1a154673214\\u300172746093\\u3002<br> <br>\\n\\t<\\/div>\\n\\t\\n\\t\",\"group\":\"\"}', '{}', '', '', 0, '0000-00-00 00:00:00', 0, 0),
(10027, '', 'language', 'zh-TW', '', 0, 1, 0, 0, '{\"legacy\":false,\"name\":\"\\u4e2d\\u6587(\\u7e41\\u9ad4\\uff0e\\u53f0\\u7063)\",\"type\":\"language\",\"creationDate\":\"2014-3-7\",\"author\":\"Traditional Chinese translation team : Joomla! Taiwan\",\"copyright\":\"Copyright (C) 2005 - 2012 Open Source Matters All rights reserved.\",\"authorEmail\":\"eddy@joomla.org.tw\",\"authorUrl\":\"www.joomla.org.tw\",\"version\":\"2.5.19.1\",\"description\":\"zh-TW site language\",\"group\":\"\"}', '{}', '', '', 0, '0000-00-00 00:00:00', 0, 0),
(10028, '', 'language', 'zh-TW', '', 1, 1, 0, 0, '{\"legacy\":false,\"name\":\"\\u4e2d\\u6587(\\u7e41\\u9ad4\\uff0e\\u53f0\\u7063)\",\"type\":\"language\",\"creationDate\":\"2014-3-7\",\"author\":\"Traditional Chinese translation team : Joomla! Taiwan\",\"copyright\":\"Copyright (C) 2005 - 2012 Open Source Matters All rights reserved.\",\"authorEmail\":\"eddy@joomla.org.tw\",\"authorUrl\":\"www.joomla.org.tw\",\"version\":\"2.5.19.1\",\"description\":\"zh-TW administrator language\",\"group\":\"\"}', '{}', '', '', 0, '0000-00-00 00:00:00', 0, 0),
(10029, 'zh-TW', 'package', 'pkg_zh-TW', '', 0, 1, 1, 0, '{\"legacy\":false,\"name\":\"\\u4e2d\\u6587(\\u7e41\\u9ad4\\uff0e\\u53f0\\u7063)\\u5b8c\\u6574\\u8a9e\\u8a00\\u5305\",\"type\":\"package\",\"creationDate\":\"2014-3-7\",\"author\":\"Traditional Chinese translation team\",\"copyright\":\"Copyright (C) 2005 - 2012 Copyright (C) 2005 - 2012 Open Source Matters All rights reserved.\",\"authorEmail\":\"eddy@joomla.org.tw\",\"authorUrl\":\"www.joomla.org.tw\",\"version\":\"2.5.19.1\",\"description\":\"\\n      \\n      <h3>Joomla! 2.5.19 \\u7e41\\u9ad4\\u4e2d\\u6587(zh-TW)\\u5b8c\\u6574\\u8a9e\\u8a00\\u5305\\uff0c\\u7248\\u672c1<\\/h3>\\n      <h3>Joomla! 2.5.19 Traditional Chinese (zh-TW) Language Package version 1<\\/h3>\\n      \\n   \",\"group\":\"\"}', '{}', '', '', 0, '0000-00-00 00:00:00', 0, 0),
(10030, 'PLG_SYSTEM_MODULESANYWHERE', 'plugin', 'modulesanywhere', 'system', 0, 1, 1, 0, '{\"legacy\":false,\"name\":\"PLG_SYSTEM_MODULESANYWHERE\",\"type\":\"plugin\",\"creationDate\":\"November 2012\",\"author\":\"NoNumber (Peter van Westen)\",\"copyright\":\"Copyright \\u00a9 2012 NoNumber All Rights Reserved\",\"authorEmail\":\"peter@nonumber.nl\",\"authorUrl\":\"http:\\/\\/www.nonumber.nl\",\"version\":\"3.0.2FREE\",\"description\":\"PLG_SYSTEM_MODULESANYWHERE_DESC\",\"group\":\"\"}', '', '', '', 0, '0000-00-00 00:00:00', 0, 0),
(10031, 'PLG_EDITORS-XTD_MODULESANYWHERE', 'plugin', 'modulesanywhere', 'editors-xtd', 0, 1, 1, 0, '{\"legacy\":false,\"name\":\"PLG_EDITORS-XTD_MODULESANYWHERE\",\"type\":\"plugin\",\"creationDate\":\"November 2012\",\"author\":\"NoNumber (Peter van Westen)\",\"copyright\":\"Copyright \\u00a9 2012 NoNumber All Rights Reserved\",\"authorEmail\":\"peter@nonumber.nl\",\"authorUrl\":\"http:\\/\\/www.nonumber.nl\",\"version\":\"3.0.2FREE\",\"description\":\"PLG_EDITORS-XTD_MODULESANYWHERE_DESC\",\"group\":\"\"}', '', '', '', 0, '0000-00-00 00:00:00', 0, 0),
(10032, 'PLG_SYSTEM_NNFRAMEWORK', 'plugin', 'nnframework', 'system', 0, 1, 1, 0, '{\"legacy\":false,\"name\":\"PLG_SYSTEM_NNFRAMEWORK\",\"type\":\"plugin\",\"creationDate\":\"November 2012\",\"author\":\"NoNumber (Peter van Westen)\",\"copyright\":\"Copyright \\u00a9 2012 NoNumber All Rights Reserved\",\"authorEmail\":\"peter@nonumber.nl\",\"authorUrl\":\"http:\\/\\/www.nonumber.nl\",\"version\":\"12.11.8\",\"description\":\"PLG_SYSTEM_NNFRAMEWORK_DESC\",\"group\":\"\"}', '', '', '', 0, '0000-00-00 00:00:00', 0, 0),
(10034, 'Default', 'template', 'default', '', 0, 1, 1, 0, '{\"legacy\":false,\"name\":\"Default\",\"type\":\"template\",\"creationDate\":\"2012\\/12\\/06\",\"author\":\"Ray Li\",\"copyright\":\"\",\"authorEmail\":\"ray@kanotec.com\",\"authorUrl\":\"http:\\/\\/www.webeasy.com.hk\",\"version\":\"1.0\",\"description\":\"Default\",\"group\":\"\"}', '{}', '', '', 0, '0000-00-00 00:00:00', 0, 0),
(10035, 'googleMaps', 'plugin', 'googleMaps', 'content', 0, 1, 1, 0, '{\"legacy\":false,\"name\":\"googleMaps\",\"type\":\"plugin\",\"creationDate\":\"May 2009\",\"author\":\"kksou\",\"copyright\":\"(C) kksou.com. All Rights Reserved.\",\"authorEmail\":\"support@kksou.com\",\"authorUrl\":\"www.kksou.com\\/php-gtk2\\/\",\"version\":\"2.5.19\",\"description\":\"This plugin allows you to include one or more google maps right inside your content item or article.\",\"group\":\"\"}', '{\"api_key\":\"AIzaSyAG1-NduaXF_n1wCOFpBJUTNv-f3x5k5x4\",\"width\":\"430\",\"height\":\"270\",\"zoom\":\"15\"}', '', '', 0, '0000-00-00 00:00:00', 0, 0),
(10036, 'SP Simple Youtube', 'module', 'mod_sp_simple_youtube', '', 0, 1, 0, 0, '{\"legacy\":false,\"name\":\"SP Simple Youtube\",\"type\":\"module\",\"creationDate\":\"Apr 2011\",\"author\":\"JoomShaper.com\",\"copyright\":\"Copyright (C) 2010 - 2012 JoomShaper.com. All rights reserved.\",\"authorEmail\":\"support@joomshaper.com\",\"authorUrl\":\"www.joomshaper.com\",\"version\":\"1.4.0\",\"description\":\"Youtube module for Joomla by JoomShaper.com\",\"group\":\"\"}', '{\"moduleclass_sfx\":\"\",\"youtube_id\":\"\",\"width\":\"300\",\"height\":\"200\",\"cache\":\"1\",\"cache_time\":\"900\",\"cachemode\":\"itemid\"}', '', '', 0, '0000-00-00 00:00:00', 0, 0),
(10037, 'Editor - JCE', 'plugin', 'jce', 'editors', 0, 1, 1, 0, '{\"legacy\":false,\"name\":\"Editor - JCE\",\"type\":\"plugin\",\"creationDate\":\"10 November 2012\",\"author\":\"Ryan Demmer\",\"copyright\":\"2006-2010 Ryan Demmer\",\"authorEmail\":\"info@joomlacontenteditor.net\",\"authorUrl\":\"http:\\/\\/www.joomlacontenteditor.net\",\"version\":\"2.2.9.1\",\"description\":\"WF_EDITOR_PLUGIN_DESC\",\"group\":\"\"}', '{}', '', '', 0, '0000-00-00 00:00:00', 0, 0),
(10038, 'plg_quickicon_jcefilebrowser', 'plugin', 'jcefilebrowser', 'quickicon', 0, 1, 1, 0, '{\"legacy\":false,\"name\":\"plg_quickicon_jcefilebrowser\",\"type\":\"plugin\",\"creationDate\":\"April 2012\",\"author\":\"Ryan Demmer\",\"copyright\":\"Copyright (C) 2012 Ryan Demmer. All rights reserved.\",\"authorEmail\":\"admin@joomla.org\",\"authorUrl\":\"www.joomla.org\",\"version\":\"2.5.0\",\"description\":\"PLG_QUICKICON_JCEFILEBROWSER_XML_DESCRIPTION\",\"group\":\"\"}', '{}', '', '', 0, '0000-00-00 00:00:00', 0, 0),
(10039, 'jce', 'component', 'com_jce', '', 1, 1, 1, 0, '{\"legacy\":false,\"name\":\"JCE\",\"type\":\"component\",\"creationDate\":\"10 November 2012\",\"author\":\"Ryan Demmer\",\"copyright\":\"Copyright (C) 2006 - 2012 Ryan Demmer. All rights reserved\",\"authorEmail\":\"info@joomlacontenteditor.net\",\"authorUrl\":\"www.joomlacontenteditor.net\",\"version\":\"2.2.9.1\",\"description\":\"WF_ADMIN_DESC\",\"group\":\"\"}', '{\"editor\":{\"verify_html\":\"0\",\"schema\":\"html4\",\"entity_encoding\":\"raw\",\"cleanup_pluginmode\":\"0\",\"forced_root_block\":\"p\",\"content_style_reset\":\"0\",\"content_css\":\"0\",\"content_css_custom\":\"templates\\/default\\/css\\/editor.css\",\"compress_javascript\":\"0\",\"compress_css\":\"0\",\"compress_gzip\":\"0\",\"use_cookies\":\"1\",\"custom_config\":\"\",\"callback_file\":\"\"}}', '', '', 0, '0000-00-00 00:00:00', 0, 0),
(10045, 'member', 'component', 'com_member', '', 1, 1, 0, 0, '{\"legacy\":false,\"name\":\"Member\",\"type\":\"component\",\"creationDate\":\"5\\/9\\/2012\",\"author\":\"Ray Li\",\"copyright\":\"Kanotec\",\"authorEmail\":\"ray@kanotec.com\",\"authorUrl\":\"http:\\/\\/www.webeasy.com.hk\",\"version\":\"1.00\",\"description\":\"\",\"group\":\"\"}', '{\"enable_captcha\":\"1\"}', '', '', 0, '0000-00-00 00:00:00', 0, 0),
(10047, 'System - osolCaptcha', 'plugin', 'osolcaptcha', 'system', 0, 1, 1, 0, '{\"legacy\":false,\"name\":\"System - osolCaptcha\",\"type\":\"plugin\",\"creationDate\":\"May 2010\",\"author\":\"Sreekanth Dayanand\",\"copyright\":\"(C) 2010 - Outsource Online.\",\"authorEmail\":\"joomla@outsource-online.net\",\"authorUrl\":\"http:\\/\\/www.outsource-online.net\\/\",\"version\":\"1.0.6\",\"description\":\"\\n\\t\\n\\tEasily add captcha to joomla forms for login,registration and contact us.\\n\\t<span style=\\\"color:#900; font-weight:bold; font-size:larger\\\">Make sure that you publish this component,from <a href=\\\"index.php?option=com_plugins&filter_type=system\\\">here<\\/a><\\/span>\\n\\t<h2>For adding captcha in other forms<\\/h2>\\nJust put <div>\\n\\t\\t\\t&lt?php \\n\\t\\t\\t <p>\\n\\t\\t\\t\\t\\n\\t\\t\\t\\t<br \\/>\\n\\t\\t\\t\\tglobal $mainframe;\\n\\t\\t\\t\\t<br \\/>\\n\\t\\t\\t\\t\\/\\/set the argument below to true if you need to show vertically( 3 cells one below the other)\\n\\t\\t\\t\\t<br \\/>\\n\\t\\t\\t\\t$mainframe->triggerEvent(\'onShowOSOLCaptcha\', array(false)); \\n\\t\\t\\t\\t<\\/p>\\n\\t\\t\\t?&gt;\\n\\t\\t\\t<\\/div>\\nin the HTML of the form where you want the captcha to show\\t\\t\\t\\n\\n\\t\\n\\t\",\"group\":\"\"}', '{\"bgColor\":\"#2c8007\",\"textColor\":\"#ffffff\",\"imageFunction\":\"Adv\",\"enableForContactUs\":\"No\",\"enableForRegistration\":\"Yes\",\"enableForReset\":\"No\",\"enableForRemind\":\"No\",\"botScoutProtection\":\"Disable\",\"botscoutAPIKey\":\"\",\"reportBotscoutNegativeMail\":\"\",\"redirectURLforSuspectedIPs\":\"http:\\/\\/www.google.com\\/\",\"adminPassPhrase\":\"\"}', '', '', 0, '0000-00-00 00:00:00', 0, 0),
(10048, 'msgtemplates', 'component', 'com_msgtemplates', '', 1, 1, 0, 0, '{\"legacy\":false,\"name\":\"msgtemplates\",\"type\":\"component\",\"creationDate\":\"7\\/12\\/2012\",\"author\":\"Insert your Name\",\"copyright\":\"Copyright Info\",\"authorEmail\":\"Insert your Email\",\"authorUrl\":\"http:\\/\\/www.mmleoni.net\\/joomla-component-builder\",\"version\":\"1.00\",\"description\":\"Component made by Marco\'s Component Maker for Joomla! 1.6 by http:\\/\\/www.mmleoni.net\\/joomla-component-builder\",\"group\":\"\"}', '{}', '', '', 0, '0000-00-00 00:00:00', 0, 0),
(10064, 'form', 'component', 'com_form', '', 1, 1, 0, 0, '{\"legacy\":false,\"name\":\"Form\",\"type\":\"component\",\"creationDate\":\"30\\/5\\/2012\",\"author\":\"Ray\",\"copyright\":\"Copyright Info\",\"authorEmail\":\"ray@kanotec.com\",\"authorUrl\":\"http:\\/\\/www.mmleoni.net\\/joomla-component-builder\",\"version\":\"1.00\",\"description\":\"\",\"group\":\"\"}', '{}', '', '', 0, '0000-00-00 00:00:00', 0, 0),
(10065, 'Enquiry Form', 'module', 'mod_enquiry_form', '', 0, 1, 0, 0, '{\"legacy\":true,\"name\":\"Enquiry Form\",\"type\":\"module\",\"creationDate\":\"July 2006\",\"author\":\"Ray\",\"copyright\":\"Copyright (C) 2012 - 2013 Open Source Matters. All rights reserved.\",\"authorEmail\":\"ray@kanotec.com\",\"authorUrl\":\"www.kanotec.com\",\"version\":\"1.0.0\",\"description\":\"Display Enquiry Form\",\"group\":\"\"}', '{}', '', '', 0, '0000-00-00 00:00:00', 0, 0),
(10069, 'newsletter', 'component', 'com_newsletter', '', 1, 1, 0, 0, '{\"legacy\":false,\"name\":\"Newsletter\",\"type\":\"component\",\"creationDate\":\"Jan 2013\",\"author\":\"Ray Li\",\"copyright\":\"Copyright Info\",\"authorEmail\":\"ray@kanotec.com\",\"authorUrl\":\"http:\\/\\/www.kanotec.com\",\"version\":\"1.00\",\"description\":\"Newsletter Component\",\"group\":\"\"}', '{}', '', '', 0, '0000-00-00 00:00:00', 0, 0),
(10070, 'System - BIGSHOT Google Analytics', 'plugin', 'bigshotgoogleanalytics', 'system', 0, 1, 1, 0, '{\"legacy\":true,\"name\":\"System - BIGSHOT Google Analytics\",\"type\":\"plugin\",\"creationDate\":\"November 2011\",\"author\":\"Jeff Henry\",\"copyright\":\"Copyright (C) 2008 BIGSHOT. All rights reserved.\",\"authorEmail\":\"jeffh@thinkbigshot.com\",\"authorUrl\":\"thinkbigshot.com\",\"version\":\"1.7\",\"description\":\"This Plugin puts the Tracking Code for Google Analytics into your site.\",\"group\":\"\"}', '{\"web_property_id\":\"UA-120431766-1\"}', '', '', 0, '0000-00-00 00:00:00', 0, 0),
(10096, 'ShareThis', 'module', 'mod_sharethis', '', 0, 1, 0, 0, '{\"legacy\":false,\"name\":\"ShareThis\",\"type\":\"module\",\"creationDate\":\"20-Dec-2011\",\"author\":\"ShareThis\",\"copyright\":\"Copyright (c) 2010 ShareThis, Inc.\",\"authorEmail\":\"\",\"authorUrl\":\"http:\\/\\/sharethis.com\",\"version\":\"5.0\",\"description\":\"\\n        Let your visitors share a post\\/page with others. Supports e-mail and posting to social bookmarking sites.\\n    \",\"group\":\"\"}', '{\"widget_type\":\"1\",\"button_style\":\"lg-icons\",\"pubKey\":\"jm-00000000-0000-0000-0000-000000000000\"}', '', '', 0, '0000-00-00 00:00:00', 0, 0),
(10101, 'mod_falang', 'module', 'mod_falang', '', 0, 1, 0, 0, '{\"legacy\":false,\"name\":\"mod_falang\",\"type\":\"module\",\"creationDate\":\"December 2012\",\"author\":\"St\\u00e9phane Bouey\",\"copyright\":\"2011-2013, Faboba\",\"authorEmail\":\"stephane.bouey@faboba.com\",\"authorUrl\":\"www.faboba.com\",\"version\":\"1.4.5\",\"description\":\"MOD_FALANG_XML_DESCRIPTION\",\"group\":\"\"}', '{\"dropdown\":\"0\",\"image\":\"1\",\"inline\":\"1\",\"show_active\":\"1\",\"full_name\":\"1\",\"cache\":\"1\",\"cache_time\":\"900\",\"cachemode\":\"itemid\"}', '', '', 0, '0000-00-00 00:00:00', 0, 0),
(10102, 'System - JCE MediaBox', 'plugin', 'jcemediabox', 'system', 0, 0, 1, 0, '{\"legacy\":false,\"name\":\"System - JCE MediaBox\",\"type\":\"plugin\",\"creationDate\":\"08 May 2013\",\"author\":\"Ryan Demmer\",\"copyright\":\"Copyright (C) 2006 - 2012 Ryan Demmer. All rights reserved\",\"authorEmail\":\"@@email@@\",\"authorUrl\":\"www.joomlacontenteditor.net\",\"version\":\"1.1.9\",\"description\":\"JCEMEDIABOX_DESC\",\"group\":\"\"}', '{\"theme\":\"standard\",\"imgpath\":\"plugins\\/system\\/jcemediabox\\/img\",\"fadespeed\":\"500\",\"scalespeed\":\"500\",\"overlay\":\"1\",\"overlayopacity\":\"0.8\",\"overlaycolor\":\"#000000\",\"width\":\"\",\"height\":\"\",\"resize\":\"1\",\"close\":\"2\",\"icons\":\"1\",\"hideobjects\":\"0\",\"scrolling\":\"fixed\",\"components\":\"\",\"menu\":\"\",\"dynamic_themes\":\"0\",\"legacy\":\"0\",\"lightbox\":\"0\",\"shadowbox\":\"0\",\"cookie_expiry\":\"\",\"tipclass\":\"tooltip\",\"tipopacity\":\"0.8\",\"tipspeed\":\"150\",\"tipposition\":\"br\",\"tipoffsets_x\":\"16\",\"tipoffsets_y\":\"16\"}', '', '', 0, '0000-00-00 00:00:00', 0, 0),
(10104, 'CSS Menu', 'module', 'mod_cssmenu', '', 0, 1, 0, 0, '{\"legacy\":true,\"name\":\"CSS Menu\",\"type\":\"module\",\"creationDate\":\"May 2009\",\"author\":\"Cody Teng\",\"copyright\":\"Copyright (C) 2004 - 2009 Kano Technology Limited. All rights reserved.\",\"authorEmail\":\"cody.teng@kanotec.com\",\"authorUrl\":\"www.kanotec.com\",\"version\":\"1.5.0\",\"description\":\"DESCCSSMENU\",\"group\":\"\"}', '{}', '', '', 0, '0000-00-00 00:00:00', 0, 0),
(10106, 'System - Disable Mootools', 'plugin', 'disable_mootools', 'system', 0, 1, 1, 0, '{\"legacy\":false,\"name\":\"System - Disable Mootools\",\"type\":\"plugin\",\"creationDate\":\"Jan 2011\",\"author\":\"Union D\",\"copyright\":\"Copyright (C) 2006 - 2011 Union D. All rights reserved.\",\"authorEmail\":\"v.galyanin@gmail.com\",\"authorUrl\":\"www.union-d.ru\",\"version\":\"1.0\",\"description\":\"Disable\\/enable loading mootools scripts\",\"group\":\"\"}', '{\"enabled\":\"1\"}', '', '', 0, '0000-00-00 00:00:00', 0, 0),
(10110, 'plg_search_falang_content', 'plugin', 'falangContent', 'search', 0, 1, 1, 0, '{\"legacy\":false,\"name\":\"plg_search_falang_content\",\"type\":\"plugin\",\"creationDate\":\"2013-06-12\",\"author\":\"St\\u00e9phane Bouey\",\"copyright\":\"Faboba\",\"authorEmail\":\"stephane.bouey@faboba.com\",\"authorUrl\":\"http:\\/\\/www.faboba.com\",\"version\":\"1.1\",\"description\":\"PLG_SEARCH_FALANG_CONTENT_XML_DESCRIPTION\",\"group\":\"\"}', '{\"search_limit\":\"50\",\"@spacer\":\"\",\"search_content\":\"1\",\"search_archived\":\"1\"}', '', '', 0, '0000-00-00 00:00:00', 0, 0);
INSERT INTO `wos_extensions` (`extension_id`, `name`, `type`, `element`, `folder`, `client_id`, `enabled`, `access`, `protected`, `manifest_cache`, `params`, `custom_data`, `system_data`, `checked_out`, `checked_out_time`, `ordering`, `state`) VALUES
(10112, 'Slideshow CK', 'module', 'mod_slideshowck', '', 0, 1, 0, 0, '{\"legacy\":false,\"name\":\"Slideshow CK\",\"type\":\"module\",\"creationDate\":\"Avril 2012\",\"author\":\"C\\u00e9dric KEIFLIN\",\"copyright\":\"C\\u00e9dric KEIFLIN\",\"authorEmail\":\"ced1870@gmail.com\",\"authorUrl\":\"http:\\/\\/www.joomlack.fr\",\"version\":\"1.3.8\",\"description\":\"MOD_SLIDESHOWCK_XML_DESCRIPTION\",\"group\":\"\"}', '{\"slides\":\"[{|qq|imgname|qq|:|qq|modules\\\\\\/mod_slideshowck\\\\\\/images\\\\\\/slides\\\\\\/bridge.jpg|qq|,|qq|imgcaption|qq|:|qq|This is a bridge|qq|,|qq|imgthumb|qq|:|qq|..\\\\\\/modules\\\\\\/mod_slideshowck\\\\\\/images\\\\\\/slides\\\\\\/bridge.jpg|qq|,|qq|imglink|qq|:|qq||qq|,|qq|imgtarget|qq|:|qq|_parent|qq|,|qq|imgalignment|qq|:|qq|default|qq|,|qq|imgvideo|qq|:|qq||qq|,|qq|slideselect|qq|:|qq|image|qq|},{|qq|imgname|qq|:|qq|modules\\\\\\/mod_slideshowck\\\\\\/images\\\\\\/slides\\\\\\/road.jpg|qq|,|qq|imgcaption|qq|:|qq|This slideshow uses the JQuery script from <a href=|dq|http:\\\\\\/\\\\\\/www.pixedelic.com\\\\\\/plugins\\\\\\/camera\\\\\\/|dq|>Pixedelic<\\\\\\/a>|qq|,|qq|imgthumb|qq|:|qq|..\\\\\\/modules\\\\\\/mod_slideshowck\\\\\\/images\\\\\\/slides\\\\\\/road.jpg|qq|,|qq|imglink|qq|:|qq||qq|,|qq|imgtarget|qq|:|qq|_parent|qq|,|qq|imgalignment|qq|:|qq|default|qq|,|qq|imgvideo|qq|:|qq||qq|,|qq|slideselect|qq|:|qq|image|qq|},{|qq|imgname|qq|:|qq|modules\\\\\\/mod_slideshowck\\\\\\/images\\\\\\/slides\\\\\\/big_bunny_fake.jpg|qq|,|qq|imgcaption|qq|:|qq|This is a Video slide|qq|,|qq|imgthumb|qq|:|qq|..\\\\\\/modules\\\\\\/mod_slideshowck\\\\\\/images\\\\\\/slides\\\\\\/big_bunny_fake.jpg|qq|,|qq|imglink|qq|:|qq||qq|,|qq|imgtarget|qq|:|qq|_parent|qq|,|qq|imgalignment|qq|:|qq|default|qq|,|qq|imgvideo|qq|:|qq|http:\\\\\\/\\\\\\/player.vimeo.com\\\\\\/video\\\\\\/2203727|qq|,|qq|slideselect|qq|:|qq|video|qq|}]\",\"skin\":\"camera_amber_skin\",\"alignment\":\"center\",\"loader\":\"pie\",\"width\":\"auto\",\"height\":\"400\",\"navigation\":\"2\",\"thumbnails\":\"1\",\"thumbnailwidth\":\"100\",\"thumbnailheight\":\"75\",\"pagination\":\"1\",\"effect\":\"random\",\"time\":\"7000\",\"transperiod\":\"1500\",\"captioneffect\":\"random\",\"portrait\":\"0\",\"autoAdvance\":\"1\",\"hover\":\"1\",\"displayorder\":\"normal\",\"limitslides\":\"\",\"fullpage\":\"0\",\"imagetarget\":\"_parent\",\"usemobileimage\":\"0\",\"mobileimageresolution\":\"640\",\"loadjquery\":\"1\",\"loadjqueryeasing\":\"1\",\"loadjquerymobile\":\"1\",\"cache\":\"1\",\"cache_time\":\"900\",\"cachemode\":\"itemid\",\"articlelength\":\"150\",\"articlelink\":\"readmore\",\"articletitle\":\"h3\",\"showarticletitle\":\"1\",\"captionstylesusefont\":\"1\",\"captionstylestextgfont\":\"Droid Sans\",\"captionstylesfontsize\":\"12px\",\"captionstylesfontcolor\":\"\",\"captionstylesfontweight\":\"normal\",\"captionstylesdescfontsize\":\"10px\",\"captionstylesdescfontcolor\":\"\",\"captionstylesusemargin\":\"1\",\"captionstylesmargintop\":\"0\",\"captionstylesmarginright\":\"0\",\"captionstylesmarginbottom\":\"0\",\"captionstylesmarginleft\":\"0\",\"captionstylespaddingtop\":\"0\",\"captionstylespaddingright\":\"0\",\"captionstylespaddingbottom\":\"0\",\"captionstylespaddingleft\":\"0\",\"captionstylesusebackground\":\"1\",\"captionstylesbgcolor1\":\"\",\"captionstylesbgpositionx\":\"left\",\"captionstylesbgpositiony\":\"top\",\"captionstylesbgimagerepeat\":\"repeat\",\"captionstylesusegradient\":\"1\",\"captionstylesbgcolor2\":\"\",\"captionstylesuseroundedcorners\":\"1\",\"captionstylesroundedcornerstl\":\"5\",\"captionstylesroundedcornerstr\":\"5\",\"captionstylesroundedcornersbr\":\"5\",\"captionstylesroundedcornersbl\":\"5\",\"captionstylesuseshadow\":\"1\",\"captionstylesshadowcolor\":\"\",\"captionstylesshadowblur\":\"3\",\"captionstylesshadowspread\":\"0\",\"captionstylesshadowoffsetx\":\"0\",\"captionstylesshadowoffsety\":\"0\",\"captionstylesshadowinset\":\"0\",\"captionstylesuseborders\":\"1\",\"captionstylesbordercolor\":\"\",\"captionstylesborderwidth\":\"1\"}', '', '', 0, '0000-00-00 00:00:00', 0, 0),
(10128, 'Book', 'template', 'book', '', 0, 1, 1, 0, '{\"legacy\":false,\"name\":\"Book\",\"type\":\"template\",\"creationDate\":\"2012\\/12\\/06\",\"author\":\"Ray Li\",\"copyright\":\"\",\"authorEmail\":\"ray@kanotec.com\",\"authorUrl\":\"http:\\/\\/www.webeasy.com.hk\",\"version\":\"1.0\",\"description\":\"Book\",\"group\":\"\"}', '{}', '', '', 0, '0000-00-00 00:00:00', 0, 0),
(10129, 'com_xmap', 'component', 'com_xmap', '', 1, 1, 0, 0, '{\"legacy\":false,\"name\":\"com_xmap\",\"type\":\"component\",\"creationDate\":\"2011-04-10\",\"author\":\"Guillermo Vargas\",\"copyright\":\"This component is released under the GNU\\/GPL License\",\"authorEmail\":\"guille@vargas.co.cr\",\"authorUrl\":\"http:\\/\\/joomla.vargas.co.cr\",\"version\":\"2.3.3\",\"description\":\"Xmap - Sitemap Generator for Joomla!\",\"group\":\"\"}', '{}', '', '', 0, '0000-00-00 00:00:00', 0, 0),
(10130, 'Xmap - Content Plugin', 'plugin', 'com_content', 'xmap', 0, 1, 1, 0, '{\"legacy\":false,\"name\":\"Xmap - Content Plugin\",\"type\":\"plugin\",\"creationDate\":\"01\\/26\\/2011\",\"author\":\"Guillermo Vargas\",\"copyright\":\"GNU GPL\",\"authorEmail\":\"guille@vargas.co.cr\",\"authorUrl\":\"joomla.vargas.co.cr\",\"version\":\"2.0.4\",\"description\":\"XMAP_CONTENT_PLUGIN_DESCRIPTION\",\"group\":\"\"}', '{\"expand_categories\":\"1\",\"expand_featured\":\"1\",\"include_archived\":\"2\",\"show_unauth\":\"0\",\"add_pagebreaks\":\"1\",\"max_art\":\"0\",\"max_art_age\":\"0\",\"add_images\":\"1\",\"cat_priority\":\"-1\",\"cat_changefreq\":\"-1\",\"art_priority\":\"-1\",\"art_changefreq\":\"-1\",\"keywords\":\"1\"}', '', '', 0, '0000-00-00 00:00:00', 0, 0),
(10131, 'Xmap - Kunena Plugin', 'plugin', 'com_kunena', 'xmap', 0, 0, 1, 0, '{\"legacy\":false,\"name\":\"Xmap - Kunena Plugin\",\"type\":\"plugin\",\"creationDate\":\"September 2007\",\"author\":\"Guillermo Vargas\",\"copyright\":\"GNU GPL\",\"authorEmail\":\"guille@vargas.co.cr\",\"authorUrl\":\"joomla.vargas.co.cr\",\"version\":\"2.0.3\",\"description\":\"Xmap Plugin for Kunena component\",\"group\":\"\"}', '{\"include_topics\":\"1\",\"max_topics\":\"\",\"max_age\":\"\",\"cat_priority\":\"-1\",\"cat_changefreq\":\"-1\",\"topic_priority\":\"-1\",\"topic_changefreq\":\"-1\"}', '', '', 0, '0000-00-00 00:00:00', 0, 0),
(10132, 'Xmap - SobiPro Plugin', 'plugin', 'com_sobipro', 'xmap', 0, 0, 1, 0, '{\"legacy\":false,\"name\":\"Xmap - SobiPro Plugin\",\"type\":\"plugin\",\"creationDate\":\"07\\/15\\/2011\",\"author\":\"Guillermo Vargas\",\"copyright\":\"GNU GPL\",\"authorEmail\":\"guille@vargas.co.cr\",\"authorUrl\":\"joomla.vargas.co.cr\",\"version\":\"2.0.2\",\"description\":\"Xmap Plugin for SobiPro component\",\"group\":\"\"}', '{\"include_entries\":\"1\",\"max_entries\":\"\",\"max_age\":\"\",\"entries_order\":\"a.ordering\",\"entries_orderdir\":\"DESC\",\"cat_priority\":\"-1\",\"cat_changefreq\":\"weekly\",\"entry_priority\":\"-1\",\"entry_changefreq\":\"weekly\"}', '', '', 0, '0000-00-00 00:00:00', 0, 0),
(10133, 'Xmap - Mosets Tree Plugin', 'plugin', 'com_mtree', 'xmap', 0, 0, 1, 0, '{\"legacy\":false,\"name\":\"Xmap - Mosets Tree Plugin\",\"type\":\"plugin\",\"creationDate\":\"07\\/20\\/2011\",\"author\":\"Guillermo Vargas\",\"copyright\":\"GNU GPL\",\"authorEmail\":\"guille@vargas.co.cr\",\"authorUrl\":\"joomla.vargas.co.cr\",\"version\":\"2.0.2\",\"description\":\"XMAP_MTREE_PLUGIN_DESCRIPTION\",\"group\":\"\"}', '{\"cats_order\":\"cat_name\",\"cats_orderdir\":\"ASC\",\"include_links\":\"1\",\"links_order\":\"ordering\",\"entries_orderdir\":\"ASC\",\"max_links\":\"\",\"max_age\":\"\",\"cat_priority\":\"0.5\",\"cat_changefreq\":\"weekly\",\"link_priority\":\"0.5\",\"link_changefreq\":\"weekly\"}', '', '', 0, '0000-00-00 00:00:00', 0, 0),
(10134, 'Xmap - Virtuemart Plugin', 'plugin', 'com_virtuemart', 'xmap', 0, 0, 1, 0, '{\"legacy\":false,\"name\":\"Xmap - Virtuemart Plugin\",\"type\":\"plugin\",\"creationDate\":\"January 2012\",\"author\":\"Guillermo Vargas\",\"copyright\":\"GNU GPL\",\"authorEmail\":\"guille@vargas.co.cr\",\"authorUrl\":\"joomla.vargas.co.cr\",\"version\":\"2.0.1\",\"description\":\"XMAP_VM_PLUGIN_DESCRIPTION\",\"group\":\"\"}', '{\"include_products\":\"1\",\"cat_priority\":\"-1\",\"cat_changefreq\":\"-1\",\"prod_priority\":\"-1\",\"prod_changefreq\":\"-1\"}', '', '', 0, '0000-00-00 00:00:00', 0, 0),
(10135, 'Xmap - WebLinks Plugin', 'plugin', 'com_weblinks', 'xmap', 0, 0, 1, 0, '{\"legacy\":false,\"name\":\"Xmap - WebLinks Plugin\",\"type\":\"plugin\",\"creationDate\":\"Apr 2004\",\"author\":\"Guillermo Vargas\",\"copyright\":\"GNU GPL\",\"authorEmail\":\"guille@vargas.co.cr\",\"authorUrl\":\"joomla.vargas.co.cr\",\"version\":\"2.0.1\",\"description\":\"XMAP_WL_PLUGIN_DESCRIPTION\",\"group\":\"\"}', '{\"include_links\":\"1\",\"max_links\":\"\",\"cat_priority\":\"-1\",\"cat_changefreq\":\"-1\",\"link_priority\":\"-1\",\"link_changefreq\":\"-1\"}', '', '', 5, '2016-01-25 10:32:12', 0, 0),
(10136, 'XMAP_PLUGIN_K2', 'plugin', 'com_k2', 'xmap', 0, 0, 1, 0, '{\"legacy\":false,\"name\":\"XMAP_PLUGIN_K2\",\"type\":\"plugin\",\"creationDate\":\"November 2011\",\"author\":\"Mohammad Hasani Eghtedar\",\"copyright\":\"GNU GPL\",\"authorEmail\":\"m.h.eghtedar@gmail.com\",\"authorUrl\":\"https:\\/\\/github.com\\/mhehm\\/Xmap\",\"version\":\"1.3\",\"description\":\"XMAP_PLUGIN_K2_DESC\",\"group\":\"\"}', '{\"subcategories\":\"no\",\"showk2items\":\"always\",\"suppressdups\":\"no\",\"priority\":\"0.5\",\"changefreq\":\"weekly\"}', '', '', 0, '0000-00-00 00:00:00', 0, 0),
(10137, 'xmap', 'package', 'pkg_xmap', '', 0, 1, 1, 0, '{\"legacy\":false,\"name\":\"Xmap Package\",\"type\":\"package\",\"creationDate\":\"Unknown\",\"author\":\"Unknown\",\"copyright\":\"\",\"authorEmail\":\"\",\"authorUrl\":\"\",\"version\":\"2.3.3\",\"description\":\"The Site Map generator for Joomla!\",\"group\":\"\"}', '{}', '', '', 0, '0000-00-00 00:00:00', 0, 0),
(10138, 'PLG_EASYJOOMLABACKUPCRONJOB', 'plugin', 'easyjoomlabackupcronjob', 'system', 0, 1, 1, 0, '{\"legacy\":false,\"name\":\"PLG_EASYJOOMLABACKUPCRONJOB\",\"type\":\"plugin\",\"creationDate\":\"2014-02-07\",\"author\":\"Viktor Vogel\",\"copyright\":\"Copyright 2014 Viktor Vogel. All rights reserved.\",\"authorEmail\":\"admin@kubik-rubik.de\",\"authorUrl\":\"http:\\/\\/joomla-extensions.kubik-rubik.de\",\"version\":\"2.5-3\",\"description\":\"PLG_EASYJOOMLABACKUPCRONJOB_XML_DESCRIPTION\",\"group\":\"\"}', '{\"krversioncheck\":\"ejb|2.5-3\",\"token\":\"\",\"type\":\"1\",\"donation_code\":\"\",\"versioncheck_enable\":\"1\"}', '', '', 0, '0000-00-00 00:00:00', 0, 0),
(10139, 'com_easyjoomlabackup', 'component', 'com_easyjoomlabackup', '', 1, 1, 0, 0, '{\"legacy\":false,\"name\":\"COM_EASYJOOMLABACKUP\",\"type\":\"component\",\"creationDate\":\"2014-02-07\",\"author\":\"Viktor Vogel\",\"copyright\":\"Copyright 2014 Viktor Vogel. All rights reserved.\",\"authorEmail\":\"admin@kubik-rubik.de\",\"authorUrl\":\"http:\\/\\/joomla-extensions.kubik-rubik.de\",\"version\":\"2.5-3\",\"description\":\"COM_EASYJOOMLABACKUP_XML_DESCRIPTION\",\"group\":\"\"}', '{}', '', '', 0, '0000-00-00 00:00:00', 0, 0),
(10140, 'Shoppro', 'component', 'com_shoppro', '', 1, 1, 1, 0, '{\"legacy\":false,\"name\":\"Shoppro\",\"type\":\"component\",\"creationDate\":\"06\\/09\\/2013\",\"author\":\"Ray Li\",\"copyright\":\"\\u00a9 2013 Kano Technology. All Rights Reserved\",\"authorEmail\":\"info@kanotec.com\",\"authorUrl\":\"http:\\/\\/www.kanotec.com\\/\",\"version\":\"0.6.2\",\"description\":\"Shoppro Component By Kano Technology Ltd.\",\"group\":\"\"}', '{\"enable_product_acl\":1,\"category_max_no\":1,\"enable_brand\":0,\"enable_vendor\":0,\"enable_vendor_po\":0,\"enable_member_ranking\":0,\"enable_member_exp_point\":0,\"enable_stocking\":1,\"enable_product_image\":1,\"enable_product_option\":1,\"enable_product_img_option\":1,\"enable_product_option_price\":1,\"purchase_option_max_no\":2,\"enable_product_related\":0,\"enable_product_comment\":0,\"enable_product_shipping_control\":0,\"enable_reward_point\":0,\"enable_coupon\":0,\"enable_campaign\":0,\"enable_wishlist\":1,\"enable_meta_key_desc\":1,\"enable_sale_report\":1,\"enable_translation\":1,\"enable_product_combo\":0,\"enable_import_product\":0,\"enable_import_translation\":0,\"enable_import_inventory\":0,\"enable_export_product\":0,\"enable_export_product_inventory\":0,\"enable_export_order\":0,\"enable_print_order_label\":0,\"page_item_limit\":20,\"display_advsearch\":0,\"display_product_layout_option\":0,\"default_product_layout\":\"grid\",\"display_cart_weight\":0,\"enable_captcha\":1,\"enable_ajax_addtocart\":1,\"enable_ajax_addtowishlist\":0,\"enable_product_enquiry_form\":0,\"display_all_rank_price\":0,\"enable_currency_autoupdate\":1,\"currency_autoupdate_intval_day\":10,\"currency_autoupdate_modifier\":0,\"decimal_places\":2,\"product_enlarge_method\":\"zoom\",\"show_outstock_product\":1,\"show_stock_remain_quantity\":1,\"checkout_out_of_stock\":0,\"default_allow_product_remark\":0,\"allow_stock_notify\":0,\"min_stock_num\":0,\"fallback_out_of_stock\":1,\"default_access_level\":1,\"related_item_type\":\"custom\",\"related_item_limit\":0,\"related_item_ordering\":\"created\",\"comment_per_page\":10,\"allow_leave_comment\":0,\"enable_comment_rating\":0,\"enable_comment_approval\":0,\"crop_thumb\":0,\"add_watermark\":0,\"watermark_file\":\"\",\"detail_width\":1024,\"detail_height\":849,\"medium_width\":580,\"medium_height\":481,\"thumb_width\":230,\"thumb_height\":190,\"brand_detail_width\":160,\"brand_detail_height\":160,\"brand_thumb_width\":320,\"brand_thumb_height\":320,\"order_company_name\":\"Silvermart\",\"order_company_logo\":\"\",\"send_order_confirm_email\":1,\"send_order_invoice_email\":1,\"allow_refund\":1,\"allow_cancel_order\":1,\"order_prefix\":\"OD\",\"order_default_status\":1,\"order_expiry_day\":5,\"order_have_remark_status\":0,\"reduce_after_payment\":1,\"default_embargoed_countries\":\"\",\"reward_point_ratio\":1,\"reward_use_max\":50,\"reward_point_ratio_product\":0,\"exp_point_ratio_product\":5,\"show_image_on_order\":0,\"allow_campaign_with_coupon_reward\":0,\"allow_multi_campaign\":0,\"order_sender_company\":\"\",\"order_sender_name\":\"\",\"order_sender_address\":\"\",\"order_sender_tel\":\"\",\"notify_new_order\":1,\"notify_customer_paid\":1,\"notify_cancel_order\":1,\"notify_new_refund\":0,\"notify_out_of_stock\":0,\"fb_publish_order\":0,\"fb_publish_wishlist\":0,\"productlist_page_itemid\":363,\"productsearch_page_itemid\":252,\"product_page_itemid\":247,\"shopping_cart_itemid\":251,\"user_page_itemid\":249,\"last_cron_datetime\":\"2019-01-09 04:20:08\"}', '', '', 0, '0000-00-00 00:00:00', 0, 0),
(10154, 'Shoppro Featured', 'module', 'mod_shoppro_featured', '', 0, 1, 1, 0, '{\"legacy\":true,\"name\":\"Shoppro Featured\",\"type\":\"module\",\"creationDate\":\"July 2006\",\"author\":\"Ray\",\"copyright\":\"Copyright (C) 2012 - 2013 Open Source Matters. All rights reserved.\",\"authorEmail\":\"ray@kanotec.com\",\"authorUrl\":\"www.kanotec.com\",\"version\":\"1.0.0\",\"description\":\"Display featured shoppro product list\",\"group\":\"\"}', '{\"catid\":\"\",\"count\":\"5\"}', '', '', 0, '0000-00-00 00:00:00', 0, 0),
(10156, 'System - MVC Override', 'plugin', 'mvcoverride', 'system', 0, 0, 1, 0, '{\"legacy\":false,\"name\":\"System - MVC Override\",\"type\":\"plugin\",\"creationDate\":\"March 2012\",\"author\":\"Julio Pontes\",\"copyright\":\"Copyright (C) 2005 - 2010 Open Source Matters. All rights reserved.\",\"authorEmail\":\"juliopfneto@gmail.com\",\"authorUrl\":\"http:\\/\\/twitter.com\\/juliopontes\",\"version\":\"2.5.4\",\"description\":\"Provides a component MVC override. If you like please donate 0,99U$ for project https:\\/\\/t.co\\/wVCmFpKB\",\"group\":\"\"}', '{\"extendDefault\":\"1\",\"changePrivate\":\"0\"}', '', '', 0, '0000-00-00 00:00:00', 0, 0),
(10157, 'plg_system_email', 'plugin', 'email', 'system', 0, 0, 1, 0, '{\"legacy\":false,\"name\":\"plg_system_email\",\"type\":\"plugin\",\"creationDate\":\"August 2013\",\"author\":\"Michael Richey\",\"copyright\":\"Copyright (C) 2005 - 2011 Michael Richey. All rights reserved.\",\"authorEmail\":\"authemail@richeyweb.com\",\"authorUrl\":\"www.richeyweb.com\",\"version\":\"2.3\",\"description\":\"PLG_SYS_EMAIL_XML_DESCRIPTION\",\"group\":\"\"}', '{}', '', '', 0, '0000-00-00 00:00:00', 0, 0),
(10158, 'plg_authentication_email', 'plugin', 'email', 'authentication', 0, 1, 1, 0, '{\"legacy\":false,\"name\":\"plg_authentication_email\",\"type\":\"plugin\",\"creationDate\":\"March 2011\",\"author\":\"Michael Richey\",\"copyright\":\"Copyright (C) 2005 - 2011 Michael Richey. All rights reserved.\",\"authorEmail\":\"authemail@richeyweb.com\",\"authorUrl\":\"www.richeyweb.com\",\"version\":\"2.3\",\"description\":\"PLG_AUTH_EMAIL_XML_DESCRIPTION\",\"group\":\"\"}', '{}', '', '', 0, '0000-00-00 00:00:00', 0, 0),
(10159, 'email', 'package', 'pkg_email', '', 0, 1, 1, 0, '{\"legacy\":false,\"name\":\"Authentication - Email\",\"type\":\"package\",\"creationDate\":\"March 2011\",\"author\":\"Michael Richey\",\"copyright\":\"\",\"authorEmail\":\"auth_email@richeyweb.com\",\"authorUrl\":\"http:\\/\\/www.richeyweb.com\",\"version\":\"2.3\",\"description\":\"Authentication - Email , authentication and system plugins\",\"group\":\"\"}', '{}', '', '', 0, '0000-00-00 00:00:00', 0, 0),
(10160, 'Shoppro Shopping Cart', 'module', 'mod_shoppro_cart', '', 0, 1, 1, 0, '{\"legacy\":false,\"name\":\"Shoppro Shopping Cart\",\"type\":\"module\",\"creationDate\":\"Nov 2012\",\"author\":\"Kano Technology Limited\",\"copyright\":\"Copyright (C) 2004 - 2008 Kano Technology Limited. All rights reserved.\",\"authorEmail\":\"info@kanotec.com\",\"authorUrl\":\"www.kanotec.com\",\"version\":\"1.0.0\",\"description\":\"Displays the shopping cart.\",\"group\":\"\"}', '{\"Itemid\":\"5\"}', '', '', 0, '0000-00-00 00:00:00', 0, 0),
(10161, 'Shoppro Category List', 'module', 'mod_shoppro_categorylist', '', 0, 1, 1, 0, '{\"legacy\":false,\"name\":\"Shoppro Category List\",\"type\":\"module\",\"creationDate\":\"June 2012\",\"author\":\"Kano Technology Limited\",\"copyright\":\"Copyright (C) 2004 - 2013 Kano Technology Limited. All rights reserved.\",\"authorEmail\":\"info@kanotec.com\",\"authorUrl\":\"www.kanotec.com\",\"version\":\"1.0.0\",\"description\":\"Displays the category list.\",\"group\":\"\"}', '{\"parent\":\"\",\"Itemid\":\"5\"}', '', '', 0, '0000-00-00 00:00:00', 0, 0),
(10162, 'Shoppro Currency', 'module', 'mod_shoppro_currency', '', 0, 1, 1, 0, '{\"legacy\":false,\"name\":\"Shoppro Currency\",\"type\":\"module\",\"creationDate\":\"Nov 2012\",\"author\":\"Kano Technology Limited\",\"copyright\":\"Copyright (C) 2004 - 2008 Kano Technology Limited. All rights reserved.\",\"authorEmail\":\"info@kanotec.com\",\"authorUrl\":\"www.kanotec.com\",\"version\":\"1.0.0\",\"description\":\"Displays the currency dropdown list.\",\"group\":\"\"}', '{}', '', '', 0, '0000-00-00 00:00:00', 0, 0),
(10163, 'Shoppro Search Box', 'module', 'mod_shoppro_search', '', 0, 1, 1, 0, '{\"legacy\":false,\"name\":\"Shoppro Search Box\",\"type\":\"module\",\"creationDate\":\"Nov 2012\",\"author\":\"Kano Technology Limited\",\"copyright\":\"Copyright (C) 2004 - 2008 Kano Technology Limited. All rights reserved.\",\"authorEmail\":\"info@kanotec.com\",\"authorUrl\":\"www.kanotec.com\",\"version\":\"1.0.0\",\"description\":\"Displays the search box.\",\"group\":\"\"}', '{\"Itemid\":\"5\"}', '', '', 0, '0000-00-00 00:00:00', 0, 0),
(10164, 'Shoppro Usermenu', 'module', 'mod_shoppro_usermenu', '', 0, 1, 1, 0, '{\"legacy\":false,\"name\":\"Shoppro Usermenu\",\"type\":\"module\",\"creationDate\":\"June 2012\",\"author\":\"Kano Technology Limited\",\"copyright\":\"Copyright (C) 2004 - 2013 Kano Technology Limited. All rights reserved.\",\"authorEmail\":\"info@kanotec.com\",\"authorUrl\":\"www.kanotec.com\",\"version\":\"1.0.0\",\"description\":\"Displays the usermenu.\",\"group\":\"\"}', '{}', '', '', 0, '0000-00-00 00:00:00', 0, 0),
(10165, 'atomic', 'template', 'atomic', '', 0, 1, 1, 0, '{\"legacy\":false,\"name\":\"atomic\",\"type\":\"template\",\"creationDate\":\"10\\/10\\/09\",\"author\":\"Ron Severdia\",\"copyright\":\"Copyright (C) 2005 - 2014 Open Source Matters, Inc. All rights reserved.\",\"authorEmail\":\"contact@kontentdesign.com\",\"authorUrl\":\"http:\\/\\/www.kontentdesign.com\",\"version\":\"2.5.0\",\"description\":\"TPL_ATOMIC_XML_DESCRIPTION\",\"group\":\"\"}', '', '', '', 0, '0000-00-00 00:00:00', 0, -1),
(10166, 'beez5', 'template', 'beez5', '', 0, 1, 1, 0, '{\"legacy\":false,\"name\":\"beez5\",\"type\":\"template\",\"creationDate\":\"21 May 2010\",\"author\":\"Angie Radtke\",\"copyright\":\"Copyright (C) 2005 - 2014 Open Source Matters, Inc. All rights reserved.\",\"authorEmail\":\"a.radtke@derauftritt.de\",\"authorUrl\":\"http:\\/\\/www.der-auftritt.de\",\"version\":\"2.5.0\",\"description\":\"TPL_BEEZ5_XML_DESCRIPTION\",\"group\":\"\"}', '', '', '', 0, '0000-00-00 00:00:00', 0, -1),
(10167, 'beez_20', 'template', 'beez_20', '', 0, 1, 1, 0, '{\"legacy\":false,\"name\":\"beez_20\",\"type\":\"template\",\"creationDate\":\"25 November 2009\",\"author\":\"Angie Radtke\",\"copyright\":\"Copyright (C) 2005 - 2014 Open Source Matters, Inc. All rights reserved.\",\"authorEmail\":\"a.radtke@derauftritt.de\",\"authorUrl\":\"http:\\/\\/www.der-auftritt.de\",\"version\":\"2.5.0\",\"description\":\"TPL_BEEZ2_XML_DESCRIPTION\",\"group\":\"\"}', '', '', '', 0, '0000-00-00 00:00:00', 0, -1),
(10170, 'mod_subscribe_form', 'module', 'mod_subscribe_form', '', 0, 1, 1, 0, '{\"legacy\":false,\"name\":\"mod_subscribe_form\",\"type\":\"module\",\"creationDate\":\"Sep 2015\",\"author\":\"Ray Li\",\"copyright\":\"Copyright (C) 2014 Kano Technology. All rights reserved.\",\"authorEmail\":\"ray@kanotec.com\",\"authorUrl\":\"www.kanotec.com\",\"version\":\"1.0.0\",\"description\":\"MOD_SUBSCRIBE_FORM_XML_DESCRIPTION\",\"group\":\"\"}', '{\"show_name_field\":\"0\"}', '', '', 0, '0000-00-00 00:00:00', 0, 0),
(10171, 'com_subscriptions', 'component', 'com_subscriptions', '', 1, 1, 1, 0, '{\"legacy\":false,\"name\":\"com_subscriptions\",\"type\":\"component\",\"creationDate\":\"Jun 2015\",\"author\":\"Ray Li\",\"copyright\":\"Copyright (C) 2015. All rights reserved.\",\"authorEmail\":\"ray@kanotec.com\",\"authorUrl\":\"http:\\/\\/kanotec.com\",\"version\":\"1.0.0\",\"description\":\"COM_SUBSCRIPTIONS_XML_DESCRIPTION\",\"group\":\"\"}', '{}', '', '', 0, '0000-00-00 00:00:00', 0, 0),
(10172, 'com_albums', 'component', 'com_albums', '', 1, 1, 1, 0, '{\"legacy\":false,\"name\":\"com_albums\",\"type\":\"component\",\"creationDate\":\"May 2016\",\"author\":\"Ray Li\",\"copyright\":\"Copyright (C) 2015. All rights reserved.\",\"authorEmail\":\"ray@kanotec.com\",\"authorUrl\":\"http:\\/\\/kanotec.com\",\"version\":\"1.0.0\",\"description\":\"COM_ALBUMS_XML_DESCRIPTION\",\"group\":\"\"}', '{\"image_processor\":\"imageworkshop\",\"sharp_path\":\"\",\"album_detail_width\":1280,\"album_detail_height\":720,\"album_detail_crop\":\"0\",\"album_detail_watermark\":\"0\",\"watermark_file\":\"\",\"watermark_position\":\"RB\",\"album_thumb_width\":960,\"album_thumb_height\":540,\"album_thumb_crop\":\"0\",\"album_list_width\":100,\"album_list_height\":100,\"album_list_crop\":\"1\",\"album_cover_width\":135,\"album_cover_height\":110,\"cover_crop\":\"1\",\"album_image_quaility\":90,\"page_limit\":\"6\"}', '', '', 0, '0000-00-00 00:00:00', 0, 0),
(10173, 'plg_user_farmagan', 'plugin', 'farmagan', 'user', 0, 1, 1, 0, '{\"legacy\":false,\"name\":\"plg_user_farmagan\",\"type\":\"plugin\",\"creationDate\":\"December 2006\",\"author\":\"Kanotec\",\"copyright\":\"(C) 2005 - 2009 Open Source Matters. All rights reserved.\",\"authorEmail\":\"admin@joomla.org\",\"authorUrl\":\"www.joomla.org\",\"version\":\"2.5.0\",\"description\":\"Farmagan User\",\"group\":\"\"}', '{}', '', '', 0, '0000-00-00 00:00:00', 0, 0),
(10174, 'Shoppro Advanced Filter', 'module', 'mod_shoppro_advfilter', '', 0, 1, 1, 0, '{\"legacy\":false,\"name\":\"Shoppro Advanced Filter\",\"type\":\"module\",\"creationDate\":\"June 2012\",\"author\":\"Kano Technology Limited\",\"copyright\":\"Copyright (C) 2004 - 2013 Kano Technology Limited. All rights reserved.\",\"authorEmail\":\"info@kanotec.com\",\"authorUrl\":\"www.kanotec.com\",\"version\":\"1.0.0\",\"description\":\"Displays the category list.\",\"group\":\"\"}', '', '', '', 0, '0000-00-00 00:00:00', 0, 0),
(10175, 'Security - jHackGuard', 'plugin', 'jhackguard', 'system', 0, 1, 1, 0, '{\"legacy\":false,\"name\":\"Security - jHackGuard\",\"type\":\"plugin\",\"creationDate\":\"Jun 2012\",\"author\":\"Val Markov\",\"copyright\":\"Copyright (C) 2010-2013 SiteGround.com - All rights reserved.\",\"authorEmail\":\"val@siteground.com\",\"authorUrl\":\"http:\\/\\/www.siteground.com\\/\",\"version\":\"1.4.2\",\"description\":\"jHackGuard v.1.4.2 is a Joomla 2.5\\/3 security plugin developed by SiteGround. With this plugin your Joomla is protected against the most popular hacking attacks - SQL Injections, Remote URL\\/File Inclusions, Remote Code Executions and XSS Based Attacks!\",\"group\":\"\"}', '{\"log_file\":\"log.php\",\"logging\":\"1\",\"check_post\":\"1\",\"check_get\":\"1\",\"check_cookies\":\"1\",\"check_eval\":\"1\",\"check_base64\":\"1\",\"check_sql\":\"1\",\"check_urlfopen\":\"0\",\"check_urlinclude\":\"0\",\"strip_user_agent\":\"1\",\"strict_xss\":\"1\",\"scan_input_keys\":\"0\",\"disable_file_uploads\":\"0\",\"link_back_sg\":\"1\"}', '', '', 0, '0000-00-00 00:00:00', 0, 0);

-- --------------------------------------------------------

--
-- 資料表結構 `wos_falang_content`
--

