CREATE TABLE `wos_shop_coupons` (
  `id` int UNSIGNED NOT NULL,
  `name` varchar(255) NOT NULL,
  `coupon_code` varchar(255) NOT NULL,
  `discount` decimal(5,2) UNSIGNED DEFAULT NULL,
  `discount_type` varchar(32) NOT NULL DEFAULT 'percentage',
  `start_date` date DEFAULT NULL,
  `valid_date` date DEFAULT NULL,
  `min_amount` decimal(8,2) UNSIGNED NOT NULL DEFAULT '0.00',
  `uses_per_coupon` int NOT NULL DEFAULT '-1',
  `uses_per_user` int NOT NULL DEFAULT '-1',
  `published` tinyint UNSIGNED NOT NULL DEFAULT '0'
) ENGINE=InnoDB DEFAULT CHARSET=utf8mb3;

-- --------------------------------------------------------

--
-- 資料表結構 `wos_shop_coupons_history`
--

CREATE TABLE `wos_shop_coupons_history` (
  `id` int UNSIGNED NOT NULL,
  `coupon_id` int UNSIGNED NOT NULL,
  `user_id` int UNSIGNED NOT NULL,
  `created` datetime DEFAULT NULL
) ENGINE=InnoDB DEFAULT CHARSET=utf8mb3;

-- --------------------------------------------------------

--
-- 資料表結構 `wos_shop_currency`
--

CREATE TABLE `wos_shop_currency` (
  `id` int UNSIGNED NOT NULL,
  `name` varchar(64) NOT NULL,
  `code` char(3) DEFAULT NULL,
  `symbol` varchar(5) NOT NULL DEFAULT '',
  `rate` decimal(10,5) NOT NULL DEFAULT '1.00000',
  `published` tinyint UNSIGNED NOT NULL DEFAULT '0',
  `default_currency` tinyint UNSIGNED NOT NULL DEFAULT '0',
  `ordering` int NOT NULL DEFAULT '0',
  `modified` datetime NOT NULL DEFAULT '0000-00-00 00:00:00'
) ENGINE=InnoDB DEFAULT CHARSET=utf8mb3;

--
-- 傾印資料表的資料 `wos_shop_currency`
--

INSERT INTO `wos_shop_currency` (`id`, `name`, `code`, `symbol`, `rate`, `published`, `default_currency`, `ordering`, `modified`) VALUES
(1, 'US Dollar', 'USD', 'US$', '1.00000', 0, 0, 0, '2016-10-06 10:08:56'),
(2, 'Hong Kong Dollar', 'HKD', 'HK$', '7.84810', 1, 1, 0, '2018-05-25 10:02:06'),
(3, 'Euro', 'EUR', '€', '0.85266', 0, 0, 0, '2018-05-25 10:02:06'),
(4, 'British Pound', 'GBP', '£', '0.74586', 0, 0, 0, '2018-05-25 10:02:06'),
(5, 'Japanese Yen', 'JPY', '¥', '109.53000', 0, 0, 0, '2018-05-25 10:02:06'),
(6, '人民幣', 'CNY', '¥', '6.38370', 0, 0, 0, '2018-05-25 10:02:06');

-- --------------------------------------------------------

--
-- 資料表結構 `wos_shop_inventory_notices`
--

CREATE TABLE `wos_shop_inventory_notices` (
  `id` int UNSIGNED NOT NULL,
  `email` varchar(255) NOT NULL,
  `product_id` int NOT NULL,
  `option_id` int DEFAULT NULL,
  `option2_id` int DEFAULT NULL,
  `option3_id` int DEFAULT NULL,
  `product_name` varchar(255) NOT NULL,
  `email_sent` tinyint UNSIGNED NOT NULL DEFAULT '0',
  `created` datetime NOT NULL
) ENGINE=InnoDB DEFAULT CHARSET=utf8mb3;

-- --------------------------------------------------------

--
-- 資料表結構 `wos_shop_orders`
--

CREATE TABLE `wos_shop_orders` (
  `id` int UNSIGNED NOT NULL,
  `order_sn` varchar(127) DEFAULT NULL,
  `user_id` int UNSIGNED NOT NULL,
  `payer_fname` varchar(255) NOT NULL,
  `payer_lname` varchar(255) NOT NULL,
  `payer_phone` varchar(255) NOT NULL,
  `payer_address` varchar(255) NOT NULL,
  `payer_city` varchar(255) NOT NULL,
  `payer_state` varchar(255) DEFAULT NULL,
  `payer_state_id` int DEFAULT NULL,
  `payer_zip` varchar(255) DEFAULT NULL,
  `payer_country` varchar(255) NOT NULL,
  `payer_country_code` varchar(8) NOT NULL,
  `receiver_fname` varchar(255) NOT NULL DEFAULT '',
  `receiver_lname` varchar(255) NOT NULL,
  `receiver_phone` varchar(255) NOT NULL DEFAULT '',
  `receiver_address` varchar(255) NOT NULL DEFAULT '',
  `receiver_city` varchar(255) NOT NULL,
  `receiver_state` varchar(255) DEFAULT NULL,
  `receiver_state_id` int DEFAULT NULL,
  `receiver_zip` varchar(255) DEFAULT NULL,
  `receiver_country` varchar(255) NOT NULL,
  `receiver_country_code` varchar(8) NOT NULL,
  `currency_code` varchar(127) DEFAULT '',
  `payment_method_id` int DEFAULT NULL,
  `payment_method` varchar(255) DEFAULT '',
  `shipping_method_id` int DEFAULT NULL,
  `shipping_method` varchar(255) DEFAULT '',
  `shipping_rate` decimal(10,2) DEFAULT '0.00',
  `discount` decimal(8,2) DEFAULT NULL,
  `discount_name` varchar(255) DEFAULT NULL,
  `taxes` decimal(8,2) UNSIGNED DEFAULT NULL,
  `total_amount` decimal(10,2) DEFAULT '0.00',
  `total_weight` decimal(10,2) DEFAULT NULL,
  `buyer_comment` text,
  `attach_file` varchar(255) DEFAULT NULL,
  `remark` text,
  `status` tinyint(1) DEFAULT '0',
  `created` datetime NOT NULL,
  `status_update_datetime` datetime DEFAULT NULL,
  `payment_datetime` datetime DEFAULT NULL,
  `ship_datetime` datetime DEFAULT NULL,
  `payment_refno` varchar(255) DEFAULT NULL,
  `tracking_no` varchar(127) DEFAULT NULL,
  `cancelled_reason` varchar(255) DEFAULT NULL
) ENGINE=InnoDB DEFAULT CHARSET=utf8mb3;

--
-- 傾印資料表的資料 `wos_shop_orders`
--

INSERT INTO `wos_shop_orders` (`id`, `order_sn`, `user_id`, `payer_fname`, `payer_lname`, `payer_phone`, `payer_address`, `payer_city`, `payer_state`, `payer_state_id`, `payer_zip`, `payer_country`, `payer_country_code`, `receiver_fname`, `receiver_lname`, `receiver_phone`, `receiver_address`, `receiver_city`, `receiver_state`, `receiver_state_id`, `receiver_zip`, `receiver_country`, `receiver_country_code`, `currency_code`, `payment_method_id`, `payment_method`, `shipping_method_id`, `shipping_method`, `shipping_rate`, `discount`, `discount_name`, `taxes`, `total_amount`, `total_weight`, `buyer_comment`, `attach_file`, `remark`, `status`, `created`, `status_update_datetime`, `payment_datetime`, `ship_datetime`, `payment_refno`, `tracking_no`, `cancelled_reason`) VALUES
(1, '2018050286850', 9, 'testing', 'testing', '12345678', '12345678', '香港', '', 0, '', 'Hong Kong', 'HK', 'testing', 'testing', '12345678', '12345678', '香港', '', 0, '', 'Hong Kong', 'HK', 'HKD', NULL, NULL, NULL, '香港郵政或掛號送件', '0.00', '0.00', '', '0.00', '2720.00', '0.00', '', NULL, '', -1, '2018-05-02 09:13:30', '2018-06-21 02:07:20', NULL, NULL, NULL, '', ''),
(2, '2018050740303', 2, 'testing', 'testing', '12345678', '12345678', '香港', '', 0, '', 'Hong Kong', 'HK', 'testing', 'testing', '12345678', '12345678', '香港', '', 0, '', 'Hong Kong', 'HK', 'HKD', NULL, NULL, NULL, '本地自取(只限香港)', '0.00', NULL, NULL, NULL, '190.00', '0.00', '', NULL, NULL, -1, '2018-05-07 07:14:56', '2018-05-14 02:42:03', NULL, NULL, NULL, NULL, NULL),
(3, '2018050708175', 2, 'testing', 'testing', '12345678', '12345678', '香港', '', 0, '', 'Hong Kong', 'HK', 'testing', 'testing', '12345678', '12345678', '香港', '', 0, '', 'Hong Kong', 'HK', 'HKD', NULL, NULL, NULL, '本地自取(只限香港)', '0.00', NULL, NULL, NULL, '3145.00', '0.00', '', NULL, NULL, -1, '2018-05-07 08:09:30', '2018-05-14 02:42:03', NULL, NULL, NULL, NULL, NULL),
(4, '2018061119876', 13, 'Teresa', 'Lai', '66877379', '123', '香港', '', 0, '', 'Hong Kong', 'HK', 'Teresa', 'Lai', '66877379', '123', '香港', '', 0, '', 'Hong Kong', 'HK', 'HKD', NULL, '選用 網上銀行、櫃員機 轉賬：', NULL, '本地自取(只限香港)', '0.00', NULL, NULL, NULL, '783.00', '0.00', '', NULL, NULL, 2, '2018-06-11 09:57:15', '2018-06-11 09:57:27', '2018-06-11 09:57:27', NULL, NULL, NULL, NULL),
(5, '2018061164434', 13, 'Teresa', 'Lai', '66877379', '123', '香港', '', 0, '', 'Hong Kong', 'HK', 'Teresa', 'Lai', '66877379', '123', '香港', '', 0, '', 'Hong Kong', 'HK', 'HKD', NULL, NULL, NULL, '本地自取(只限香港)', '0.00', NULL, NULL, NULL, '508.00', '0.00', '', NULL, NULL, -1, '2018-06-11 09:58:59', '2018-06-21 02:07:20', NULL, NULL, NULL, NULL, NULL),
(6, '2018062172340', 13, 'Teresa', 'Lai', '66877379', '123', '香港', '', 0, '', 'Hong Kong', 'HK', 'Teresa', 'Lai', '66877379', '123', '香港', '', 0, '', 'Hong Kong', 'HK', 'HKD', NULL, NULL, NULL, '買滿$500，免費送貨 (離島區暫不提供送貨服務)', '0.00', NULL, NULL, NULL, '3145.00', '0.00', '', NULL, NULL, -1, '2018-06-21 08:13:50', '2018-06-27 03:28:04', NULL, NULL, NULL, NULL, NULL),
(7, '2018062512321', 13, 'Teresa', 'Lai', '66877379', '123', '香港', '', 0, '', 'Hong Kong', 'HK', 'Teresa', 'Lai', '66877379', '123', '香港', '', 0, '', 'Hong Kong', 'HK', 'HKD', NULL, NULL, NULL, '買滿$500，免費送貨 (離島區暫不提供送貨服務)', '0.00', NULL, NULL, NULL, '593.00', '0.00', '', NULL, NULL, -1, '2018-06-25 07:51:07', '2018-07-01 12:32:15', NULL, NULL, NULL, NULL, NULL),
(8, '2018062504594', 13, 'Teresa', 'Lai', '66877379', '123', '香港', '', 0, '', 'Hong Kong', 'HK', 'Teresa', 'Lai', '66877379', '123', '香港', '', 0, '', 'Hong Kong', 'HK', 'HKD', NULL, '選用 網上銀行、櫃員機 轉賬：', NULL, '買滿港幣$500，免費送貨；少於$500需收送貨費$100 (離島區暫不提供送貨服務)', '100.00', NULL, NULL, NULL, '190.00', '0.00', '', NULL, NULL, 2, '2018-06-25 07:51:43', '2018-06-25 07:51:54', '2018-06-25 07:51:54', NULL, NULL, NULL, NULL),
(9, '2018062559963', 13, 'Teresa', 'Lai', '66877379', '123', '香港', '', 0, '', 'Hong Kong', 'HK', 'Teresa', 'Lai', '66877379', '123', '香港', '', 0, '', 'Hong Kong', 'HK', 'HKD', NULL, '選用 PAYPAL 付款:', NULL, '本地自取(只限香港)', '0.00', NULL, NULL, NULL, '659.00', '0.00', '', NULL, NULL, 2, '2018-06-25 08:09:36', '2018-06-25 08:12:28', '2018-06-25 08:12:28', NULL, '8UA66628HG363203P', NULL, NULL),
(10, '2018062589107', 13, 'Teresa', 'Lai', '66877379', '123', '香港', '', 0, '', 'Hong Kong', 'HK', 'Teresa', 'Lai', '66877379', '123', '香港', '', 0, '', 'Hong Kong', 'HK', 'HKD', NULL, '選用 PAYPAL 付款:', NULL, '買滿港幣$500，免費送貨；少於$500需收送貨費$100 (離島區暫不提供送貨服務)', '100.00', NULL, NULL, NULL, '190.00', '0.00', '', NULL, NULL, 2, '2018-06-25 08:18:27', '2018-06-25 08:23:39', '2018-06-25 08:23:39', NULL, '0P450699EL9599423', NULL, NULL),
(11, '2018100577741', 16, 'Teresa', 'Lai', '66877379', 'Chai Wan', 'Hong Kong', NULL, 0, '', 'Hong Kong', 'HK', 'Teresa', 'Lai', '66877379', 'Chai Wan', 'Hong Kong', NULL, 0, '', 'Hong Kong', 'HK', 'HKD', NULL, NULL, NULL, '買滿$500，免費送貨 (離島區暫不提供送貨服務)', '0.00', NULL, NULL, NULL, '1537.00', '0.00', '', NULL, NULL, -1, '2018-10-05 09:35:42', '2018-10-11 03:05:54', NULL, NULL, NULL, NULL, NULL),
(12, '2018100865586', 17, 'Isla', 'Luk', '53966639', '1714 chu fung house, fung tak estate, ', 'Diamond hill, kowloon', 'Wong Tai Sin Kowloon', 1417, '', 'Hong Kong', 'HK', 'Isla', 'Luk', '53966639', '1714 chu fung house, fung tak estate, ', 'Diamond hill, kowloon', 'Wong Tai Sin Kowloon', 1417, '', 'Hong Kong', 'HK', 'HKD', NULL, '選用 PAYPAL 付款:', NULL, '買滿$500，免費送貨 (離島區暫不提供送貨服務)', '0.00', NULL, NULL, NULL, '1537.00', '0.00', '', NULL, NULL, 2, '2018-10-09 00:15:04', '2018-10-09 00:16:42', '2018-10-09 00:16:42', NULL, '85E405695D3744151', NULL, NULL),
(13, '2018111785782', 18, 'Ms YM', 'Ma', '97834592', '九龍牛頭角振華道22號振華苑1樓', '香港', '', 0, '', 'Hong Kong', 'HK', 'Ms YM', 'Ma', '97834592', '九龍牛頭角振華道22號振華苑1樓', '香港', '', 0, '', 'Hong Kong', 'HK', 'HKD', NULL, '選用 PAYPAL 付款:', NULL, '買滿$500，免費送貨 (離島區暫不提供送貨服務)', '0.00', NULL, NULL, NULL, '1437.00', '0.00', '', NULL, NULL, 2, '2018-11-17 10:38:33', '2018-11-17 10:44:43', '2018-11-17 10:44:43', NULL, '9AJ92714GE5157249', NULL, NULL),
(14, '2018121115431', 1, 'Derek', 'Ma', '61887370', 'HK', '九龍城', NULL, 0, '', 'Hong Kong', 'HK', 'Derek', 'Ma', '61887370', 'HK', '九龍城', NULL, 0, '', 'Hong Kong', 'HK', 'HKD', NULL, '選用 網上銀行、櫃員機 轉賬：', NULL, '本地自取(只限香港)', '0.00', NULL, NULL, NULL, '323.00', '0.00', '', NULL, NULL, 0, '2018-12-11 09:46:21', '2018-12-11 09:46:28', NULL, NULL, NULL, NULL, NULL),
(15, '2018121827970', 26, 'PHILIP', 'DRESNER', '63010070', 'FLAT 2702, 27/F, CHOI MAN HOUSE,\r\nHOMANTIN ESTATE, HOMANTIN,\r\nKOWLOON', '香港', '', 0, '', 'Hong Kong', 'HK', 'PHILIP', 'DRESNER', '63010070', 'FLAT 2702, 27/F, CHOI MAN HOUSE,\r\nHOMANTIN ESTATE, HOMANTIN,\r\nKOWLOON', '香港', '', 0, '', 'Hong Kong', 'HK', 'HKD', NULL, '選用 PAYPAL 付款:', NULL, '買滿$500，免費送貨 (離島區暫不提供送貨服務)', '0.00', NULL, NULL, NULL, '3045.00', '0.00', '', NULL, NULL, 2, '2018-12-18 06:34:31', '2018-12-19 04:09:52', '2018-12-19 04:09:52', NULL, '5G564221HC878603V', NULL, NULL),
(16, '2018121933194', 26, 'PHILIP', 'DRESNER', '63010070', 'FLAT 2702, 27/F, CHOI MAN HOUSE,\r\nHOMANTIN ESTATE, HOMANTIN,\r\nKOWLOON', '香港', '', 0, '', 'Hong Kong', 'HK', 'PHILIP', 'DRESNER', '63010070', 'FLAT 2702, 27/F, CHOI MAN HOUSE,\r\nHOMANTIN ESTATE, HOMANTIN,\r\nKOWLOON', '香港', '', 0, '', 'Hong Kong', 'HK', 'HKD', NULL, '選用 PAYPAL 付款:', NULL, '買滿$500，免費送貨 (離島區暫不提供送貨服務)', '0.00', NULL, NULL, NULL, '1300.00', '0.00', '', NULL, NULL, 2, '2018-12-19 15:32:22', '2018-12-19 15:34:51', '2018-12-19 15:34:51', NULL, '78G53597UX801571Y', NULL, NULL);

-- --------------------------------------------------------

--
-- 資料表結構 `wos_shop_orders_detail`
--

CREATE TABLE `wos_shop_orders_detail` (
  `id` int UNSIGNED NOT NULL,
  `order_id` int UNSIGNED NOT NULL,
  `product_id` int UNSIGNED NOT NULL,
  `combo_id` int UNSIGNED DEFAULT NULL,
  `combo_name` varchar(255) DEFAULT NULL,
  `combo_key` varchar(255) DEFAULT NULL,
  `name` varchar(255) NOT NULL DEFAULT '',
  `sku` varchar(64) DEFAULT NULL,
  `option_name` varchar(255) DEFAULT NULL,
  `option_id` int UNSIGNED DEFAULT NULL,
  `option2_id` int UNSIGNED DEFAULT NULL,
  `option3_id` int UNSIGNED DEFAULT NULL,
  `quantity` int NOT NULL DEFAULT '1',
  `price` decimal(10,2) DEFAULT '0.00',
  `weight` decimal(10,2) UNSIGNED DEFAULT NULL,
  `amount` decimal(10,2) DEFAULT '0.00',
  `remark` text,
  `po_id` int UNSIGNED DEFAULT NULL
) ENGINE=InnoDB DEFAULT CHARSET=utf8mb3;

--
-- 傾印資料表的資料 `wos_shop_orders_detail`
--

INSERT INTO `wos_shop_orders_detail` (`id`, `order_id`, `product_id`, `combo_id`, `combo_name`, `combo_key`, `name`, `sku`, `option_name`, `option_id`, `option2_id`, `option3_id`, `quantity`, `price`, `weight`, `amount`, `remark`, `po_id`) VALUES
(1, 1, 41, 0, '', '', 'Nissin 豪華型舒適輪椅(大轆)', NULL, '', 0, 0, 0, 1, '2720.00', '0.00', '2720.00', NULL, NULL),
(2, 2, 40, 0, '', '', 'Beurer 電子體溫計', NULL, '', 0, 0, 0, 1, '190.00', '0.00', '190.00', NULL, NULL),
(3, 3, 39, 0, '', '', 'Maki 鋁合金輪椅', NULL, '', 0, 0, 0, 1, '3145.00', '0.00', '3145.00', NULL, NULL),
(4, 4, 40, 0, '', '', 'Beurer 電子體溫計', NULL, '', 0, 0, 0, 1, '190.00', '0.00', '190.00', NULL, NULL),
(5, 4, 32, 0, '', '', 'Beurer 超大顯示屏電子血壓計', NULL, '', 0, 0, 0, 1, '593.00', '0.00', '593.00', NULL, NULL),
(6, 5, 20, 0, '', '', '鋁質U型沐浴椅', NULL, '種類: 鋁質U型沐浴椅(有背)', 13, 0, 0, 1, '508.00', '0.00', '508.00', NULL, NULL),
(7, 6, 39, 0, '', '', 'Maki 鋁合金輪椅', NULL, '', 0, 0, 0, 1, '3145.00', '0.00', '3145.00', NULL, NULL),
(8, 7, 32, 0, '', '', 'Beurer 超大顯示屏電子血壓計', NULL, '', 0, 0, 0, 1, '593.00', '0.00', '593.00', NULL, NULL),
(9, 8, 40, 0, '', '', 'Beurer 電子體溫計', NULL, '', 0, 0, 0, 1, '190.00', '0.00', '190.00', NULL, NULL),
(10, 9, 30, 0, '', '', 'Humana 腰墊', NULL, '', 0, 0, 0, 1, '279.00', '0.00', '279.00', NULL, NULL),
(11, 9, 40, 0, '', '', 'Beurer 電子體溫計', NULL, '', 0, 0, 0, 2, '190.00', '0.00', '380.00', NULL, NULL),
(12, 10, 40, 0, '', '', 'Beurer 電子體溫計', NULL, '', 0, 0, 0, 1, '190.00', '0.00', '190.00', NULL, NULL),
(13, 11, 29, 0, '', '', 'Therapeutica 全方位腰墊', NULL, '尺碼: 全方位腰墊 (大) 63.5 - 68.8 cm (25” - 27”)', 3, 0, 0, 1, '1537.00', '0.00', '1537.00', NULL, NULL),
(14, 12, 29, 0, '', '', 'Therapeutica 全方位腰墊', NULL, '尺碼: 全方位腰墊 (大) 63.5 - 68.8 cm (25” - 27”)', 3, 0, 0, 1, '1537.00', '0.00', '1537.00', NULL, NULL),
(15, 13, 29, 0, '', '', 'Therapeutica 全方位腰墊', NULL, '尺碼: 全方位腰墊 (細) 53.3 - 58.4 cm (21” - 23”)', 1, 0, 0, 1, '1437.00', '0.00', '1437.00', NULL, NULL),
(16, 14, 10, 0, '', '', 'Maki 可摺式鋁質拐杖', NULL, '顏色: 藍白色', 37, 0, 0, 1, '323.00', '0.00', '323.00', NULL, NULL),
(17, 15, 47, 0, '', '', 'Nissin L7/L8 超輕輪椅', NULL, '請選取一項: 細輪 NI-NAH-L7 (粉紅)', 65, 0, 0, 1, '3045.00', '0.00', '3045.00', NULL, NULL),
(18, 16, 63, 0, '', '', 'Richell 摺疊式浴室用座椅', NULL, '', 0, 0, 0, 1, '1300.00', '0.00', '1300.00', NULL, NULL);

-- --------------------------------------------------------

--
-- 資料表結構 `wos_shop_payments`
--

CREATE TABLE `wos_shop_payments` (
  `id` int UNSIGNED NOT NULL,
  `name` varchar(255) NOT NULL,
  `status_after_payment` tinyint UNSIGNED NOT NULL DEFAULT '2',
  `extension` varchar(255) NOT NULL,
  `client` int NOT NULL,
  `params` text,
  `description` text,
  `ordering` int NOT NULL DEFAULT '0',
  `published` tinyint UNSIGNED DEFAULT '0'
) ENGINE=InnoDB DEFAULT CHARSET=utf8mb3;

--
-- 傾印資料表的資料 `wos_shop_payments`
--

INSERT INTO `wos_shop_payments` (`id`, `name`, `status_after_payment`, `extension`, `client`, `params`, `description`, `ordering`, `published`) VALUES
(1, '選用 PAYPAL 付款:', 2, 'paypalexpcheckout', 2, '{\"paypal_api_username\":\"amyyan_api1.hkelderly.org\",\"paypal_api_password\":\"TAEP573F69EJNHFN\",\"paypal_api_signature\":\"AQ6o-6qn17E4ahHB9Kj5Z-WpE83oAQLRXld6Ql9vOwp-.JeNS6LlTWIk\",\"paypal_currency_code\":\"HKD\",\"paypal_use_account_currency\":\"1\",\"paypal_sandbox_mode\":\"0\",\"paypal_sandbox_api_username\":\"raykanot_api1.gmail.com\",\"paypal_sandbox_api_password\":\"BGZ72K3Y594W8VHU\",\"paypal_sandbox_api_signature\":\"AB8G07WWebvKNlqyYo0NmjNrnlf9APhLuM4rk-uFefkMEXHWNEihBBa6\",\"paypal_sandbox_currency_code\":\"HKD\",\"paypal_override_address\":\"0\"}', '<p><img src=\"images/shop/system/paypal.jpg\" alt=\"paypal\" height=\"49\" width=\"400\" /></p>', 0, 1),
(2, '選用 網上銀行、櫃員機 轉賬：', 0, 'banktransfer', 2, '{\"allow_attachment\":\"0\"}', '<p>請把款項直接存入匯豐銀行賬戶：534-640206-838</p>\r\n<p>入數後請將收據拍照（可使用手機），完成後請將收據Whatsapp至5494 3165，即可完成整個付款過程，簡單方便。</p>', 1, 1),
(3, '選用 PayDollar 付款:', 2, 'paydollar', 2, '{\"test_mode\":\"0\",\"merchant_id\":\"88592896\",\"enable_dcc\":\"0\",\"base_currency\":\"HKD\",\"secure_hash_secret\":\"\",\"hash_secret\":\"\",\"mps_mode\":\"NIL\",\"allow_installment\":\"1\",\"installment_min_amount\":\"1000\",\"installment_allow_discounted\":\"0\"}', '<p><img alt=\"paydollar\" src=\"images/shop/system/paydollar.gif\" height=\"51\" width=\"249\" /></p>', 0, 0),
(4, '選用 支付宝 付款:', 2, 'alipay', 2, '{\"test_mode\":\"0\",\"partner_id\":\"2088001466494907\",\"key\":\"KSS234224341\",\"seller_email\":\"test@gmail.com\",\"seller_key\":\"fb30213vjc4k4oabt7z4q9e07sfmlmzr\",\"transport\":\"http\",\"cert_url\":\"\",\"cacert_url\":\"\"}', '<p><img src=\"images/shop/system/alipay.jpg\" alt=\"alipay\" width=\"256\" height=\"48\" /></p>', 0, 0),
(5, '選用 國際支付宝 付款:', 2, 'alipayglob', 2, '{\"partner_id\":\"\",\"seller_key\":\"\",\"seller_email\":\"\",\"transport\":\"http\",\"cacert_url\":\"\",\"sandbox_mode\":\"0\",\"account_currency\":\"USD\"}', '', 0, 0);

-- --------------------------------------------------------

--
-- 資料表結構 `wos_shop_products`
--

CREATE TABLE `wos_shop_products` (
  `id` int UNSIGNED NOT NULL,
  `catid` int UNSIGNED DEFAULT NULL,
  `catid2` int UNSIGNED DEFAULT NULL,
  `catid3` int UNSIGNED DEFAULT NULL,
  `brand_id` int UNSIGNED DEFAULT NULL,
  `vendor_id` int UNSIGNED DEFAULT NULL,
  `sku` varchar(64) DEFAULT NULL,
  `mpn` varchar(64) DEFAULT NULL,
  `name` varchar(255) NOT NULL,
  `cost_price` decimal(10,2) UNSIGNED DEFAULT NULL,
  `img_name` varchar(255) DEFAULT NULL,
  `short_description` text,
  `description` text,
  `description_text` text,
  `remark` text,
  `discount_start` date DEFAULT NULL,
  `discount_end` date DEFAULT NULL,
  `reward_point` int UNSIGNED NOT NULL DEFAULT '0',
  `exp_point` int UNSIGNED NOT NULL DEFAULT '0',
  `stock_num` int NOT NULL DEFAULT '-1',
  `stock_use_option_inv` tinyint UNSIGNED NOT NULL DEFAULT '0',
  `stock_use_option_price` tinyint UNSIGNED NOT NULL DEFAULT '0',
  `length` decimal(6,2) UNSIGNED DEFAULT '0.00',
  `width` decimal(6,2) UNSIGNED DEFAULT '0.00',
  `height` decimal(6,2) UNSIGNED DEFAULT '0.00',
  `weight` decimal(8,2) NOT NULL DEFAULT '0.00',
  `free_shipping` tinyint UNSIGNED NOT NULL DEFAULT '0',
  `allow_coupon` tinyint UNSIGNED NOT NULL DEFAULT '1',
  `allow_remark` tinyint UNSIGNED NOT NULL DEFAULT '0',
  `require_confirm` tinyint UNSIGNED NOT NULL DEFAULT '0',
  `embargo` text,
  `disallowed_shipping` text,
  `view_count` int UNSIGNED NOT NULL DEFAULT '0',
  `back_stock_datetime` datetime DEFAULT NULL,
  `url` varchar(1024) DEFAULT NULL,
  `ordering` int NOT NULL DEFAULT '0',
  `metakey` text,
  `metadesc` text,
  `featured` tinyint UNSIGNED NOT NULL DEFAULT '0',
  `is_new` tinyint UNSIGNED NOT NULL DEFAULT '0',
  `is_new_until` date DEFAULT NULL,
  `is_hot` tinyint UNSIGNED NOT NULL,
  `is_hot_until` date DEFAULT NULL,
  `published` tinyint(1) NOT NULL DEFAULT '0',
  `created` datetime NOT NULL,
  `modified` datetime DEFAULT NULL,
  `modified_by` int UNSIGNED NOT NULL,
  `access` int UNSIGNED NOT NULL DEFAULT '0'
) ENGINE=InnoDB DEFAULT CHARSET=utf8mb3;

--
-- 傾印資料表的資料 `wos_shop_products`
--

INSERT INTO `wos_shop_products` (`id`, `catid`, `catid2`, `catid3`, `brand_id`, `vendor_id`, `sku`, `mpn`, `name`, `cost_price`, `img_name`, `short_description`, `description`, `description_text`, `remark`, `discount_start`, `discount_end`, `reward_point`, `exp_point`, `stock_num`, `stock_use_option_inv`, `stock_use_option_price`, `length`, `width`, `height`, `weight`, `free_shipping`, `allow_coupon`, `allow_remark`, `require_confirm`, `embargo`, `disallowed_shipping`, `view_count`, `back_stock_datetime`, `url`, `ordering`, `metakey`, `metadesc`, `featured`, `is_new`, `is_new_until`, `is_hot`, `is_hot_until`, `published`, `created`, `modified`, `modified_by`, `access`) VALUES
(1, 251, NULL, NULL, NULL, NULL, NULL, 'BM44', 'Beurer 簡易版長者窩心單鍵設計血壓計', NULL, 'Beurer20E7B0A1E69893E7898820E995B7E88085E7AAA9E5BF83E596AEE98DB5E8A8ADE8A888.png', '主要功能\r\n\r\n• 測量血壓值及脈搏率\r\n• 可偵測心律不齊\r\n• 顯示世界衛生組織(WHO)標準血壓分級，供用者即時參考\r\n• 藍光背景燈\r\n• 適用於上臂圍: 22-30cm\r\n\r\n產品優點\r\n\r\n• 單鍵簡易操作，特大清晰顯示屏，專為長者而設\r\n• 快思邏輯送氣系統，自動充氣至合適壓力，準確量度血壓\r\n• 自動關機功能，節省用電\r\n• 已表列於衛生署醫療儀器行政管理制度；表列號碼：120395\r\n• 每日監測血壓值(舒張壓及收縮壓) 及脈搏率', NULL, NULL, NULL, NULL, NULL, 0, 0, -1, 0, 0, '0.00', '0.00', '0.00', '0.00', 0, 1, 0, 0, NULL, '', 141, NULL, NULL, 0, '血壓計', '血壓計', 0, 0, NULL, 0, NULL, 0, '2018-01-29 12:45:57', '2018-05-02 07:20:09', 2, 1),
(2, 251, NULL, NULL, NULL, NULL, NULL, 'BM57', 'Beurer 上臂式血壓計', NULL, 'Beurer20BM5720E4B88AE88782E5BC8FE8A180E5A393E8A888.png', '主要功能\r\n▪ 藍芽4.0無線傳輸技術，測量數據能傳送到手提電話(iOS手機應用程式)，並可到www.beurer.com下載專用軟件”Health Manager”，更有效管理升壓數據\r\n▪ 充氣時測量血壓，更快更舒適\r\n▪ 顯示世界衛生組織(WHO)標準血壓分級\r\n▪ 心律不正監測功能\r\n▪ 可計算所有測量結果或最近7天早晚的血壓平均值\r\n▪ 日期及時間顯示\r\n▪ 儲存測量結果: 2個用戶x 60次記錄\r\n▪ 適用於上臂圍: 22-43cm\r\n\r\n產品優點\r\n▪ 可於手提電話及個人電腦查看數據，隨時隨地監察血壓狀況\r\n▪ 大型清晰顯示屏，容易閱讀數值及其他資料\r\n▪ 自動關機功能，節省用電\r\n\r\n用戶獲益\r\n▪ 每日監測血壓值(舒張壓及收縮壓) 及脈搏率', NULL, NULL, NULL, NULL, NULL, 0, 0, -1, 0, 0, '0.00', '0.00', '0.00', '0.00', 0, 1, 0, 0, NULL, '', 154, NULL, NULL, 0, '血壓計', '血壓計', 0, 0, NULL, 0, NULL, 1, '2018-01-29 12:45:57', '2018-05-02 07:13:58', 2, 1),
(3, 271, NULL, NULL, NULL, NULL, NULL, 'FT90', 'Beurer 三合一免接觸紅外線體溫計', NULL, 'Beurer20FT9020E9AB94E6BAABE8A88820E99D9EE68EA5E8A7B8E5BC8FE99BBBE5AD90E9AB94E6BAABE8A888.jpg', '• 免接觸測量前額體溫,環境溫度及表面溫度\r\n• 免接觸測量,更安全及清潔\r\n• 誤差低至± 0.2°C\r\n• 60 個記錄位置\r\n• 發燒提示\r\n• 單位顯示 °C 及 °F', NULL, NULL, NULL, NULL, NULL, 0, 0, -1, 0, 0, '0.00', '0.00', '0.00', '0.00', 0, 1, 0, 0, NULL, '', 177, NULL, NULL, 0, '體溫計', '體溫計', 0, 0, NULL, 0, NULL, 1, '2018-01-29 12:45:57', '2018-05-02 07:08:01', 2, 1),
(4, 280, NULL, NULL, NULL, NULL, NULL, NULL, 'Pillbox promotion', NULL, NULL, 'Lorem ipsum dolor sit amet, consectetur adipisicing elit, sed do eiusmod tempor incididunt ut labore et dolore magna aliqua. Ut enim ad minim veniam, quis nostrud exercitation ullamco laboris nisi ut aliquip ex ea commodo consequat. Duis aute irure dolor in reprehenderit in voluptate velit esse cillum dolore eu fugiat nulla pariatur. Excepteur sint occaecat cupidatat non proident, sunt in culpa qui officia deserunt mollit anim id est laborum.', NULL, NULL, NULL, NULL, NULL, 0, 0, -1, 0, 0, '0.00', '0.00', '0.00', '0.00', 0, 1, 0, 0, NULL, NULL, 1, NULL, NULL, 0, NULL, NULL, 0, 0, NULL, 0, NULL, -1, '2018-01-29 12:45:57', NULL, 0, 1),
(5, 279, NULL, NULL, NULL, NULL, NULL, NULL, '柔軟冷熱墊(大)', NULL, NULL, 'Lorem ipsum dolor sit amet, consectetur adipisicing elit, sed do eiusmod tempor incididunt ut labore et dolore magna aliqua. Ut enim ad minim veniam, quis nostrud exercitation ullamco laboris nisi ut aliquip ex ea commodo consequat. Duis aute irure dolor in reprehenderit in voluptate velit esse cillum dolore eu fugiat nulla pariatur. Excepteur sint occaecat cupidatat non proident, sunt in culpa qui officia deserunt mollit anim id est laborum.', NULL, NULL, NULL, NULL, NULL, 0, 0, -1, 0, 0, '0.00', '0.00', '0.00', '0.00', 0, 1, 0, 0, NULL, NULL, 0, NULL, NULL, 0, NULL, NULL, 0, 0, NULL, 0, NULL, -1, '2018-01-29 12:45:57', NULL, 0, 1),
(6, 279, NULL, NULL, NULL, NULL, NULL, NULL, 'SofTouch柔軟冷熱墊', NULL, 'E586B7E786B1E6B2BBE79982E794A8E5938120-20E69F94E8BB9FE586B7E786B1E5A28A28E7B4B029_2.jpg', '• 獨特研製凝膠質\r\n• 冷凍後仍能保持柔軟\r\n• 可用微波爐加熱，或放進冰箱內冷凍\r\n• 熱療：關節炎、風濕痛和肌肉緊張\r\n• 冷療：急性扭傷或腫脹', NULL, NULL, NULL, NULL, NULL, 0, 0, -1, 1, 1, '0.00', '0.00', '0.00', '0.00', 0, 1, 0, 0, NULL, '', 53, NULL, NULL, 0, '冷熱墊', '冷熱墊', 0, 0, NULL, 0, NULL, 1, '2018-01-29 12:45:57', '2018-05-02 07:01:02', 2, 1),
(7, 279, NULL, NULL, NULL, NULL, NULL, NULL, 'MediBeads 濕熱護眼罩', NULL, 'E586B7E786B1E6B2BBE79982E794A8E5938120-20E6BF95E786B1E8ADB7E79CBCE7BDA9-100.jpg', '• 使用專利Medibeads，能持續抽取空氣中的水份，提供濕熱治療\r\n• 可清洗和再用\r\n• 臨床研究使用MediBeads濕熱眼罩不足20分鐘，眼乾症狀大大改善，並可減少貶眼次數\r\n• 暢通眼部油脂腺，使油份能到達眼睛，幫助減慢淚水蒸發，維持雙眼濕潤', NULL, NULL, NULL, NULL, NULL, 0, 0, -1, 0, 0, '0.00', '0.00', '0.00', '0.00', 0, 1, 0, 0, NULL, '', 47, NULL, NULL, 0, '護眼罩', '護眼罩', 0, 0, NULL, 0, NULL, 1, '2018-01-29 12:45:57', '2018-05-02 06:44:07', 2, 1),
(8, 274, NULL, NULL, NULL, NULL, NULL, NULL, 'Youngwon 減壓充氣坐墊', NULL, 'E59D90E5A28A20-20Youngwon20E6B89BE5A393E58585E6B0A3E59D90E5A28A-100.jpg', '• 獨立氣囊令重量平均分佈，減低壓力\r\n• 橡膠製造，一次過倒模成形，減少駁口，非常耐用\r\n• 即使天氣寒冷，氣囊依然柔軟舒適\r\n• 充脹的氣囊穩定，不會引起暈船感覺', NULL, NULL, NULL, NULL, NULL, 0, 0, -1, 0, 0, '0.00', '0.00', '0.00', '0.00', 0, 1, 0, 0, NULL, '', 142, NULL, NULL, 0, '坐墊', '坐墊', 0, 0, NULL, 0, NULL, 1, '2018-01-29 12:45:57', '2018-05-02 06:37:06', 2, 1),
(9, 273, NULL, NULL, NULL, NULL, NULL, NULL, 'Nissin 座王 NAH-F5/NA-F7 後傾輪椅', NULL, 'E5BAA7E78E8B20NAH-F5NA-F720E5BE8CE582BEE8BCAAE6A485.jpg', 'Nissin 輪椅特點:\r\n可摺合椅背，方便放入車尾箱\r\n鼓煞裝置可直接制動後輪軸芯，避免傷害車胎\r\n腳踏可因應用家高度調節合適高度，而無段式的調節設計可於上斜時更安全可靠\r\n扶手板由彈性膠板製造，進一步減輕輪椅重量\r\nCBU 豪華型系列椅背張力更可調節，用家可因情況 (如寒背)調校背墊的鬆緊度\r\n黑色前輪確保長時間使用後亦不會影響外觀\r\n支架以 7003-T5 超高強度航空鋁合金製造，輕巧、防銹\r\n雙「X」型支架，大幅增加支架強度及負重能力\r\n \r\n\r\n標準\r\n10 年支架保養\r\n唯一符合日本 JIS T 9201 的輪椅生產商\r\n符合 ISO 7176\r\n日本 SG 安全認証\r\n \r\n\r\n座王 NAH-F5/NA-F7 後傾輪椅系列:\r\n3D 調整式背墊，更緊貼用家背部，提供更有效的承托\r\n透氣度高的厚身座墊，更能為用家減輕臀部壓力\r\n可摺合車身，節省存放空間\r\n座高可自由調節(F7)\r\n後傾角度由 -4 ~ 30度 (NAH-F5)，-5 ~ 18度(NA-F7)\r\n活動式腳踏及扶手\r\n扶手高度可調節\r\n頭枕高度，角度及位置可調節', NULL, NULL, NULL, NULL, NULL, 0, 0, -1, 1, 1, '0.00', '0.00', '0.00', '0.00', 0, 1, 0, 0, NULL, '', 211, NULL, NULL, 0, '輪椅', '輪椅', 0, 0, NULL, 0, NULL, 1, '2018-01-29 12:45:57', '2018-05-02 05:33:25', 2, 1),
(10, 277, NULL, NULL, NULL, NULL, NULL, NULL, 'Maki 可摺式鋁質拐杖', NULL, 'E68B90E69D9620-20Maki20E58FAFE691BAE5BC8FE98B81E8B3AAE68B90E69D96-100.jpg', '• 可摺合,方便存放\r\n• 多種款式設計\r\n• 拐杖高度可調校\r\n• 堅固耐用', NULL, NULL, NULL, NULL, NULL, 0, 0, -1, 1, 1, '0.00', '0.00', '0.00', '0.00', 0, 1, 0, 0, NULL, '', 214, NULL, NULL, 0, '拐杖', '拐杖', 0, 0, NULL, 0, NULL, 1, '2018-01-29 12:45:57', '2018-05-02 04:41:25', 2, 1),
(11, 277, NULL, NULL, NULL, NULL, NULL, NULL, '原色拐杖', NULL, 'E68B90E69D9620-20E58E9FE889B2E68B90E69D96-100.jpg', '• 拐杖高度可調校\r\n• 堅固耐用', NULL, NULL, NULL, NULL, NULL, 0, 0, -1, 1, 1, '0.00', '0.00', '0.00', '0.00', 0, 1, 0, 0, NULL, '', 49, NULL, NULL, 0, '拐杖', '拐杖', 0, 0, NULL, 0, NULL, 1, '2018-01-29 12:45:57', '2018-05-02 04:34:24', 2, 1),
(12, 277, NULL, NULL, NULL, NULL, NULL, NULL, '可摺枴杖櫈', NULL, 'E68B90E69D9620-20E58FAFE691BAE69EB4E69D96E6AB88-100.jpg', '• 電鍍鋁支架\r\n• 淨重:0.9kg\r\n• 最大承重:250lbs\r\n• 產品尺寸:37cm(長) x 28.5cm(闊) x 50cm(高)(座椅張開後離地高度)\r\n• PP耐用座椅及手柄\r\n• 櫈腳配備防滑膠塞\r\n• 簡易組裝及摺合,使用方便\r\n• FDA及CE認可,可安心使用', NULL, NULL, NULL, NULL, NULL, 0, 0, -1, 0, 0, '0.00', '0.00', '0.00', '0.00', 0, 1, 0, 0, NULL, '', 59, NULL, NULL, 0, '枴杖櫈', '枴杖櫈', 0, 0, NULL, 0, NULL, 1, '2018-01-29 12:45:57', '2018-05-02 04:30:04', 2, 1),
(13, 277, NULL, NULL, NULL, NULL, NULL, NULL, '色彩花紋拐杖 (吸盤型)', NULL, 'E68B90E69D9620-20E889B2E5BDA9E88AB1E7B48BE68B90E69D962028E590B8E79BA4E59E8B29-100.jpg', '• 備有吸盤型膠塞,在平地或斜路時抓地能力更高\r\n• 安全可靠,重量僅 230-260g\r\n• 可按情況調整合適的拐杖高度\r\n• 備有可摺式供選', NULL, NULL, NULL, NULL, NULL, 0, 0, -1, 0, 1, '0.00', '0.00', '0.00', '0.00', 0, 1, 0, 0, NULL, '', 48, '2018-05-02 04:28:09', NULL, 0, '拐杖', '拐杖', 0, 0, NULL, 0, NULL, 1, '2018-01-29 12:45:57', '2018-05-02 04:28:09', 2, 1),
(14, 277, NULL, NULL, NULL, NULL, NULL, NULL, '雨傘拐杖', NULL, 'E68B90E69D9620-20E99BA8E58298E68B90E69D96-100.jpg', '• 二合一設計,可作拐杖及雨傘使用 \r\n• 底部設有防滑膠塞,安全可靠\r\n• 高度 : 31” / 32.5” \r\n• 可選顏色 : 灰 / 黑 / 綠 / 藍', NULL, NULL, NULL, NULL, NULL, 0, 0, -1, 0, 1, '0.00', '0.00', '0.00', '0.00', 0, 1, 0, 0, NULL, '', 80, '2018-05-02 04:28:20', NULL, 0, '雨傘拐杖', '雨傘拐杖', 0, 0, NULL, 0, NULL, 1, '2018-01-29 12:45:57', '2018-05-02 04:28:20', 2, 1),
(15, 275, NULL, NULL, NULL, NULL, NULL, NULL, 'U型沐浴椅連扶手', NULL, 'E6B5B4E5AEA4E8BC94E58AA9E794A8E585B720-20UE59E8BE6B290E6B5B4E6A485E980A3E689B6E6898B-100.jpg', '• U 形座位設計,方便清潔下體\r\n• 設有可翻起的扶手\r\n• 座高可調校\r\n• 椅腳套上防滑膠,穩定安全\r\n• 座位尺寸：39 x 35 cm \r\n• 座高：35 - 45 cm\r\n• 整體高度：70 - 80 cm\r\n• 底部尺寸：43 x 49 cm (有柄 - 52 x 54 cm)\r\n• 重量：3kg (有柄 - 5.1kg)', NULL, NULL, NULL, NULL, NULL, 0, 0, -1, 0, 0, '0.00', '0.00', '0.00', '0.00', 0, 1, 0, 0, NULL, '', 155, NULL, NULL, 0, '沐浴椅', '沐浴椅', 0, 0, NULL, 0, NULL, 1, '2018-01-29 12:45:57', '2018-05-02 04:14:46', 2, 1),
(16, 275, NULL, NULL, NULL, NULL, NULL, NULL, 'Maki 多功能可摺疊便浴椅', NULL, 'E6B5B4E5AEA4E8BC94E58AA9E794A8E585B720-20E5A49AE58A9FE883BDE58FAFE691BAE7968AE4BEBFE6B5B4E6A485-100.jpg', '• 坐墊、扶手墊及背墊採用PU軟墊物料製造料耐寒耐熱,提供舒適承托\r\n• 便浴椅獨特設計,可輕易摺合 \r\n• 無須工具安裝,簡易組裝及收藏\r\n• 超輕防鏽鋁質支架 \r\n• 坐椅表面防滑,安全可靠\r\n• 5段式浴椅高度調校:45.5-55.5cm\r\n• 圓底流線形便桶設計,有助避免污物濺出', NULL, NULL, NULL, NULL, NULL, 0, 0, -1, 0, 0, '0.00', '0.00', '0.00', '0.00', 0, 1, 0, 0, NULL, '', 62, NULL, NULL, 0, '可摺疊便浴椅', '可摺疊便浴椅', 0, 0, NULL, 0, NULL, 1, '2018-01-29 12:45:57', '2018-05-02 03:55:28', 2, 1),
(17, 276, NULL, NULL, NULL, NULL, NULL, NULL, 'Ultra Ready 多用途床墊', NULL, 'Ultra20Ready20E5A49AE794A8E98094E5BA8AE5A28A.jpg', '主要功能\r\n• 超大尺寸：60 cm x 90 cm\r\n• 內有超級高份子, 吸水力強\r\n• 吸水量超過 2600 cc\r\n• P.E. 底層, 四面封邊, 防止水份滲漏\r\n• 每包10片\r\n\r\n產品優點\r\n• 柔軟舒適, 保持肌膚乾爽', NULL, NULL, NULL, NULL, NULL, 0, 0, -1, 0, 0, '0.00', '0.00', '0.00', '0.00', 0, 1, 0, 0, NULL, '', 60, NULL, NULL, 0, '床墊', '床墊', 0, 0, NULL, 0, NULL, 1, '2018-01-29 12:45:57', '2018-05-02 07:27:02', 2, 1),
(18, 275, NULL, NULL, NULL, NULL, NULL, NULL, '廁所安全架', NULL, 'E6B5B4E5AEA4E8BC94E58AA9E794A8E585B720-20E5BB81E68980E5AE89E585A8E69EB6-100.jpg', '• 安全架由優質鋁合金製成,堅固安全 • 可直接安裝在坐廁上\r\n• 扶手加上防滑軟墊,安全舒適\r\n• 可調較安全架高度和闊度(18”-20”),適合不同的坐廁\r\n• 特高承重量,達300磅 • 能協助使用者於坐廁上安坐和站立', NULL, NULL, NULL, NULL, NULL, 0, 0, -1, 0, 0, '0.00', '0.00', '0.00', '0.00', 0, 1, 0, 0, NULL, '', 50, NULL, NULL, 0, '廁所安全架', '廁所安全架', 0, 0, NULL, 0, NULL, 1, '2018-01-29 12:45:57', '2018-05-02 03:49:29', 2, 1),
(19, 275, NULL, NULL, NULL, NULL, NULL, NULL, '有鎖扶手廁板增高器', NULL, 'E6B5B4E5AEA4E8BC94E58AA9E794A8E585B720-20E69C89E98E96E689B6E6898BE5BB81E69DBFE5A29EE9AB98E599A8-100.jpg', '• 增加坐廁高度達12.5厘米(5”)\r\n• 上鎖機制容易操作,並能將增高器牢固地鎖在廁上\r\n• 舒適有墊扶手,距離45厘米(17”),可助使用者輕易從座廁站起\r\n• 增高器的表層使用易潔物料,方便衛生\r\n• 協助長者、行動不便或有彎曲或就座困難的使用者如廁\r\n• 可承重量達300磅\r\n• 重量: 5.6磅\r\n• 尺寸(h x w x d): 5” x 15.5” x 17”', NULL, NULL, NULL, NULL, NULL, 0, 0, -1, 0, 0, '0.00', '0.00', '0.00', '0.00', 0, 1, 0, 0, NULL, '', 58, NULL, NULL, 0, '廁板增高器', '廁板增高器', 0, 0, NULL, 0, NULL, 1, '2018-01-29 12:45:57', '2018-05-02 03:47:14', 2, 1),
(20, 275, NULL, NULL, NULL, NULL, NULL, 'MAKI-00285', '鋁質U型沐浴椅', NULL, 'E6B5B4E5AEA4E8BC94E58AA9E794A8E585B720-20E98B81E8B3AAUE59E8BE6B290E6B5B4E6A485-100.jpg', '• 可選有背或無背\r\n• 坐墊以EVA樹脂合成膠製成，有效紓緩壓力\r\n• 座位高度可調教\r\n• 椅腳有防滑膠墊', NULL, NULL, NULL, NULL, NULL, 0, 0, -1, 0, 1, '0.00', '0.00', '0.00', '0.00', 0, 1, 0, 0, NULL, '', 55, NULL, NULL, 0, '沐浴椅', '沐浴椅', 0, 0, NULL, 0, NULL, 1, '2018-01-29 12:45:57', '2018-04-20 10:14:37', 2, 1),
(21, 275, NULL, NULL, NULL, NULL, NULL, 'MAKI-00077', '鋁質可拆式沐浴椅', NULL, 'E6B5B4E5AEA4E8BC94E58AA9E794A8E585B720-20E98B81E8B3AAE58FAFE68B86E5BC8FE6B290E6B5B4E6A485-100.jpg', '• 選用耐寒耐熱的 Hytrel 物料\r\n• 防滑表面\r\n• 防水,不易變形,保暖\r\n• 流線型及組件按鈕可拆式設計,易於收藏及安裝', NULL, NULL, NULL, NULL, NULL, 0, 0, -1, 0, 0, '0.00', '0.00', '0.00', '0.00', 0, 1, 0, 0, NULL, '', 59, NULL, NULL, 0, '沐浴椅', '沐浴椅', 0, 0, NULL, 0, NULL, 1, '2018-01-29 12:45:57', '2018-04-20 10:21:43', 2, 1),
(22, 278, NULL, NULL, NULL, NULL, NULL, 'FM005', '美國GenTouch成人口罩', NULL, 'E6B688E6AF92E6B885E6BD94E58F8AE58FA3E7BDA920-20E7BE8EE59C8BGenTouchE68890E4BABAE58FA3E7BDA9.jpg', '• 口罩顏色:藍色/綠色\r\n• 每盒共50個口罩\r\n• 能有效過濾99%細菌\r\n• 口罩繩不含可能會導致敏感的乳膠\r\n• 通過ISO和美國FDA認證', NULL, NULL, NULL, NULL, NULL, 0, 0, -1, 0, 0, '0.00', '0.00', '0.00', '0.00', 0, 1, 0, 0, NULL, '', 38, NULL, NULL, 0, '口罩', '口罩', 0, 0, NULL, 0, NULL, 1, '2018-01-29 12:45:57', '2018-04-20 09:58:46', 2, 1),
(23, 280, NULL, NULL, NULL, NULL, NULL, NULL, '7日電子響鬧藥盒', NULL, 'E7949FE6B4BBE8ADB7E79086E794A2E5938120-20E99FBFE9ACA7E897A5E79B92.jpg', '• 七格供收藏藥品\r\n• 可設置4組提醒鬧鈴，每日四次提醒吃藥\r\n• 時鐘功能，鬧鈴功能\r\n• 提醒器可以單獨拆下，方便清洗\r\n\r\n產品規格\r\n\r\n電池：2×AG13鈕扣電池（包括）\r\n尺寸：11.7*11.7*2.5cm\r\n材質：ABS+PP\r\n重量： 90g', NULL, NULL, NULL, NULL, NULL, 0, 0, -1, 0, 0, '0.00', '0.00', '0.00', '0.00', 0, 1, 0, 0, NULL, '', 43, NULL, NULL, 0, '響鬧藥盒', '響鬧藥盒', 0, 0, NULL, 0, NULL, 1, '2018-01-29 12:45:57', '2018-04-20 09:55:55', 2, 1),
(24, 280, NULL, NULL, NULL, NULL, NULL, 'HETP-00025', 'Acu-Life 掀蓋式透明切藥器', NULL, 'E7949FE6B4BBE8BC94E58AA9E794A8E5938120-20Acu-Life20E68E80E8938BE5BC8FE9808FE6988EE58887E897A5E599A8-100.jpg', '• 適合一般病人按醫生指示分割藥丸,減輕劑量\r\n• 準確地切割任何形狀或大小的藥丸\r\n• V型支架設計,底座為橡膠,有效穩定藥丸\r\n• 刀片會嵌進凹槽裡,更為安全及準確\r\n• 掀蓋開合簡易,可平均地切割藥丸 • 刀片防銹,可清洗', NULL, NULL, NULL, NULL, NULL, 0, 0, -1, 0, 0, '0.00', '0.00', '0.00', '0.00', 0, 1, 0, 0, NULL, '', 39, NULL, NULL, 0, '切藥器', '切藥器', 0, 0, NULL, 0, NULL, 1, '2018-01-29 12:45:57', '2018-04-20 09:51:11', 2, 1),
(25, 280, NULL, NULL, NULL, NULL, NULL, 'HETP-00004', 'Acu-Life 藥丸搗碎器', NULL, 'E7949FE6B4BBE8BC94E58AA9E794A8E5938120-20Acu-Life20E897A5E4B8B8E69097E7A28EE599A8-100.jpg', '• 適合不能吞嚥大粒藥丸的病人,搗碎藥片服用\r\n• 如正常扭樽蓋即能搗碎藥物,省時省力\r\n• 備有兩個獨立藥丸儲存格\r\n• 透明樽身,方便監測磨藥過程', NULL, NULL, NULL, NULL, NULL, 0, 0, -1, 0, 0, '0.00', '0.00', '0.00', '0.00', 0, 1, 0, 0, NULL, '', 46, NULL, NULL, 0, '藥丸搗碎器', '藥丸搗碎器', 0, 0, NULL, 0, NULL, 1, '2018-01-29 12:45:57', '2018-04-20 09:49:48', 2, 1),
(26, 280, NULL, NULL, NULL, NULL, NULL, 'HETP-00002', 'Acu-Life 透明切藥器', NULL, 'E7949FE6B4BBE8BC94E58AA9E794A8E5938120-20Acu-Life20E9808FE6988EE58887E897A5E599A8-100.jpg', '• 適合一般病人按醫生指示分割藥丸,減輕劑量\r\n• 適合切割任何形狀或大小的藥丸\r\n• 獨立儲存格,方便收藏不同藥丸\r\n• 刀片防銹,可清洗', NULL, NULL, NULL, NULL, NULL, 0, 0, -1, 0, 0, '0.00', '0.00', '0.00', '0.00', 0, 1, 0, 0, NULL, '', 146, NULL, NULL, 0, '切藥器', '切藥器', 0, 0, NULL, 0, NULL, 1, '2018-01-29 12:45:57', '2018-04-20 09:46:54', 2, 1),
(27, 274, NULL, NULL, NULL, NULL, NULL, 'PATN-00029', 'Paragon 腰墊', NULL, 'E885B0E5A28A20-20Paragon20E885B0E5A28A-100.jpg', '• 按科學方法設計,能減輕因長時間安坐而導致的腰背痛及肌肉繃緊\r\n• 幫助保持正確坐姿\r\n• 墊套可除下清洗\r\n• 備有尼龍索帶以固定腰墊於椅背上\r\n• 防火標準:CAL117', NULL, NULL, NULL, NULL, NULL, 0, 0, -1, 0, 0, '0.00', '0.00', '0.00', '0.00', 0, 1, 0, 0, NULL, '', 126, NULL, NULL, 0, '腰墊', '腰墊', 0, 0, NULL, 0, NULL, 1, '2018-01-29 12:45:57', '2018-04-20 09:43:37', 2, 1),
(28, 274, NULL, NULL, NULL, NULL, NULL, 'THER-00012-6', 'Therapeutica 腰墊', NULL, 'E885B0E5A28A20-20E58AA0E68BBFE5A4A7E885B0E5A28A-100_1.jpg', '• 根據人體脊柱外形設計,承托脊柱,讓肩膀可自由活動\r\n• 減少背痛及疲勞,提供舒適承托\r\n• 可簡單固定在椅上\r\n• 適用於家居、辦公室、車輛及輪椅', NULL, NULL, NULL, NULL, NULL, 0, 0, -1, 0, 0, '0.00', '0.00', '0.00', '0.00', 0, 1, 0, 0, NULL, '', 132, NULL, NULL, 0, '腰墊', '腰墊', 0, 0, NULL, 0, NULL, 1, '2018-01-29 12:45:57', '2018-12-03 04:15:30', 2, 1),
(29, 274, NULL, NULL, NULL, NULL, NULL, NULL, 'Therapeutica 全方位腰墊', NULL, 'E885B0E5A28A20-20E585A8E696B9E4BD8DE885B0E5A28A-100.jpg', '• 加設頸部承托,全面保護頸椎\r\n• 根據人體脊柱外形設計,承托脊柱\r\n• 肩膀可自由活動,行車時不會阻礙背後視線\r\n• 全面承托腰背及頭頸,減少背痛及疲勞\r\n• 能簡單固定在椅上,適用於家居、辦公室、車輛及輪椅', NULL, NULL, NULL, NULL, NULL, 0, 0, -1, 1, 1, '0.00', '0.00', '0.00', '0.00', 0, 1, 0, 0, NULL, '', 271, NULL, NULL, 0, '腰墊', '腰墊', 1, 0, NULL, 0, NULL, 1, '2018-01-29 12:45:57', '2018-12-03 04:15:08', 2, 1),
(30, 274, NULL, NULL, NULL, NULL, NULL, 'HUMM-00012', 'Humana 腰墊', NULL, 'E885B0E5A28A20-20Humana20E885B0E5A28A-100.jpg', '• 維持腰部的弧度,有效預防腰痛和減低發作機會\r\n• 以高密度發泡膠製造,合符防火標準 • 適用於大多數座椅及梳發\r\n• 物料堅穩,腰墊形狀不會因長時間使用而改變\r\n• 獲骨科醫生、脊醫及物理治療師推薦', NULL, NULL, NULL, NULL, NULL, 0, 0, -1, 0, 0, '0.00', '0.00', '0.00', '0.00', 0, 1, 0, 0, NULL, '', 77, NULL, NULL, 0, '腰墊', '腰墊', 0, 0, NULL, 0, NULL, 1, '2018-01-29 12:45:57', '2018-12-03 04:21:38', 2, 1),
(31, 274, NULL, NULL, NULL, NULL, NULL, 'CORE-00014', 'Comfort Cone 腰墊', NULL, 'E885B0E5A28A20-20E7BE8EE59C8BE885B0E5A28A-100.jpg', '• 特別設計配以堅硬底殼,提供最佳承托\r\n• 輕膠墊透氣舒適\r\n• 腰墊形狀與人體腰椎弧度相符,全面承托腰背\r\n• 配有長 152 cm (60”) 的繫帶,能將腰墊固定於座椅上', NULL, NULL, NULL, NULL, NULL, 0, 0, -1, 0, 0, '0.00', '0.00', '0.00', '0.00', 0, 1, 0, 0, NULL, '', 74, NULL, NULL, 0, '腰墊', '腰墊', 0, 0, NULL, 0, NULL, 1, '2018-01-29 12:45:57', '2018-12-03 04:21:56', 2, 1),
(32, 251, NULL, NULL, NULL, NULL, NULL, 'BM55', 'Beurer 超大顯示屏電子血壓計', NULL, 'E8A180E5A393E8A88820-20Beurer20BM5520E8B685E5A4A7E9A1AFE7A4BAE5B18FE99BBBE5AD90E8A180E5A393E8A888.jpg', '• 榮獲 2014 德國紅點設計大獎\r\n• 可到 www.beurer.com 下載專用軟件 “Health Manager” ,更有效管理升壓數據\r\n• 專利人體活動監測功能,顯示使用者在測量血壓時是否處於休息狀態,確保讀數準確\r\n• 可計算所有測量結果或最近 7 天早晚的血壓平均值\r\n• 開/關鍵背光顯示\r\n• 心律不正監測功能\r\n• 觸控式按鍵\r\n• 儲存測量結果 : 2 個用戶 x 60 次記錄\r\n• 適用於上臂圍 : 22 - 36 cm', NULL, NULL, NULL, NULL, NULL, 0, 0, -1, 0, 0, '0.00', '0.00', '0.00', '0.00', 0, 1, 0, 0, NULL, '', 270, NULL, NULL, 0, NULL, NULL, 0, 0, NULL, 0, NULL, 1, '2018-01-29 12:45:57', '2018-04-20 09:17:41', 2, 1),
(33, 251, NULL, NULL, NULL, NULL, NULL, 'BM85', 'Beurer 藍芽傳輸電子血壓計', NULL, 'E8A180E5A393E8A88820-20Beurer20BM8520E8978DE88ABDE582B3E8BCB8E99BBBE5AD90E8A180E5A393E8A888.jpg', '• 測量血壓值及脈搏率\r\n• 快思邏輯送氣系統\r\n• 日期及時間顯示\r\n• 錯誤訊號提示\r\n• 自動關機功能 \r\n• 更換電池提示 \r\n• 特大液晶顯示屏', NULL, NULL, NULL, NULL, NULL, 0, 0, -1, 0, 0, '0.00', '0.00', '0.00', '0.00', 0, 1, 0, 0, NULL, '', 160, NULL, NULL, 0, '藍芽傳輸電子血壓計', '藍芽傳輸電子血壓計', 0, 0, NULL, 0, NULL, 1, '2018-01-29 12:45:57', '2018-04-20 09:16:04', 2, 1),
(34, 273, NULL, NULL, NULL, NULL, NULL, NULL, 'Nissin HK209 輕量輪椅', NULL, NULL, 'Lorem ipsum dolor sit amet, consectetur adipisicing elit, sed do eiusmod tempor incididunt ut labore et dolore magna aliqua. Ut enim ad minim veniam, quis nostrud exercitation ullamco laboris nisi ut aliquip ex ea commodo consequat. Duis aute irure dolor in reprehenderit in voluptate velit esse cillum dolore eu fugiat nulla pariatur. Excepteur sint occaecat cupidatat non proident, sunt in culpa qui officia deserunt mollit anim id est laborum.', NULL, NULL, NULL, NULL, NULL, 0, 0, -1, 0, 0, '0.00', '0.00', '0.00', '0.00', 0, 1, 0, 0, NULL, NULL, 0, NULL, NULL, 0, NULL, NULL, 0, 0, NULL, 0, NULL, -1, '2018-01-29 12:45:57', NULL, 0, 1),
(35, 273, NULL, NULL, NULL, NULL, NULL, 'NAH-F5NA-F7', '座王 後傾輪椅(大轆)', NULL, 'E5BAA7E78E8B20NAH-F5NA-F720E5BE8CE582BEE8BCAAE6A485.jpg', '• 3D 調整式背墊,更緊貼用家背部,提供更有效的承托\r\n• 透氣度高的厚身座墊,更能為用家減輕臀部壓力\r\n• 可摺合車身,節省存放空間\r\n• 座高可自由調節(F7)\r\n• 後傾角度由 -4 ~ 30度 (NAH-F5),-5 ~ 18度(NA-F7)\r\n• 活動式腳踏及扶手\r\n• 扶手高度可調節\r\n• 頭枕高度,角度及位置可調節', NULL, NULL, NULL, NULL, NULL, 0, 0, -1, 0, 0, '0.00', '0.00', '0.00', '0.00', 0, 1, 0, 0, NULL, '', 6, NULL, NULL, 0, '後傾輪椅', '後傾輪椅(大轆)', 0, 0, NULL, 0, NULL, -1, '2018-01-29 12:45:57', '2018-04-20 09:05:46', 2, 1),
(36, 273, NULL, NULL, NULL, NULL, NULL, 'CBU', 'Nissin 豪華型舒適輪椅(細轆)', NULL, 'E8BCAAE6A485E7B4B0E8BD8620-20Nissin20CBUE8B1AAE88FAFE59E8BE8BCAAE6A485E7B4B0E8BD86.jpg', '• 可拆式坐墊 \r\n• 固定扶手及腳踏\r\n• 可摺合椅背 \r\n• 椅背張力可調節\r\n• 附安全帶', NULL, NULL, NULL, NULL, NULL, 0, 0, -1, 0, 0, '0.00', '0.00', '0.00', '0.00', 0, 1, 0, 0, NULL, '', 170, NULL, NULL, 0, NULL, NULL, 0, 0, NULL, 0, NULL, 1, '2018-01-29 12:45:57', '2018-04-20 09:09:03', 2, 1),
(37, 273, NULL, NULL, NULL, NULL, NULL, NULL, 'Nissin 輕量輪椅 HK209', NULL, 'E8BCAAE6A48520-20Nissin20HK20920E8BC95E9878FE8BCAAE6A485.jpg', '• 輕巧易用,重量僅 9.8 kg \r\n• 扶手設有網袋,方便放置小物件\r\n• 簡易接背,方便放入車尾箱\r\n • 座位下雙「X」型穩定支架\r\n• 附安全帶', NULL, NULL, NULL, NULL, NULL, 0, 0, -1, 0, 0, '0.00', '0.00', '0.00', '0.00', 0, 1, 0, 0, NULL, '', 314, NULL, NULL, 0, '輪椅', '輕量輪椅', 1, 0, NULL, 0, NULL, 1, '2018-01-29 12:45:57', '2018-11-20 07:29:31', 2, 1),
(38, 273, NULL, NULL, NULL, NULL, NULL, NULL, 'Maki 輕量輪椅 HK310', NULL, 'E8BCB8E6A48520-20Maki20E8BC95E9878FE8BCAAE6A485_1.jpg', '• 輕巧易用,重量僅 9.8 kg\r\n• 可摺合椅背\r\n• 扶手設有網袋,方便放置小物件\r\n• 雙重煞車系統', '<p><span style=\"font-family: \'Microsoft JhengHei\', \'Helvetica Neue\', Arial, sans-serif; font-size: 14.4px;\">&nbsp;</span></p>\r\n<p>&nbsp;</p>\r\n<p>&nbsp;</p>', '&nbsp;\r\n&nbsp;\r\n&nbsp;', NULL, NULL, NULL, 0, 0, -1, 0, 0, '0.00', '0.00', '0.00', '0.00', 0, 1, 0, 0, NULL, '', 251, NULL, NULL, 0, '輪椅', '輕量輪椅', 0, 0, NULL, 0, NULL, 1, '2018-01-29 12:45:57', '2018-11-20 07:29:53', 2, 1),
(39, 273, NULL, NULL, NULL, NULL, NULL, NULL, 'Miki 鋁合金輪椅', NULL, 'E8BCB8E6A48520-20Maki20E98B81E59088E98791E8BCAAE6A485.jpg', '鋁合金輪椅\r\n• 折背功能,便於收放輪椅於車尾箱,節省空間\r\n• 抱閘式剎車(鼓剎),可直接制動後輪軸心,避免傷害輪胎\r\n• 可調節式腳踏板,適合不同高度人士\r\n• 雙X型支架配以橢圓形鋁管', NULL, NULL, NULL, NULL, NULL, 0, 0, -1, 0, 0, '0.00', '0.00', '0.00', '0.00', 0, 1, 0, 0, NULL, '', 345, NULL, NULL, 0, 'Miki輪椅', 'Miki鋁合金輪椅', 1, 0, NULL, 0, NULL, 1, '2018-01-29 12:45:57', '2018-11-28 09:32:15', 2, 1),
(40, 271, NULL, NULL, NULL, NULL, NULL, NULL, 'Beurer 電子體溫計', NULL, 'E9AB94E6BAABE8A88820-20Beurer20FT1520E99BBBE5AD90E9AB94E6BAABE8A888.jpg', '• 靈活性探頭,可微微彎曲 • 適用於口探、肛探、腋探\r\n• 誤差低至 ± 0.1°C \r\n• 溫度高於 37.8°C 有發燒響聲提示\r\n• 測量完成響鬧及自動關機功能 \r\n• 防水、可消毒', '<p><img src=\"images/體溫計_-_Beurer_FT15_電子體溫計.jpg\" width=\"1500\" height=\"634\" alt=\"體溫計 -_Beurer_FT15_電子體溫計\" /></p>', NULL, NULL, NULL, NULL, 0, 0, -1, 0, 0, '0.00', '0.00', '0.00', '0.00', 0, 1, 0, 0, NULL, '', 417, NULL, NULL, 0, '電子體溫計', '電子體溫計', 1, 0, NULL, 0, NULL, 1, '2018-01-29 12:45:57', '2018-04-20 08:34:45', 2, 1),
(41, 273, NULL, NULL, NULL, NULL, NULL, 'CBU', 'Nissin 豪華型舒適輪椅(大轆)', NULL, 'E8BCAAE6A485E5A4A7E8BCAA20-20Nissin20CBU20E8B1AAE88FAFE59E8BE88892E981A9E8BCAAE6A485.jpg', '• 可拆式坐墊 \r\n• 固定扶手及腳踏\r\n• 可摺合椅背 \r\n• 椅背張力可調節\r\n• 附安全帶', NULL, NULL, NULL, NULL, NULL, 0, 0, -1, 0, 0, '0.00', '0.00', '0.00', '0.00', 0, 1, 0, 0, NULL, '', 301, NULL, NULL, 0, '輪椅', '輪椅', 0, 0, NULL, 0, NULL, 1, '2018-01-29 12:45:57', '2018-04-20 10:20:53', 2, 1),
(42, 280, NULL, NULL, NULL, NULL, NULL, NULL, 'Pillgo智能藥盒', NULL, 'campaignSite_img_01.png', '不再擔心錯誤服藥 保持健康生活質素\r\n\r\n- 智能提示\r\n- 錯誤服藥的提示\r\n- 健康記錄表\r\n- 家人/護老者/醫生的遙距監測裝置\r\n- 健康貼士', '<p><img src=\"images/campaignSite_img_01.png\" width=\"1000\" height=\"1000\" alt=\"campaignSite img 01\" style=\"font-family: \'Microsoft JhengHei\', \'Helvetica Neue\', Arial, sans-serif; font-size: 14.4px;\" /><img src=\"images/WhatsApp_Image_2018-10-10_at_16.35.34.jpeg\" alt=\"WhatsApp Image 2018-10-10 at 16.35.34\" width=\"1000\" height=\"1000\" style=\"font-family: \'Microsoft JhengHei\', \'Helvetica Neue\', Arial, sans-serif; font-size: 16px;\" /></p>\r\n<p>&nbsp;</p>', '&nbsp;', NULL, NULL, NULL, 0, 0, -1, 0, 0, '0.00', '0.00', '0.00', '0.00', 0, 1, 0, 0, NULL, '', 116, NULL, NULL, 0, '智能藥盒, 藥盒', NULL, 1, 0, NULL, 0, NULL, 1, '2018-11-08 06:27:45', '2018-11-20 10:11:23', 2, 1),
(43, 251, NULL, NULL, NULL, NULL, NULL, NULL, 'NISSEI 智能型上臂式血壓計', NULL, 'E8A180E5A393E8A88820-20NISSEI20E699BAE883BDE59E8BE4B88AE88782E5BC8FE8A180E5A393E8A888.jpg', '自動檢測臂套是否穿戴正確，測量結果更準確。', '<p style=\"margin-bottom: 1.3em; color: #333333; font-family: proxima_nova, Arial, \'Microsoft JhengHei\', \'Heiti TC\', \'Microsoft Yahei\', PMingLiU, sans-serif; font-size: 16px;\"><span style=\"font-weight: bolder;\">主要功能</span></p>\r\n<ul style=\"list-style-position: initial; list-style-image: initial; padding: 0px; margin-bottom: 1.3em; color: #333333; font-family: proxima_nova, Arial, \'Microsoft JhengHei\', \'Heiti TC\', \'Microsoft Yahei\', PMingLiU, sans-serif; font-size: 16px;\">\r\n<li style=\"margin-bottom: 0.6em; margin-left: 1.3em;\">全自動測量收縮壓、舒張壓、脈搏率及脈壓</li>\r\n<li style=\"margin-bottom: 0.6em; margin-left: 1.3em;\">通過歐洲高血壓學會(ESH)臨床精度測試</li>\r\n<li style=\"margin-bottom: 0.6em; margin-left: 1.3em;\">2個用戶x 60次記憶空間，並附最近3次測量結果的平均值</li>\r\n<li style=\"margin-bottom: 0.6em; margin-left: 1.3em;\">使用4 x AA電池或交流電(不包括)操作</li>\r\n<li style=\"margin-bottom: 0.6em; margin-left: 1.3em;\">附便攜袋</li>\r\n<li style=\"margin-bottom: 0.6em; margin-left: 1.3em;\">適用上臂圍22-42cm</li>\r\n<li style=\"margin-bottom: 0.6em; margin-left: 1.3em;\">2年保養</li>\r\n</ul>\r\n<p style=\"margin-bottom: 1.3em; color: #333333; font-family: proxima_nova, Arial, \'Microsoft JhengHei\', \'Heiti TC\', \'Microsoft Yahei\', PMingLiU, sans-serif; font-size: 16px;\"><span style=\"font-weight: bolder;\">產品優點</span></p>\r\n<ul style=\"list-style-position: initial; list-style-image: initial; padding: 0px; margin-bottom: 1.3em; color: #333333; font-family: proxima_nova, Arial, \'Microsoft JhengHei\', \'Heiti TC\', \'Microsoft Yahei\', PMingLiU, sans-serif; font-size: 16px;\">\r\n<li style=\"margin-bottom: 0.6em; margin-left: 1.3em;\">計算及顯示脈壓(收縮壓減去舒張壓的差值)，有助評估動脈的硬度及循環系統風險</li>\r\n<li style=\"margin-bottom: 0.6em; margin-left: 1.3em;\">心率不規則檢測功能</li>\r\n<li style=\"margin-bottom: 0.6em; margin-left: 1.3em;\"><span style=\"font-weight: bolder;\">可靠度圖示</span>&nbsp;– 自動檢測臂套是否穿戴正確及測量時的安定程度，確保測量數值準確</li>\r\n<li style=\"margin-bottom: 0.6em; margin-left: 1.3em;\"><span style=\"font-weight: bolder;\">身體活動圖示</span>&nbsp;– 透過分析脈搏，檢測身體是否有活動而影響血壓值</li>\r\n<li style=\"margin-bottom: 0.6em; margin-left: 1.3em;\"><span style=\"font-weight: bolder;\">臂套檢測功能</span>&nbsp;– 分析壓力波來顯示臂套是否正確配戴，例如過鬆或過緊</li>\r\n<li style=\"margin-bottom: 0.6em; margin-left: 1.3em;\"><span style=\"font-weight: bolder;\">快思邏輯充氣技術</span>&nbsp;– 有效減低充氣時手臂承受的壓力，使充氣時更舒適</li>\r\n<li style=\"margin-bottom: 0.6em; margin-left: 1.3em;\"><span style=\"font-weight: bolder;\">早</span><span style=\"font-weight: bolder;\">/</span><span style=\"font-weight: bolder;\">晚紀錄</span>&nbsp;– 自動紀錄測量的時間，並可獨立存取早/晚的測量結果</li>\r\n</ul>\r\n<p style=\"margin-bottom: 1.3em; color: #333333; font-family: proxima_nova, Arial, \'Microsoft JhengHei\', \'Heiti TC\', \'Microsoft Yahei\', PMingLiU, sans-serif; font-size: 16px;\">用戶優點</p>\r\n<ul style=\"list-style-position: initial; list-style-image: initial; padding: 0px; margin-bottom: 1.3em; color: #333333; font-family: proxima_nova, Arial, \'Microsoft JhengHei\', \'Heiti TC\', \'Microsoft Yahei\', PMingLiU, sans-serif; font-size: 16px;\">\r\n<li style=\"margin-bottom: 0.6em; margin-left: 1.3em;\">適合血壓異常人士(高血壓/低血壓)</li>\r\n<li style=\"margin-bottom: 0.6em; margin-left: 1.3em;\">適合一般長者使用</li>\r\n</ul>', '主要功能\r\n\r\n全自動測量收縮壓、舒張壓、脈搏率及脈壓\r\n通過歐洲高血壓學會(ESH)臨床精度測試\r\n2個用戶x 60次記憶空間，並附最近3次測量結果的平均值\r\n使用4 x AA電池或交流電(不包括)操作\r\n附便攜袋\r\n適用上臂圍22-42cm\r\n2年保養\r\n\r\n產品優點\r\n\r\n計算及顯示脈壓(收縮壓減去舒張壓的差值)，有助評估動脈的硬度及循環系統風險\r\n心率不規則檢測功能\r\n可靠度圖示&nbsp;– 自動檢測臂套是否穿戴正確及測量時的安定程度，確保測量數值準確\r\n身體活動圖示&nbsp;– 透過分析脈搏，檢測身體是否有活動而影響血壓值\r\n臂套檢測功能&nbsp;– 分析壓力波來顯示臂套是否正確配戴，例如過鬆或過緊\r\n快思邏輯充氣技術&nbsp;– 有效減低充氣時手臂承受的壓力，使充氣時更舒適\r\n早/晚紀錄&nbsp;– 自動紀錄測量的時間，並可獨立存取早/晚的測量結果\r\n\r\n用戶優點\r\n\r\n適合血壓異常人士(高血壓/低血壓)\r\n適合一般長者使用', NULL, NULL, NULL, 0, 0, -1, 0, 0, '0.00', '0.00', '0.00', '0.00', 0, 1, 0, 0, NULL, '', 17, NULL, NULL, 0, '智能型上臂式血壓計', '智能型上臂式血壓計', 0, 0, NULL, 0, NULL, 1, '2018-11-28 10:25:48', '2018-11-28 10:28:37', 2, 1),
(44, 251, NULL, NULL, NULL, NULL, NULL, NULL, 'Asante BA55 全自動上臂式血壓計', NULL, 'E8A180E5A393E8A88820-20AsanteE585A8E887AAE58B95E4B88AE88782E5BC8F.jpg', '測量收縮壓、舒張壓及脈搏；心率不齊檢測', '<ul style=\"list-style-position: initial; list-style-image: initial; padding: 0px; margin-bottom: 0px; color: #666666; font-family: Quicksand, \'Microsoft JhengHei\'; font-size: medium;\">\r\n<li style=\"margin-bottom: 0.6em;\">產品特點</li>\r\n<li style=\"margin-bottom: 0.6em; margin-left: 1.3em;\">測量收縮壓、舒張壓及脈搏</li>\r\n<li style=\"margin-bottom: 0.6em; margin-left: 1.3em;\">心率不齊檢測</li>\r\n<li style=\"margin-bottom: 0.6em; margin-left: 1.3em;\">顯示WHO世衛血壓分級</li>\r\n<li style=\"margin-bottom: 0.6em; margin-left: 1.3em;\">2個用戶x 90次記憶空間，並附最近3次測量結果的平均值</li>\r\n<li style=\"margin-bottom: 0.6em; margin-left: 1.3em;\">適用上臂圍23-33cm • 使用4 x AAA電池，或濕電(需另購)操作</li>\r\n<li style=\"margin-bottom: 0.6em; margin-left: 1.3em;\">特LCD大顯示屏，附背燈功能</li>\r\n<li style=\"margin-bottom: 0.6em; margin-left: 1.3em;\">自動關機</li>\r\n</ul>', '產品特點\r\n測量收縮壓、舒張壓及脈搏\r\n心率不齊檢測\r\n顯示WHO世衛血壓分級\r\n2個用戶x 90次記憶空間，並附最近3次測量結果的平均值\r\n適用上臂圍23-33cm • 使用4 x AAA電池，或濕電(需另購)操作\r\n特LCD大顯示屏，附背燈功能\r\n自動關機', NULL, NULL, NULL, 0, 0, -1, 0, 0, '0.00', '0.00', '0.00', '0.00', 0, 1, 0, 0, NULL, '', 79, NULL, NULL, 0, '全自動上臂式血壓計', '全自動上臂式血壓計', 1, 0, NULL, 0, NULL, 1, '2018-11-28 10:29:06', '2018-11-28 10:33:20', 2, 1),
(45, 273, NULL, NULL, NULL, NULL, NULL, NULL, 'Maki 鋁合金輪椅', NULL, 'E8BCAAE6A48520-20Maki20E98B81E59088E98791E8BCAAE6A485.jpg', '首部3D立體調節可摺合輪椅，媲美訂造輪椅，隨時調節身體各部分承托力，確保壓力平均分佈。', '<p style=\"margin-bottom: 1.3em; color: #333333; font-family: proxima_nova, Arial, \'Microsoft JhengHei\', \'Heiti TC\', \'Microsoft Yahei\', PMingLiU, sans-serif; font-size: 16px;\"><span style=\"font-weight: bolder;\">主要功能</span></p>\r\n<ul style=\"list-style-position: initial; list-style-image: initial; padding: 0px; margin-bottom: 1.3em; color: #333333; font-family: proxima_nova, Arial, \'Microsoft JhengHei\', \'Heiti TC\', \'Microsoft Yahei\', PMingLiU, sans-serif; font-size: 16px;\">\r\n<li style=\"margin-bottom: 0.6em; margin-left: 1.3em;\">KS30 (輔助型) 及 KS50 (自助型)</li>\r\n<li style=\"margin-bottom: 0.6em; margin-left: 1.3em;\">7003-T5防鏽鋁合金支架</li>\r\n<li style=\"margin-bottom: 0.6em; margin-left: 1.3em;\">座位下雙「X」型穩定支架</li>\r\n<li style=\"margin-bottom: 0.6em; margin-left: 1.3em;\">免充氣PU 車胎</li>\r\n<li style=\"margin-bottom: 0.6em; margin-left: 1.3em;\">簡易摺背</li>\r\n<li style=\"margin-bottom: 0.6em; margin-left: 1.3em;\">可選座寬: 16”/ 18”</li>\r\n<li style=\"margin-bottom: 0.6em; margin-left: 1.3em;\">可選綠色(GC)或藍色(NC)</li>\r\n<li style=\"margin-bottom: 0.6em; margin-left: 1.3em;\">重量僅為12.6kg起</li>\r\n<li style=\"margin-bottom: 0.6em; margin-left: 1.3em;\">經ISO 7176-8測試，最大承重100kg</li>\r\n</ul>\r\n<p style=\"margin-bottom: 1.3em; color: #333333; font-family: proxima_nova, Arial, \'Microsoft JhengHei\', \'Heiti TC\', \'Microsoft Yahei\', PMingLiU, sans-serif; font-size: 16px;\"><a href=\"https://www.medimart.com.hk/wp-content/uploads/2017/06/KS30-01-768x568.jpg\" style=\"color: #333333;\"><img class=\"alignnone wp-image-43609\" src=\"https://www.medimart.com.hk/wp-content/uploads/2017/06/KS30-01-540x400.jpg\" alt=\"\" width=\"350\" height=\"259\" srcset=\"https://www.medimart.com.hk/wp-content/uploads/2017/06/KS30-01-540x400.jpg 540w, &lt;a href=\" https:=\"\" www=\"\" medimart=\"\" com=\"\" hk=\"\" wp-content=\"\" uploads=\"\" 2017=\"\" 06=\"\" ks30-01-768x568=\"\" jpg=\"\" /></a><a href=\"https://www.medimart.com.hk/wp-content/uploads/2017/06/KS30-02-768x568.jpg\" style=\"color: #333333;\"><img class=\"alignnone wp-image-43612\" src=\"https://www.medimart.com.hk/wp-content/uploads/2017/06/KS30-02-541x400.jpg\" alt=\"\" width=\"350\" height=\"259\" srcset=\"https://www.medimart.com.hk/wp-content/uploads/2017/06/KS30-02-541x400.jpg 541w, &lt;a href=\" https:=\"\" www=\"\" medimart=\"\" com=\"\" hk=\"\" wp-content=\"\" uploads=\"\" 2017=\"\" 06=\"\" ks30-02-768x568=\"\" jpg=\"\" /></a></p>\r\n<p style=\"margin-bottom: 1.3em; color: #333333; font-family: proxima_nova, Arial, \'Microsoft JhengHei\', \'Heiti TC\', \'Microsoft Yahei\', PMingLiU, sans-serif; font-size: 16px;\"><a href=\"https://www.medimart.com.hk/wp-content/uploads/2017/06/KS30-02-768x568.jpg\" style=\"color: #333333;\"></a><a href=\"https://www.medimart.com.hk/wp-content/uploads/2017/06/KS50-01-768x568.jpg\" style=\"color: #333333;\"><img class=\"alignnone wp-image-43602\" src=\"https://www.medimart.com.hk/wp-content/uploads/2017/06/KS50-01.jpg\" alt=\"\" width=\"350\" height=\"259\" srcset=\"https://www.medimart.com.hk/wp-content/uploads/2017/06/KS50-01.jpg 1428w, &lt;a href=\" https:=\"\" www=\"\" medimart=\"\" com=\"\" hk=\"\" wp-content=\"\" uploads=\"\" 2017=\"\" 06=\"\" ks50-01-540x400=\"\" jpg=\"\" /></a><a href=\"https://www.medimart.com.hk/wp-content/uploads/2017/06/KS50-02-768x568.jpg\" style=\"color: #333333;\"><img class=\"alignnone wp-image-43606\" src=\"https://www.medimart.com.hk/wp-content/uploads/2017/06/KS50-02-541x400.jpg\" alt=\"\" width=\"350\" height=\"259\" srcset=\"https://www.medimart.com.hk/wp-content/uploads/2017/06/KS50-02-541x400.jpg 541w, &lt;a href=\" https:=\"\" www=\"\" medimart=\"\" com=\"\" hk=\"\" wp-content=\"\" uploads=\"\" 2017=\"\" 06=\"\" ks50-02-768x568=\"\" jpg=\"\" /></a></p>\r\n<p style=\"margin-bottom: 1.3em; color: #333333; font-family: proxima_nova, Arial, \'Microsoft JhengHei\', \'Heiti TC\', \'Microsoft Yahei\', PMingLiU, sans-serif; font-size: 16px;\"><span style=\"font-weight: bolder;\">產品優點</span></p>\r\n<ul style=\"list-style-position: initial; list-style-image: initial; padding: 0px; margin-bottom: 1.3em; color: #333333; font-family: proxima_nova, Arial, \'Microsoft JhengHei\', \'Heiti TC\', \'Microsoft Yahei\', PMingLiU, sans-serif; font-size: 16px;\">\r\n<li style=\"margin-bottom: 0.6em; margin-left: 1.3em;\">所有金屬部分以7003-T5防鏽鋁合金材料製造，較加拿大標準6063為高，比一般輪椅用料強大約 30%</li>\r\n<li style=\"margin-bottom: 0.6em; margin-left: 1.3em;\">輪椅手把設有鼓煞，上落斜坡時更安全</li>\r\n<li style=\"margin-bottom: 0.6em; margin-left: 1.3em;\">腳踏高度可調校，適合不同身高的人使用</li>\r\n<li style=\"margin-bottom: 0.6em; margin-left: 1.3em;\">摺背後可降低輪椅高度，方便放入車尾箱</li>\r\n</ul>\r\n<p style=\"margin-bottom: 1.3em; color: #333333; font-family: proxima_nova, Arial, \'Microsoft JhengHei\', \'Heiti TC\', \'Microsoft Yahei\', PMingLiU, sans-serif; font-size: 16px;\"><span style=\"font-weight: bolder;\">用戶獲益</span></p>\r\n<ul style=\"list-style-position: initial; list-style-image: initial; padding: 0px; margin-bottom: 1.3em; color: #333333; font-family: proxima_nova, Arial, \'Microsoft JhengHei\', \'Heiti TC\', \'Microsoft Yahei\', PMingLiU, sans-serif; font-size: 16px;\">\r\n<li style=\"margin-bottom: 0.6em; margin-left: 1.3em;\">輔助型輪椅適合體弱或上肢乏力的人，由護理員推送</li>\r\n<li style=\"margin-bottom: 0.6em; margin-left: 1.3em;\">自助型輪椅適合上肢有力、體力較佳的人使用，提升自理能力</li>\r\n<li style=\"margin-bottom: 0.6em; margin-left: 1.3em;\">配有輪椅安全帶，確保用者安全</li>\r\n</ul>', '主要功能\r\n\r\nKS30 (輔助型) 及 KS50 (自助型)\r\n7003-T5防鏽鋁合金支架\r\n座位下雙「X」型穩定支架\r\n免充氣PU 車胎\r\n簡易摺背\r\n可選座寬: 16”/ 18”\r\n可選綠色(GC)或藍色(NC)\r\n重量僅為12.6kg起\r\n經ISO 7176-8測試，最大承重100kg\r\n\r\n\r\n\r\n產品優點\r\n\r\n所有金屬部分以7003-T5防鏽鋁合金材料製造，較加拿大標準6063為高，比一般輪椅用料強大約 30%\r\n輪椅手把設有鼓煞，上落斜坡時更安全\r\n腳踏高度可調校，適合不同身高的人使用\r\n摺背後可降低輪椅高度，方便放入車尾箱\r\n\r\n用戶獲益\r\n\r\n輔助型輪椅適合體弱或上肢乏力的人，由護理員推送\r\n自助型輪椅適合上肢有力、體力較佳的人使用，提升自理能力\r\n配有輪椅安全帶，確保用者安全', NULL, NULL, NULL, 0, 0, -1, 0, 0, '0.00', '0.00', '0.00', '0.00', 0, 1, 0, 0, NULL, '', 46, NULL, NULL, 0, 'Maki 鋁合金輪椅', 'Maki 鋁合金輪椅', 0, 0, NULL, 0, NULL, 1, '2018-11-28 10:33:42', '2018-12-13 07:16:47', 2, 1),
(46, NULL, NULL, NULL, NULL, NULL, NULL, NULL, 'Miki HUT 鋁合金輪椅', NULL, 'E8BCAAE6A48520-20Miki20HUT20E98B81E59088E98791E8BCAAE6A48528E7B4B0E8BD8629.jpg', '網面雙層座背墊，透氣性更好；雙X型支架配以橢圓形鋁管；440 mm 座寬', '<ul style=\"list-style-position: initial; list-style-image: initial; padding: 0px; margin-bottom: 0px; color: #666666; font-family: Quicksand, \'Microsoft JhengHei\'; font-size: medium;\">\r\n<li style=\"margin-bottom: 0.6em;\">產品特點</li>\r\n<li style=\"margin-bottom: 0.6em; margin-left: 1.3em;\">網面雙層座背墊，透氣性更好</li>\r\n<li style=\"margin-bottom: 0.6em; margin-left: 1.3em;\">折背功能，便於收放輪椅於車尾箱，節省空間</li>\r\n<li style=\"margin-bottom: 0.6em; margin-left: 1.3em;\">抱閘式剎車（鼓剎），可直接制動後輪軸心，避免傷害輪胎</li>\r\n<li style=\"margin-bottom: 0.6em; margin-left: 1.3em;\">可調節式腳踏板，適合不同高度人士</li>\r\n<li style=\"margin-bottom: 0.6em; margin-left: 1.3em;\">雙X型支架配以橢圓形鋁管</li>\r\n<li style=\"margin-bottom: 0.6em; margin-left: 1.3em;\">440 mm 座寬</li>\r\n</ul>', '產品特點\r\n網面雙層座背墊，透氣性更好\r\n折背功能，便於收放輪椅於車尾箱，節省空間\r\n抱閘式剎車（鼓剎），可直接制動後輪軸心，避免傷害輪胎\r\n可調節式腳踏板，適合不同高度人士\r\n雙X型支架配以橢圓形鋁管\r\n440 mm 座寬', NULL, NULL, NULL, 0, 0, -1, 0, 0, '0.00', '0.00', '0.00', '0.00', 0, 1, 0, 0, NULL, '', 11, NULL, NULL, 0, '鋁合金輪椅', '鋁合金輪椅', 0, 0, NULL, 0, NULL, 1, '2018-11-28 10:57:24', '2018-11-28 11:03:36', 2, 1),
(47, 273, NULL, NULL, NULL, NULL, NULL, NULL, 'Nissin L7/L8 超輕輪椅', NULL, 'E8BCAAE6A48520-20Nissin20L720L820E8B685E8BC95E8BCAAE6A485.jpg', '超輕輪椅；扶手設有網袋，方便放置小物件；簡易摺背，方便放入車尾箱', '<ul style=\"list-style-position: initial; list-style-image: initial; padding: 0px; margin-bottom: 0px; color: #666666; font-family: Quicksand, \'Microsoft JhengHei\'; font-size: medium;\">\r\n<li style=\"margin-bottom: 0.6em; margin-left: 1.3em;\">超輕輪椅</li>\r\n<li style=\"margin-bottom: 0.6em; margin-left: 1.3em;\">扶手設有網袋，方便放置小物件</li>\r\n<li style=\"margin-bottom: 0.6em; margin-left: 1.3em;\">車架用 8 系航空鋁 ZK55 製造，比一般 7003-T5 航空鋁堅硬多 30%</li>\r\n<li style=\"margin-bottom: 0.6em; margin-left: 1.3em;\">簡易摺背，方便放入車尾箱</li>\r\n<li style=\"margin-bottom: 0.6em; margin-left: 1.3em;\">座位下雙「X」型穩定支架</li>\r\n<li style=\"margin-bottom: 0.6em; margin-left: 1.3em;\">負重 : 75 kg</li>\r\n</ul>\r\n<p>&nbsp;</p>\r\n<figure id=\"attachment_26190\" class=\"wp-caption aligncenter\" style=\"margin: 0px auto 2em; clear: both; max-width: 100%; color: #666666; font-family: Quicksand, \'Microsoft JhengHei\'; font-size: medium; width: 319px;\"><img class=\"wp-image-26190 size-full\" src=\"https://www.healthcarehk.com/wp-content/uploads/2018/08/Nissin-L7-L8-Super-Light-Wheelchair-1.png\" alt=\"\" width=\"319\" height=\"263\" style=\"border-style: none; max-width: 100%; height: auto; display: inline-block; vertical-align: middle;\" /><figcaption class=\"wp-caption-text\" style=\"text-align: center; padding: 0.4em; font-size: 0.9em; background: rgba(0, 0, 0, 0.05); font-style: italic;\">網袋可方便放置小物件</figcaption></figure>\r\n<figure id=\"attachment_26192\" class=\"wp-caption aligncenter\" style=\"margin: 0px auto 2em; clear: both; max-width: 100%; color: #666666; font-family: Quicksand, \'Microsoft JhengHei\'; font-size: medium; width: 315px;\"><img class=\"wp-image-26192 size-full\" src=\"https://www.healthcarehk.com/wp-content/uploads/2018/08/Nissin-L7-L8-Super-Light-Wheelchair-2.png\" alt=\"\" width=\"315\" height=\"263\" style=\"border-style: none; max-width: 100%; height: auto; display: inline-block; vertical-align: middle;\" /><figcaption class=\"wp-caption-text\" style=\"text-align: center; padding: 0.4em; font-size: 0.9em; background: rgba(0, 0, 0, 0.05); font-style: italic;\">獨特的鎖車裝置 (L7 適用)</figcaption></figure>\r\n<figure id=\"attachment_26194\" class=\"wp-caption aligncenter\" style=\"margin: 0px auto 2em; clear: both; max-width: 100%; color: #666666; font-family: Quicksand, \'Microsoft JhengHei\'; font-size: medium; width: 311px;\"><img class=\"wp-image-26194 size-full\" src=\"https://www.healthcarehk.com/wp-content/uploads/2018/08/Nissin-L7-L8-Super-Light-Wheelchair-3.png\" alt=\"\" width=\"311\" height=\"267\" style=\"border-style: none; max-width: 100%; height: auto; display: inline-block; vertical-align: middle;\" /><figcaption class=\"wp-caption-text\" style=\"text-align: center; padding: 0.4em; font-size: 0.9em; background: rgba(0, 0, 0, 0.05); font-style: italic;\">重量輕至 7.8 kg，搬運更輕鬆</figcaption></figure>\r\n<p>&nbsp;</p>', '超輕輪椅\r\n扶手設有網袋，方便放置小物件\r\n車架用 8 系航空鋁 ZK55 製造，比一般 7003-T5 航空鋁堅硬多 30%\r\n簡易摺背，方便放入車尾箱\r\n座位下雙「X」型穩定支架\r\n負重 : 75 kg\r\n\r\n&nbsp;\r\n網袋可方便放置小物件\r\n獨特的鎖車裝置 (L7 適用)\r\n重量輕至 7.8 kg，搬運更輕鬆\r\n&nbsp;', NULL, NULL, NULL, 0, 0, -1, 0, 0, '0.00', '0.00', '0.00', '0.00', 0, 1, 0, 0, NULL, '', 53, NULL, NULL, 0, '輪椅', '輪椅', 0, 0, NULL, 0, NULL, 1, '2018-11-28 11:08:43', '2018-11-28 11:14:28', 2, 1),
(48, 273, NULL, NULL, NULL, NULL, NULL, NULL, 'Nissin 座王 NAH-F5/NA-F7 後傾輪椅', NULL, 'E8BCAAE6A48520-20Nissin20E5BAA7E78E8B20NAH-F5NA-F720E5BE8CE582BEE8BCAAE6A48528E7B485E889B229.jpg', 'D 調整式背墊，更緊貼用家背部，提供更有效的承托；透氣度高的厚身座墊，更能為用家減輕臀部壓力；可摺合車身，節省存放空間。', '<h4 style=\"color: #2e799c; width: 1020px; margin-bottom: 0.5em; font-size: 1.125em; font-family: Quicksand, sans-serif;\">Nissin 輪椅特點:</h4>\r\n<ol style=\"list-style: upper-alpha; padding: 0px; margin-bottom: 0px; color: #666666; font-family: Quicksand, \'Microsoft JhengHei\'; font-size: medium;\">\r\n<li style=\"margin-bottom: 0.6em; margin-left: 1.3em;\">可摺合椅背，方便放入車尾箱</li>\r\n<li style=\"margin-bottom: 0.6em; margin-left: 1.3em;\">鼓煞裝置可直接制動後輪軸芯，避免傷害車胎</li>\r\n<li style=\"margin-bottom: 0.6em; margin-left: 1.3em;\">腳踏可因應用家高度調節合適高度，而無段式的調節設計可於上斜時更安全可靠</li>\r\n<li style=\"margin-bottom: 0.6em; margin-left: 1.3em;\">扶手板由彈性膠板製造，進一步減輕輪椅重量</li>\r\n<li style=\"margin-bottom: 0.6em; margin-left: 1.3em;\">CBU 豪華型系列椅背張力更可調節，用家可因情況 (如寒背) 調校背墊的鬆緊度</li>\r\n<li style=\"margin-bottom: 0.6em; margin-left: 1.3em;\">黑色前輪確保長時間使用後亦不會影響外觀</li>\r\n<li style=\"margin-bottom: 0.6em; margin-left: 1.3em;\">支架以 7003-T5 超高強度航空鋁合金製造，輕巧、防銹</li>\r\n<li style=\"margin-bottom: 0.6em; margin-left: 1.3em;\">雙「X」型支架，大幅增加支架強度及負重能力</li>\r\n</ol>\r\n<p style=\"margin-bottom: 0px; color: #666666; font-family: Quicksand, \'Microsoft JhengHei\'; font-size: medium;\"><img class=\"alignnone wp-image-25877 size-full\" src=\"https://www.healthcarehk.com/wp-content/uploads/2018/03/Nissin-Wheelchair-Anatomy.png\" alt=\"\" width=\"1118\" height=\"447\" srcset=\"https://www.healthcarehk.com/wp-content/uploads/2018/03/Nissin-Wheelchair-Anatomy.png 1118w, &lt;a href=\" https:=\"\" www=\"\" healthcarehk=\"\" com=\"\" wp-content=\"\" uploads=\"\" 2018=\"\" 03=\"\" nissin-wheelchair-anatomy-800x320=\"\" png=\"\" /></p>\r\n<p style=\"margin-bottom: 0px; color: #666666; font-family: Quicksand, \'Microsoft JhengHei\'; font-size: medium;\">&nbsp;</p>\r\n<h4 style=\"color: #2e799c; width: 1020px; margin-bottom: 0.5em; font-size: 1.125em; font-family: Quicksand, sans-serif;\">標準</h4>\r\n<ul style=\"list-style-position: initial; list-style-image: initial; padding: 0px; margin-bottom: 0px; color: #666666; font-family: Quicksand, \'Microsoft JhengHei\'; font-size: medium;\">\r\n<li style=\"margin-bottom: 0.6em; margin-left: 1.3em;\">10 年支架保養</li>\r\n<li style=\"margin-bottom: 0.6em; margin-left: 1.3em;\">唯一符合日本 JIS T 9201 的輪椅生產商</li>\r\n<li style=\"margin-bottom: 0.6em; margin-left: 1.3em;\">符合 ISO 7176</li>\r\n<li style=\"margin-bottom: 0.6em; margin-left: 1.3em;\">日本 SG 安全認証</li>\r\n</ul>\r\n<h4 style=\"color: #2e799c; width: 1020px; margin-bottom: 0.5em; font-size: 1.125em; font-family: Quicksand, sans-serif;\">座王 NAH-F5/NA-F7 後傾輪椅系列:</h4>\r\n<ul style=\"list-style-position: initial; list-style-image: initial; padding: 0px; margin-bottom: 0px; color: #666666; font-family: Quicksand, \'Microsoft JhengHei\'; font-size: medium;\">\r\n<li style=\"margin-bottom: 0.6em; margin-left: 1.3em;\">3D 調整式背墊，更緊貼用家背部，提供更有效的承托</li>\r\n<li style=\"margin-bottom: 0.6em; margin-left: 1.3em;\">透氣度高的厚身座墊，更能為用家減輕臀部壓力</li>\r\n<li style=\"margin-bottom: 0.6em; margin-left: 1.3em;\">可摺合車身，節省存放空間</li>\r\n<li style=\"margin-bottom: 0.6em; margin-left: 1.3em;\">座高可自由調節(F7)</li>\r\n<li style=\"margin-bottom: 0.6em; margin-left: 1.3em;\">後傾角度由 -4 ~ 30度 (NAH-F5)，-5 ~ 18度(NA-F7)</li>\r\n<li style=\"margin-bottom: 0.6em; margin-left: 1.3em;\">活動式腳踏及扶手</li>\r\n<li style=\"margin-bottom: 0.6em; margin-left: 1.3em;\">扶手高度可調節</li>\r\n<li style=\"margin-bottom: 0.6em; margin-left: 1.3em;\">頭枕高度，角度及位置可調節</li>\r\n</ul>', 'Nissin 輪椅特點:\r\n\r\n可摺合椅背，方便放入車尾箱\r\n鼓煞裝置可直接制動後輪軸芯，避免傷害車胎\r\n腳踏可因應用家高度調節合適高度，而無段式的調節設計可於上斜時更安全可靠\r\n扶手板由彈性膠板製造，進一步減輕輪椅重量\r\nCBU 豪華型系列椅背張力更可調節，用家可因情況 (如寒背) 調校背墊的鬆緊度\r\n黑色前輪確保長時間使用後亦不會影響外觀\r\n支架以 7003-T5 超高強度航空鋁合金製造，輕巧、防銹\r\n雙「X」型支架，大幅增加支架強度及負重能力\r\n\r\n\r\n&nbsp;\r\n標準\r\n\r\n10 年支架保養\r\n唯一符合日本 JIS T 9201 的輪椅生產商\r\n符合 ISO 7176\r\n日本 SG 安全認証\r\n\r\n座王 NAH-F5/NA-F7 後傾輪椅系列:\r\n\r\n3D 調整式背墊，更緊貼用家背部，提供更有效的承托\r\n透氣度高的厚身座墊，更能為用家減輕臀部壓力\r\n可摺合車身，節省存放空間\r\n座高可自由調節(F7)\r\n後傾角度由 -4 ~ 30度 (NAH-F5)，-5 ~ 18度(NA-F7)\r\n活動式腳踏及扶手\r\n扶手高度可調節\r\n頭枕高度，角度及位置可調節', NULL, NULL, NULL, 0, 0, -1, 0, 1, '0.00', '0.00', '0.00', '0.00', 0, 1, 0, 0, NULL, '', 86, NULL, NULL, 0, 'Nissin輪椅', 'Nissin輪椅', 0, 0, NULL, 0, NULL, 1, '2018-11-28 11:14:57', '2018-12-04 08:59:35', 2, 1),
(49, 273, NULL, NULL, NULL, NULL, NULL, NULL, 'Karma 手動輪椅', NULL, 'Karma20E6898BE58B95E8BCAAE6A48528E5B08FE5BE8CE8BCAA2920E88BB1E59C8BE59381E7898CS-ERGO2010520F-14_1.jpg', 'S曲面型人體工學座墊，\r\n流線圓弧造型及多樣座背墊配色，\r\n減壓、防滑、穩姿一次滿足。', '<p><span style=\"color: #747474; font-family: arial, helvetica, sans-serif; font-size: 12pt; letter-spacing: 3px; background-color: #ffffff;\">個性時尚風格。</span><br style=\"color: #747474; font-family: Arial, \'Microsoft JhengHei\', icomoon, sans-serif; font-size: 20px; letter-spacing: 3px; background-color: #ededed;\" /><span style=\"color: #747474; font-family: arial, helvetica, sans-serif; font-size: 12pt; letter-spacing: 3px; background-color: #ffffff;\">舒弧系列簡潔俐落，</span><br style=\"color: #747474; font-family: Arial, \'Microsoft JhengHei\', icomoon, sans-serif; font-size: 20px; letter-spacing: 3px; background-color: #ededed;\" /><span style=\"color: #747474; font-family: arial, helvetica, sans-serif; font-size: 12pt; letter-spacing: 3px; background-color: #ffffff;\">流線車身獨具巧思，</span><br style=\"color: #747474; font-family: Arial, \'Microsoft JhengHei\', icomoon, sans-serif; font-size: 20px; letter-spacing: 3px; background-color: #ededed;\" /><span style=\"color: #747474; font-family: arial, helvetica, sans-serif; font-size: 12pt; letter-spacing: 3px; background-color: #ffffff;\">質感升級、展現不凡品味。</span></p>', '個性時尚風格。舒弧系列簡潔俐落，流線車身獨具巧思，質感升級、展現不凡品味。', NULL, NULL, NULL, 0, 0, -1, 0, 1, '0.00', '0.00', '0.00', '0.00', 0, 1, 0, 0, NULL, '', 23, NULL, NULL, 0, '手動輪椅', NULL, 0, 0, NULL, 0, NULL, 1, '2018-12-10 07:05:01', '2018-12-10 07:16:21', 2, 1),
(50, 273, NULL, NULL, NULL, NULL, NULL, NULL, 'Karma 手動輪椅(大後輪)', NULL, 'Karma20E6898BE58B95E8BCAAE6A48528E5A4A7E5BE8CE8BCAA2920E88BB1E59C8BE59381E7898CKM1000DC.jpg', '標準設計輕巧耐用\r\n冬夏兩用座背墊\r\n​垂直式扶手\r\n​外旋式踏板\r\n雙剎車設計', '<p><strong>冬夏兩用座背墊</strong><br />舒適透氣座背墊：透氣、<br />在燜熱的天氣中仍可保持最佳的清爽效果。<br />保暖座背墊：保暖、舒適、方便拆洗。</p>\r\n<p><strong>​垂直式扶手<br /></strong><span style=\"font-family: \'Microsoft JhengHei\', \'Helvetica Neue\', Arial, sans-serif; font-size: 14.4px;\">使用者方便進出輪椅</span></p>\r\n<p><strong>​外旋式踏板</strong><br />增加腳部移位空間</p>\r\n<p><strong>雙剎車設計</strong><br />照護推行更輕鬆</p>', '冬夏兩用座背墊舒適透氣座背墊：透氣、在燜熱的天氣中仍可保持最佳的清爽效果。保暖座背墊：保暖、舒適、方便拆洗。\r\n​垂直式扶手使用者方便進出輪椅\r\n​外旋式踏板增加腳部移位空間\r\n雙剎車設計照護推行更輕鬆', NULL, NULL, NULL, 0, 0, -1, 0, 0, '0.00', '0.00', '0.00', '0.00', 0, 1, 0, 0, NULL, '', 16, NULL, NULL, 0, NULL, NULL, 0, 0, NULL, 0, NULL, 1, '2018-12-10 07:53:30', '2018-12-10 08:50:11', 2, 1),
(51, 273, NULL, NULL, NULL, NULL, NULL, NULL, 'Karma 手動輪椅(大後輪)', NULL, 'Karma20E6898BE58B95E8BCAAE6A48528E5A4A7E5BE8CE8BCAA2920E88BB1E59C8BE59381E7898CKM2500LWBDC.jpg', '精選輕量款手動輪椅11.7kg\r\n標準的設計，超越標準的用心，\r\n車身小巧的輕量級輪椅。\r\n推行輕鬆省力，收納簡單容易；\r\n照護無障礙，旅遊零負擔！', '<p><span style=\"font-family: \'Microsoft JhengHei\', \'Helvetica Neue\', Arial, sans-serif; font-size: 14.4px;\"><span id=\"_mce_caret\" data-mce-bogus=\"1\"><strong data-mce-bogus=\"1\"></strong></span>20吋後輪<br /></span><span style=\"font-family: \'Microsoft JhengHei\', \'Helvetica Neue\', Arial, sans-serif; font-size: 14.4px;\">自我推行，輕便省力。</span></p>\r\n<p><strong style=\"font-family: \'Microsoft JhengHei\', \'Helvetica Neue\', Arial, sans-serif; font-size: 14.4px;\"><br />​外擴扶手設計</strong></p>\r\n<p>提供寬敞的乘坐空間。</p>\r\n<p><strong>​<br /><br /></strong><strong style=\"font-family: \'Microsoft JhengHei\', \'Helvetica Neue\', Arial, sans-serif; font-size: 14.4px;\">靠背彎折</strong></p>\r\n<p>收納不佔空間</p>\r\n<p><br /><strong>可調整收合式杯架</strong><br />輕巧實用，外出更便利。</p>\r\n<p><br /><strong>​旋轉式腳踏板</strong><br />將踏板旋起可提供腿部足夠的位移空間，進出輪椅好便利！</p>\r\n<p><strong><br />抗菌防霉處理</strong><br />座/背墊皆經過抗菌防霉處理，常保潔淨舒適，有效抑制細菌附著座背墊，耐用持久乘坐安心。</p>', '20吋後輪自我推行，輕便省力。\r\n​外擴扶手設計\r\n提供寬敞的乘坐空間。\r\n​靠背彎折\r\n收納不佔空間\r\n可調整收合式杯架輕巧實用，外出更便利。\r\n​旋轉式腳踏板將踏板旋起可提供腿部足夠的位移空間，進出輪椅好便利！\r\n抗菌防霉處理座/背墊皆經過抗菌防霉處理，常保潔淨舒適，有效抑制細菌附著座背墊，耐用持久乘坐安心。', NULL, NULL, NULL, 0, 0, -1, 0, 0, '0.00', '0.00', '0.00', '0.00', 0, 1, 0, 0, NULL, '', 15, NULL, NULL, 0, '手動輪椅', NULL, 0, 0, NULL, 0, NULL, 1, '2018-12-10 08:10:01', '2018-12-10 08:49:59', 2, 1),
(52, 273, NULL, NULL, NULL, NULL, NULL, NULL, 'Karma 鋰電池輕便 電動輪椅', NULL, 'Screen20Shot2012-10-1820at2004.png', 'eFlexx\r\n逍遙在我 輕巧隨行\r\n輕便型電動輪椅，省力且重量大幅減輕，\r\n收折、電池拆卸方便，出國旅遊好夥伴。\r\n堅持骨架品質，更兼具外型優雅。', '<p>電池安裝好簡單<br />防呆式電池裝置，<br />一步驟輕鬆安裝、完全掌握！<br />搭配電池固定帶，使用更安心。</p>\r\n<p>強化雙連桿結構座叉設計<br />輕量結構強化骨架，<br />收折步驟簡便、省力輕鬆。<br />收折後單件最重僅27.5公斤！</p>\r\n<p><br />防夾手-平行位移控制器<br />新型態控制器，直覺式設計輕鬆上手，<br />性能優異、操控簡便。<br />防夾手平行位移設計，<br />可安全調整近桌定位。</p>\r\n<p>可多元調整的通用設計<br />座寬可選，座深、撥腳及背墊角度可調整功能，<br />搭配單手操作的扶手可調整按鈕，<br />個人化適配，猶如量身訂製。</p>\r\n<p><br />背墊角度可調<br />體型厚實的使用者可以4-16°微微後躺的角度乘坐，<br />有效降低腹部壓迫感。</p>\r\n<p>新型態•折疊式推手握把<br />推動輕鬆俐落、收合更顯流暢。</p>\r\n<p>護板扶手後掀<br />輕鬆移位 生活更自在<br />扶手使用強化護板與整合鎖固系統，<br />後掀便利穩定，進出輪椅無障礙。</p>\r\n<p>握式雙向撥腳<br />因應腿長38-48cm五段高度可調，<br />增加移位便利性，全面適配。</p>\r\n<p>標準<br />外旋</p>\r\n<p>扶手高度 輕鬆調整<br />扶手高度介於21-28cm間，免工具可調，<br />雙手自然放鬆倚靠，乘坐更舒適。</p>', '電池安裝好簡單防呆式電池裝置，一步驟輕鬆安裝、完全掌握！搭配電池固定帶，使用更安心。\r\n強化雙連桿結構座叉設計輕量結構強化骨架，收折步驟簡便、省力輕鬆。收折後單件最重僅27.5公斤！\r\n防夾手-平行位移控制器新型態控制器，直覺式設計輕鬆上手，性能優異、操控簡便。防夾手平行位移設計，可安全調整近桌定位。\r\n可多元調整的通用設計座寬可選，座深、撥腳及背墊角度可調整功能，搭配單手操作的扶手可調整按鈕，個人化適配，猶如量身訂製。\r\n背墊角度可調體型厚實的使用者可以4-16°微微後躺的角度乘坐，有效降低腹部壓迫感。\r\n新型態•折疊式推手握把推動輕鬆俐落、收合更顯流暢。\r\n護板扶手後掀輕鬆移位 生活更自在扶手使用強化護板與整合鎖固系統，後掀便利穩定，進出輪椅無障礙。\r\n握式雙向撥腳因應腿長38-48cm五段高度可調，增加移位便利性，全面適配。\r\n標準外旋\r\n扶手高度 輕鬆調整扶手高度介於21-28cm間，免工具可調，雙手自然放鬆倚靠，乘坐更舒適。', NULL, NULL, NULL, 0, 0, -1, 0, 0, '0.00', '0.00', '0.00', '0.00', 0, 1, 0, 0, NULL, '', 39, NULL, NULL, 0, '電動輪椅', NULL, 1, 0, NULL, 0, NULL, 1, '2018-12-10 08:50:21', '2018-12-10 09:11:45', 2, 1),
(53, 276, NULL, NULL, NULL, NULL, NULL, NULL, '簡便活動廁椅(有輪)', NULL, 'E5BB81E6A48528E8BCAA29.jpg', NULL, NULL, NULL, NULL, NULL, NULL, 0, 0, -1, 0, 0, '0.00', '0.00', '0.00', '0.00', 0, 1, 0, 0, NULL, '', 6, NULL, NULL, 0, NULL, NULL, 0, 0, NULL, 0, NULL, 1, '2018-12-10 08:59:32', '2018-12-10 09:07:28', 2, 1),
(54, 276, NULL, NULL, NULL, NULL, NULL, NULL, '簡便活動廁椅(無輪)', NULL, 'E5BB81E6A485.jpg', NULL, NULL, NULL, NULL, NULL, NULL, 0, 0, -1, 0, 0, '0.00', '0.00', '0.00', '0.00', 0, 1, 0, 0, NULL, '', 11, NULL, NULL, 0, NULL, NULL, 0, 0, NULL, 0, NULL, 1, '2018-12-10 09:07:33', '2018-12-11 12:25:16', 2, 1),
(55, 251, NULL, NULL, NULL, NULL, NULL, NULL, '手臂式血壓計K2-1702', NULL, 'K2-1702.jpg', '日本品牌ALP-K2', NULL, NULL, NULL, NULL, NULL, 0, 0, -1, 0, 0, '0.00', '0.00', '0.00', '0.00', 0, 1, 0, 0, NULL, '', 2, NULL, NULL, 0, NULL, NULL, 0, 0, NULL, 0, NULL, 1, '2018-12-10 09:08:18', NULL, 0, 1);
INSERT INTO `wos_shop_products` (`id`, `catid`, `catid2`, `catid3`, `brand_id`, `vendor_id`, `sku`, `mpn`, `name`, `cost_price`, `img_name`, `short_description`, `description`, `description_text`, `remark`, `discount_start`, `discount_end`, `reward_point`, `exp_point`, `stock_num`, `stock_use_option_inv`, `stock_use_option_price`, `length`, `width`, `height`, `weight`, `free_shipping`, `allow_coupon`, `allow_remark`, `require_confirm`, `embargo`, `disallowed_shipping`, `view_count`, `back_stock_datetime`, `url`, `ordering`, `metakey`, `metadesc`, `featured`, `is_new`, `is_new_until`, `is_hot`, `is_hot_until`, `published`, `created`, `modified`, `modified_by`, `access`) VALUES
(56, 251, NULL, NULL, NULL, NULL, NULL, NULL, '手臂式血壓計K2-232', NULL, 'K2-232.jpg', '日本品牌ALP-K2', NULL, NULL, NULL, NULL, NULL, 0, 0, -1, 0, 0, '0.00', '0.00', '0.00', '0.00', 0, 1, 0, 0, NULL, '', 6, NULL, NULL, 0, NULL, NULL, 0, 0, NULL, 0, NULL, 1, '2018-12-10 09:09:26', '2018-12-10 09:10:13', 2, 1),
(57, 251, NULL, NULL, NULL, NULL, NULL, NULL, '手臂式血壓計K2-233', NULL, 'K2-233.jpg', '日本品牌ALP-K2', NULL, NULL, NULL, NULL, NULL, 0, 0, -1, 0, 0, '0.00', '0.00', '0.00', '0.00', 0, 1, 0, 0, NULL, '', 20, NULL, NULL, 0, NULL, NULL, 0, 0, NULL, 0, NULL, 1, '2018-12-10 09:10:17', NULL, 0, 1),
(58, 280, NULL, NULL, NULL, NULL, NULL, NULL, 'Pekatherm 電暖墊', NULL, 'PekathermE99BBBE69A96E5BA8AE5A28A.jpg', '極速1分鐘預熱，只需15分鐘就能升溫至理想溫度', '<p style=\"margin-bottom: 1.3em; color: #333333; font-family: proxima_nova, Arial, \'Microsoft JhengHei\', \'Heiti TC\', \'Microsoft Yahei\', PMingLiU, sans-serif; font-size: 16px;\"><span style=\"font-weight: bolder;\"><span style=\"text-decoration: underline;\">電暖床墊</span></span></p>\r\n<p style=\"margin-bottom: 1.3em; color: #333333; font-family: proxima_nova, Arial, \'Microsoft JhengHei\', \'Heiti TC\', \'Microsoft Yahei\', PMingLiU, sans-serif; font-size: 16px;\"><span style=\"font-weight: bolder;\"><span style=\"text-decoration: underline;\">主要功能</span></span></p>\r\n<ul style=\"list-style-position: initial; list-style-image: initial; padding: 0px; margin-bottom: 1.3em; color: #333333; font-family: proxima_nova, Arial, \'Microsoft JhengHei\', \'Heiti TC\', \'Microsoft Yahei\', PMingLiU, sans-serif; font-size: 16px;\">\r\n<li style=\"margin-bottom: 0.6em; margin-left: 1.3em;\">採用柔軟舒適聚酯纖維(Polyester)物料，提供更優質睡眠</li>\r\n<li style=\"margin-bottom: 0.6em; margin-left: 1.3em;\">PEKATEMPCO技術智能控制溫度，能均衡分佈床墊上的熱量，自動保持恆溫，抵抗寒冬</li>\r\n<li style=\"margin-bottom: 0.6em; margin-left: 1.3em;\">極速1分鐘預熱，只需15分鐘就能升溫至理想溫度</li>\r\n<li style=\"margin-bottom: 0.6em; margin-left: 1.3em;\">睡眠安全系統，避免長時間使用出現過熱或因故障而發生意外</li>\r\n<li style=\"margin-bottom: 0.6em; margin-left: 1.3em;\">可拆式控制器，方便清洗電暖床墊</li>\r\n<li style=\"margin-bottom: 0.6em; margin-left: 1.3em;\">4項時長選擇(2/4/6/12小時)，安全自動關機功能</li>\r\n<li style=\"margin-bottom: 0.6em; margin-left: 1.3em;\">可30℃以下手洗和機洗</li>\r\n<li style=\"margin-bottom: 0.6em; margin-left: 1.3em;\">4段預設溫度調節，設有LED溫度顯示燈</li>\r\n<li style=\"margin-bottom: 0.6em; margin-left: 1.3em;\">尺寸：150 x 80 cm (單人)，150 x 160 cm (雙人)</li>\r\n</ul>\r\n<p style=\"margin-bottom: 1.3em; color: #333333; font-family: proxima_nova, Arial, \'Microsoft JhengHei\', \'Heiti TC\', \'Microsoft Yahei\', PMingLiU, sans-serif; font-size: 16px;\"><span style=\"font-weight: bolder;\"><span style=\"text-decoration: underline;\">產品優點</span></span></p>\r\n<ul style=\"list-style-position: initial; list-style-image: initial; padding: 0px; margin-bottom: 1.3em; color: #333333; font-family: proxima_nova, Arial, \'Microsoft JhengHei\', \'Heiti TC\', \'Microsoft Yahei\', PMingLiU, sans-serif; font-size: 16px;\">\r\n<li style=\"margin-bottom: 0.6em; margin-left: 1.3em;\">雙人電暖床墊能獨立調節左右床墊的溫度，同時切合不同使用者的需要</li>\r\n<li style=\"margin-bottom: 0.6em; margin-left: 1.3em;\">西班牙製造</li>\r\n<li style=\"margin-bottom: 0.6em; margin-left: 1.3em;\">2年保養</li>\r\n</ul>\r\n<p style=\"margin-bottom: 1.3em; color: #333333; font-family: proxima_nova, Arial, \'Microsoft JhengHei\', \'Heiti TC\', \'Microsoft Yahei\', PMingLiU, sans-serif; font-size: 16px;\"><span style=\"font-weight: bolder;\"><span style=\"text-decoration: underline;\">產品特色</span></span></p>\r\n<ul style=\"list-style-position: initial; list-style-image: initial; padding: 0px; margin-bottom: 1.3em; color: #333333; font-family: proxima_nova, Arial, \'Microsoft JhengHei\', \'Heiti TC\', \'Microsoft Yahei\', PMingLiU, sans-serif; font-size: 16px;\">\r\n<li style=\"margin-bottom: 0.6em; margin-left: 1.3em;\">在睡覺前或睡覺時和暖床舖</li>\r\n<li style=\"margin-bottom: 0.6em; margin-left: 1.3em;\">溫暖舒適，改善晚間睡眠質素</li>\r\n</ul>\r\n<div id=\"_mcePaste\" class=\"mcePaste\" data-mce-bogus=\"1\" style=\"position: absolute; left: 0px; top: 1121px; width: 1px; height: 1px; overflow: hidden;\">優</div>', '電暖床墊\r\n主要功能\r\n\r\n採用柔軟舒適聚酯纖維(Polyester)物料，提供更優質睡眠\r\nPEKATEMPCO技術智能控制溫度，能均衡分佈床墊上的熱量，自動保持恆溫，抵抗寒冬\r\n極速1分鐘預熱，只需15分鐘就能升溫至理想溫度\r\n睡眠安全系統，避免長時間使用出現過熱或因故障而發生意外\r\n可拆式控制器，方便清洗電暖床墊\r\n4項時長選擇(2/4/6/12小時)，安全自動關機功能\r\n可30℃以下手洗和機洗\r\n4段預設溫度調節，設有LED溫度顯示燈\r\n尺寸：150 x 80 cm (單人)，150 x 160 cm (雙人)\r\n\r\n產品優點\r\n\r\n雙人電暖床墊能獨立調節左右床墊的溫度，同時切合不同使用者的需要\r\n西班牙製造\r\n2年保養\r\n\r\n產品特色\r\n\r\n在睡覺前或睡覺時和暖床舖\r\n溫暖舒適，改善晚間睡眠質素\r\n\r\n優', NULL, NULL, NULL, 0, 0, -1, 0, 1, '0.00', '0.00', '0.00', '0.00', 0, 1, 0, 0, NULL, '', 88, NULL, NULL, 0, NULL, NULL, 0, 0, NULL, 0, NULL, 1, '2018-12-11 11:52:42', '2018-12-11 11:57:22', 2, 1),
(59, 276, NULL, NULL, NULL, NULL, NULL, NULL, 'Cypress柏力紙尿片', NULL, 'CypressE69F8FE58A9BE5B0BFE78987.jpg', '三層吸收層設計 全天候乾爽自在\r\n1)導流層-瞬吸防反滲\r\n2)吸濕層-BASF吸水因子、極速吸濕\r\n3)鎖水芯-鎖水不回滲', '<p style=\"margin-bottom: 1.3em; color: #333333; font-family: proxima_nova, Arial, \'Microsoft JhengHei\', \'Heiti TC\', \'Microsoft Yahei\', PMingLiU, sans-serif; font-size: 16px;\"><span style=\"font-weight: bolder;\">主要功能</span></p>\r\n<ul style=\"list-style-position: initial; list-style-image: initial; padding: 0px; margin-bottom: 1.3em; color: #333333; font-family: proxima_nova, Arial, \'Microsoft JhengHei\', \'Heiti TC\', \'Microsoft Yahei\', PMingLiU, sans-serif; font-size: 16px;\">\r\n<li style=\"margin-bottom: 0.6em; margin-left: 1.3em;\">適用於大小便失禁及長期臥床者使用</li>\r\n<li style=\"margin-bottom: 0.6em; margin-left: 1.3em;\">不含乳膠</li>\r\n<li style=\"margin-bottom: 0.6em; margin-left: 1.3em;\">尺寸: M(37~49吋) /L(45~59吋)</li>\r\n<li style=\"margin-bottom: 0.6em; margin-left: 1.3em;\">吸濕力: M 2280ml / L 2520ml</li>\r\n<li style=\"margin-bottom: 0.6em; margin-left: 1.3em;\">10片/包</li>\r\n</ul>\r\n<p style=\"margin-bottom: 1.3em; color: #333333; font-family: proxima_nova, Arial, \'Microsoft JhengHei\', \'Heiti TC\', \'Microsoft Yahei\', PMingLiU, sans-serif; font-size: 16px;\"><span style=\"font-weight: bolder;\">&nbsp;</span></p>\r\n<p style=\"margin-bottom: 1.3em; color: #333333; font-family: proxima_nova, Arial, \'Microsoft JhengHei\', \'Heiti TC\', \'Microsoft Yahei\', PMingLiU, sans-serif; font-size: 16px;\"><span style=\"font-weight: bolder;\">產品優點</span></p>\r\n<ul style=\"list-style-position: initial; list-style-image: initial; padding: 0px; margin-bottom: 1.3em; color: #333333; font-family: proxima_nova, Arial, \'Microsoft JhengHei\', \'Heiti TC\', \'Microsoft Yahei\', PMingLiU, sans-serif; font-size: 16px;\">\r\n<li style=\"margin-bottom: 0.6em; margin-left: 1.3em;\">棉質面層 – 透氣乾爽面層，親膚舒適</li>\r\n<li style=\"margin-bottom: 0.6em; margin-left: 1.3em;\">抗菌抑味 – 特別抗菌抑味技術, 有助抑制細菌生長,消除尿味</li>\r\n<li style=\"margin-bottom: 0.6em; margin-left: 1.3em;\">超強吸濕力 – 三層吸收層設計，BASF吸水因子快速鎖水不回滲，持久乾爽舒適</li>\r\n<li style=\"margin-bottom: 0.6em; margin-left: 1.3em;\">尿濕顯示 – 溫馨提示換片時間，省去拆看的不便</li>\r\n<li style=\"margin-bottom: 0.6em; margin-left: 1.3em;\">棉布式透氣設計 – 讓濕氣輕易透出，保持通爽舒適，不易敏感</li>\r\n<li style=\"margin-bottom: 0.6em; margin-left: 1.3em;\">防水立體壓邊 – 有效防止尿液自胯下側邊漏出</li>\r\n<li style=\"margin-bottom: 0.6em; margin-left: 1.3em;\">魔術耐用貼 – 可重覆黏貼, 調整至最適合尺碼</li>\r\n</ul>\r\n<p style=\"margin-bottom: 1.3em; color: #333333; font-family: proxima_nova, Arial, \'Microsoft JhengHei\', \'Heiti TC\', \'Microsoft Yahei\', PMingLiU, sans-serif; font-size: 16px;\"><span style=\"font-weight: bolder;\">&nbsp;</span></p>\r\n<p style=\"margin-bottom: 1.3em; color: #333333; font-family: proxima_nova, Arial, \'Microsoft JhengHei\', \'Heiti TC\', \'Microsoft Yahei\', PMingLiU, sans-serif; font-size: 16px;\">產品特色</p>\r\n<ul style=\"list-style-position: initial; list-style-image: initial; padding: 0px; margin-bottom: 1.3em; color: #333333; font-family: proxima_nova, Arial, \'Microsoft JhengHei\', \'Heiti TC\', \'Microsoft Yahei\', PMingLiU, sans-serif; font-size: 16px;\">\r\n<li style=\"margin-bottom: 0.6em; margin-left: 1.3em;\">適合尿量大的嚴重失禁患者</li>\r\n<li style=\"margin-bottom: 0.6em; margin-left: 1.3em;\">乾爽透氣、不回滲，預防尿布疹</li>\r\n</ul>', '主要功能\r\n\r\n適用於大小便失禁及長期臥床者使用\r\n不含乳膠\r\n尺寸: M(37~49吋) /L(45~59吋)\r\n吸濕力: M 2280ml / L 2520ml\r\n10片/包\r\n\r\n&nbsp;\r\n產品優點\r\n\r\n棉質面層 – 透氣乾爽面層，親膚舒適\r\n抗菌抑味 – 特別抗菌抑味技術, 有助抑制細菌生長,消除尿味\r\n超強吸濕力 – 三層吸收層設計，BASF吸水因子快速鎖水不回滲，持久乾爽舒適\r\n尿濕顯示 – 溫馨提示換片時間，省去拆看的不便\r\n棉布式透氣設計 – 讓濕氣輕易透出，保持通爽舒適，不易敏感\r\n防水立體壓邊 – 有效防止尿液自胯下側邊漏出\r\n魔術耐用貼 – 可重覆黏貼, 調整至最適合尺碼\r\n\r\n&nbsp;\r\n產品特色\r\n\r\n適合尿量大的嚴重失禁患者\r\n乾爽透氣、不回滲，預防尿布疹', NULL, NULL, NULL, 0, 0, -1, 0, 1, '0.00', '0.00', '0.00', '0.00', 0, 1, 0, 0, NULL, '', 8, NULL, NULL, 0, NULL, NULL, 0, 0, NULL, 0, NULL, 1, '2018-12-11 12:05:18', '2018-12-11 12:07:38', 2, 1),
(60, 273, NULL, NULL, NULL, NULL, NULL, NULL, 'Nissin CBW 輪椅(活動式扶手及腳踏)', NULL, 'Nissin20CBW20E58A9FE883BDE59E8B20E6898BE68EA8E8BCAAE6A485.jpg', '輪椅所有金屬部份均由 7003-T5防銹鋁合金材料製造，較加拿大標準 6063為高，比一般輪椅用料強約30%', '<p style=\"margin-bottom: 1.3em; color: #333333; font-family: proxima_nova, Arial, \'Microsoft JhengHei\', \'Heiti TC\', \'Microsoft Yahei\', PMingLiU, sans-serif; font-size: 16px;\"><span style=\"font-weight: bolder;\">手推輪椅 主要功能</span></p>\r\n<ul style=\"list-style-position: initial; list-style-image: initial; padding: 0px; margin-bottom: 1.3em; color: #333333; font-family: proxima_nova, Arial, \'Microsoft JhengHei\', \'Heiti TC\', \'Microsoft Yahei\', PMingLiU, sans-serif; font-size: 16px;\">\r\n<li style=\"margin-bottom: 0.6em; margin-left: 1.3em;\">設有鼓煞及手煞，鼓煞可直接制動後輪軸心，避免傷害車胎</li>\r\n<li style=\"margin-bottom: 0.6em; margin-left: 1.3em;\">活動扶手及腳踏, 方便用家由輪椅轉移到梳化或睡床</li>\r\n<li style=\"margin-bottom: 0.6em; margin-left: 1.3em;\">座位下雙“X” 型穩定支架</li>\r\n<li style=\"margin-bottom: 0.6em; margin-left: 1.3em;\">前輪寬度約3.2cm，使輪椅輕易走過渠間</li>\r\n<li style=\"margin-bottom: 0.6em; margin-left: 1.3em;\">免充氣PU車胎</li>\r\n<li style=\"margin-bottom: 0.6em; margin-left: 1.3em;\">可調腳踏高度，適合不同高度人士</li>\r\n<li style=\"margin-bottom: 0.6em; margin-left: 1.3em;\">備有16.5”及18”座闊</li>\r\n</ul>\r\n<p style=\"margin-bottom: 1.3em; color: #333333; font-family: proxima_nova, Arial, \'Microsoft JhengHei\', \'Heiti TC\', \'Microsoft Yahei\', PMingLiU, sans-serif; font-size: 16px;\"><span style=\"font-weight: bolder;\">產品優點</span></p>\r\n<ul style=\"list-style-position: initial; list-style-image: initial; padding: 0px; margin-bottom: 1.3em; color: #333333; font-family: proxima_nova, Arial, \'Microsoft JhengHei\', \'Heiti TC\', \'Microsoft Yahei\', PMingLiU, sans-serif; font-size: 16px;\">\r\n<li style=\"margin-bottom: 0.6em; margin-left: 1.3em;\">坐墊及背墊防水抗菌</li>\r\n<li style=\"margin-bottom: 0.6em; margin-left: 1.3em;\">輪椅所有金屬部份均由 7003-T5防銹鋁合金材料製造，較加拿大標準 6063為高，比一般輪椅用料強約30%</li>\r\n<li style=\"margin-bottom: 0.6em; margin-left: 1.3em;\">簡易摺背，方便放入車尾箱</li>\r\n<li style=\"margin-bottom: 0.6em; margin-left: 1.3em;\">十年支架保養</li>\r\n<li style=\"margin-bottom: 0.6em; margin-left: 1.3em;\">最大承重100KG</li>\r\n<li style=\"margin-bottom: 0.6em; margin-left: 1.3em;\">可選顏色：PK8(淨灰)/T06(藍格)/G03(綠格)</li>\r\n</ul>\r\n<p style=\"margin-bottom: 1.3em; color: #333333; font-family: proxima_nova, Arial, \'Microsoft JhengHei\', \'Heiti TC\', \'Microsoft Yahei\', PMingLiU, sans-serif; font-size: 16px;\"><span style=\"font-weight: bolder;\">適應症 &amp; 禁忌症</span></p>\r\n<ul style=\"list-style-position: initial; list-style-image: initial; padding: 0px; margin-bottom: 1.3em; color: #333333; font-family: proxima_nova, Arial, \'Microsoft JhengHei\', \'Heiti TC\', \'Microsoft Yahei\', PMingLiU, sans-serif; font-size: 16px;\">\r\n<li style=\"margin-bottom: 0.6em; margin-left: 1.3em;\">適合以下人仕</li>\r\n<li style=\"margin-bottom: 0.6em; margin-left: 1.3em;\">用家大多須要別人照顧，故選擇活動式扶手/腳踏設計可方便照顧員協助用家由床轉移到輪椅</li>\r\n<li style=\"margin-bottom: 0.6em; margin-left: 1.3em;\">外出時會將輪椅放進車尾箱，摺合椅背後輪椅便不會外露</li>\r\n<li style=\"margin-bottom: 0.6em; margin-left: 1.3em;\">用家若上肢有力，可選擇24”後輪的型號，方便有需要時自行驅動輪椅</li>\r\n<li style=\"margin-bottom: 0.6em; margin-left: 1.3em;\">居住院舍人士</li>\r\n</ul>', '手推輪椅 主要功能\r\n\r\n設有鼓煞及手煞，鼓煞可直接制動後輪軸心，避免傷害車胎\r\n活動扶手及腳踏, 方便用家由輪椅轉移到梳化或睡床\r\n座位下雙“X” 型穩定支架\r\n前輪寬度約3.2cm，使輪椅輕易走過渠間\r\n免充氣PU車胎\r\n可調腳踏高度，適合不同高度人士\r\n備有16.5”及18”座闊\r\n\r\n產品優點\r\n\r\n坐墊及背墊防水抗菌\r\n輪椅所有金屬部份均由 7003-T5防銹鋁合金材料製造，較加拿大標準 6063為高，比一般輪椅用料強約30%\r\n簡易摺背，方便放入車尾箱\r\n十年支架保養\r\n最大承重100KG\r\n可選顏色：PK8(淨灰)/T06(藍格)/G03(綠格)\r\n\r\n適應症 &amp; 禁忌症\r\n\r\n適合以下人仕\r\n用家大多須要別人照顧，故選擇活動式扶手/腳踏設計可方便照顧員協助用家由床轉移到輪椅\r\n外出時會將輪椅放進車尾箱，摺合椅背後輪椅便不會外露\r\n用家若上肢有力，可選擇24”後輪的型號，方便有需要時自行驅動輪椅\r\n居住院舍人士', NULL, NULL, NULL, 0, 0, -1, 0, 1, '0.00', '0.00', '0.00', '0.00', 0, 1, 0, 0, NULL, '', 19, NULL, NULL, 0, '輪椅', '輪椅', 0, 0, NULL, 0, NULL, 1, '2018-12-19 04:00:32', '2018-12-19 04:05:00', 2, 1),
(61, 275, NULL, NULL, NULL, NULL, NULL, NULL, 'Maki 小型鋁質可拆式沐浴椅', NULL, 'Maki20E5B08FE59E8BE98B81E8B3AAE58FAFE68B86E5BC8FE6B290E6B5B4E6A485.jpg', '座位以耐寒耐熱的hytrel物料製造，保溫柔軟舒適，座高可調校', '<p style=\"margin-bottom: 1.3em; color: #333333; font-family: proxima_nova, Arial, \'Microsoft JhengHei\', \'Heiti TC\', \'Microsoft Yahei\', PMingLiU, sans-serif; font-size: 16px;\"><span style=\"font-weight: bolder;\">主要功能</span></p>\r\n<ul style=\"list-style-position: initial; list-style-image: initial; padding: 0px; margin-bottom: 1.3em; color: #333333; font-family: proxima_nova, Arial, \'Microsoft JhengHei\', \'Heiti TC\', \'Microsoft Yahei\', PMingLiU, sans-serif; font-size: 16px;\">\r\n<li style=\"margin-bottom: 0.6em; margin-left: 1.3em;\">優質防銹鋁合金，輕巧堅固，渾圓平滑，防止使用者受傷</li>\r\n<li style=\"margin-bottom: 0.6em; margin-left: 1.3em;\">舒適保暖座墊，保溫、柔軟、防水、防硬化</li>\r\n<li style=\"margin-bottom: 0.6em; margin-left: 1.3em;\">可拆式及流線型設計，椅高可調校</li>\r\n<li style=\"margin-bottom: 0.6em; margin-left: 1.3em;\">選用耐寒耐熱的Hytrel物料</li>\r\n<li style=\"margin-bottom: 0.6em; margin-left: 1.3em;\">高:30-39 cm (5段調較),</li>\r\n<li style=\"margin-bottom: 0.6em; margin-left: 1.3em;\">闊度30-39 cm,長度29-42 cm,</li>\r\n<li style=\"margin-bottom: 0.6em; margin-left: 1.3em;\">座椅闊度41 cm, 座椅深度24 cm</li>\r\n<li style=\"margin-bottom: 0.6em; margin-left: 1.3em;\">負重可高達120 kg</li>\r\n</ul>\r\n<p style=\"margin-bottom: 1.3em; color: #333333; font-family: proxima_nova, Arial, \'Microsoft JhengHei\', \'Heiti TC\', \'Microsoft Yahei\', PMingLiU, sans-serif; font-size: 16px;\"><span style=\"font-weight: bolder;\">產品優點</span></p>\r\n<ul style=\"list-style-position: initial; list-style-image: initial; padding: 0px; margin-bottom: 1.3em; color: #333333; font-family: proxima_nova, Arial, \'Microsoft JhengHei\', \'Heiti TC\', \'Microsoft Yahei\', PMingLiU, sans-serif; font-size: 16px;\">\r\n<li style=\"margin-bottom: 0.6em; margin-left: 1.3em;\">防滑表面，安全舒適</li>\r\n<li style=\"margin-bottom: 0.6em; margin-left: 1.3em;\">附有橡膠腳墊，提供額外的穩定及安全，讓使用者可坐於洗澡椅上安全地洗澡 – 可調較式椅腳，能依個人所需調整座高</li>\r\n</ul>\r\n<p style=\"margin-bottom: 1.3em; color: #333333; font-family: proxima_nova, Arial, \'Microsoft JhengHei\', \'Heiti TC\', \'Microsoft Yahei\', PMingLiU, sans-serif; font-size: 16px;\">特色</p>\r\n<ul style=\"list-style-position: initial; list-style-image: initial; padding: 0px; margin-bottom: 1.3em; color: #333333; font-family: proxima_nova, Arial, \'Microsoft JhengHei\', \'Heiti TC\', \'Microsoft Yahei\', PMingLiU, sans-serif; font-size: 16px;\">\r\n<li style=\"margin-bottom: 0.6em; margin-left: 1.3em;\">穩定及安全，讓使用者可坐於洗澡椅上安全地洗澡</li>\r\n</ul>', '主要功能\r\n\r\n優質防銹鋁合金，輕巧堅固，渾圓平滑，防止使用者受傷\r\n舒適保暖座墊，保溫、柔軟、防水、防硬化\r\n可拆式及流線型設計，椅高可調校\r\n選用耐寒耐熱的Hytrel物料\r\n高:30-39 cm (5段調較),\r\n闊度30-39 cm,長度29-42 cm,\r\n座椅闊度41 cm, 座椅深度24 cm\r\n負重可高達120 kg\r\n\r\n產品優點\r\n\r\n防滑表面，安全舒適\r\n附有橡膠腳墊，提供額外的穩定及安全，讓使用者可坐於洗澡椅上安全地洗澡 – 可調較式椅腳，能依個人所需調整座高\r\n\r\n特色\r\n\r\n穩定及安全，讓使用者可坐於洗澡椅上安全地洗澡', NULL, NULL, NULL, 0, 0, -1, 0, 0, '0.00', '0.00', '0.00', '0.00', 0, 1, 0, 0, NULL, '', 15, NULL, NULL, 0, '沐浴椅', '沐浴椅', 0, 0, NULL, 0, NULL, 1, '2018-12-19 06:44:46', NULL, 0, 1),
(62, 275, NULL, NULL, NULL, NULL, NULL, NULL, 'Aron Kasei 安壽 迷你沖涼椅', NULL, 'Aron20Kasei20E5AE89E5A3BD20E8BFB7E4BDA0E6B296E6B6BCE6A485.jpg', '一椅兩用，本身是有背沖涼椅；椅背可輕易拆除，即時變身成小凳子', '<p style=\"margin-bottom: 1.3em; color: #333333; font-family: proxima_nova, Arial, \'Microsoft JhengHei\', \'Heiti TC\', \'Microsoft Yahei\', PMingLiU, sans-serif; font-size: 16px;\"><span style=\"font-weight: bolder;\">主要功能</span></p>\r\n<ul style=\"list-style-position: initial; list-style-image: initial; padding: 0px; margin-bottom: 1.3em; color: #333333; font-family: proxima_nova, Arial, \'Microsoft JhengHei\', \'Heiti TC\', \'Microsoft Yahei\', PMingLiU, sans-serif; font-size: 16px;\">\r\n<li style=\"margin-bottom: 0.6em; margin-left: 1.3em;\">一椅兩用，本身是有背沖涼椅；椅背可輕易拆除，即時變身成小凳子</li>\r\n<li style=\"margin-bottom: 0.6em; margin-left: 1.3em;\">座高可調節，範圍由35 cm至45 cm，椅腳物料鋁合金，防繡輕便</li>\r\n<li style=\"margin-bottom: 0.6em; margin-left: 1.3em;\">坐墊為EVA及PP軟墊物料，冬暖夏涼</li>\r\n<li style=\"margin-bottom: 0.6em; margin-left: 1.3em;\">小浴椅的四腳可以伸縮自如，伸至最高亦十分穩陣，承重可達100公斤</li>\r\n</ul>\r\n<p style=\"margin-bottom: 1.3em; color: #333333; font-family: proxima_nova, Arial, \'Microsoft JhengHei\', \'Heiti TC\', \'Microsoft Yahei\', PMingLiU, sans-serif; font-size: 16px;\"><span style=\"font-weight: bolder;\">產品優點</span></p>\r\n<ul style=\"list-style-position: initial; list-style-image: initial; padding: 0px; margin-bottom: 1.3em; color: #333333; font-family: proxima_nova, Arial, \'Microsoft JhengHei\', \'Heiti TC\', \'Microsoft Yahei\', PMingLiU, sans-serif; font-size: 16px;\">\r\n<li style=\"margin-bottom: 0.6em; margin-left: 1.3em;\">椅背弧度亦是特別設計，以過百位長者為對象，發覺他們大部分有輕微寒背，這弧度剛好最適合他們，坐時更感舒適</li>\r\n<li style=\"margin-bottom: 0.6em; margin-left: 1.3em;\">浴椅超細小，重量只有2.7千克，方便香港的狹窄浴室內使用</li>\r\n</ul>\r\n<p style=\"margin-bottom: 1.3em; color: #333333; font-family: proxima_nova, Arial, \'Microsoft JhengHei\', \'Heiti TC\', \'Microsoft Yahei\', PMingLiU, sans-serif; font-size: 16px;\">特色</p>\r\n<ul style=\"list-style-position: initial; list-style-image: initial; padding: 0px; margin-bottom: 1.3em; color: #333333; font-family: proxima_nova, Arial, \'Microsoft JhengHei\', \'Heiti TC\', \'Microsoft Yahei\', PMingLiU, sans-serif; font-size: 16px;\">\r\n<li style=\"margin-bottom: 0.6em; margin-left: 1.3em;\">坐墊為EVA及PP軟墊物料，冬暖夏涼</li>\r\n<li style=\"margin-bottom: 0.6em; margin-left: 1.3em;\">小浴椅的四腳可以伸縮自如，伸至最高亦十分穩固安全</li>\r\n</ul>', '主要功能\r\n\r\n一椅兩用，本身是有背沖涼椅；椅背可輕易拆除，即時變身成小凳子\r\n座高可調節，範圍由35 cm至45 cm，椅腳物料鋁合金，防繡輕便\r\n坐墊為EVA及PP軟墊物料，冬暖夏涼\r\n小浴椅的四腳可以伸縮自如，伸至最高亦十分穩陣，承重可達100公斤\r\n\r\n產品優點\r\n\r\n椅背弧度亦是特別設計，以過百位長者為對象，發覺他們大部分有輕微寒背，這弧度剛好最適合他們，坐時更感舒適\r\n浴椅超細小，重量只有2.7千克，方便香港的狹窄浴室內使用\r\n\r\n特色\r\n\r\n坐墊為EVA及PP軟墊物料，冬暖夏涼\r\n小浴椅的四腳可以伸縮自如，伸至最高亦十分穩固安全', NULL, NULL, NULL, 0, 0, -1, 0, 0, '0.00', '0.00', '0.00', '0.00', 0, 1, 0, 0, NULL, '', 8, NULL, NULL, 0, '沖涼椅', '沖涼椅', 0, 0, NULL, 0, NULL, 1, '2018-12-19 07:09:49', '2018-12-19 07:27:21', 2, 1),
(63, 275, NULL, NULL, NULL, NULL, NULL, NULL, 'Richell 摺疊式浴室用座椅', NULL, 'Richell20E691BAE7968AE5BC8FE6B5B4E5AEA4E794A8E5BAA7E6A485.jpg', '椅身可摺疊，座位以EVA樹脂合成膠製成，座高可調校', '<ul style=\"list-style-position: initial; list-style-image: initial; padding: 0px; margin-bottom: 0px; color: #666666; font-family: Quicksand, \'Microsoft JhengHei\'; font-size: medium;\">\r\n<li style=\"margin-bottom: 0.6em; margin-left: 1.3em;\">椅身可摺疊，易於收藏</li>\r\n<li style=\"margin-bottom: 0.6em; margin-left: 1.3em;\">座墊以 EVA 樹脂合成膠製成，可紓緩壓力</li>\r\n<li style=\"margin-bottom: 0.6em; margin-left: 1.3em;\">設有可翻起的軟扶手 (型號：RC-48061 / RC-48066)</li>\r\n<li style=\"margin-bottom: 0.6em; margin-left: 1.3em;\">座位高度可調校</li>\r\n<li style=\"margin-bottom: 0.6em; margin-left: 1.3em;\">椅腳套上防滑膠，穩定安全</li>\r\n</ul>', '椅身可摺疊，易於收藏\r\n座墊以 EVA 樹脂合成膠製成，可紓緩壓力\r\n設有可翻起的軟扶手 (型號：RC-48061 / RC-48066)\r\n座位高度可調校\r\n椅腳套上防滑膠，穩定安全', NULL, NULL, NULL, 0, 0, -1, 0, 0, '0.00', '0.00', '0.00', '0.00', 0, 1, 0, 0, NULL, '', 11, NULL, NULL, 0, '浴室用座椅', '浴室用座椅', 0, 0, NULL, 0, NULL, 1, '2018-12-19 07:27:28', '2018-12-19 07:34:39', 2, 1),
(64, 273, NULL, NULL, NULL, NULL, NULL, NULL, 'Maki KS30/50 鋁合金輪椅', NULL, 'Maki20KS3020or205020E98B81E59088E98791E8BCAAE6A485.jpg', '所有金屬部分以7003-T5防鏽鋁合金材料製造，質量較加拿大標準6063為高，比一般輪椅用料強大約30%；座位下雙「X」型穩定支架', '<ul style=\"list-style-position: initial; list-style-image: initial; padding: 0px; margin-bottom: 0px; color: #666666; font-family: Quicksand, \'Microsoft JhengHei\'; font-size: medium;\">\r\n<li style=\"margin-bottom: 0.6em; margin-left: 1.3em;\">所有金屬部分以7003-T5防鏽鋁合金材料製造，質量較加拿大標準6063為高，比一般輪椅用料強大約30%</li>\r\n<li style=\"margin-bottom: 0.6em; margin-left: 1.3em;\">重量僅為12.6 kg起</li>\r\n<li style=\"margin-bottom: 0.6em; margin-left: 1.3em;\">輪椅手把設有鼓煞，方便上落斜坡</li>\r\n<li style=\"margin-bottom: 0.6em; margin-left: 1.3em;\">座位下雙「X」型穩定支架</li>\r\n<li style=\"margin-bottom: 0.6em; margin-left: 1.3em;\">免充氣PU 車胎</li>\r\n<li style=\"margin-bottom: 0.6em; margin-left: 1.3em;\">腳踏高度可調校，適合不同高度人士使用</li>\r\n<li style=\"margin-bottom: 0.6em; margin-left: 1.3em;\">簡易摺背，摺背後可降低輪椅高度，方便放入車尾箱</li>\r\n<li style=\"margin-bottom: 0.6em; margin-left: 1.3em;\">經ISO 7176-8測試，最大承重100 kg</li>\r\n<li style=\"margin-bottom: 0.6em; margin-left: 1.3em;\">可選座寬：16”/ 18”</li>\r\n<li style=\"margin-bottom: 0.6em; margin-left: 1.3em;\">綠色 (GC) 及藍色 (NC) 款式可選</li>\r\n</ul>\r\n<table style=\"width: 1020px; margin-bottom: 1em; border-color: #ececec; color: #666666; font-family: Quicksand, \'Microsoft JhengHei\';\">\r\n<tbody>\r\n<tr>\r\n<td style=\"padding-top: 0.5em; padding-right: 0.5em; padding-bottom: 0.5em; border-bottom: 1px solid #ececec; line-height: 1.3; font-size: 0.9em; color: #666666;\">\r\n<figure id=\"attachment_26276\" class=\"wp-caption aligncenter\" style=\"margin: 0px auto 2em; clear: both; max-width: 100%; width: 180px;\"><img class=\"wp-image-26276\" src=\"https://www.healthcarehk.com/wp-content/uploads/2018/03/Maki-KS30-50-Aluminum-Wheelchair-11-280x280.png\" alt=\"\" width=\"180\" height=\"180\" srcset=\"https://www.healthcarehk.com/wp-content/uploads/2018/03/Maki-KS30-50-Aluminum-Wheelchair-11-280x280.png 280w, &lt;a href=\" https:=\"\" www=\"\" healthcarehk=\"\" com=\"\" wp-content=\"\" uploads=\"\" 2018=\"\" 03=\"\" maki-ks30-50-aluminum-wheelchair-11=\"\" png=\"\" /><span style=\"color: #666666; font-family: Quicksand, \'Microsoft JhengHei\'; font-size: 12.96px; text-align: center; background-color: rgba(0, 0, 0, 0.05);\"><span style=\"font-family: arial, helvetica, sans-serif; color: #000000;\">雙「Ｘ」支架</span></span></figure>\r\n</td>\r\n<td style=\"padding: 0.5em; border-bottom: 1px solid #ececec; line-height: 1.3; font-size: 0.9em; color: #666666;\">\r\n<figure id=\"attachment_26278\" class=\"wp-caption aligncenter\" style=\"margin: 0px auto 2em; clear: both; max-width: 100%; width: 180px;\"><img class=\"wp-image-26278\" src=\"https://www.healthcarehk.com/wp-content/uploads/2018/03/Maki-KS30-50-Aluminum-Wheelchair-12-280x280.png\" alt=\"\" width=\"180\" height=\"180\" srcset=\"https://www.healthcarehk.com/wp-content/uploads/2018/03/Maki-KS30-50-Aluminum-Wheelchair-12-280x280.png 280w, &lt;a href=\" https:=\"\" www=\"\" healthcarehk=\"\" com=\"\" wp-content=\"\" uploads=\"\" 2018=\"\" 03=\"\" maki-ks30-50-aluminum-wheelchair-12-100x100=\"\" png=\"\" /><span style=\"color: #666666; font-family: Quicksand, \'Microsoft JhengHei\'; font-size: 12.96px; text-align: center; background-color: rgba(0, 0, 0, 0.05);\"><span style=\"font-family: arial, helvetica, sans-serif; color: #000000;\">配有輪椅安全帶</span></span></figure>\r\n</td>\r\n<td style=\"padding: 0.5em; border-bottom: 1px solid #ececec; line-height: 1.3; font-size: 0.9em; color: #666666;\">\r\n<figure id=\"attachment_26280\" class=\"wp-caption aligncenter\" style=\"margin: 0px auto 2em; clear: both; max-width: 100%; width: 180px;\"><img class=\"wp-image-26280\" src=\"https://www.healthcarehk.com/wp-content/uploads/2018/03/Maki-KS30-50-Aluminum-Wheelchair-13-280x280.png\" alt=\"\" width=\"180\" height=\"180\" srcset=\"https://www.healthcarehk.com/wp-content/uploads/2018/03/Maki-KS30-50-Aluminum-Wheelchair-13-280x280.png 280w, &lt;a href=\" https:=\"\" www=\"\" healthcarehk=\"\" com=\"\" wp-content=\"\" uploads=\"\" 2018=\"\" 03=\"\" maki-ks30-50-aluminum-wheelchair-13-100x100=\"\" png=\"\" /><span style=\"background-color: rgba(0, 0, 0, 0.05); font-family: Quicksand, \'Microsoft JhengHei\'; font-size: 12.96px; text-align: center;\"><span style=\"font-family: arial, helvetica, sans-serif; color: #000000;\">腳踏高度可調節</span></span></figure>\r\n</td>\r\n<td style=\"padding: 0.5em; border-bottom: 1px solid #ececec; line-height: 1.3; font-size: 0.9em; color: #666666;\">\r\n<figure id=\"attachment_26282\" class=\"wp-caption aligncenter\" style=\"margin: 0px auto 2em; clear: both; max-width: 100%; width: 180px;\"><img class=\"wp-image-26282\" src=\"https://www.healthcarehk.com/wp-content/uploads/2018/03/Maki-KS30-50-Aluminum-Wheelchair-14-280x280.png\" alt=\"\" width=\"180\" height=\"180\" srcset=\"https://www.healthcarehk.com/wp-content/uploads/2018/03/Maki-KS30-50-Aluminum-Wheelchair-14-280x280.png 280w, &lt;a href=\" https:=\"\" www=\"\" healthcarehk=\"\" com=\"\" wp-content=\"\" uploads=\"\" 2018=\"\" 03=\"\" maki-ks30-50-aluminum-wheelchair-14-100x100=\"\" png=\"\" /><span style=\"background-color: rgba(0, 0, 0, 0.05); font-family: Quicksand, \'Microsoft JhengHei\'; font-size: 12.96px; text-align: center;\"><span style=\"font-family: arial, helvetica, sans-serif; color: #000000;\">鼓剎裝置，反應更快，不損輪胎表面</span></span></figure>\r\n</td>\r\n<td style=\"padding-top: 0.5em; padding-bottom: 0.5em; padding-left: 0.5em; border-bottom: 1px solid #ececec; line-height: 1.3; font-size: 0.9em; color: #666666;\">\r\n<figure id=\"attachment_26284\" class=\"wp-caption aligncenter\" style=\"margin: 0px auto 2em; clear: both; max-width: 100%; width: 180px;\"><img class=\"wp-image-26284\" src=\"https://www.healthcarehk.com/wp-content/uploads/2018/03/Maki-KS30-50-Aluminum-Wheelchair-15-280x280.png\" alt=\"\" width=\"180\" height=\"180\" srcset=\"https://www.healthcarehk.com/wp-content/uploads/2018/03/Maki-KS30-50-Aluminum-Wheelchair-15-280x280.png 280w, &lt;a href=\" https:=\"\" www=\"\" healthcarehk=\"\" com=\"\" wp-content=\"\" uploads=\"\" 2018=\"\" 03=\"\" maki-ks30-50-aluminum-wheelchair-15-400x400=\"\" png=\"\" /><span style=\"color: #666666; font-family: Quicksand, \'Microsoft JhengHei\'; font-size: 12.96px; text-align: center; background-color: rgba(0, 0, 0, 0.05);\"><span style=\"font-family: arial, helvetica, sans-serif; color: #000000;\">手把設有反光板，夜間使用更安全</span></span></figure>\r\n</td>\r\n</tr>\r\n</tbody>\r\n</table>', '所有金屬部分以7003-T5防鏽鋁合金材料製造，質量較加拿大標準6063為高，比一般輪椅用料強大約30%\r\n重量僅為12.6 kg起\r\n輪椅手把設有鼓煞，方便上落斜坡\r\n座位下雙「X」型穩定支架\r\n免充氣PU 車胎\r\n腳踏高度可調校，適合不同高度人士使用\r\n簡易摺背，摺背後可降低輪椅高度，方便放入車尾箱\r\n經ISO 7176-8測試，最大承重100 kg\r\n可選座寬：16”/ 18”\r\n綠色 (GC) 及藍色 (NC) 款式可選\r\n\r\n\r\n\r\n\r\n\r\n雙「Ｘ」支架\r\n\r\n\r\n配有輪椅安全帶\r\n\r\n\r\n腳踏高度可調節\r\n\r\n\r\n鼓剎裝置，反應更快，不損輪胎表面\r\n\r\n\r\n手把設有反光板，夜間使用更安全', NULL, NULL, NULL, 0, 0, -1, 0, 0, '0.00', '0.00', '0.00', '0.00', 0, 1, 0, 0, NULL, '', 23, NULL, NULL, 0, NULL, NULL, 0, 0, NULL, 0, NULL, 1, '2018-12-19 08:25:16', '2018-12-19 08:32:03', 2, 1),
(65, 275, NULL, NULL, NULL, NULL, NULL, NULL, 'Maki 多功能便椅', NULL, 'Maki20E5A49AE58A9FE883BDE4BEBFE6A485.jpg', '便椅設有腳輪，方便移動，舒適PU軟墊耐寒耐熱， 專利防翻設計，用家可安全地站在便椅腳踏上', '<p style=\"margin-bottom: 1.3em; color: #333333; font-family: proxima_nova, Arial, \'Microsoft JhengHei\', \'Heiti TC\', \'Microsoft Yahei\', PMingLiU, sans-serif; font-size: 16px;\"><span style=\"font-weight: bolder;\">主要功能</span></p>\r\n<ul style=\"list-style-position: initial; list-style-image: initial; padding: 0px; margin-bottom: 1.3em; color: #333333; font-family: proxima_nova, Arial, \'Microsoft JhengHei\', \'Heiti TC\', \'Microsoft Yahei\', PMingLiU, sans-serif; font-size: 16px;\">\r\n<li style=\"margin-bottom: 0.6em; margin-left: 1.3em;\">集便椅、浴椅和坐椅於一身</li>\r\n<li style=\"margin-bottom: 0.6em; margin-left: 1.3em;\">優質防銹鋁合金，輕巧堅固，渾圓平滑，防止使用者受傷</li>\r\n<li style=\"margin-bottom: 0.6em; margin-left: 1.3em;\">柔軟舒適保暖座墊及椅背，保溫、柔軟、防水、防硬化</li>\r\n<li style=\"margin-bottom: 0.6em; margin-left: 1.3em;\">獨家專利活動接口採用美國杜邦™ 海翠 (Hytrel) 物料，安裝簡便，堅韌、高負重及抗寒耐熱</li>\r\n<li style=\"margin-bottom: 0.6em; margin-left: 1.3em;\">高質滑輪能平滑且穩定地移動，防止積存髮屑等雜物，並附有獨立鎖</li>\r\n<li style=\"margin-bottom: 0.6em; margin-left: 1.3em;\">專利防翻設計，用家可安全地站在腳踏上</li>\r\n<li style=\"margin-bottom: 0.6em; margin-left: 1.3em;\">用 Hytrel 耐用物料，便椅耐寒耐熱</li>\r\n<li style=\"margin-bottom: 0.6em; margin-left: 1.3em;\">獨特的便桶設計，避免污物濺出，易於清洗</li>\r\n<li style=\"margin-bottom: 0.6em; margin-left: 1.3em;\">採用輕質鋁材支架，組件無須工具裝配</li>\r\n<li style=\"margin-bottom: 0.6em; margin-left: 1.3em;\">高度50 cm/54 cm(2 段調較) 加座墊後約高 1 cm,</li>\r\n<li style=\"margin-bottom: 0.6em; margin-left: 1.3em;\">闊度:52 cm (前腳), 51 cm (後腳)</li>\r\n<li style=\"margin-bottom: 0.6em; margin-left: 1.3em;\">長度55 cm,</li>\r\n<li style=\"margin-bottom: 0.6em; margin-left: 1.3em;\">座椅闊度40 cm, 座椅深度40 cm</li>\r\n<li style=\"margin-bottom: 0.6em; margin-left: 1.3em;\">扶手內空間40 cm, 腳踏離地19 cm</li>\r\n<li style=\"margin-bottom: 0.6em; margin-left: 1.3em;\">最大承重量是120 kg</li>\r\n</ul>\r\n<p style=\"margin-bottom: 1.3em; color: #333333; font-family: proxima_nova, Arial, \'Microsoft JhengHei\', \'Heiti TC\', \'Microsoft Yahei\', PMingLiU, sans-serif; font-size: 16px;\"><span style=\"font-weight: bolder;\">產品優點</span></p>\r\n<ul style=\"list-style-position: initial; list-style-image: initial; padding: 0px; margin-bottom: 1.3em; color: #333333; font-family: proxima_nova, Arial, \'Microsoft JhengHei\', \'Heiti TC\', \'Microsoft Yahei\', PMingLiU, sans-serif; font-size: 16px;\">\r\n<li style=\"margin-bottom: 0.6em; margin-left: 1.3em;\">由優質鋁合金製成，輕巧防銹</li>\r\n<li style=\"margin-bottom: 0.6em; margin-left: 1.3em;\">舒適 PU 軟墊，耐寒耐熱耐用</li>\r\n<li style=\"margin-bottom: 0.6em; margin-left: 1.3em;\">專利防翻設計，用家可安全地站在腳踏上</li>\r\n<li style=\"margin-bottom: 0.6em; margin-left: 1.3em;\">高質滑輪能平滑且穩定地移動，防止積存髮屑等雜物</li>\r\n</ul>\r\n<p style=\"margin-bottom: 1.3em; color: #333333; font-family: proxima_nova, Arial, \'Microsoft JhengHei\', \'Heiti TC\', \'Microsoft Yahei\', PMingLiU, sans-serif; font-size: 16px;\">特色</p>\r\n<ul style=\"list-style-position: initial; list-style-image: initial; padding: 0px; margin-bottom: 1.3em; color: #333333; font-family: proxima_nova, Arial, \'Microsoft JhengHei\', \'Heiti TC\', \'Microsoft Yahei\', PMingLiU, sans-serif; font-size: 16px;\">\r\n<li style=\"margin-bottom: 0.6em; margin-left: 1.3em;\">多功能，集便椅、浴椅和坐椅於一身，節省空間，使用方便</li>\r\n<li style=\"margin-bottom: 0.6em; margin-left: 1.3em;\">便椅備有安全帶，確保用家安全</li>\r\n</ul>', '主要功能\r\n\r\n集便椅、浴椅和坐椅於一身\r\n優質防銹鋁合金，輕巧堅固，渾圓平滑，防止使用者受傷\r\n柔軟舒適保暖座墊及椅背，保溫、柔軟、防水、防硬化\r\n獨家專利活動接口採用美國杜邦™ 海翠 (Hytrel) 物料，安裝簡便，堅韌、高負重及抗寒耐熱\r\n高質滑輪能平滑且穩定地移動，防止積存髮屑等雜物，並附有獨立鎖\r\n專利防翻設計，用家可安全地站在腳踏上\r\n用 Hytrel 耐用物料，便椅耐寒耐熱\r\n獨特的便桶設計，避免污物濺出，易於清洗\r\n採用輕質鋁材支架，組件無須工具裝配\r\n高度50 cm/54 cm(2 段調較) 加座墊後約高 1 cm,\r\n闊度:52 cm (前腳), 51 cm (後腳)\r\n長度55 cm,\r\n座椅闊度40 cm, 座椅深度40 cm\r\n扶手內空間40 cm, 腳踏離地19 cm\r\n最大承重量是120 kg\r\n\r\n產品優點\r\n\r\n由優質鋁合金製成，輕巧防銹\r\n舒適 PU 軟墊，耐寒耐熱耐用\r\n專利防翻設計，用家可安全地站在腳踏上\r\n高質滑輪能平滑且穩定地移動，防止積存髮屑等雜物\r\n\r\n特色\r\n\r\n多功能，集便椅、浴椅和坐椅於一身，節省空間，使用方便\r\n便椅備有安全帶，確保用家安全', NULL, NULL, NULL, 0, 0, -1, 0, 0, '0.00', '0.00', '0.00', '0.00', 0, 1, 0, 0, NULL, '', 35, NULL, NULL, 0, NULL, NULL, 0, 0, NULL, 0, NULL, 1, '2018-12-20 10:19:29', '2018-12-20 10:23:43', 2, 1),
(66, 274, NULL, NULL, NULL, NULL, NULL, NULL, 'Humana 圓柱型輕便腰墊', NULL, 'Humana20E59C96E69FB1E59E8BE8BC95E4BEBFE885B0E5A28A.jpg', '腰墊獨特圓柱型設計，有助承托及維持腰椎健康弧度，輕巧舒適，可隨時於辦公室、家裡或旅途時使用。', '<p style=\"margin-bottom: 1.3em; color: #333333; font-family: proxima_nova, Arial, \'Microsoft JhengHei\', \'Heiti TC\', \'Microsoft Yahei\', PMingLiU, sans-serif; font-size: 16px;\"><span style=\"font-weight: bolder;\">主要功能</span></p>\r\n<ul style=\"list-style-position: initial; list-style-image: initial; padding: 0px; margin-bottom: 1.3em; color: #333333; font-family: proxima_nova, Arial, \'Microsoft JhengHei\', \'Heiti TC\', \'Microsoft Yahei\', PMingLiU, sans-serif; font-size: 16px;\">\r\n<li style=\"margin-bottom: 0.6em; margin-left: 1.3em;\">採用高密度聚氨酯製造，堅挺耐用</li>\r\n<li style=\"margin-bottom: 0.6em; margin-left: 1.3em;\">符合BS7176阻燃防火標準</li>\r\n<li style=\"margin-bottom: 0.6em; margin-left: 1.3em;\">腰墊背面備設繫帶，可調校長度，方便固定腰墊</li>\r\n<li style=\"margin-bottom: 0.6em; margin-left: 1.3em;\">為脊醫、物理治療師及骨科手術醫生所推薦</li>\r\n</ul>\r\n<p style=\"margin-bottom: 1.3em; color: #333333; font-family: proxima_nova, Arial, \'Microsoft JhengHei\', \'Heiti TC\', \'Microsoft Yahei\', PMingLiU, sans-serif; font-size: 16px;\"><span style=\"font-weight: bolder;\">產品優點</span></p>\r\n<ul style=\"list-style-position: initial; list-style-image: initial; padding: 0px; margin-bottom: 1.3em; color: #333333; font-family: proxima_nova, Arial, \'Microsoft JhengHei\', \'Heiti TC\', \'Microsoft Yahei\', PMingLiU, sans-serif; font-size: 16px;\">\r\n<li style=\"margin-bottom: 0.6em; margin-left: 1.3em;\">人體工學腰墊，有助承托及維持腰椎健康弧度</li>\r\n<li style=\"margin-bottom: 0.6em; margin-left: 1.3em;\">適用於大部份辦公室座椅</li>\r\n<li style=\"margin-bottom: 0.6em; margin-left: 1.3em;\">舒適絨套附拉鍊設計，方便拆出清洗</li>\r\n</ul>\r\n<p style=\"margin-bottom: 1.3em; color: #333333; font-family: proxima_nova, Arial, \'Microsoft JhengHei\', \'Heiti TC\', \'Microsoft Yahei\', PMingLiU, sans-serif; font-size: 16px;\">產品特色</p>\r\n<ul style=\"list-style-position: initial; list-style-image: initial; padding: 0px; margin-bottom: 1.3em; color: #333333; font-family: proxima_nova, Arial, \'Microsoft JhengHei\', \'Heiti TC\', \'Microsoft Yahei\', PMingLiU, sans-serif; font-size: 16px;\">\r\n<li style=\"margin-bottom: 0.6em; margin-left: 1.3em;\">適合需要長時間安坐的人使用，腰痛及腰椎間盤突出患者尤其適用</li>\r\n<li style=\"margin-bottom: 0.6em; margin-left: 1.3em;\">輕巧易攜，舒適耐用</li>\r\n<li style=\"margin-bottom: 0.6em; margin-left: 1.3em;\">方便辦公室、家裡或旅途時使用</li>\r\n</ul>', '主要功能\r\n\r\n採用高密度聚氨酯製造，堅挺耐用\r\n符合BS7176阻燃防火標準\r\n腰墊背面備設繫帶，可調校長度，方便固定腰墊\r\n為脊醫、物理治療師及骨科手術醫生所推薦\r\n\r\n產品優點\r\n\r\n人體工學腰墊，有助承托及維持腰椎健康弧度\r\n適用於大部份辦公室座椅\r\n舒適絨套附拉鍊設計，方便拆出清洗\r\n\r\n產品特色\r\n\r\n適合需要長時間安坐的人使用，腰痛及腰椎間盤突出患者尤其適用\r\n輕巧易攜，舒適耐用\r\n方便辦公室、家裡或旅途時使用', NULL, NULL, NULL, 0, 0, -1, 0, 0, '0.00', '0.00', '0.00', '0.00', 0, 1, 0, 0, NULL, '', 7, NULL, NULL, 0, '腰墊', '腰墊', 0, 0, NULL, 0, NULL, 1, '2018-12-27 04:53:33', '2018-12-27 05:18:50', 2, 1),
(67, 277, NULL, NULL, NULL, NULL, NULL, NULL, 'Maki 四腳枴杖 (花紋系列)', NULL, 'Screen20Shot2012-27-1820at2001.png', '提供穩固支撐，可調校高度', '<p style=\"margin-bottom: 1.3em; color: #333333; font-family: proxima_nova, Arial, \'Microsoft JhengHei\', \'Heiti TC\', \'Microsoft Yahei\', PMingLiU, sans-serif; font-size: 16px;\"><span style=\"font-weight: bolder;\">主要功能</span></p>\r\n<ul style=\"list-style-position: initial; list-style-image: initial; padding: 0px; margin-bottom: 1.3em; color: #333333; font-family: proxima_nova, Arial, \'Microsoft JhengHei\', \'Heiti TC\', \'Microsoft Yahei\', PMingLiU, sans-serif; font-size: 16px;\">\r\n<li style=\"margin-bottom: 0.6em; margin-left: 1.3em;\">四腳拐杖提供穩固支撐</li>\r\n<li style=\"margin-bottom: 0.6em; margin-left: 1.3em;\">拐杖高度可調校</li>\r\n</ul>\r\n<p style=\"margin-bottom: 1.3em; color: #333333; font-family: proxima_nova, Arial, \'Microsoft JhengHei\', \'Heiti TC\', \'Microsoft Yahei\', PMingLiU, sans-serif; font-size: 16px;\"><span style=\"font-weight: bolder;\">產品優點</span></p>\r\n<ul style=\"list-style-position: initial; list-style-image: initial; padding: 0px; margin-bottom: 1.3em; color: #333333; font-family: proxima_nova, Arial, \'Microsoft JhengHei\', \'Heiti TC\', \'Microsoft Yahei\', PMingLiU, sans-serif; font-size: 16px;\">\r\n<li style=\"margin-bottom: 0.6em; margin-left: 1.3em;\">比一般單腳拐杖更穩固和安全</li>\r\n<li style=\"margin-bottom: 0.6em; margin-left: 1.3em;\">備有特輕 600 g 款式，適合手力欠佳用者</li>\r\n</ul>\r\n<p style=\"margin-bottom: 1.3em; color: #333333; font-family: proxima_nova, Arial, \'Microsoft JhengHei\', \'Heiti TC\', \'Microsoft Yahei\', PMingLiU, sans-serif; font-size: 16px;\">產品特色</p>\r\n<ul style=\"list-style-position: initial; list-style-image: initial; padding: 0px; margin-bottom: 1.3em; color: #333333; font-family: proxima_nova, Arial, \'Microsoft JhengHei\', \'Heiti TC\', \'Microsoft Yahei\', PMingLiU, sans-serif; font-size: 16px;\">\r\n<li style=\"margin-bottom: 0.6em; margin-left: 1.3em;\">上落樓梯或斜路時，可按需要調整合適的拐杖高度</li>\r\n</ul>', '主要功能\r\n\r\n四腳拐杖提供穩固支撐\r\n拐杖高度可調校\r\n\r\n產品優點\r\n\r\n比一般單腳拐杖更穩固和安全\r\n備有特輕 600 g 款式，適合手力欠佳用者\r\n\r\n產品特色\r\n\r\n上落樓梯或斜路時，可按需要調整合適的拐杖高度', NULL, NULL, NULL, 0, 0, -1, 0, 1, '0.00', '0.00', '0.00', '0.00', 0, 1, 0, 0, NULL, '', 5, NULL, NULL, 0, '四腳枴杖', '四腳枴杖', 0, 0, NULL, 0, NULL, 1, '2018-12-27 05:18:53', '2018-12-27 05:23:37', 2, 1),
(68, 277, NULL, NULL, NULL, NULL, NULL, NULL, 'Maki 超輕四腳枴杖', NULL, 'Maki20E8B685E8BC95E59B9BE885B3E69EB4E69D96.jpg', '提供穩固支撐，可調校高度', '<p style=\"margin-bottom: 1.3em; color: #333333; font-family: proxima_nova, Arial, \'Microsoft JhengHei\', \'Heiti TC\', \'Microsoft Yahei\', PMingLiU, sans-serif; font-size: 16px;\"><span style=\"font-weight: bolder;\">主要功能</span></p>\r\n<ul style=\"list-style-position: initial; list-style-image: initial; padding: 0px; margin-bottom: 1.3em; color: #333333; font-family: proxima_nova, Arial, \'Microsoft JhengHei\', \'Heiti TC\', \'Microsoft Yahei\', PMingLiU, sans-serif; font-size: 16px;\">\r\n<li style=\"margin-bottom: 0.6em; margin-left: 1.3em;\">四腳拐杖提供穩固支撐</li>\r\n<li style=\"margin-bottom: 0.6em; margin-left: 1.3em;\">拐杖高度可調校</li>\r\n</ul>\r\n<p style=\"margin-bottom: 1.3em; color: #333333; font-family: proxima_nova, Arial, \'Microsoft JhengHei\', \'Heiti TC\', \'Microsoft Yahei\', PMingLiU, sans-serif; font-size: 16px;\"><span style=\"font-weight: bolder;\">產品優點</span></p>\r\n<ul style=\"list-style-position: initial; list-style-image: initial; padding: 0px; margin-bottom: 1.3em; color: #333333; font-family: proxima_nova, Arial, \'Microsoft JhengHei\', \'Heiti TC\', \'Microsoft Yahei\', PMingLiU, sans-serif; font-size: 16px;\">\r\n<li style=\"margin-bottom: 0.6em; margin-left: 1.3em;\">比一般單腳拐杖更穩固和安全</li>\r\n<li style=\"margin-bottom: 0.6em; margin-left: 1.3em;\">特輕 600 g 款式，適合手力欠佳用者</li>\r\n</ul>\r\n<p style=\"margin-bottom: 1.3em; color: #333333; font-family: proxima_nova, Arial, \'Microsoft JhengHei\', \'Heiti TC\', \'Microsoft Yahei\', PMingLiU, sans-serif; font-size: 16px;\">產品特色</p>\r\n<ul style=\"list-style-position: initial; list-style-image: initial; padding: 0px; margin-bottom: 1.3em; color: #333333; font-family: proxima_nova, Arial, \'Microsoft JhengHei\', \'Heiti TC\', \'Microsoft Yahei\', PMingLiU, sans-serif; font-size: 16px;\">\r\n<li style=\"margin-bottom: 0.6em; margin-left: 1.3em;\">上落樓梯或斜路時，可按需要調整合適的拐杖高度</li>\r\n</ul>', '主要功能\r\n\r\n四腳拐杖提供穩固支撐\r\n拐杖高度可調校\r\n\r\n產品優點\r\n\r\n比一般單腳拐杖更穩固和安全\r\n特輕 600 g 款式，適合手力欠佳用者\r\n\r\n產品特色\r\n\r\n上落樓梯或斜路時，可按需要調整合適的拐杖高度', NULL, NULL, NULL, 0, 0, -1, 0, 0, '0.00', '0.00', '0.00', '0.00', 0, 1, 0, 0, NULL, '', 7, NULL, NULL, 0, NULL, NULL, 0, 0, NULL, 0, NULL, 1, '2018-12-27 05:24:02', '2018-12-27 05:32:54', 2, 1),
(69, 277, NULL, NULL, NULL, NULL, NULL, NULL, 'Maki 四腳拐杖 (新款淨色)', NULL, 'Maki20E59B9BE885B3E68B90E69D962028E696B0E6ACBEE6B7A8E889B229.jpg', '日本四腳拐杖優質耐用，提供穩固支撐，四腳拐杖可調校高度，獲日本SG安全認証。', '<p style=\"margin-bottom: 1.3em; color: #333333; font-family: proxima_nova, Arial, \'Microsoft JhengHei\', \'Heiti TC\', \'Microsoft Yahei\', PMingLiU, sans-serif; font-size: 16px;\"><span style=\"font-weight: bolder;\">主要功能</span></p>\r\n<ul style=\"list-style-position: initial; list-style-image: initial; padding: 0px; margin-bottom: 1.3em; color: #333333; font-family: proxima_nova, Arial, \'Microsoft JhengHei\', \'Heiti TC\', \'Microsoft Yahei\', PMingLiU, sans-serif; font-size: 16px;\">\r\n<li style=\"margin-bottom: 0.6em; margin-left: 1.3em;\">四腳拐杖提供穩固支撐</li>\r\n<li style=\"margin-bottom: 0.6em; margin-left: 1.3em;\">10段高度調較 (64.5-87 cm)</li>\r\n<li style=\"margin-bottom: 0.6em; margin-left: 1.3em;\">重量：850 g</li>\r\n<li style=\"margin-bottom: 0.6em; margin-left: 1.3em;\">防滑PVC手柄</li>\r\n<li style=\"margin-bottom: 0.6em; margin-left: 1.3em;\">日本SG安全認証</li>\r\n</ul>\r\n<p style=\"margin-bottom: 1.3em; color: #333333; font-family: proxima_nova, Arial, \'Microsoft JhengHei\', \'Heiti TC\', \'Microsoft Yahei\', PMingLiU, sans-serif; font-size: 16px;\"><span style=\"font-weight: bolder;\">產品優點</span></p>\r\n<ul style=\"list-style-position: initial; list-style-image: initial; padding: 0px; margin-bottom: 1.3em; color: #333333; font-family: proxima_nova, Arial, \'Microsoft JhengHei\', \'Heiti TC\', \'Microsoft Yahei\', PMingLiU, sans-serif; font-size: 16px;\">\r\n<li style=\"margin-bottom: 0.6em; margin-left: 1.3em;\">比一般單腳拐杖更穩固和安全</li>\r\n</ul>\r\n<p style=\"margin-bottom: 1.3em; color: #333333; font-family: proxima_nova, Arial, \'Microsoft JhengHei\', \'Heiti TC\', \'Microsoft Yahei\', PMingLiU, sans-serif; font-size: 16px;\">產品特色</p>\r\n<ul style=\"list-style-position: initial; list-style-image: initial; padding: 0px; margin-bottom: 1.3em; color: #333333; font-family: proxima_nova, Arial, \'Microsoft JhengHei\', \'Heiti TC\', \'Microsoft Yahei\', PMingLiU, sans-serif; font-size: 16px;\">\r\n<li style=\"margin-bottom: 0.6em; margin-left: 1.3em;\">上落樓梯或斜路時，可按需要調整合適的拐杖高度</li>\r\n</ul>', '主要功能\r\n\r\n四腳拐杖提供穩固支撐\r\n10段高度調較 (64.5-87 cm)\r\n重量：850 g\r\n防滑PVC手柄\r\n日本SG安全認証\r\n\r\n產品優點\r\n\r\n比一般單腳拐杖更穩固和安全\r\n\r\n產品特色\r\n\r\n上落樓梯或斜路時，可按需要調整合適的拐杖高度', NULL, NULL, NULL, 0, 0, -1, 0, 0, '0.00', '0.00', '0.00', '0.00', 0, 1, 0, 0, NULL, '', 4, NULL, NULL, 0, '四腳拐杖', '四腳拐杖', 0, 0, NULL, 0, NULL, 1, '2018-12-27 05:33:41', '2018-12-27 05:37:38', 2, 1);

-- --------------------------------------------------------

--
-- 資料表結構 `wos_shop_products_attrs`
--

CREATE TABLE `wos_shop_products_attrs` (
  `id` int UNSIGNED NOT NULL,
  `product_id` int UNSIGNED NOT NULL,
  `attr_id` int UNSIGNED NOT NULL,
  `value` text
) ENGINE=InnoDB DEFAULT CHARSET=utf8mb3 ROW_FORMAT=COMPACT;

-- --------------------------------------------------------

--
-- 資料表結構 `wos_shop_products_images`
--

CREATE TABLE `wos_shop_products_images` (
  `id` int UNSIGNED NOT NULL,
  `product_id` int UNSIGNED NOT NULL,
  `title` varchar(255) DEFAULT NULL,
  `img_name` varchar(255) DEFAULT NULL,
  `ordering` int NOT NULL DEFAULT '0'
) ENGINE=InnoDB DEFAULT CHARSET=utf8mb3;

--
-- 傾印資料表的資料 `wos_shop_products_images`
--

INSERT INTO `wos_shop_products_images` (`id`, `product_id`, `title`, `img_name`, `ordering`) VALUES
(1, 0, '', NULL, 0),
(2, 0, '', NULL, 0),
(3, 0, '', NULL, 0),
(4, 0, '', NULL, 0),
(8, 0, '', NULL, 0),
(9, 0, '', NULL, 0),
(10, 0, '', NULL, 0),
(11, 40, '電子體溫計', 'E9AB94E6BAABE8A88820-20Beurer20FT1520E99BBBE5AD90E9AB94E6BAABE8A888_1.jpg', 0),
(12, 0, '', NULL, 0),
(14, 0, '', NULL, 0),
(15, 0, '', NULL, 0),
(16, 0, '', NULL, 0),
(17, 0, '', NULL, 0),
(18, 0, '', NULL, 0),
(19, 38, '', 'E8BCB8E6A48520-20Maki20E8BC95E9878FE8BCAAE6A485.jpg', 0),
(20, 0, '', NULL, 0),
(21, 0, '', NULL, 0),
(22, 0, '', NULL, 0),
(23, 0, '', NULL, 0),
(24, 0, '', NULL, 0),
(25, 0, '', NULL, 0),
(26, 0, '', NULL, 0),
(27, 0, '', NULL, 0),
(29, 0, '', NULL, 0),
(30, 0, '', NULL, 0),
(31, 0, '', NULL, 0),
(32, 0, '', NULL, 0),
(33, 0, '', NULL, 0),
(34, 0, '', NULL, 0),
(35, 0, '', NULL, 0),
(36, 0, '', NULL, 0),
(37, 0, '', NULL, 0),
(38, 0, '', NULL, 0),
(39, 0, '', NULL, 0),
(40, 0, '', NULL, 0),
(41, 0, '', NULL, 0),
(42, 0, '', NULL, 0),
(43, 0, '', NULL, 0),
(44, 0, '', NULL, 0),
(45, 0, '', NULL, 0),
(46, 0, '', NULL, 0),
(47, 0, '', NULL, 0),
(48, 0, '', NULL, 0),
(49, 0, '', NULL, 0),
(50, 0, '', NULL, 0),
(51, 0, '', NULL, 0),
(52, 0, '', NULL, 0),
(53, 0, '', NULL, 0),
(54, 0, '', NULL, 0),
(55, 0, '', NULL, 0),
(56, 0, '', NULL, 0),
(57, 0, '', NULL, 0),
(58, 0, '', NULL, 0),
(59, 0, '', NULL, 0),
(60, 0, '', NULL, 0),
(61, 0, '', NULL, 0),
(62, 0, '', NULL, 0),
(63, 0, '', NULL, 0),
(64, 0, '', NULL, 0),
(65, 0, '', NULL, 0),
(66, 0, '', NULL, 0),
(67, 0, '', NULL, 0),
(68, 0, '', NULL, 0),
(69, 0, '', NULL, 0),
(70, 0, '', NULL, 0),
(71, 0, '', NULL, 0),
(72, 0, '', NULL, 0),
(73, 0, '', NULL, 0),
(74, 0, '', NULL, 0),
(75, 0, '', NULL, 0),
(76, 0, '', NULL, 0),
(77, 0, '', NULL, 0),
(78, 0, '', NULL, 0),
(79, 0, '', NULL, 0),
(80, 0, '', NULL, 0),
(81, 0, '', NULL, 0),
(82, 0, '', NULL, 0),
(83, 0, '', NULL, 0),
(84, 0, '', NULL, 0),
(85, 0, '', NULL, 0),
(86, 0, '', NULL, 0),
(87, 0, '', NULL, 0),
(88, 0, '', NULL, 0),
(89, 0, '', NULL, 0),
(90, 0, '', NULL, 0),
(91, 0, '', NULL, 0),
(92, 0, '', NULL, 0),
(93, 0, '', NULL, 0),
(94, 0, '', NULL, 0),
(95, 0, '', NULL, 0),
(96, 0, '', NULL, 0),
(97, 0, '', NULL, 0),
(98, 0, '', NULL, 0),
(99, 0, '', NULL, 0),
(100, 0, '', NULL, 0),
(101, 0, '', NULL, 0),
(102, 0, '', NULL, 0),
(103, 9, '', 'E5BAA7E78E8B20NAH-F5NA-F720E5BE8CE582BEE8BCAAE6A4852.jpg', 0),
(104, 9, '', 'E5BAA7E78E8B20NAH-F5NA-F720E5BE8CE582BEE8BCAAE6A4853.jpg', 0),
(105, 9, '', 'E5BAA7E78E8B20NAH-F5NA-F720E5BE8CE582BEE8BCAAE6A4854.jpg', 0),
(106, 0, '', NULL, 0),
(107, 0, '', NULL, 0),
(111, 6, '', 'E586B7E786B1E6B2BBE79982E794A8E5938120-20E69F94E8BB9FE586B7E786B1E5A28A28E5A4A729_2.jpg', 0),
(112, 6, '', 'E586B7E786B1E6B2BBE79982E794A8E5938120-20E69F94E8BB9FE586B7E786B1E5A28A28E7B4B029_3.jpg', 0),
(113, 6, '', 'E586B7E786B1E6B2BBE79982E794A8E5938120-20E69F94E8BB9FE586B7E786B1E5A28A28E9A0B829.jpg', 0),
(114, 0, '', NULL, 0),
(115, 0, '', NULL, 0),
(116, 0, '', NULL, 0),
(117, 0, '', NULL, 0),
(118, 0, '', NULL, 0),
(119, 0, '', NULL, 0),
(120, 0, '', NULL, 0),
(121, 0, '', NULL, 0),
(122, 0, '', NULL, 0),
(123, 0, '', NULL, 0),
(124, 0, '', NULL, 0),
(125, 0, '', NULL, 0),
(126, 0, '', NULL, 0),
(127, 0, '', NULL, 0),
(128, 0, '', NULL, 0),
(129, 0, '', NULL, 0),
(130, 0, '', NULL, 0),
(131, 0, '', NULL, 0),
(132, 0, '', NULL, 0),
(133, 0, '', NULL, 0),
(134, 0, '', NULL, 0),
(135, 0, '', NULL, 0),
(137, 0, '', NULL, 0),
(138, 0, '', NULL, 0),
(139, 45, 'Maki 鋁合金輪椅', 'E8BCAAE6A48520-20Maki20E98B81E59088E98791E8BCAAE6A4853.jpg', 0),
(140, 45, 'Maki 鋁合金輪椅', 'E8BCAAE6A48520-20Maki20E98B81E59088E98791E8BCAAE6A4852.jpg', 0),
(141, 0, '', NULL, 0),
(142, 46, 'Miki HUT 鋁合金輪椅', 'E8BCAAE6A48520-20Miki20HUT20E98B81E59088E98791E8BCAAE6A48528E7B4B0E8BD8629_1.jpg', 0),
(143, 46, 'Miki HUT 鋁合金輪椅', 'E8BCAAE6A48520-20Miki20HUT20E98B81E59088E98791E8BCAAE6A485.jpg', 0),
(144, 46, 'Miki HUT 鋁合金輪椅', 'E8BCAAE6A48520-20Maki20E98B81E59088E98791E8BCAAE6A4853.jpg', 0),
(145, 0, '', NULL, 0),
(146, 47, ' Nissin L7/L8 超輕輪椅', 'E8BCAAE6A48520-20Nissin20L720L820E8B685E8BC95E8BCAAE6A48528E5A4A7E8BD8629.jpg', 0),
(147, 0, '', NULL, 0),
(148, 48, 'Nissin 座王 NAH-F5/NA-F7 後傾輪椅', 'E8BCAAE6A48520-20Nissin20E5BAA7E78E8B20NAH-F5NA-F720E5BE8CE582BEE8BCAAE6A4852.jpg', 2),
(149, 48, 'Nissin 座王 NAH-F5/NA-F7 後傾輪椅', 'E8BCAAE6A48520-20Nissin20E5BAA7E78E8B20NAH-F5NA-F720E5BE8CE582BEE8BCAAE6A48528E8978DE889B229.jpg', 1),
(150, 48, 'Nissin 座王 NAH-F5/NA-F7 後傾輪椅', 'E8BCAAE6A48520-20Nissin20E5BAA7E78E8B20NAH-F5NA-F720E5BE8CE582BEE8BCAAE6A485.jpg', 3),
(151, 48, 'Nissin 座王 NAH-F5/NA-F7 後傾輪椅', 'E8BCAAE6A48520-20Nissin20E5BAA7E78E8B20NAH-F5NA-F720E5BE8CE582BEE8BCAAE6A48528E7B485E889B229_1.jpg', 0),
(152, 0, '', NULL, 0),
(153, 0, '', NULL, 0),
(154, 0, '', NULL, 0),
(155, 0, '', NULL, 0),
(156, 0, '', NULL, 0),
(157, 0, '', NULL, 0),
(158, 0, '', NULL, 0),
(159, 0, '', NULL, 0),
(160, 0, '', NULL, 0),
(161, 0, '', NULL, 0),
(162, 49, 'Karma 手動輪椅(小後輪) ', 'Karma20E6898BE58B95E8BCAAE6A48528E5B08FE5BE8CE8BCAA2920E88BB1E59C8BE59381E7898CS-ERGO2010520F-14.jpg', 0),
(163, 49, 'Karma 手動輪椅(大後輪) ', 'Karma20E6898BE58B95E8BCAAE6A48528E5A4A7E5BE8CE8BCAA2920E88BB1E59C8BE59381E7898CS-ergo10520F-24.jpg', 0),
(164, 0, '', NULL, 0),
(165, 0, '', NULL, 0),
(166, 0, '', NULL, 0),
(167, 0, '', NULL, 0),
(168, 0, '', NULL, 0),
(169, 0, '', NULL, 0),
(170, 0, '', NULL, 0),
(171, 0, '', NULL, 0),
(172, 52, '', 'Screen20Shot2012-10-1820at2004_1.png', 0),
(174, 52, '', 'Screen20Shot2012-10-1820at2004_2.png', 0),
(176, 0, '', NULL, 0),
(177, 0, '', NULL, 0),
(178, 0, '', NULL, 0),
(179, 0, '', NULL, 0),
(180, 0, '', NULL, 0),
(181, 0, '', NULL, 0),
(182, 0, '', NULL, 0),
(183, 0, '', NULL, 0),
(184, 0, '', NULL, 0),
(186, 58, '雙人電暖床墊', 'PekathermE99BBBE69A96E5BA8AE5A28A2_1.jpg', 0),
(187, 0, '', NULL, 0),
(188, 0, '', NULL, 0),
(189, 0, '', NULL, 0),
(190, 0, '', NULL, 0),
(191, 0, '', NULL, 0),
(192, 0, '', NULL, 0),
(193, 60, '', 'Nissin20CBW20E58A9FE883BDE59E8B20E6898BE68EA8E8BCAAE6A48528E5A4A7E8BD8629.jpg', 0),
(194, 0, '', NULL, 0),
(195, 0, '', NULL, 0),
(196, 0, '', NULL, 0),
(197, 0, '', NULL, 0),
(198, 0, '', NULL, 0),
(199, 0, '', NULL, 0),
(200, 0, '', NULL, 0),
(202, 64, '', 'Maki20KS3020or205020E98B81E59088E98791E8BCAAE6A4853.jpg', 0),
(203, 0, '', NULL, 0),
(204, 0, '', NULL, 0),
(205, 0, '', NULL, 0),
(206, 0, '', NULL, 0),
(207, 0, '', NULL, 0),
(208, 66, '', 'Humana20E59C96E69FB1E59E8BE8BC95E4BEBFE885B0E5A28A2.jpg', 0),
(209, 66, '', 'Humana20E59C96E69FB1E59E8BE8BC95E4BEBFE885B0E5A28A3.jpg', 0),
(210, 0, '', NULL, 0),
(211, 0, '', NULL, 0),
(212, 0, '', NULL, 0),
(213, 0, '', NULL, 0),
(214, 0, '', NULL, 0),
(215, 0, '', NULL, 0),
(216, 0, '', NULL, 0),
(217, 0, '', NULL, 0),
(218, 0, '', NULL, 0);

-- --------------------------------------------------------

--
-- 資料表結構 `wos_shop_products_inventory`
--

CREATE TABLE `wos_shop_products_inventory` (
  `id` int UNSIGNED NOT NULL,
  `product_id` int UNSIGNED NOT NULL,
  `option_id` int UNSIGNED DEFAULT NULL,
  `option2_id` int UNSIGNED DEFAULT NULL,
  `option3_id` int UNSIGNED DEFAULT NULL,
  `inventory` int DEFAULT '-1'
) ENGINE=InnoDB DEFAULT CHARSET=utf8mb3;

--
-- 傾印資料表的資料 `wos_shop_products_inventory`
--

INSERT INTO `wos_shop_products_inventory` (`id`, `product_id`, `option_id`, `option2_id`, `option3_id`, `inventory`) VALUES
(5, 11, 35, NULL, NULL, -1),
(6, 11, 36, NULL, NULL, -1),
(7, 29, 1, NULL, NULL, -1),
(8, 29, 2, NULL, NULL, -1),
(9, 29, 3, NULL, NULL, -1),
(10, 10, 37, NULL, NULL, -1),
(11, 10, 38, NULL, NULL, -1),
(12, 10, 39, NULL, NULL, -1),
(13, 9, 46, NULL, NULL, -1),
(14, 9, 47, NULL, NULL, -1),
(15, 6, 48, NULL, NULL, -1),
(16, 6, 49, NULL, NULL, -1),
(17, 6, 50, NULL, NULL, -1);

-- --------------------------------------------------------

--
-- 資料表結構 `wos_shop_products_options`
--

CREATE TABLE `wos_shop_products_options` (
  `id` int UNSIGNED NOT NULL,
  `product_id` int UNSIGNED NOT NULL,
  `opt_group` varchar(255) NOT NULL,
  `name` varchar(255) NOT NULL,
  `img_name` varchar(255) DEFAULT NULL,
  `enabled` tinyint UNSIGNED NOT NULL DEFAULT '0',
  `required` tinyint UNSIGNED NOT NULL DEFAULT '0',
  `ordering` int UNSIGNED NOT NULL DEFAULT '0'
) ENGINE=InnoDB DEFAULT CHARSET=utf8mb3;

--
-- 傾印資料表的資料 `wos_shop_products_options`
--

INSERT INTO `wos_shop_products_options` (`id`, `product_id`, `opt_group`, `name`, `img_name`, `enabled`, `required`, `ordering`) VALUES
(1, 29, '尺碼', '全方位腰墊 (細) 53.3 - 58.4 cm (21” - 23”)', NULL, 0, 0, 0),
(2, 29, '尺碼', '全方位腰墊 (中) 58.4 - 63.5 cm (23” - 25”)', NULL, 0, 0, 0),
(3, 29, '尺碼', '全方位腰墊 (大) 63.5 - 68.8 cm (25” - 27”)', NULL, 0, 0, 0),
(10, 28, '尺碼', '腰墊(細)', NULL, 0, 0, 0),
(11, 28, '尺碼', '腰墊(中)', NULL, 0, 0, 0),
(12, 28, '尺碼', '腰墊(大)', NULL, 0, 0, 0),
(13, 20, '種類', '鋁質U型沐浴椅(有背)', NULL, 0, 0, 0),
(14, 20, '種類', '鋁質U型沐浴椅(無背)', NULL, 0, 0, 0),
(23, 15, '扶柄', '有', NULL, 0, 0, 0),
(24, 15, '扶柄', '無', NULL, 0, 0, 0),
(25, 15, '顏色', '粉紅', NULL, 0, 0, 0),
(26, 15, '顏色', '綠', NULL, 0, 0, 0),
(31, 14, '顏色', '藍色', NULL, 0, 0, 0),
(32, 14, '顏色', '綠色', NULL, 0, 0, 0),
(33, 13, '摺疊', '可摺疊', NULL, 0, 0, 0),
(34, 13, '摺疊', '不可摺疊', NULL, 0, 0, 0),
(35, 11, '顏色', '銀色', NULL, 0, 0, 0),
(36, 11, '顏色', '黑色', NULL, 0, 0, 0),
(37, 10, '顏色', '藍白色', NULL, 0, 0, 0),
(38, 10, '顏色', '暗紅色', NULL, 0, 0, 0),
(39, 10, '顏色', '藍色', NULL, 0, 0, 0),
(46, 9, '顏色', '紅色', 'E5BAA7E78E8B20NAH-F5NA-F720E5BE8CE582BEE8BCAAE6A485_4.jpg', 0, 0, 0),
(47, 9, '顏色', '藍色', 'E5BAA7E78E8B20NAH-F5NA-F720E5BE8CE582BEE8BCAAE6A4852_4.jpg', 0, 0, 0),
(48, 6, '尺寸', '大碼', 'E586B7E786B1E6B2BBE79982E794A8E5938120-20E69F94E8BB9FE586B7E786B1E5A28A28E5A4A729_3.jpg', 0, 0, 0),
(49, 6, '尺寸', '細碼', 'E586B7E786B1E6B2BBE79982E794A8E5938120-20E69F94E8BB9FE586B7E786B1E5A28A28E7B4B029_4.jpg', 0, 0, 0),
(50, 6, '尺寸', '頸碼', 'E586B7E786B1E6B2BBE79982E794A8E5938120-20E69F94E8BB9FE586B7E786B1E5A28A28E9A0B829_1.jpg', 0, 0, 0),
(55, 45, '座寬', '16\"座寬', NULL, 0, 0, 0),
(56, 45, '座寬', '18\"座寬', NULL, 0, 0, 0),
(57, 45, '顏色', '藍色', NULL, 0, 0, 0),
(58, 45, '顏色', '綠色', NULL, 0, 0, 0),
(59, 46, '請選取一項', '後輪直徑16\" (綠色)', NULL, 0, 0, 0),
(60, 46, '請選取一項', '後輪直徑16\" (紫色)', NULL, 0, 0, 0),
(61, 46, '請選取一項', '後輪直徑16\" (黑色)', NULL, 0, 0, 0),
(62, 46, '請選取一項', '後輪直徑22\" (黑色)', NULL, 0, 0, 0),
(63, 46, '請選取一項', '後輪直徑22\" (紫色)', NULL, 0, 0, 0),
(64, 47, '請選取一項', '細輪 NI-NAH-L7 (粉藍)', NULL, 0, 0, 0),
(65, 47, '請選取一項', '細輪 NI-NAH-L7 (粉紅)', NULL, 0, 0, 0),
(66, 47, '請選取一項', '大輪 NI-NA-L8 (粉藍)', NULL, 0, 0, 0),
(67, 48, '座寬', '16.5\" 細輪', NULL, 0, 0, 0),
(68, 48, '座寬', '18\" 大輪', NULL, 0, 0, 0),
(69, 48, '顏色', '紅色', NULL, 0, 0, 0),
(70, 48, '顏色', '藍色', NULL, 0, 0, 0),
(71, 49, '輪子尺寸', '小輪', NULL, 0, 0, 0),
(72, 49, '輪子尺寸', '大輪', NULL, 0, 0, 0),
(73, 58, '尺寸', '單人 (150cm x 80cm)', NULL, 0, 0, 0),
(74, 58, '尺寸', '雙人 (150cm x 160cm)', NULL, 0, 0, 0),
(75, 59, '尺寸', '中碼', NULL, 0, 0, 0),
(76, 59, '尺寸', '大碼', NULL, 0, 0, 0),
(77, 60, '輪子尺寸', '大輪', 'Nissin20CBW20E58A9FE883BDE59E8B20E6898BE68EA8E8BCAAE6A48528E5A4A7E8BD8629_1.jpg', 0, 0, 0),
(78, 60, '輪子尺寸', '小輪', 'Nissin20CBW20E58A9FE883BDE59E8B20E6898BE68EA8E8BCAAE6A485_1.jpg', 0, 0, 0),
(79, 60, '顏色', '綠色', NULL, 0, 0, 0),
(80, 60, '顏色', '灰色', NULL, 0, 0, 0),
(81, 64, '車輪', '小輪16\" (綠色)', NULL, 0, 0, 0),
(82, 64, '車輪', '大輪22\" (綠色)', NULL, 0, 0, 0),
(83, 64, '座寬', '16\"', NULL, 0, 0, 0),
(84, 64, '座寬', '18\"', NULL, 0, 0, 0),
(85, 67, '顏色', '藍色', NULL, 0, 0, 0),
(86, 67, '顏色', '紅色', NULL, 0, 0, 0);

-- --------------------------------------------------------

--
-- 資料表結構 `wos_shop_products_prices`
--

CREATE TABLE `wos_shop_products_prices` (
  `id` int UNSIGNED NOT NULL,
  `product_id` int UNSIGNED NOT NULL,
  `option_id` int UNSIGNED DEFAULT NULL,
  `option2_id` int UNSIGNED DEFAULT NULL,
  `option3_id` int UNSIGNED DEFAULT NULL,
  `ranking_id` int UNSIGNED DEFAULT NULL,
  `price` decimal(10,2) UNSIGNED NOT NULL,
  `discount_price` decimal(10,2) UNSIGNED DEFAULT NULL,
  `ordering` int NOT NULL DEFAULT '0'
) ENGINE=InnoDB DEFAULT CHARSET=utf8mb3;

--
-- 傾印資料表的資料 `wos_shop_products_prices`
--

INSERT INTO `wos_shop_products_prices` (`id`, `product_id`, `option_id`, `option2_id`, `option3_id`, `ranking_id`, `price`, `discount_price`, `ordering`) VALUES
(4, 4, NULL, NULL, NULL, NULL, '999.00', NULL, 0),
(5, 5, NULL, NULL, NULL, NULL, '999.00', NULL, 0),
(6, 6, NULL, NULL, NULL, NULL, '110.00', '94.00', 0),
(13, 13, NULL, NULL, NULL, NULL, '295.00', '251.00', 0),
(34, 34, NULL, NULL, NULL, NULL, '999.00', NULL, 0),
(54, 40, NULL, NULL, NULL, NULL, '190.00', '305.00', 0),
(69, 35, NULL, NULL, NULL, NULL, '12000.00', '10200.00', 0),
(71, 36, NULL, NULL, NULL, NULL, '3200.00', '2720.00', 0),
(73, 33, NULL, NULL, NULL, NULL, '1080.00', '918.00', 0),
(74, 32, NULL, NULL, NULL, NULL, '698.00', '593.00', 0),
(85, 29, NULL, NULL, NULL, NULL, '1513.00', '1780.00', 0),
(86, 29, 1, NULL, NULL, NULL, '1690.00', '1513.00', 0),
(87, 29, 2, NULL, NULL, NULL, '1780.00', '1615.00', 0),
(88, 29, 3, NULL, NULL, NULL, '1850.00', '1768.00', 0),
(98, 27, NULL, NULL, NULL, NULL, '380.00', '323.00', 0),
(99, 26, NULL, NULL, NULL, NULL, '58.00', '49.00', 0),
(100, 25, NULL, NULL, NULL, NULL, '65.00', '55.00', 0),
(101, 24, NULL, NULL, NULL, NULL, '95.00', '81.00', 0),
(102, 23, NULL, NULL, NULL, NULL, '158.00', '68.00', 0),
(103, 22, NULL, NULL, NULL, NULL, '42.00', '40.00', 0),
(112, 20, NULL, NULL, NULL, NULL, '598.00', '508.00', 0),
(113, 20, 13, NULL, NULL, NULL, '598.00', '508.00', 0),
(114, 20, 14, NULL, NULL, NULL, '450.00', '383.00', 0),
(115, 41, NULL, NULL, NULL, NULL, '3200.00', '2720.00', 0),
(117, 21, NULL, NULL, NULL, NULL, '840.00', '714.00', 0),
(118, 19, NULL, NULL, NULL, NULL, '900.00', '765.00', 0),
(120, 18, NULL, NULL, NULL, NULL, '830.00', '706.00', 0),
(121, 16, NULL, NULL, NULL, NULL, '1780.00', '1513.00', 0),
(135, 15, NULL, NULL, NULL, NULL, '1350.00', '1148.00', 0),
(136, 15, 23, 25, NULL, NULL, '1350.00', '1148.00', 0),
(137, 15, 23, 26, NULL, NULL, '1350.00', '1148.00', 0),
(138, 15, 24, 25, NULL, NULL, '950.00', '808.00', 0),
(139, 15, 24, 26, NULL, NULL, '950.00', '808.00', 0),
(145, 14, NULL, NULL, NULL, NULL, '245.00', '208.00', 0),
(146, 14, 31, NULL, NULL, NULL, '245.00', '208.00', 0),
(147, 14, 32, NULL, NULL, NULL, '245.00', '208.00', 0),
(148, 13, 33, NULL, NULL, NULL, '295.00', '251.00', 0),
(149, 13, 34, NULL, NULL, NULL, '295.00', '251.00', 0),
(150, 12, NULL, NULL, NULL, NULL, '280.00', '238.00', 0),
(151, 11, NULL, NULL, NULL, NULL, '280.00', '238.00', 0),
(152, 11, 35, NULL, NULL, NULL, '280.00', '238.00', 0),
(153, 11, 36, NULL, NULL, NULL, '280.00', '238.00', 0),
(159, 10, NULL, NULL, NULL, NULL, '380.00', '323.00', 0),
(160, 10, 37, NULL, NULL, NULL, '380.00', '323.00', 0),
(161, 10, 38, NULL, NULL, NULL, '380.00', '323.00', 0),
(162, 10, 39, NULL, NULL, NULL, '380.00', '323.00', 0),
(171, 9, NULL, NULL, NULL, NULL, '12000.00', '10200.00', 0),
(172, 9, 46, NULL, NULL, NULL, '12000.00', '10200.00', 0),
(173, 9, 47, NULL, NULL, NULL, '12000.00', '10200.00', 0),
(174, 8, NULL, NULL, NULL, NULL, '2450.00', '2083.00', 0),
(175, 7, NULL, NULL, NULL, NULL, '218.00', '185.00', 0),
(176, 6, 48, NULL, NULL, NULL, '175.00', '149.00', 0),
(177, 6, 49, NULL, NULL, NULL, '150.00', '128.00', 0),
(178, 6, 50, NULL, NULL, NULL, '110.00', '94.00', 0),
(179, 3, NULL, NULL, NULL, NULL, '430.00', '366.00', 0),
(181, 2, NULL, NULL, NULL, NULL, '750.00', '675.00', 0),
(182, 1, NULL, NULL, NULL, NULL, '598.00', '538.00', 0),
(183, 17, NULL, NULL, NULL, NULL, '60.00', '52.00', 0),
(190, 37, NULL, NULL, NULL, NULL, '2700.00', '2295.00', 0),
(191, 38, NULL, NULL, NULL, NULL, '2550.00', '2168.00', 0),
(194, 42, NULL, NULL, NULL, NULL, '799.00', NULL, 0),
(195, 39, NULL, NULL, NULL, NULL, '3700.00', '3145.00', 0),
(197, 43, NULL, NULL, NULL, NULL, '780.00', '663.00', 0),
(200, 44, NULL, NULL, NULL, NULL, '488.00', '415.00', 0),
(243, 46, NULL, NULL, NULL, NULL, '4180.00', '3553.00', 0),
(244, 46, 59, NULL, NULL, NULL, '4180.00', '3553.00', 0),
(245, 46, 60, NULL, NULL, NULL, '4180.00', '3553.00', 0),
(246, 46, 61, NULL, NULL, NULL, '4180.00', '3553.00', 0),
(247, 46, 62, NULL, NULL, NULL, '4180.00', '3553.00', 0),
(248, 46, 63, NULL, NULL, NULL, '4180.00', '3553.00', 0),
(256, 47, NULL, NULL, NULL, NULL, '3570.00', '3045.00', 0),
(257, 47, 64, NULL, NULL, NULL, '3383.00', '3045.00', 0),
(258, 47, 65, NULL, NULL, NULL, '3383.00', '3045.00', 0),
(259, 47, 66, NULL, NULL, NULL, '3570.00', '3213.00', 0),
(271, 28, NULL, NULL, NULL, NULL, '1428.00', '1680.00', 0),
(272, 28, 10, NULL, NULL, NULL, '1550.00', '1428.00', 0),
(273, 28, 11, NULL, NULL, NULL, '1550.00', '1428.00', 0),
(274, 28, 12, NULL, NULL, NULL, '1580.00', '1428.00', 0),
(276, 30, NULL, NULL, NULL, NULL, '328.00', '279.00', 0),
(278, 31, NULL, NULL, NULL, NULL, '738.00', '627.00', 0),
(314, 48, NULL, NULL, NULL, NULL, '11500.00', '9200.00', 0),
(315, 48, 67, 69, NULL, NULL, '11500.00', '9200.00', 0),
(316, 48, 67, 70, NULL, NULL, '11500.00', '9200.00', 0),
(317, 48, 68, 69, NULL, NULL, '12000.00', '9600.00', 0),
(318, 48, 68, 70, NULL, NULL, '12000.00', '9600.00', 0),
(319, 49, NULL, NULL, NULL, NULL, '4900.00', NULL, 0),
(320, 49, 71, NULL, NULL, NULL, '4999.00', NULL, 0),
(321, 49, 72, NULL, NULL, NULL, '5300.00', NULL, 0),
(327, 51, NULL, NULL, NULL, NULL, '4550.00', NULL, 0),
(328, 50, NULL, NULL, NULL, NULL, '4330.00', NULL, 0),
(333, 53, NULL, NULL, NULL, NULL, '599.00', NULL, 0),
(336, 55, NULL, NULL, NULL, NULL, '880.00', NULL, 0),
(338, 56, NULL, NULL, NULL, NULL, '1530.00', NULL, 0),
(339, 57, NULL, NULL, NULL, NULL, '888.00', NULL, 0),
(340, 52, NULL, NULL, NULL, NULL, '36000.00', NULL, 0),
(341, 58, NULL, NULL, NULL, NULL, '720.00', '540.00', 0),
(342, 58, 73, NULL, NULL, NULL, '720.00', '540.00', 0),
(343, 58, 74, NULL, NULL, NULL, '990.00', '743.00', 0),
(344, 59, NULL, NULL, NULL, NULL, '65.00', '51.00', 0),
(345, 59, 75, NULL, NULL, NULL, '60.00', '51.00', 0),
(346, 59, 76, NULL, NULL, NULL, '65.00', '55.00', 0),
(347, 54, NULL, NULL, NULL, NULL, '450.00', NULL, 0),
(348, 45, NULL, NULL, NULL, NULL, '2100.00', '1785.00', 0),
(349, 45, 55, 57, NULL, NULL, '2100.00', '1785.00', 0),
(350, 45, 55, 58, NULL, NULL, '2100.00', '1785.00', 0),
(351, 45, 56, 57, NULL, NULL, '2100.00', '1785.00', 0),
(352, 45, 56, 58, NULL, NULL, '2100.00', '1785.00', 0),
(355, 60, NULL, NULL, NULL, NULL, '3990.00', '3192.00', 0),
(356, 60, 77, 79, NULL, NULL, '3990.00', '3192.00', 0),
(357, 60, 77, 80, NULL, NULL, '3990.00', '3192.00', 0),
(358, 60, 78, 79, NULL, NULL, '3990.00', '3192.00', 0),
(359, 60, 78, 80, NULL, NULL, '3990.00', '3192.00', 0),
(360, 61, NULL, NULL, NULL, NULL, '680.00', '578.00', 0),
(363, 62, NULL, NULL, NULL, NULL, '1380.00', '1173.00', 0),
(365, 63, NULL, NULL, NULL, NULL, '1630.00', '1300.00', 0),
(369, 64, NULL, NULL, NULL, NULL, '2100.00', '1785.00', 0),
(373, 65, NULL, NULL, NULL, NULL, '2998.00', '2548.00', 0),
(376, 66, NULL, NULL, NULL, NULL, '180.00', '153.00', 0),
(377, 67, NULL, NULL, NULL, NULL, '408.00', '347.00', 0),
(378, 67, 85, NULL, NULL, NULL, '180.00', '153.00', 0),
(379, 67, 86, NULL, NULL, NULL, '180.00', '153.00', 0),
(381, 68, NULL, NULL, NULL, NULL, '408.00', '347.00', 0),
(384, 69, NULL, NULL, NULL, NULL, '278.00', '236.00', 0);

-- --------------------------------------------------------

--
-- 資料表結構 `wos_shop_products_related`
--

CREATE TABLE `wos_shop_products_related` (
  `id` int UNSIGNED NOT NULL,
  `product_id` int UNSIGNED NOT NULL,
  `related_id` int UNSIGNED NOT NULL,
  `bidirection` tinyint UNSIGNED DEFAULT '0'
) ENGINE=InnoDB DEFAULT CHARSET=utf8mb3;

-- --------------------------------------------------------

--
-- 資料表結構 `wos_shop_products_tags`
--

CREATE TABLE `wos_shop_products_tags` (
  `id` int UNSIGNED NOT NULL,
  `product_id` int UNSIGNED DEFAULT NULL,
  `user_id` int UNSIGNED DEFAULT NULL,
  `tag_value` varchar(255) DEFAULT NULL,
  `lock` tinyint UNSIGNED DEFAULT '0',
  `created` datetime DEFAULT NULL
) ENGINE=InnoDB DEFAULT CHARSET=utf8mb3;

--
-- 傾印資料表的資料 `wos_shop_products_tags`
--

INSERT INTO `wos_shop_products_tags` (`id`, `product_id`, `user_id`, `tag_value`, `lock`, `created`) VALUES
(1, 19, 2, '廁板增高器', 0, '2018-05-02 03:47:14'),
(2, 18, 2, '廁所安全架', 0, '2018-05-02 03:49:01'),
(3, 16, 2, '可摺疊便浴椅', 0, '2018-05-02 03:55:28'),
(4, 15, 2, '沐浴椅', 0, '2018-05-02 04:03:24'),
(5, 14, 2, '雨傘拐杖', 0, '2018-05-02 04:17:53'),
(6, 13, 2, '拐杖', 0, '2018-05-02 04:25:19'),
(7, 12, 2, '枴杖櫈', 0, '2018-05-02 04:30:04'),
(8, 11, 2, '拐杖', 0, '2018-05-02 04:33:33'),
(9, 10, 2, '拐杖', 0, '2018-05-02 04:39:30'),
(10, 9, 2, '輪椅', 0, '2018-05-02 05:08:39'),
(11, 8, 2, '坐墊', 0, '2018-05-02 06:37:06'),
(12, 7, 2, '護眼罩', 0, '2018-05-02 06:44:07'),
(13, 6, 2, '冷熱墊', 0, '2018-05-02 06:52:15'),
(14, 3, 2, '體溫計', 0, '2018-05-02 07:08:01'),
(15, 2, 2, '血壓計', 0, '2018-05-02 07:13:57'),
(16, 1, 2, '血壓計', 0, '2018-05-02 07:20:09'),
(17, 17, 2, '床墊', 0, '2018-05-02 07:27:02'),
(18, 43, 2, '智能型上臂式血壓計', 0, '2018-11-28 10:28:16'),
(19, 44, 2, '全自動上臂式血壓計', 0, '2018-11-28 10:31:56'),
(20, 45, 2, 'Maki 鋁合金輪椅', 0, '2018-11-28 10:43:12'),
(21, 46, 2, '鋁合金輪椅', 0, '2018-11-28 10:59:21'),
(22, 46, 2, '輪椅', 0, '2018-11-28 10:59:21'),
(23, 47, 2, '輪椅', 0, '2018-11-28 11:10:47'),
(24, 48, 2, '座王後傾輪椅', 0, '2018-11-28 11:18:14'),
(25, 49, 2, '手動輪椅', 0, '2018-12-10 07:14:18'),
(26, 51, 2, '手動輪椅', 0, '2018-12-10 08:47:58'),
(27, 52, 2, '電動輪椅', 0, '2018-12-10 08:57:41'),
(28, 60, 2, '輪椅', 0, '2018-12-19 04:02:47'),
(29, 61, 2, '沐浴椅', 0, '2018-12-19 07:05:39'),
(30, 62, 2, '沖涼椅', 0, '2018-12-19 07:10:55'),
(31, 63, 2, '浴室用座椅', 0, '2018-12-19 07:33:38'),
(32, 66, 2, '腰墊', 0, '2018-12-27 04:55:15'),
(33, 67, 2, '四腳枴杖', 0, '2018-12-27 05:22:06'),
(34, 69, 2, '四腳拐杖', 0, '2018-12-27 05:36:55');

-- --------------------------------------------------------

--
-- 資料表結構 `wos_shop_ranking`
--

CREATE TABLE `wos_shop_ranking` (
  `id` int UNSIGNED NOT NULL,
  `title` varchar(255) NOT NULL,
  `alias` varchar(255) NOT NULL,
  `access` tinyint NOT NULL DEFAULT '0',
  `group_id` int UNSIGNED NOT NULL,
  `parent_id` int UNSIGNED NOT NULL DEFAULT '1',
  `discount` decimal(8,2) NOT NULL DEFAULT '100.00',
  `point_from` int NOT NULL DEFAULT '-1',
  `point_to` int NOT NULL DEFAULT '-1',
  `allow_coupon` tinyint UNSIGNED NOT NULL DEFAULT '1',
  `allow_reward_point` tinyint UNSIGNED NOT NULL DEFAULT '1',
  `allow_campaign` tinyint UNSIGNED NOT NULL DEFAULT '1',
  `ignore_stocking` tinyint UNSIGNED NOT NULL DEFAULT '0',
  `display_price_list` tinyint UNSIGNED NOT NULL DEFAULT '1',
  `lft` int UNSIGNED NOT NULL,
  `rgt` int UNSIGNED NOT NULL,
  `level` int UNSIGNED NOT NULL,
  `path` varchar(255) NOT NULL DEFAULT ''
) ENGINE=InnoDB DEFAULT CHARSET=utf8mb3;

--
-- 傾印資料表的資料 `wos_shop_ranking`
--

INSERT INTO `wos_shop_ranking` (`id`, `title`, `alias`, `access`, `group_id`, `parent_id`, `discount`, `point_from`, `point_to`, `allow_coupon`, `allow_reward_point`, `allow_campaign`, `ignore_stocking`, `display_price_list`, `lft`, `rgt`, `level`, `path`) VALUES
(1, 'root', 'root', 1, 0, 0, '100.00', 0, 0, 1, 1, 1, 0, 1, 0, 1, 0, '');

-- --------------------------------------------------------

--
-- 資料表結構 `wos_shop_refunds`
--

CREATE TABLE `wos_shop_refunds` (
  `id` int UNSIGNED NOT NULL,
  `user_id` int UNSIGNED NOT NULL,
  `order_id` int UNSIGNED NOT NULL,
  `product_name` varchar(255) NOT NULL,
  `product_code` varchar(255) NOT NULL,
  `quantity` int UNSIGNED NOT NULL,
  `reason` tinyint UNSIGNED NOT NULL,
  `detail` text,
  `status` tinyint UNSIGNED NOT NULL DEFAULT '0',
  `return_action` tinyint UNSIGNED DEFAULT NULL,
  `created` datetime NOT NULL
) ENGINE=InnoDB DEFAULT CHARSET=utf8mb3;

-- --------------------------------------------------------

--
-- 資料表結構 `wos_shop_reward_history`
--

CREATE TABLE `wos_shop_reward_history` (
  `id` int UNSIGNED NOT NULL,
  `user_id` int UNSIGNED NOT NULL,
  `order_id` int UNSIGNED DEFAULT NULL,
  `description` varchar(255) DEFAULT NULL,
  `point_balance` int NOT NULL,
  `created` datetime NOT NULL
) ENGINE=InnoDB DEFAULT CHARSET=utf8mb3;

-- --------------------------------------------------------

--
-- 資料表結構 `wos_shop_shipping`
--

CREATE TABLE `wos_shop_shipping` (
  `id` int UNSIGNED NOT NULL,
  `title` varchar(255) NOT NULL,
  `remark` text,
  `extension` varchar(255) NOT NULL,
  `params` text,
  `client` int NOT NULL,
  `ordering` int NOT NULL DEFAULT '0',
  `published` tinyint UNSIGNED NOT NULL DEFAULT '0'
) ENGINE=InnoDB DEFAULT CHARSET=utf8mb3;

--
-- 傾印資料表的資料 `wos_shop_shipping`
--

INSERT INTO `wos_shop_shipping` (`id`, `title`, `remark`, `extension`, `params`, `client`, `ordering`, `published`) VALUES
(23, '本地自取(只限香港)', '<p><span style=\"font-family: 微軟正黑體, Arial, Helvetica, sans-serif; font-size: 12.8px; line-height: normal;\">網上落單完成付款後，<span style=\"font-family: 微軟正黑體, Arial, Helvetica, sans-serif; font-size: 12.8px;\">會員可隨時登入網頁查看訂單狀態。如果訂單顯示“已發貨”，表示配貨工作已完成。</span>當閣下收到服務客戶部經電郵或致電通知後，便可自行或授權他人到荔枝角辦公室領取貨品。</span></p>\r\n<p><span style=\"font-family: 微軟正黑體, Arial, Helvetica, sans-serif; font-size: 12.8px; line-height: normal;\"><strong>請於</strong><span style=\"font-family: 微軟正黑體, Arial, Helvetica, sans-serif; font-size: 12.8px;\"><strong>自取前先致電 2345 6488 預約</strong>。<span style=\"font-family: 微軟正黑體, Arial, Helvetica, sans-serif; font-size: 12.8px;\">提取貨件時，需提供訂單編號、姓名及電話資料作核對，以免被他人冒認取走貨品。</span></span></span></p>\r\n<p><strong><span style=\"font-family: 微軟正黑體, Arial, Helvetica, sans-serif; font-size: 12.8px; line-height: normal;\">領取時間為星期一至星期五09:30~18:30；星期六 09:30~14:00（公眾假期全日休息）。</span></strong></p>\r\n<p><span style=\"font-family: 微軟正黑體, Arial, Helvetica, sans-serif; font-size: 12.8px; line-height: normal;\">** 配貨期會因應倉存數量或與生產商訂貨的分送編配作出時間相對調整，最快配貨期可在兩個工作天內完成。</span></p>', 'freeshipping', '{\"group_allow\":\"\",\"min_checkout_price\":\"-1\",\"max_checkout_price\":\"-1\",\"min_checkout_weight\":\"-1\",\"max_checkout_weight\":\"-1\",\"min_volume\":\"-1\",\"max_volume\":\"-1\",\"max_side_length\":\"-1\",\"supported_country\":\"\"}', 0, 1, 1),
(24, 'EC-Ship (EMS/Hong Kong Speedpost)', '', 'ecship', '{\"group_allow\":\"\",\"min_checkout_price\":\"-1\",\"max_checkout_price\":\"-1\",\"min_checkout_weight\":\"-1\",\"max_checkout_weight\":\"30000\",\"min_volume\":\"-1\",\"max_volume\":\"-1\",\"max_side_length\":\"150\",\"package_fee\":\"0\",\"server_url\":\"http:\\/\\/app1.hongkongpost.hk\\/calc\\/eng\\/overseas\\/step2.php\",\"use_cache\":\"1\",\"ecship_integrator_username\":\"kanotec\",\"ecship_api_username\":\"tkanotec\",\"ecship_api_password\":\"aed15922-bc50-42d1-bf4e-7679a7560204\",\"shop_code\":\"EMS\",\"mail_type\":\"\"}', 0, 0, 0),
(25, '香港郵政或掛號送件-香港', '<p><span style=\"font-family: 微軟正黑體, Arial, Helvetica, sans-serif; font-size: 12.8px; line-height: normal;\">配貨階段完成出庫後的 2-5 個工作天內送逹</span><span style=\"font-size: 12.8px; line-height: normal; font-family: 微軟正黑體, Arial, Helvetica, sans-serif;\">。</span><span style=\"font-family: 微軟正黑體, Arial, Helvetica, sans-serif; font-size: 12.8px; line-height: normal;\">由於全港的信箱大小都各有差異，體積較大的貨品有機會未必能完全投入指定信箱里，在正常的情況下，郵政派送員會發送一張通知咭要求客戶到附近的指定郵政局取件，這可能會延長客戶的收件時間，所以此項服務比較適用於郵寄少量保護貼或體積極細的商品，如選購其他體積較大商品時建議選用其他發件服務。在此聲明普通平郵服務不設郵政保障。如閣下決定選用普通平郵服務，請先確認清楚收件位置能否安全接收商品。如萬一貨品在運送途中遺失，即同意接受不會向Mobileshop.hk追討賠償。</span></p>', 'flatshipping', '{\"group_allow\":\"\",\"min_checkout_price\":\"400\",\"max_checkout_price\":\"-1\",\"min_checkout_weight\":\"-1\",\"max_checkout_weight\":\"-1\",\"min_volume\":\"-1\",\"max_volume\":\"-1\",\"max_side_length\":\"-1\",\"supported_country\":\"\",\"shipping_rate\":\"0\"}', 0, -3, 0),
(26, '香港郵政或掛號送件-香港 (購物滿HK$400可免費選用此項服務)', '<p><span style=\"font-family: 微軟正黑體, Arial, Helvetica, sans-serif; font-size: 12.8px; line-height: normal;\">配貨階段完成出庫後 2-3 個工作天送逹。這項服務適合香港、九龍及新界住宅地區 (某些地點需另加收費)。速遞專員派送前會先致電給閣下確認送件時段，派送服務的受理時間為早上八時至晚上十時 (包括星期日至一及公眾假期)。</span></p>', 'flatshipping', '{\"group_allow\":\"\",\"min_checkout_price\":\"-1\",\"max_checkout_price\":\"399.99\",\"min_checkout_weight\":\"-1\",\"max_checkout_weight\":\"-1\",\"min_volume\":\"-1\",\"max_volume\":\"-1\",\"max_side_length\":\"-1\",\"shipping_rate\":\"50\",\"supported_country\":\"\"}', 0, 0, 0),
(27, '順豐快遞服務-工商業區', '', 'flatshipping', '{\"group_allow\":\"\",\"min_checkout_price\":\"400\",\"max_checkout_price\":\"-1\",\"min_checkout_weight\":\"-1\",\"max_checkout_weight\":\"-1\",\"min_volume\":\"-1\",\"max_volume\":\"-1\",\"max_side_length\":\"-1\",\"shipping_rate\":\"0\",\"supported_country\":\"\"}', 0, 0, 0),
(28, '順豐快遞服務-工商業區 (購物滿HK$400可免費選用此項服務)', '', 'flatshipping', '{\"group_allow\":\"\",\"min_checkout_price\":\"-1\",\"max_checkout_price\":\"399.99\",\"min_checkout_weight\":\"-1\",\"max_checkout_weight\":\"-1\",\"min_volume\":\"-1\",\"max_volume\":\"-1\",\"max_side_length\":\"-1\",\"shipping_rate\":\"50\",\"supported_country\":\"\"}', 0, 0, 0),
(29, '順豐快遞服務-住宅區', '', 'flatshipping', '{\"group_allow\":\"\",\"min_checkout_price\":\"400\",\"max_checkout_price\":\"-1\",\"min_checkout_weight\":\"-1\",\"max_checkout_weight\":\"-1\",\"min_volume\":\"-1\",\"max_volume\":\"-1\",\"max_side_length\":\"-1\",\"shipping_rate\":\"0\",\"supported_country\":\"\"}', 0, 0, 0),
(30, '順豐快遞服務-住宅區 (購物滿HK$400可免費選用此項服務)', '', 'flatshipping', '{\"group_allow\":\"\",\"min_checkout_price\":\"-1\",\"max_checkout_price\":\"399.99\",\"min_checkout_weight\":\"-1\",\"max_checkout_weight\":\"-1\",\"min_volume\":\"-1\",\"max_volume\":\"-1\",\"max_side_length\":\"-1\",\"shipping_rate\":\"50\",\"supported_country\":\"\"}', 0, 0, 0),
(31, '順豐快遞服務-香港偏遠地區', '', 'flatshipping', '{\"group_allow\":\"\",\"min_checkout_price\":\"400\",\"max_checkout_price\":\"-1\",\"min_checkout_weight\":\"-1\",\"max_checkout_weight\":\"-1\",\"min_volume\":\"-1\",\"max_volume\":\"-1\",\"max_side_length\":\"-1\",\"shipping_rate\":\"0\",\"supported_country\":\"\"}', 0, 0, 0),
(32, '順豐快遞服務-香港偏遠地區 (購物滿HK$400可免費選用此項服務)', '', 'flatshipping', '{\"group_allow\":\"\",\"min_checkout_price\":\"-1\",\"max_checkout_price\":\"399.99\",\"min_checkout_weight\":\"-1\",\"max_checkout_weight\":\"-1\",\"min_volume\":\"-1\",\"max_volume\":\"-1\",\"max_side_length\":\"-1\",\"shipping_rate\":\"80\",\"supported_country\":\"\"}', 0, 0, 0),
(33, '香港郵政或掛號送件', '', 'flatshipping', '{\"group_allow\":\"\",\"min_checkout_price\":\"400\",\"max_checkout_price\":\"-1\",\"min_checkout_weight\":\"-1\",\"max_checkout_weight\":\"-1\",\"min_volume\":\"-1\",\"max_volume\":\"-1\",\"max_side_length\":\"-1\",\"shipping_rate\":\"0\",\"supported_country\":\"\",\"remote_zone\":\"\",\"remote_zone_fee\":\"0\"}', 0, 0, 0),
(34, '香港郵政或掛號送件-海外 (購物滿HK$400可免費選用此項服務)', '', 'flatshipping', '{\"group_allow\":\"\",\"min_checkout_price\":\"-1\",\"max_checkout_price\":\"399.99\",\"min_checkout_weight\":\"-1\",\"max_checkout_weight\":\"-1\",\"min_volume\":\"-1\",\"max_volume\":\"-1\",\"max_side_length\":\"-1\",\"shipping_rate\":\"100\",\"supported_country\":\"\"}', 0, 0, 0),
(35, 'UPS-USA', '', 'weightbased', '{\"group_allow\":\"\",\"min_checkout_price\":\"-1\",\"max_checkout_price\":\"-1\",\"min_checkout_weight\":\"0\",\"max_checkout_weight\":\"30000\",\"min_volume\":\"-1\",\"max_volume\":\"-1\",\"max_side_length\":\"-1\",\"weight_per_shipping_rate\":\"500:220,1000:260,1500:300,2000:340,2500:380,3000:420,3500:460,4000:500,4500:540,5000:580,5500:620,6000:660,6500:700,7000:740,7500:780,8000:820,8500:860,9000:900,9500:940,10000:980,10500:1020,11000:1060,11500:1100,12000:1140,12500:1180,13000:1220,13500:1260,14000:1300,14500:1340,15000:1380,15500:1420,16000:1460,16500:1500,17000:1540,17500:1580,18000:1620,18500:1660,19000:1700,19500:1740,20000:1780,20500:1820,21000:1860,21500:1900,22000:1940,22500:1980,23000:2020,23500:2060,24000:2100,24500:2140,25000:2180,25500:2220,26000:2260,26500:2300,27000:2340,27500:2380,28000:2420,28500:2460,29000:2500,29500:2540,30000:2580\",\"supported_country\":[\"US\"]}', 0, 0, 0),
(36, '買滿港幣$500，免費送貨；少於$500需收送貨費$100 (離島區暫不提供送貨服務)', '', 'flatshipping', '{\"group_allow\":\"\",\"min_checkout_price\":\"-1\",\"max_checkout_price\":\"499.99\",\"min_checkout_weight\":\"-1\",\"max_checkout_weight\":\"-1\",\"min_volume\":\"-1\",\"max_volume\":\"-1\",\"max_side_length\":\"-1\",\"supported_country\":[\"HK\"],\"shipping_rate\":\"100\"}', 0, 0, 1),
(37, '買滿$500，免費送貨 (離島區暫不提供送貨服務)', '', 'flatshipping', '{\"group_allow\":\"\",\"min_checkout_price\":\"500\",\"max_checkout_price\":\"-1\",\"min_checkout_weight\":\"-1\",\"max_checkout_weight\":\"-1\",\"min_volume\":\"-1\",\"max_volume\":\"-1\",\"max_side_length\":\"-1\",\"shipping_rate\":\"0\",\"supported_country\":[\"HK\"]}', 0, 0, 1);

-- --------------------------------------------------------

--
-- 資料表結構 `wos_shop_user_exp`
--

CREATE TABLE `wos_shop_user_exp` (
  `id` int UNSIGNED NOT NULL,
  `user_id` int UNSIGNED NOT NULL,
  `reward_point` int UNSIGNED NOT NULL DEFAULT '0',
  `exp_point` int UNSIGNED NOT NULL DEFAULT '0'
) ENGINE=InnoDB DEFAULT CHARSET=utf8mb3;

-- --------------------------------------------------------

--
-- 資料表結構 `wos_shop_vendors`
--

CREATE TABLE `wos_shop_vendors` (
  `id` int UNSIGNED NOT NULL,
  `name` varchar(255) NOT NULL,
  `description` text,
  `logo_name` varchar(255) DEFAULT NULL,
  `vendor_email` varchar(255) DEFAULT NULL,
  `ordering` int NOT NULL DEFAULT '0',
  `published` tinyint UNSIGNED NOT NULL DEFAULT '0'
) ENGINE=InnoDB DEFAULT CHARSET=utf8mb3;

-- --------------------------------------------------------

--
-- 資料表結構 `wos_shop_vendors_po`
--

CREATE TABLE `wos_shop_vendors_po` (
  `id` int UNSIGNED NOT NULL,
  `vendor_id` int UNSIGNED NOT NULL,
  `email_title` varchar(255) DEFAULT NULL,
  `email_html` text,
  `remark` text,
  `status` tinyint UNSIGNED NOT NULL DEFAULT '0',
  `order_item_ids` text,
  `created` datetime NOT NULL,
  `last_send_datetime` datetime DEFAULT NULL
) ENGINE=InnoDB DEFAULT CHARSET=utf8mb3;

-- --------------------------------------------------------

--
-- 資料表結構 `wos_shop_wishlist`
--

CREATE TABLE `wos_shop_wishlist` (
  `id` int UNSIGNED NOT NULL,
  `user_id` int UNSIGNED NOT NULL,
  `product_id` int UNSIGNED NOT NULL,
  `created` datetime NOT NULL
) ENGINE=InnoDB DEFAULT CHARSET=utf8mb3;

--
-- 傾印資料表的資料 `wos_shop_wishlist`
--

INSERT INTO `wos_shop_wishlist` (`id`, `user_id`, `product_id`, `created`) VALUES
(2, 9, 17, '2018-05-07 05:14:27'),
(4, 2, 39, '2018-05-07 07:14:29');

-- --------------------------------------------------------

--
-- 資料表結構 `wos_subscriptions_subscribers`
--

CREATE TABLE `wos_subscriptions_subscribers` (
  `id` int UNSIGNED NOT NULL,
  `email` varchar(255) NOT NULL,
  `name` varchar(255) DEFAULT NULL,
  `subscribed` tinyint(1) NOT NULL DEFAULT '1',
  `checked_out` int NOT NULL,
  `checked_out_time` datetime NOT NULL DEFAULT '0000-00-00 00:00:00',
  `created` datetime NOT NULL DEFAULT '0000-00-00 00:00:00',
  `modified` datetime NOT NULL DEFAULT '0000-00-00 00:00:00',
  `modified_by` int UNSIGNED NOT NULL DEFAULT '0'
) ENGINE=InnoDB DEFAULT CHARSET=utf8mb3;

--
-- 傾印資料表的資料 `wos_subscriptions_subscribers`
--

INSERT INTO `wos_subscriptions_subscribers` (`id`, `email`, `name`, `subscribed`, `checked_out`, `checked_out_time`, `created`, `modified`, `modified_by`) VALUES
(1, 'cody@kanotec.com', NULL, 1, 2, '2016-10-20 07:06:43', '2016-05-30 06:18:40', '0000-00-00 00:00:00', 0);

-- --------------------------------------------------------

--
-- 資料表結構 `wos_template_styles`
--

CREATE TABLE `wos_template_styles` (
  `id` int UNSIGNED NOT NULL,
  `template` varchar(50) NOT NULL DEFAULT '',
  `client_id` tinyint UNSIGNED NOT NULL DEFAULT '0',
  `home` char(7) NOT NULL DEFAULT '0',
  `title` varchar(255) NOT NULL DEFAULT '',
  `params` text NOT NULL
) ENGINE=InnoDB DEFAULT CHARSET=utf8mb3;

--
-- 傾印資料表的資料 `wos_template_styles`
--

INSERT INTO `wos_template_styles` (`id`, `template`, `client_id`, `home`, `title`, `params`) VALUES
(2, 'bluestork', 1, '1', 'Bluestork - Default', '{\"showSiteName\":\"0\",\"textBig\":\"0\",\"highContrast\":\"0\"}'),
(5, 'hathor', 1, '0', 'Hathor - Default', '{\"showSiteName\":\"0\",\"colourChoice\":\"\",\"boldText\":\"0\"}'),
(7, 'default', 0, '1', 'Default - Default', '{\"logoFile\":\"images\\/logo.png\",\"headerBackground\":\"\"}'),
(8, 'book', 0, '0', 'Book - Default', '{}');

-- --------------------------------------------------------

--
-- 資料表結構 `wos_updates`
--

CREATE TABLE `wos_updates` (
  `update_id` int NOT NULL,
  `update_site_id` int DEFAULT '0',
  `extension_id` int DEFAULT '0',
  `categoryid` int DEFAULT '0',
  `name` varchar(100) DEFAULT '',
  `description` text NOT NULL,
  `element` varchar(100) DEFAULT '',
  `type` varchar(20) DEFAULT '',
  `folder` varchar(20) DEFAULT '',
  `client_id` tinyint DEFAULT '0',
  `version` varchar(10) DEFAULT '',
  `data` text NOT NULL,
  `detailsurl` text NOT NULL,
  `infourl` text NOT NULL
) ENGINE=InnoDB DEFAULT CHARSET=utf8mb3 COMMENT='Available Updates';

--
-- 傾印資料表的資料 `wos_updates`
--

INSERT INTO `wos_updates` (`update_id`, `update_site_id`, `extension_id`, `categoryid`, `name`, `description`, `element`, `type`, `folder`, `client_id`, `version`, `data`, `detailsurl`, `infourl`) VALUES
(2, 3, 0, 0, 'Armenian', '', 'pkg_hy-AM', 'package', '', 0, '2.5.8.1', '', 'http://update.joomla.org/language/details/hy-AM_details.xml', ''),
(3, 3, 0, 0, 'Bahasa Indonesia', '', 'pkg_id-ID', 'package', '', 0, '2.5.28.1', '', 'http://update.joomla.org/language/details/id-ID_details.xml', ''),
(4, 3, 0, 0, 'Danish', '', 'pkg_da-DK', 'package', '', 0, '2.5.28.1', '', 'http://update.joomla.org/language/details/da-DK_details.xml', ''),
(5, 3, 0, 0, 'Khmer', '', 'pkg_km-KH', 'package', '', 0, '2.5.7.1', '', 'http://update.joomla.org/language/details/km-KH_details.xml', ''),
(6, 3, 0, 0, 'Swedish', '', 'pkg_sv-SE', 'package', '', 0, '2.5.28.1', '', 'http://update.joomla.org/language/details/sv-SE_details.xml', ''),
(7, 3, 0, 0, 'Hungarian', '', 'pkg_hu-HU', 'package', '', 0, '2.5.14.1', '', 'http://update.joomla.org/language/details/hu-HU_details.xml', ''),
(8, 3, 0, 0, 'Bulgarian', '', 'pkg_bg-BG', 'package', '', 0, '2.5.7.1', '', 'http://update.joomla.org/language/details/bg-BG_details.xml', ''),
(9, 3, 0, 0, 'French', '', 'pkg_fr-FR', 'package', '', 0, '2.5.28.2', '', 'http://update.joomla.org/language/details/fr-FR_details.xml', ''),
(10, 3, 0, 0, 'Italian', '', 'pkg_it-IT', 'package', '', 0, '2.5.28.1', '', 'http://update.joomla.org/language/details/it-IT_details.xml', ''),
(11, 3, 0, 0, 'Spanish', '', 'pkg_es-ES', 'package', '', 0, '2.5.28.1', '', 'http://update.joomla.org/language/details/es-ES_details.xml', ''),
(12, 3, 0, 0, 'Dutch', '', 'pkg_nl-NL', 'package', '', 0, '2.5.28.1', '', 'http://update.joomla.org/language/details/nl-NL_details.xml', ''),
(13, 3, 0, 0, 'Turkish', '', 'pkg_tr-TR', 'package', '', 0, '2.5.20.1', '', 'http://update.joomla.org/language/details/tr-TR_details.xml', ''),
(14, 3, 0, 0, 'Ukrainian', '', 'pkg_uk-UA', 'package', '', 0, '2.5.13.11', '', 'http://update.joomla.org/language/details/uk-UA_details.xml', ''),
(15, 3, 0, 0, 'Slovak', '', 'pkg_sk-SK', 'package', '', 0, '2.5.27.1', '', 'http://update.joomla.org/language/details/sk-SK_details.xml', ''),
(16, 3, 0, 0, 'Belarusian', '', 'pkg_be-BY', 'package', '', 0, '2.5.8.1', '', 'http://update.joomla.org/language/details/be-BY_details.xml', ''),
(17, 3, 0, 0, 'Latvian', '', 'pkg_lv-LV', 'package', '', 0, '2.5.28.1', '', 'http://update.joomla.org/language/details/lv-LV_details.xml', ''),
(18, 3, 0, 0, 'Estonian', '', 'pkg_et-EE', 'package', '', 0, '2.5.28.1', '', 'http://update.joomla.org/language/details/et-EE_details.xml', ''),
(19, 3, 0, 0, 'Romanian', '', 'pkg_ro-RO', 'package', '', 0, '2.5.11.1', '', 'http://update.joomla.org/language/details/ro-RO_details.xml', ''),
(20, 3, 0, 0, 'Flemish', '', 'pkg_nl-BE', 'package', '', 0, '2.5.27.1', '', 'http://update.joomla.org/language/details/nl-BE_details.xml', ''),
(21, 3, 0, 0, 'Macedonian', '', 'pkg_mk-MK', 'package', '', 0, '2.5.28.1', '', 'http://update.joomla.org/language/details/mk-MK_details.xml', ''),
(22, 3, 0, 0, 'Japanese', '', 'pkg_ja-JP', 'package', '', 0, '2.5.28.1', '', 'http://update.joomla.org/language/details/ja-JP_details.xml', ''),
(23, 3, 0, 0, 'Serbian Latin', '', 'pkg_sr-YU', 'package', '', 0, '2.5.28.1', '', 'http://update.joomla.org/language/details/sr-YU_details.xml', ''),
(24, 3, 0, 0, 'Arabic Unitag', '', 'pkg_ar-AA', 'package', '', 0, '2.5.28.1', '', 'http://update.joomla.org/language/details/ar-AA_details.xml', ''),
(25, 3, 0, 0, 'German', '', 'pkg_de-DE', 'package', '', 0, '2.5.28.1', '', 'http://update.joomla.org/language/details/de-DE_details.xml', ''),
(26, 3, 0, 0, 'Norwegian Bokmal', '', 'pkg_nb-NO', 'package', '', 0, '2.5.28.1', '', 'http://update.joomla.org/language/details/nb-NO_details.xml', ''),
(27, 3, 0, 0, 'English AU', '', 'pkg_en-AU', 'package', '', 0, '2.5.22.2', '', 'http://update.joomla.org/language/details/en-AU_details.xml', ''),
(28, 3, 0, 0, 'English US', '', 'pkg_en-US', 'package', '', 0, '2.5.22.1', '', 'http://update.joomla.org/language/details/en-US_details.xml', ''),
(29, 3, 0, 0, 'Serbian Cyrillic', '', 'pkg_sr-RS', 'package', '', 0, '2.5.28.1', '', 'http://update.joomla.org/language/details/sr-RS_details.xml', ''),
(30, 3, 0, 0, 'Lithuanian', '', 'pkg_lt-LT', 'package', '', 0, '2.5.7.1', '', 'http://update.joomla.org/language/details/lt-LT_details.xml', ''),
(31, 3, 0, 0, 'Albanian', '', 'pkg_sq-AL', 'package', '', 0, '2.5.1.5', '', 'http://update.joomla.org/language/details/sq-AL_details.xml', ''),
(32, 3, 0, 0, 'Czech', '', 'pkg_cs-CZ', 'package', '', 0, '2.5.28.2', '', 'http://update.joomla.org/language/details/cs-CZ_details.xml', ''),
(33, 3, 0, 0, 'Persian', '', 'pkg_fa-IR', 'package', '', 0, '2.5.28.1', '', 'http://update.joomla.org/language/details/fa-IR_details.xml', ''),
(34, 3, 0, 0, 'Galician', '', 'pkg_gl-ES', 'package', '', 0, '2.5.7.4', '', 'http://update.joomla.org/language/details/gl-ES_details.xml', ''),
(35, 3, 0, 0, 'Polish', '', 'pkg_pl-PL', 'package', '', 0, '2.5.28.1', '', 'http://update.joomla.org/language/details/pl-PL_details.xml', ''),
(36, 3, 0, 0, 'Syriac', '', 'pkg_sy-IQ', 'package', '', 0, '2.5.28.1', '', 'http://update.joomla.org/language/details/sy-IQ_details.xml', ''),
(37, 3, 0, 0, 'Portuguese', '', 'pkg_pt-PT', 'package', '', 0, '2.5.28.1', '', 'http://update.joomla.org/language/details/pt-PT_details.xml', ''),
(38, 3, 0, 0, 'Russian', '', 'pkg_ru-RU', 'package', '', 0, '2.5.24.1', '', 'http://update.joomla.org/language/details/ru-RU_details.xml', ''),
(39, 3, 0, 0, 'Hebrew', '', 'pkg_he-IL', 'package', '', 0, '2.5.7.1', '', 'http://update.joomla.org/language/details/he-IL_details.xml', ''),
(40, 3, 0, 0, 'Catalan', '', 'pkg_ca-ES', 'package', '', 0, '2.5.28.1', '', 'http://update.joomla.org/language/details/ca-ES_details.xml', ''),
(41, 3, 0, 0, 'Laotian', '', 'pkg_lo-LA', 'package', '', 0, '2.5.6.1', '', 'http://update.joomla.org/language/details/lo-LA_details.xml', ''),
(42, 3, 0, 0, 'Afrikaans', '', 'pkg_af-ZA', 'package', '', 0, '2.5.16.1', '', 'http://update.joomla.org/language/details/af-ZA_details.xml', ''),
(43, 3, 0, 0, 'Greek', '', 'pkg_el-GR', 'package', '', 0, '2.5.6.1', '', 'http://update.joomla.org/language/details/el-GR_details.xml', ''),
(44, 3, 0, 0, 'Finnish', '', 'pkg_fi-FI', 'package', '', 0, '2.5.28.1', '', 'http://update.joomla.org/language/details/fi-FI_details.xml', ''),
(45, 3, 0, 0, 'Portuguese Brazil', '', 'pkg_pt-BR', 'package', '', 0, '2.5.9.1', '', 'http://update.joomla.org/language/details/pt-BR_details.xml', ''),
(46, 3, 10029, 0, 'Chinese Traditional', '', 'pkg_zh-TW', 'package', '', 0, '2.5.28.1', '', 'http://update.joomla.org/language/details/zh-TW_details.xml', ''),
(47, 3, 0, 0, 'Vietnamese', '', 'pkg_vi-VN', 'package', '', 0, '2.5.8.1', '', 'http://update.joomla.org/language/details/vi-VN_details.xml', ''),
(48, 3, 0, 0, 'Kurdish Sorani', '', 'pkg_ckb-IQ', 'package', '', 0, '2.5.9.1', '', 'http://update.joomla.org/language/details/ckb-IQ_details.xml', ''),
(49, 3, 0, 0, 'Bengali', '', 'pkg_bn-BD', 'package', '', 0, '2.5.0.1', '', 'http://update.joomla.org/language/details/bn-BD_details.xml', ''),
(50, 3, 0, 0, 'Bosnian', '', 'pkg_bs-BA', 'package', '', 0, '2.5.24.1', '', 'http://update.joomla.org/language/details/bs-BA_details.xml', ''),
(51, 3, 0, 0, 'Croatian', '', 'pkg_hr-HR', 'package', '', 0, '2.5.13.1', '', 'http://update.joomla.org/language/details/hr-HR_details.xml', ''),
(52, 3, 0, 0, 'Azeri', '', 'pkg_az-AZ', 'package', '', 0, '2.5.7.1', '', 'http://update.joomla.org/language/details/az-AZ_details.xml', ''),
(53, 3, 0, 0, 'Norwegian Nynorsk', '', 'pkg_nn-NO', 'package', '', 0, '2.5.8.1', '', 'http://update.joomla.org/language/details/nn-NO_details.xml', ''),
(54, 3, 0, 0, 'Tamil India', '', 'pkg_ta-IN', 'package', '', 0, '2.5.28.2', '', 'http://update.joomla.org/language/details/ta-IN_details.xml', ''),
(55, 3, 0, 0, 'Scottish Gaelic', '', 'pkg_gd-GB', 'package', '', 0, '2.5.7.1', '', 'http://update.joomla.org/language/details/gd-GB_details.xml', ''),
(56, 3, 0, 0, 'Thai', '', 'pkg_th-TH', 'package', '', 0, '2.5.28.1', '', 'http://update.joomla.org/language/details/th-TH_details.xml', ''),
(57, 3, 0, 0, 'Basque', '', 'pkg_eu-ES', 'package', '', 0, '1.7.0.1', '', 'http://update.joomla.org/language/details/eu-ES_details.xml', ''),
(58, 3, 0, 0, 'Uyghur', '', 'pkg_ug-CN', 'package', '', 0, '2.5.7.2', '', 'http://update.joomla.org/language/details/ug-CN_details.xml', ''),
(59, 3, 0, 0, 'Korean', '', 'pkg_ko-KR', 'package', '', 0, '2.5.11.1', '', 'http://update.joomla.org/language/details/ko-KR_details.xml', ''),
(60, 3, 0, 0, 'Hindi', '', 'pkg_hi-IN', 'package', '', 0, '2.5.6.1', '', 'http://update.joomla.org/language/details/hi-IN_details.xml', ''),
(61, 3, 0, 0, 'Welsh', '', 'pkg_cy-GB', 'package', '', 0, '2.5.6.1', '', 'http://update.joomla.org/language/details/cy-GB_details.xml', ''),
(62, 3, 0, 0, 'Swahili', '', 'pkg_sw-KE', 'package', '', 0, '2.5.28.1', '', 'http://update.joomla.org/language/details/sw-KE_details.xml', ''),
(63, 6, 10003, 0, 'Asikart QuickIcons', '', 'com_akquickicons', 'component', '', 1, '1.1.8', '', 'http://asikart.com/update/com_akquickicons.xml', 'http://ext.asikart.com'),
(64, 8, 10022, 0, 'Falang', '', 'pkg_falang', 'package', '', 0, '1.4.7', '', 'http://update.faboba.com/falang/updates.xml', ''),
(65, 9, 10030, 0, 'Modules Anywhere', '', 'modulesanywhere', 'plugin', 'system', 0, '3.6.6FREE', '', 'http://download.nonumber.nl/updates.php?e=modulesanywhere&/extension.xml', 'http://www.nonumber.nl/extensions/modulesanywhere#download'),
(66, 10, 10039, 0, 'JCE Editor', '', 'com_jce', 'component', '', 1, '2.5.2', '', 'https://www.joomlacontenteditor.net/index.php?option=com_updates&view=update&format=xml&id=1/extension.xml', 'http://www.joomlacontenteditor.net/news/item/jce-252-released'),
(67, 12, 10102, 0, 'JCE MediaBox (Joomla! 2.5 - 3)', '', 'jcemediabox', 'plugin', 'system', 0, '1.1.22', '', 'https://www.joomlacontenteditor.net/index.php?option=com_updates&view=update&format=xml&id=3/extension.xml', ''),
(69, 14, 10112, 0, 'Slideshow CK', 'Show your images with a nice effect', 'mod_slideshowck', 'module', '', 0, '1.4.11', '', 'http://update.joomlack.fr/mod_slideshowck_update.xml', 'http://www.joomlack.fr/extensions-joomla/slideshow-ck');

-- --------------------------------------------------------

--
-- 資料表結構 `wos_update_categories`
--

CREATE TABLE `wos_update_categories` (
  `categoryid` int NOT NULL,
  `name` varchar(20) DEFAULT '',
  `description` text NOT NULL,
  `parent` int DEFAULT '0',
  `updatesite` int DEFAULT '0'
) ENGINE=InnoDB DEFAULT CHARSET=utf8mb3 COMMENT='Update Categories';

-- --------------------------------------------------------

--
-- 資料表結構 `wos_update_sites`
--

CREATE TABLE `wos_update_sites` (
  `update_site_id` int NOT NULL,
  `name` varchar(100) DEFAULT '',
  `type` varchar(20) DEFAULT '',
  `location` text NOT NULL,
  `enabled` int DEFAULT '0',
  `last_check_timestamp` bigint DEFAULT '0'
) ENGINE=InnoDB DEFAULT CHARSET=utf8mb3 COMMENT='Update Sites';

--
-- 傾印資料表的資料 `wos_update_sites`
--

INSERT INTO `wos_update_sites` (`update_site_id`, `name`, `type`, `location`, `enabled`, `last_check_timestamp`) VALUES
(1, 'Joomla Core', 'collection', 'http://update.joomla.org/core/list.xml', 1, 1436158153),
(2, 'Joomla Extension Directory', 'collection', 'http://update.joomla.org/jed/list.xml', 1, 1436158153),
(3, 'Accredited Joomla! Translations', 'collection', 'http://update.joomla.org/language/translationlist.xml', 1, 1436158153),
(6, 'Asikart QuickIcons', 'extension', 'http://asikart.com/update/com_akquickicons.xml', 1, 1436158153),
(8, 'Falang Update Site', 'collection', 'http://update.faboba.com/falang/collection.xml', 1, 1436158153),
(9, 'Modules Anywhere', 'extension', 'http://download.nonumber.nl/updates.php?e=modulesanywhere&', 1, 1436158153),
(10, 'JCE Editor Updates', 'extension', 'https://www.joomlacontenteditor.net/index.php?option=com_updates&view=update&format=xml&id=1\n        ', 1, 1436158153),
(12, 'JCE MediaBox Updates', 'extension', 'https://www.joomlacontenteditor.net/index.php?option=com_updates&view=update&format=xml&id=3', 1, 1436158153),
(14, 'Slideshow CK Update', 'extension', 'http://update.joomlack.fr/mod_slideshowck_update.xml', 1, 1436158153),
(15, 'Xmap Update Site', 'extension', 'https://raw.github.com/guilleva/Xmap/master/xmap-update.xml', 0, 1436158153),
(16, 'jHackGuard Updates', 'extension', 'http://download.siteground.com/jhackguard.xml', 1, 0);

-- --------------------------------------------------------

--
-- 資料表結構 `wos_update_sites_extensions`
--

CREATE TABLE `wos_update_sites_extensions` (
  `update_site_id` int NOT NULL DEFAULT '0',
  `extension_id` int NOT NULL DEFAULT '0'
) ENGINE=InnoDB DEFAULT CHARSET=utf8mb3 COMMENT='Links extensions to update sites';

--
-- 傾印資料表的資料 `wos_update_sites_extensions`
--

INSERT INTO `wos_update_sites_extensions` (`update_site_id`, `extension_id`) VALUES
(1, 700),
(2, 700),
(3, 600),
(3, 10026),
(3, 10029),
(6, 10003),
(8, 10022),
(9, 10030),
(9, 10031),
(10, 10039),
(12, 10102),
(14, 10112),
(15, 10129),
(16, 10175);

-- --------------------------------------------------------

--
-- 資料表結構 `wos_usergroups`
--

CREATE TABLE `wos_usergroups` (
  `id` int UNSIGNED NOT NULL COMMENT 'Primary Key',
  `parent_id` int UNSIGNED NOT NULL DEFAULT '0' COMMENT 'Adjacency List Reference Id',
  `lft` int NOT NULL DEFAULT '0' COMMENT 'Nested set lft.',
  `rgt` int NOT NULL DEFAULT '0' COMMENT 'Nested set rgt.',
  `title` varchar(100) NOT NULL DEFAULT ''
) ENGINE=InnoDB DEFAULT CHARSET=utf8mb3;

--
-- 傾印資料表的資料 `wos_usergroups`
--

INSERT INTO `wos_usergroups` (`id`, `parent_id`, `lft`, `rgt`, `title`) VALUES
(1, 0, 1, 28, 'Public'),
(2, 1, 6, 25, 'Registered'),
(3, 2, 7, 12, 'Author'),
(4, 3, 8, 11, 'Editor'),
(5, 4, 9, 10, 'Publisher'),
(6, 1, 2, 5, 'Manager'),
(7, 6, 3, 4, 'Administrator'),
(8, 1, 26, 27, 'Super Users');

-- --------------------------------------------------------

--
-- 資料表結構 `wos_users`
--

CREATE TABLE `wos_users` (
  `id` int NOT NULL,
  `name` varchar(255) NOT NULL DEFAULT '',
  `username` varchar(150) NOT NULL DEFAULT '',
  `email` varchar(100) NOT NULL DEFAULT '',
  `password` varchar(100) NOT NULL DEFAULT '',
  `usertype` varchar(25) NOT NULL DEFAULT '',
  `block` tinyint NOT NULL DEFAULT '0',
  `sendEmail` tinyint DEFAULT '0',
  `registerDate` datetime NOT NULL DEFAULT '0000-00-00 00:00:00',
  `lastvisitDate` datetime NOT NULL DEFAULT '0000-00-00 00:00:00',
  `activation` varchar(100) NOT NULL DEFAULT '',
  `params` text NOT NULL,
  `lastResetTime` datetime NOT NULL DEFAULT '0000-00-00 00:00:00' COMMENT 'Date of last password reset',
  `resetCount` int NOT NULL DEFAULT '0' COMMENT 'Count of password resets since lastResetTime'
) ENGINE=InnoDB DEFAULT CHARSET=utf8mb3;

--
-- 傾印資料表的資料 `wos_users`
--

INSERT INTO `wos_users` (`id`, `name`, `username`, `email`, `password`, `usertype`, `block`, `sendEmail`, `registerDate`, `lastvisitDate`, `activation`, `params`, `lastResetTime`, `resetCount`) VALUES
(1, 'Super User', 'admin', 'ray@kanotec.com', '$P$DqIfMBEk4a63wdT9mwM.7uzP8xnji1.', 'deprecated', 0, 0, '2012-12-05 06:54:31', '2019-01-08 09:26:46', '0', '{\"admin_style\":\"\",\"admin_language\":\"\",\"language\":\"\",\"editor\":\"\",\"helpsite\":\"\",\"timezone\":\"\"}', '0000-00-00 00:00:00', 0),
(2, 'Webmaster', 'webmaster', 'teresalai@hkelderly.com.hk', '$P$DYF7Pj4OYCeM8DulLuxFM.BhsUvQzF0', '', 0, 1, '2012-12-05 07:19:20', '2018-12-27 04:53:24', '', '{\"admin_style\":\"\",\"admin_language\":\"\",\"language\":\"\",\"editor\":\"\",\"helpsite\":\"\",\"timezone\":\"\"}', '0000-00-00 00:00:00', 0),
(4, 'Derek Ma', 'derek.ma@kanotec.com', 'derek.ma@kanotec.com', '$P$Dfz6wwTdGiT.xm1OYjOssFUVcAZqea.', '', 0, 0, '2017-02-08 01:18:25', '2017-04-19 03:07:43', '', '{\"language\":\"zh-TW\",\"admin_style\":\"\",\"admin_language\":\"\",\"editor\":\"\",\"helpsite\":\"\",\"timezone\":\"\"}', '2017-03-28 13:54:46', 1),
(9, 'Jaden Huff', 'member', 'test@kanotec.com', '$P$D2C7v88HHcy9DYxdl5TtSWHVr3u.x81', '', 0, 0, '2018-05-07 05:12:39', '2018-06-11 10:09:56', '', '{\"language\":\"zh-TW\"}', '0000-00-00 00:00:00', 0),
(12, 'Member', 'member2', 'test@webeasy.com.hk', '$P$D1D5tU8fcTk9X70ySSboXn.mU0mDLm1', '', 0, 0, '2018-06-07 09:12:28', '2018-12-11 10:03:31', '', '{\"language\":\"zh-TW\"}', '0000-00-00 00:00:00', 0),
(14, 'apple', 'apple', 'teresalai@qualife.com.hk', '$P$DrRJR4WEP41kMPgG3HS88qNVgy76.I/', '', 0, 0, '2018-06-07 09:29:08', '0000-00-00 00:00:00', '', '{\"language\":\"zh-TW\"}', '0000-00-00 00:00:00', 0),
(15, 'derek122', 'derek122', 'perfectone.cs@gmail.com', '$P$DgnWjpLrVWjmrEprxiNZPkDk4C41pq/', '', 0, 0, '2018-06-13 08:53:09', '2018-06-13 08:53:48', '', '{\"language\":\"zh-TW\"}', '0000-00-00 00:00:00', 0),
(17, 'Dede', 'boogiedede', 'boogiedede@yahoo.com.hk', '$P$DWx3NuIytAM0CfJAZh3GxzhegstsAg.', '', 0, 0, '2018-10-09 00:03:44', '2018-10-09 00:12:35', '', '{\"language\":\"zh-TW\"}', '0000-00-00 00:00:00', 0),
(18, 'Li ka yau', 'Likayau', 'pearlpuddingdog@hotmail.com', '$P$D1we3FreJLeQpQySrErNIEFfbOYneb.', '', 0, 0, '2018-11-17 10:26:02', '2018-11-21 01:08:31', '', '{\"language\":\"zh-TW\"}', '0000-00-00 00:00:00', 0),
(19, 'ANLO', 'Anlo0330', 'anlo0330@gmail.com', '$P$Dz0pSjBNI3eSk848YTMJUsw.ObZjzc1', '', 0, 0, '2018-12-03 06:30:31', '2018-12-03 06:50:17', '', '{\"language\":\"zh-TW\"}', '0000-00-00 00:00:00', 0),
(20, 'ack nev', 'acknev', 'ack.nev@gmail.com', '$P$DX6Jre33JCB/z0DkrMTw4XadGmwEKS/', '', 0, 0, '2018-12-05 04:07:19', '0000-00-00 00:00:00', '', '{\"language\":\"zh-TW\"}', '0000-00-00 00:00:00', 0),
(21, 'kriswu', 'kriswu', 'kriswu.1818@gmail.com', '$P$DpMHXQzLxYOuq26EYMpyc5AyXAjggK/', '', 0, 0, '2018-12-05 04:12:01', '0000-00-00 00:00:00', '', '{\"language\":\"zh-TW\"}', '0000-00-00 00:00:00', 0),
(22, 'AC', 'AmyChen', 'amy.hpchen@gmail.com', '$P$DOOnSk74kUoWmcw5Cgy3PoKZeb6dlH/', '', 0, 0, '2018-12-08 18:07:32', '0000-00-00 00:00:00', '', '{\"language\":\"zh-TW\"}', '0000-00-00 00:00:00', 0),
(23, 'yamcha tw', 'yang6149', 'yamd2666@gmail.com', '$P$DXx01ar7YSid4lkfJqaGP1X4Xax13D1', '', 0, 0, '2018-12-11 06:39:09', '0000-00-00 00:00:00', '', '{\"language\":\"zh-TW\"}', '0000-00-00 00:00:00', 0),
(24, 'yam hk', 'dogshit', 'yammy6638@hotmail.com', '$P$Dn7qu4RI/wKsXQ3avaimrYN28MQYCI0', '', 0, 0, '2018-12-11 08:35:31', '0000-00-00 00:00:00', '', '{\"language\":\"zh-TW\"}', '0000-00-00 00:00:00', 0),
(25, 'HUNG SIN', 'drintco', 'drintco@netvigator.com', '$P$DeLBaRVPaDkaI.ceLh7LqvafLwPNzK0', '', 0, 0, '2018-12-12 09:02:33', '0000-00-00 00:00:00', '', '{\"language\":\"zh-TW\"}', '0000-00-00 00:00:00', 0),
(26, 'HUNG SIN', 'HUNGSIN', 'dresner2015@gmail.com', '$P$DHTDsvC3UeYNr40sTI5Q43tyI1yVaC/', '', 0, 0, '2018-12-18 06:21:05', '2018-12-19 15:31:54', '', '{\"language\":\"zh-TW\"}', '0000-00-00 00:00:00', 0),
(27, 'terelai', 'terelai', 'hote0129@gmail.com', '$P$DNL8RFGWVDEo40DlmSl0szt8DZ2BqR.', '', 0, 0, '2018-12-18 06:29:41', '2018-12-18 06:30:27', '', '{\"language\":\"zh-TW\"}', '0000-00-00 00:00:00', 0),
(28, 'lalalall', 'xiajianren', 'jun931129@outlook.com', '$P$DzY1WZD.35aYDaM/FWKr6CPfk9DsjS.', '', 1, 0, '2019-01-09 00:43:12', '0000-00-00 00:00:00', 'a912b9690b177deacde6e3f3c494028e', '{\"language\":\"zh-TW\"}', '0000-00-00 00:00:00', 0);

-- --------------------------------------------------------

--
-- 資料表結構 `wos_user_notes`
--

CREATE TABLE `wos_user_notes` (
  `id` int UNSIGNED NOT NULL,
  `user_id` int UNSIGNED NOT NULL DEFAULT '0',
  `catid` int UNSIGNED NOT NULL DEFAULT '0',
  `subject` varchar(100) NOT NULL DEFAULT '',
  `body` text NOT NULL,
  `state` tinyint NOT NULL DEFAULT '0',
  `checked_out` int UNSIGNED NOT NULL DEFAULT '0',
  `checked_out_time` datetime NOT NULL DEFAULT '0000-00-00 00:00:00',
  `created_user_id` int UNSIGNED NOT NULL DEFAULT '0',
  `created_time` datetime NOT NULL DEFAULT '0000-00-00 00:00:00',
  `modified_user_id` int UNSIGNED NOT NULL,
  `modified_time` datetime NOT NULL DEFAULT '0000-00-00 00:00:00',
  `review_time` datetime NOT NULL DEFAULT '0000-00-00 00:00:00',
  `publish_up` datetime NOT NULL DEFAULT '0000-00-00 00:00:00',
  `publish_down` datetime NOT NULL DEFAULT '0000-00-00 00:00:00'
) ENGINE=InnoDB DEFAULT CHARSET=utf8mb3;

-- --------------------------------------------------------

--
-- 資料表結構 `wos_user_profiles`
--

CREATE TABLE `wos_user_profiles` (
  `user_id` int NOT NULL,
  `profile_key` varchar(100) NOT NULL,
  `profile_value` text NOT NULL,
  `ordering` int NOT NULL DEFAULT '0'
) ENGINE=InnoDB DEFAULT CHARSET=utf8mb3 COMMENT='Simple user profile storage table';

-- --------------------------------------------------------

--
-- 資料表結構 `wos_user_usergroup_map`
--

CREATE TABLE `wos_user_usergroup_map` (
  `user_id` int UNSIGNED NOT NULL DEFAULT '0' COMMENT 'Foreign Key to #__users.id',
  `group_id` int UNSIGNED NOT NULL DEFAULT '0' COMMENT 'Foreign Key to #__usergroups.id'
) ENGINE=InnoDB DEFAULT CHARSET=utf8mb3;

--
-- 傾印資料表的資料 `wos_user_usergroup_map`
--

INSERT INTO `wos_user_usergroup_map` (`user_id`, `group_id`) VALUES
(1, 8),
(2, 2),
(2, 7),
(4, 2),
(9, 2),
(12, 2),
(14, 2),
(15, 2),
(17, 2),
(18, 2),
(19, 2),
(20, 2),
(21, 2),
(22, 2),
(23, 2),
(24, 2),
(25, 2),
(26, 2),
(27, 2),
(28, 2);

-- --------------------------------------------------------

--
-- 資料表結構 `wos_viewlevels`
--

CREATE TABLE `wos_viewlevels` (
  `id` int UNSIGNED NOT NULL COMMENT 'Primary Key',
  `title` varchar(100) NOT NULL DEFAULT '',
  `ordering` int NOT NULL DEFAULT '0',
  `rules` varchar(5120) NOT NULL COMMENT 'JSON encoded access control.'
) ENGINE=InnoDB DEFAULT CHARSET=utf8mb3;

--
-- 傾印資料表的資料 `wos_viewlevels`
--

INSERT INTO `wos_viewlevels` (`id`, `title`, `ordering`, `rules`) VALUES
(1, 'Public', 1, '[1]'),
(2, 'Registered', 3, '[6,2,8]'),
(3, 'Special', 4, '[6,3,8]'),
(4, 'Super Admin', 2, '[8]'),
(5, 'VIP', 5, '[]');

-- --------------------------------------------------------

--
-- 資料表結構 `wos_weblinks`
--

CREATE TABLE `wos_weblinks` (
  `id` int UNSIGNED NOT NULL,
  `catid` int NOT NULL DEFAULT '0',
  `sid` int NOT NULL DEFAULT '0',
  `title` varchar(250) NOT NULL DEFAULT '',
  `alias` varchar(255) CHARACTER SET utf8mb3 COLLATE utf8mb3_bin NOT NULL DEFAULT '',
  `url` varchar(250) NOT NULL DEFAULT '',
  `description` text NOT NULL,
  `date` datetime NOT NULL DEFAULT '0000-00-00 00:00:00',
  `hits` int NOT NULL DEFAULT '0',
  `state` tinyint(1) NOT NULL DEFAULT '0',
  `checked_out` int NOT NULL DEFAULT '0',
  `checked_out_time` datetime NOT NULL DEFAULT '0000-00-00 00:00:00',
  `ordering` int NOT NULL DEFAULT '0',
  `archived` tinyint(1) NOT NULL DEFAULT '0',
  `approved` tinyint(1) NOT NULL DEFAULT '1',
  `access` int NOT NULL DEFAULT '1',
  `params` text NOT NULL,
  `language` char(7) NOT NULL DEFAULT '',
  `created` datetime NOT NULL DEFAULT '0000-00-00 00:00:00',
  `created_by` int UNSIGNED NOT NULL DEFAULT '0',
  `created_by_alias` varchar(255) NOT NULL DEFAULT '',
  `modified` datetime NOT NULL DEFAULT '0000-00-00 00:00:00',
  `modified_by` int UNSIGNED NOT NULL DEFAULT '0',
  `metakey` text NOT NULL,
  `metadesc` text NOT NULL,
  `metadata` text NOT NULL,
  `featured` tinyint UNSIGNED NOT NULL DEFAULT '0' COMMENT 'Set if link is featured.',
  `xreference` varchar(50) NOT NULL COMMENT 'A reference to enable linkages to external data sets.',
  `publish_up` datetime NOT NULL DEFAULT '0000-00-00 00:00:00',
  `publish_down` datetime NOT NULL DEFAULT '0000-00-00 00:00:00'
) ENGINE=InnoDB DEFAULT CHARSET=utf8mb3;

-- --------------------------------------------------------

--
-- 資料表結構 `wos_wf_profiles`
--

CREATE TABLE `wos_wf_profiles` (
  `id` int NOT NULL,
  `name` varchar(255) NOT NULL,
  `description` text NOT NULL,
  `users` text NOT NULL,
  `types` text NOT NULL,
  `components` text NOT NULL,
  `area` tinyint NOT NULL,
  `device` varchar(255) NOT NULL,
  `rows` text NOT NULL,
  `plugins` text NOT NULL,
  `published` tinyint NOT NULL,
  `ordering` int NOT NULL,
  `checked_out` tinyint NOT NULL,
  `checked_out_time` datetime NOT NULL,
  `params` text NOT NULL
) ENGINE=InnoDB DEFAULT CHARSET=utf8mb3;

--
-- 傾印資料表的資料 `wos_wf_profiles`
--

INSERT INTO `wos_wf_profiles` (`id`, `name`, `description`, `users`, `types`, `components`, `area`, `device`, `rows`, `plugins`, `published`, `ordering`, `checked_out`, `checked_out_time`, `params`) VALUES
(1, 'Default', 'Default Profile for all users', '', '6,7,3,4,5,8', '', 0, '', 'help,newdocument,undo,redo,spacer,bold,italic,underline,strikethrough,justifyfull,justifycenter,justifyleft,justifyright,spacer,blockquote,formatselect,styleselect,removeformat,cleanup;fontselect,fontsizeselect,forecolor,backcolor,spacer,clipboard,indent,outdent,lists,sub,sup,textcase,charmap,hr;directionality,fullscreen,preview,source,print,searchreplace,spacer,table;visualaid,visualchars,visualblocks,nonbreaking,style,xhtmlxtras,anchor,unlink,link,imgmanager,spellchecker,article,mediamanager,emotions,imgmanager_ext', 'contextmenu,browser,inlinepopups,media,help,clipboard,searchreplace,directionality,fullscreen,preview,source,table,textcase,print,style,nonbreaking,visualchars,visualblocks,xhtmlxtras,imgmanager,anchor,link,spellchecker,article,lists,mediamanager,emotions,imgmanager_ext', 1, 1, 0, '0000-00-00 00:00:00', '{\"editor\":{\"width\":\"\",\"height\":\"\",\"toolbar_theme\":\"default\",\"toolbar_align\":\"left\",\"toolbar_location\":\"top\",\"statusbar_location\":\"bottom\",\"path\":\"1\",\"resizing\":\"1\",\"resize_horizontal\":\"1\",\"resizing_use_cookie\":\"1\",\"toggle\":\"1\",\"toggle_label\":\"[Toggle Editor]\",\"toggle_state\":\"1\",\"dialog_theme\":\"jce\",\"relative_urls\":\"1\",\"verify_html\":\"\",\"schema\":\"\",\"forced_root_block\":\"\",\"profile_content_css\":\"2\",\"profile_content_css_custom\":\"\",\"theme_advanced_styles\":\"\",\"theme_advanced_blockformats\":[\"p\",\"div\",\"h1\",\"h2\",\"h3\",\"h4\",\"h5\",\"h6\",\"address\",\"code\",\"pre\",\"samp\",\"span\",\"section\",\"article\",\"hgroup\",\"aside\",\"figure\",\"dt\",\"dd\"],\"theme_advanced_fonts_add\":\"\",\"theme_advanced_fonts_remove\":\"\",\"theme_advanced_font_sizes\":\"\",\"custom_colors\":\"\",\"dir\":\"\",\"filesystem\":{\"name\":\"joomla\",\"joomla\":{\"allow_root\":\"0\",\"restrict_dir\":\"administrator,cache,components,includes,language,libraries,logs,media,modules,plugins,templates,xmlrpc\"}},\"max_size\":\"\",\"upload_conflict\":\"overwrite\",\"upload_runtimes\":[\"html5\",\"flash\",\"silverlight\"],\"browser_position\":\"bottom\",\"folder_tree\":\"1\",\"list_limit\":\"all\",\"validate_mimetype\":\"1\",\"websafe_mode\":\"utf-8\",\"websafe_allow_spaces\":\"0\",\"upload_add_random\":\"0\",\"invalid_elements\":\"\",\"invalid_attributes\":\"dynsrc,lowsrc\",\"invalid_attribute_values\":\"\",\"extended_elements\":\"\",\"allow_javascript\":\"0\",\"allow_css\":\"0\",\"allow_php\":\"0\",\"cdata\":\"1\"},\"browser\":{\"dir\":\"\",\"max_size\":\"\",\"extensions\":\"xml=xml;html=htm,html;office=doc,docx,ppt,xls;text=txt,rtf;image=gif,jpeg,jpg,png;acrobat=pdf;archive=zip,tar,gz,rar;flash=swf;quicktime=mov,mp4,qt;windowsmedia=wmv,asx,asf,avi;audio=wav,mp3,aiff;openoffice=odt,odg,odp,ods,odf\",\"filesystem\":{\"name\":\"\"},\"upload\":\"1\",\"folder_new\":\"1\",\"folder_delete\":\"1\",\"folder_rename\":\"1\",\"folder_move\":\"1\",\"file_delete\":\"1\",\"file_rename\":\"1\",\"file_move\":\"1\"},\"media\":{\"strict\":\"1\",\"iframes\":\"1\",\"audio\":\"1\",\"video\":\"1\",\"object\":\"1\",\"embed\":\"1\",\"version_flash\":\"10,1,53,64\",\"version_windowsmedia\":\"10,00,00,3646\",\"version_quicktime\":\"7,3,0,0\",\"version_java\":\"1,5,0,0\",\"version_shockwave\":\"10,2,0,023\"},\"clipboard\":{\"paste_use_dialog\":\"0\",\"paste_dialog_width\":\"450\",\"paste_dialog_height\":\"400\",\"paste_force_cleanup\":\"0\",\"paste_strip_class_attributes\":\"all\",\"paste_remove_spans\":\"0\",\"paste_remove_styles\":\"0\",\"paste_remove_attributes\":\"\",\"paste_retain_style_properties\":\"\",\"paste_remove_empty_paragraphs\":\"1\",\"paste_remove_styles_if_webkit\":\"0\",\"paste_html\":\"1\",\"paste_text\":\"1\",\"buttons\":[\"cut\",\"copy\",\"paste\"]},\"source\":{\"highlight\":\"1\",\"numbers\":\"1\",\"wrap\":\"1\",\"format\":\"1\",\"tag_closing\":\"1\",\"selection_match\":\"1\",\"theme\":\"textmate\"},\"table\":{\"width\":\"\",\"height\":\"\",\"border\":\"0\",\"cols\":\"2\",\"rows\":\"2\",\"cellpadding\":\"\",\"cellspacing\":\"\",\"align\":\"\",\"classes\":\"\",\"buttons\":[\"table_insert\",\"delete_table\",\"row_props\",\"cell_props\",\"row_before\",\"row_after\",\"delete_row\",\"col_before\",\"col_after\",\"delete_col\",\"split_cells\",\"merge_cells\"]},\"visualblocks\":{\"state\":\"1\"},\"xhtmlxtras\":{\"buttons\":[\"cite\",\"abbr\",\"acronym\",\"del\",\"ins\",\"attribs\"]},\"imgmanager\":{\"dir\":\"\",\"max_size\":\"\",\"extensions\":\"image=jpeg,jpg,png,gif\",\"hide_xtd_btns\":\"0\",\"filesystem\":{\"name\":\"\"},\"alt\":\"\",\"margin_top\":\"\",\"margin_right\":\"\",\"margin_bottom\":\"\",\"margin_left\":\"\",\"border\":\"0\",\"border_width\":\"1\",\"border_style\":\"solid\",\"border_color\":\"#000000\",\"align\":\"\",\"always_include_dimensions\":\"0\",\"style\":\"\",\"classes\":\"\",\"title\":\"\",\"id\":\"\",\"direction\":\"\",\"usemap\":\"\",\"longdesc\":\"\",\"tabs_rollover\":\"1\",\"tabs_advanced\":\"1\",\"attributes_dimensions\":\"1\",\"attributes_align\":\"1\",\"attributes_margin\":\"1\",\"attributes_border\":\"1\",\"upload\":\"1\",\"folder_new\":\"1\",\"folder_delete\":\"1\",\"folder_rename\":\"1\",\"folder_move\":\"1\",\"file_delete\":\"1\",\"file_rename\":\"1\",\"file_move\":\"1\",\"dragdrop_upload\":\"1\"},\"link\":{\"target\":\"\",\"id\":\"\",\"style\":\"\",\"classes\":\"\",\"dir\":\"\",\"hreflang\":\"\",\"lang\":\"\",\"charset\":\"\",\"type\":\"\",\"rel\":\"\",\"rev\":\"\",\"tabindex\":\"\",\"accesskey\":\"\",\"file_browser\":\"1\",\"tabs_advanced\":\"1\",\"attributes_anchor\":\"1\",\"attributes_target\":\"1\",\"links\":{\"joomlalinks\":{\"enable\":\"1\",\"content\":\"1\",\"article_alias\":\"1\",\"static\":\"1\",\"contacts\":\"1\",\"weblinks\":\"1\",\"weblinks_alias\":\"1\",\"menu\":\"1\"}},\"popups\":{\"default\":\"\",\"jcemediabox\":{\"enable\":\"1\"},\"window\":{\"enable\":\"1\"}},\"search\":{\"link\":{\"enable\":\"1\"}}},\"spellchecker\":{\"engine\":\"googlespell\",\"googlespell_languages\":[\"English=en\"],\"languages\":\"English=en\",\"pspell_mode\":\"PSPELL_FAST\",\"pspell_spelling\":\"\",\"pspell_jargon\":\"\",\"pspell_encoding\":\"\",\"pspell_dictionary\":\"components\\/com_jce\\/editor\\/tiny_mce\\/plugins\\/spellchecker\\/dictionary.pws\",\"pspellshell_aspell\":\"\\/usr\\/bin\\/aspell\",\"pspellshell_tmp\":\"\\/tmp\"},\"article\":{\"show_readmore\":\"1\",\"show_pagebreak\":\"1\",\"hide_xtd_btns\":\"0\",\"buttons\":[\"readmore\",\"pagebreak\"]},\"lists\":{\"number_styles\":[\"default\",\"lower-alpha\",\"lower-greek\",\"lower-roman\",\"upper-alpha\",\"upper-roman\"],\"bullet_styles\":[\"default\",\"circle\",\"disc\",\"square\"],\"buttons\":[\"numlist\",\"bullist\"]},\"mediamanager\":{\"dir\":\"\",\"max_size\":\"\",\"extensions\":\"windowsmedia=avi,wmv,wm,asf,asx,wmx,wvx;quicktime=mov,qt,mpg,mpeg,m4a;flash=swf;shockwave=dcr;real=rm,ra,ram;divx=divx;video=mp4,ogv,ogg,webm;audio=mp3,ogg,webm;silverlight=xap\",\"filesystem\":{\"name\":\"\"},\"mediaplayer\":{\"name\":\"jceplayer\",\"jceplayer\":{\"extensions\":\"flv,f4v,mp3,mp4,xml\",\"path\":\"media\\/jce\\/mediaplayer\\/mediaplayer.swf\"}},\"margin_top\":\"\",\"margin_right\":\"\",\"margin_bottom\":\"\",\"margin_left\":\"\",\"border\":\"0\",\"border_width\":\"1\",\"border_style\":\"solid\",\"border_color\":\"#000000\",\"align\":\"\",\"upload\":\"1\",\"folder_new\":\"1\",\"folder_delete\":\"1\",\"folder_rename\":\"1\",\"file_delete\":\"1\",\"file_rename\":\"1\",\"file_move\":\"1\",\"aggregator\":{\"vimeo\":{\"enable\":\"1\",\"width\":\"400\",\"height\":\"225\"},\"youtube\":{\"enable\":\"1\",\"width\":\"425\",\"height\":\"350\"}},\"popups\":{\"default\":\"\",\"jcemediabox\":{\"enable\":\"1\"}}},\"emotions\":{\"emotions_url\":\"\",\"emotions_smilies\":\"\"},\"imgmanager_ext\":{\"dir\":\"\",\"max_size\":\"\",\"extensions\":\"image=jpeg,jpg,png,gif\",\"filesystem\":{\"filesystem\":\"\"},\"margin_top\":\"\",\"margin_right\":\"\",\"margin_bottom\":\"\",\"margin_left\":\"\",\"border\":\"0\",\"border_width\":\"1\",\"border_style\":\"solid\",\"border_color\":\"#000000\",\"align\":\"\",\"tabs_rollover\":\"1\",\"tabs_advanced\":\"1\",\"attributes_dimensions\":\"1\",\"attributes_align\":\"1\",\"attributes_margin\":\"1\",\"attributes_border\":\"1\",\"upload\":\"1\",\"folder_new\":\"1\",\"folder_delete\":\"1\",\"folder_rename\":\"1\",\"file_delete\":\"1\",\"file_rename\":\"1\",\"file_move\":\"1\",\"upload_resize\":\"1\",\"upload_resize_state\":\"0\",\"upload_thumbnail\":\"1\",\"upload_thumbnail_state\":\"0\",\"image_editor\":\"1\",\"thumbnail_editor\":\"1\",\"insert_multiple\":\"1\",\"mode\":\"list\",\"cache_enable\":\"0\",\"cache\":\"\",\"cache_size\":\"10\",\"cache_age\":\"30\",\"cache_files\":\"0\",\"resize_width\":\"640\",\"resize_height\":\"480\",\"resize_quality\":\"100\",\"resize_presets\":\"320x240,640x480,800x600,1024x768\",\"crop_presets\":\"4:3,16:9,20:30,320x240,240x320,640x480,480x640,800x600,1024x768\",\"thumbnail_width\":\"120\",\"thumbnail_height\":\"90\",\"thumbnail_quality\":\"80\",\"thumbnail_folder\":\"thumbnails\",\"thumbnail_prefix\":\"thumb_\",\"popups\":{\"default\":\"\",\"jcemediabox\":{\"enable\":\"1\"},\"window\":{\"enable\":\"1\"}}}}'),
(2, 'Front End', 'Sample Front-end Profile', '', '3,4,5', '', 1, '', 'help,newdocument,undo,redo,spacer,bold,italic,underline,strikethrough,justifyfull,justifycenter,justifyleft,justifyright,spacer,formatselect,styleselect;clipboard,searchreplace,indent,outdent,lists,cleanup,charmap,removeformat,hr,sub,sup,textcase,nonbreaking,visualchars,visualblocks;fullscreen,preview,print,visualaid,style,xhtmlxtras,anchor,unlink,link,imgmanager,spellchecker,article', 'contextmenu,inlinepopups,help,clipboard,searchreplace,fullscreen,preview,print,style,textcase,nonbreaking,visualchars,visualblocks,xhtmlxtras,imgmanager,anchor,link,spellchecker,article,lists', 0, 2, 0, '0000-00-00 00:00:00', ''),
(3, 'Blogger', 'Simple Blogging Profile', '', '3,4,5,6,8,7', '', 0, '', 'bold,italic,strikethrough,lists,blockquote,spacer,justifyleft,justifycenter,justifyright,spacer,link,unlink,imgmanager,article,spellchecker,fullscreen,kitchensink;formatselect,underline,justifyfull,forecolor,clipboard,removeformat,charmap,indent,outdent,undo,redo,help', 'link,imgmanager,article,spellchecker,fullscreen,kitchensink,clipboard,contextmenu,inlinepopups,lists', 0, 3, 0, '0000-00-00 00:00:00', '{\"editor\":{\"toggle\":\"0\"}}');

-- --------------------------------------------------------

--
-- 資料表結構 `wos_xmap_items`
--

CREATE TABLE `wos_xmap_items` (
  `uid` varchar(100) NOT NULL,
  `itemid` int NOT NULL,
  `view` varchar(10) NOT NULL,
  `sitemap_id` int NOT NULL,
  `properties` varchar(300) DEFAULT NULL
) ENGINE=InnoDB DEFAULT CHARSET=utf8mb3;

-- --------------------------------------------------------

--
-- 資料表結構 `wos_xmap_sitemap`
--

CREATE TABLE `wos_xmap_sitemap` (
  `id` int NOT NULL,
  `title` varchar(255) DEFAULT NULL,
  `alias` varchar(255) DEFAULT NULL,
  `introtext` text,
  `metadesc` text,
  `metakey` text,
  `attribs` text,
  `selections` text,
  `excluded_items` text,
  `is_default` int DEFAULT '0',
  `state` int DEFAULT NULL,
  `access` int DEFAULT NULL,
  `created` timestamp NOT NULL DEFAULT CURRENT_TIMESTAMP,
  `count_xml` int DEFAULT NULL,
  `count_html` int DEFAULT NULL,
  `views_xml` int DEFAULT NULL,
  `views_html` int DEFAULT NULL,
  `lastvisit_xml` int DEFAULT NULL,
  `lastvisit_html` int DEFAULT NULL
) ENGINE=InnoDB DEFAULT CHARSET=utf8mb3;

--
-- 傾印資料表的資料 `wos_xmap_sitemap`
--

INSERT INTO `wos_xmap_sitemap` (`id`, `title`, `alias`, `introtext`, `metadesc`, `metakey`, `attribs`, `selections`, `excluded_items`, `is_default`, `state`, `access`, `created`, `count_xml`, `count_html`, `views_xml`, `views_html`, `lastvisit_xml`, `lastvisit_html`) VALUES
(1, 'Site Map', 'site-map', '', NULL, NULL, '{\"showintro\":\"1\",\"show_menutitle\":\"1\",\"classname\":\"\",\"columns\":\"\",\"exlinks\":\"img_blue.gif\",\"compress_xml\":\"1\",\"beautify_xml\":\"1\",\"news_publication_name\":\"\"}', '{\"mainmenu\":{\"priority\":\"1\",\"changefreq\":\"weekly\",\"ordering\":0}}', NULL, 1, 1, 1, '2013-10-03 23:16:51', 23, 0, 169, 0, 1463317358, 0);

--
-- 已傾印資料表的索引
--

--
-- 資料表索引 `wos_akquickicons_icons`
--
ALTER TABLE `wos_akquickicons_icons`
  ADD PRIMARY KEY (`id`),
  ADD KEY `idx_access` (`access`),
  ADD KEY `idx_alias` (`alias`),
  ADD KEY `idx_createdby` (`catid`),
  ADD KEY `idx_language` (`language`),
  ADD KEY `idx_checkout` (`checked_out`),
  ADD KEY `cat_index` (`published`,`access`,`catid`);

--
-- 資料表索引 `wos_albums`
--
ALTER TABLE `wos_albums`
  ADD PRIMARY KEY (`id`),
  ADD KEY `idx_alias` (`alias`),
  ADD KEY `idx_access` (`access`) USING BTREE;

--
-- 資料表索引 `wos_albums_images`
--
ALTER TABLE `wos_albums_images`
  ADD PRIMARY KEY (`id`),
  ADD KEY `idx_album_id` (`album_id`) USING BTREE;

--
-- 資料表索引 `wos_assets`
--
ALTER TABLE `wos_assets`
  ADD PRIMARY KEY (`id`),
  ADD UNIQUE KEY `idx_asset_name` (`name`),
  ADD KEY `idx_lft_rgt` (`lft`,`rgt`),
  ADD KEY `idx_parent_id` (`parent_id`);

--
-- 資料表索引 `wos_associations`
--
ALTER TABLE `wos_associations`
  ADD PRIMARY KEY (`context`,`id`),
  ADD KEY `idx_key` (`key`);

--
-- 資料表索引 `wos_banners`
--
ALTER TABLE `wos_banners`
  ADD PRIMARY KEY (`id`),
  ADD KEY `idx_state` (`state`),
  ADD KEY `idx_own_prefix` (`own_prefix`),
  ADD KEY `idx_metakey_prefix` (`metakey_prefix`),
  ADD KEY `idx_banner_catid` (`catid`),
  ADD KEY `idx_language` (`language`);

--
-- 資料表索引 `wos_banner_clients`
--
ALTER TABLE `wos_banner_clients`
  ADD PRIMARY KEY (`id`),
  ADD KEY `idx_own_prefix` (`own_prefix`),
  ADD KEY `idx_metakey_prefix` (`metakey_prefix`);

--
-- 資料表索引 `wos_banner_tracks`
--
ALTER TABLE `wos_banner_tracks`
  ADD PRIMARY KEY (`track_date`,`track_type`,`banner_id`),
  ADD KEY `idx_track_date` (`track_date`),
  ADD KEY `idx_track_type` (`track_type`),
  ADD KEY `idx_banner_id` (`banner_id`);

--
-- 資料表索引 `wos_categories`
--
ALTER TABLE `wos_categories`
  ADD PRIMARY KEY (`id`),
  ADD KEY `cat_idx` (`extension`,`published`,`access`),
  ADD KEY `idx_access` (`access`),
  ADD KEY `idx_checkout` (`checked_out`),
  ADD KEY `idx_path` (`path`),
  ADD KEY `idx_left_right` (`lft`,`rgt`),
  ADD KEY `idx_alias` (`alias`),
  ADD KEY `idx_language` (`language`);

--
-- 資料表索引 `wos_contact_details`
--
ALTER TABLE `wos_contact_details`
  ADD PRIMARY KEY (`id`),
  ADD KEY `idx_access` (`access`),
  ADD KEY `idx_checkout` (`checked_out`),
  ADD KEY `idx_state` (`published`),
  ADD KEY `idx_catid` (`catid`),
  ADD KEY `idx_createdby` (`created_by`),
  ADD KEY `idx_featured_catid` (`featured`,`catid`),
  ADD KEY `idx_language` (`language`),
  ADD KEY `idx_xreference` (`xreference`);

--
-- 資料表索引 `wos_content`
--
ALTER TABLE `wos_content`
  ADD PRIMARY KEY (`id`),
  ADD KEY `idx_access` (`access`),
  ADD KEY `idx_checkout` (`checked_out`),
  ADD KEY `idx_state` (`state`),
  ADD KEY `idx_catid` (`catid`),
  ADD KEY `idx_createdby` (`created_by`),
  ADD KEY `idx_featured_catid` (`featured`,`catid`),
  ADD KEY `idx_language` (`language`),
  ADD KEY `idx_xreference` (`xreference`);

--
-- 資料表索引 `wos_content_frontpage`
--
ALTER TABLE `wos_content_frontpage`
  ADD PRIMARY KEY (`content_id`);

--
-- 資料表索引 `wos_content_rating`
--
ALTER TABLE `wos_content_rating`
  ADD PRIMARY KEY (`content_id`);

--
-- 資料表索引 `wos_dbcache`
--
ALTER TABLE `wos_dbcache`
  ADD PRIMARY KEY (`id`,`groupname`),
  ADD KEY `expire` (`expire`,`groupname`);

--
-- 資料表索引 `wos_easyjoomlabackup`
--
ALTER TABLE `wos_easyjoomlabackup`
  ADD PRIMARY KEY (`id`),
  ADD UNIQUE KEY `id` (`id`);

--
-- 資料表索引 `wos_extensions`
--
ALTER TABLE `wos_extensions`
  ADD PRIMARY KEY (`extension_id`),
  ADD KEY `element_clientid` (`element`,`client_id`),
  ADD KEY `element_folder_clientid` (`element`,`folder`,`client_id`),
  ADD KEY `extension` (`type`,`element`,`folder`,`client_id`);

--
-- 資料表索引 `wos_falang_content`
--
ALTER TABLE `wos_falang_content`
  ADD PRIMARY KEY (`id`),
  ADD KEY `falangContent` (`language_id`,`reference_id`,`reference_table`),
  ADD KEY `falangContentLanguage` (`reference_id`,`reference_field`,`reference_table`,`language_id`),
  ADD KEY `reference_id` (`reference_id`),
  ADD KEY `language_id` (`language_id`),
  ADD KEY `reference_table` (`reference_table`),
  ADD KEY `reference_field` (`reference_field`),
  ADD KEY `idxFalang1` (`reference_id`,`reference_field`,`reference_table`);

--
-- 資料表索引 `wos_falang_tableinfo`
--
ALTER TABLE `wos_falang_tableinfo`
  ADD PRIMARY KEY (`id`);

--
-- 資料表索引 `wos_finder_filters`
--
ALTER TABLE `wos_finder_filters`
  ADD PRIMARY KEY (`filter_id`);

--
-- 資料表索引 `wos_finder_links`
--
ALTER TABLE `wos_finder_links`
  ADD PRIMARY KEY (`link_id`),
  ADD KEY `idx_type` (`type_id`),
  ADD KEY `idx_title` (`title`),
  ADD KEY `idx_md5` (`md5sum`),
  ADD KEY `idx_url` (`url`(75)),
  ADD KEY `idx_published_list` (`published`,`state`,`access`,`publish_start_date`,`publish_end_date`,`list_price`),
  ADD KEY `idx_published_sale` (`published`,`state`,`access`,`publish_start_date`,`publish_end_date`,`sale_price`);

--
-- 資料表索引 `wos_finder_links_terms0`
--
ALTER TABLE `wos_finder_links_terms0`
  ADD PRIMARY KEY (`link_id`,`term_id`),
  ADD KEY `idx_term_weight` (`term_id`,`weight`),
  ADD KEY `idx_link_term_weight` (`link_id`,`term_id`,`weight`);

--
-- 資料表索引 `wos_finder_links_terms1`
--
ALTER TABLE `wos_finder_links_terms1`
  ADD PRIMARY KEY (`link_id`,`term_id`),
  ADD KEY `idx_term_weight` (`term_id`,`weight`),
  ADD KEY `idx_link_term_weight` (`link_id`,`term_id`,`weight`);

--
-- 資料表索引 `wos_finder_links_terms2`
--
ALTER TABLE `wos_finder_links_terms2`
  ADD PRIMARY KEY (`link_id`,`term_id`),
  ADD KEY `idx_term_weight` (`term_id`,`weight`),
  ADD KEY `idx_link_term_weight` (`link_id`,`term_id`,`weight`);

--
-- 資料表索引 `wos_finder_links_terms3`
--
ALTER TABLE `wos_finder_links_terms3`
  ADD PRIMARY KEY (`link_id`,`term_id`),
  ADD KEY `idx_term_weight` (`term_id`,`weight`),
  ADD KEY `idx_link_term_weight` (`link_id`,`term_id`,`weight`);

--
-- 資料表索引 `wos_finder_links_terms4`
--
ALTER TABLE `wos_finder_links_terms4`
  ADD PRIMARY KEY (`link_id`,`term_id`),
  ADD KEY `idx_term_weight` (`term_id`,`weight`),
  ADD KEY `idx_link_term_weight` (`link_id`,`term_id`,`weight`);

--
-- 資料表索引 `wos_finder_links_terms5`
--
ALTER TABLE `wos_finder_links_terms5`
  ADD PRIMARY KEY (`link_id`,`term_id`),
  ADD KEY `idx_term_weight` (`term_id`,`weight`),
  ADD KEY `idx_link_term_weight` (`link_id`,`term_id`,`weight`);

--
-- 資料表索引 `wos_finder_links_terms6`
--
ALTER TABLE `wos_finder_links_terms6`
  ADD PRIMARY KEY (`link_id`,`term_id`),
  ADD KEY `idx_term_weight` (`term_id`,`weight`),
  ADD KEY `idx_link_term_weight` (`link_id`,`term_id`,`weight`);

--
-- 資料表索引 `wos_finder_links_terms7`
--
ALTER TABLE `wos_finder_links_terms7`
  ADD PRIMARY KEY (`link_id`,`term_id`),
  ADD KEY `idx_term_weight` (`term_id`,`weight`),
  ADD KEY `idx_link_term_weight` (`link_id`,`term_id`,`weight`);

--
-- 資料表索引 `wos_finder_links_terms8`
--
ALTER TABLE `wos_finder_links_terms8`
  ADD PRIMARY KEY (`link_id`,`term_id`),
  ADD KEY `idx_term_weight` (`term_id`,`weight`),
  ADD KEY `idx_link_term_weight` (`link_id`,`term_id`,`weight`);

--
-- 資料表索引 `wos_finder_links_terms9`
--
ALTER TABLE `wos_finder_links_terms9`
  ADD PRIMARY KEY (`link_id`,`term_id`),
  ADD KEY `idx_term_weight` (`term_id`,`weight`),
  ADD KEY `idx_link_term_weight` (`link_id`,`term_id`,`weight`);

--
-- 資料表索引 `wos_finder_links_termsa`
--
ALTER TABLE `wos_finder_links_termsa`
  ADD PRIMARY KEY (`link_id`,`term_id`),
  ADD KEY `idx_term_weight` (`term_id`,`weight`),
  ADD KEY `idx_link_term_weight` (`link_id`,`term_id`,`weight`);

--
-- 資料表索引 `wos_finder_links_termsb`
--
ALTER TABLE `wos_finder_links_termsb`
  ADD PRIMARY KEY (`link_id`,`term_id`),
  ADD KEY `idx_term_weight` (`term_id`,`weight`),
  ADD KEY `idx_link_term_weight` (`link_id`,`term_id`,`weight`);

--
-- 資料表索引 `wos_finder_links_termsc`
--
ALTER TABLE `wos_finder_links_termsc`
  ADD PRIMARY KEY (`link_id`,`term_id`),
  ADD KEY `idx_term_weight` (`term_id`,`weight`),
  ADD KEY `idx_link_term_weight` (`link_id`,`term_id`,`weight`);

--
-- 資料表索引 `wos_finder_links_termsd`
--
ALTER TABLE `wos_finder_links_termsd`
  ADD PRIMARY KEY (`link_id`,`term_id`),
  ADD KEY `idx_term_weight` (`term_id`,`weight`),
  ADD KEY `idx_link_term_weight` (`link_id`,`term_id`,`weight`);

--
-- 資料表索引 `wos_finder_links_termse`
--
ALTER TABLE `wos_finder_links_termse`
  ADD PRIMARY KEY (`link_id`,`term_id`),
  ADD KEY `idx_term_weight` (`term_id`,`weight`),
  ADD KEY `idx_link_term_weight` (`link_id`,`term_id`,`weight`);

--
-- 資料表索引 `wos_finder_links_termsf`
--
ALTER TABLE `wos_finder_links_termsf`
  ADD PRIMARY KEY (`link_id`,`term_id`),
  ADD KEY `idx_term_weight` (`term_id`,`weight`),
  ADD KEY `idx_link_term_weight` (`link_id`,`term_id`,`weight`);

--
-- 資料表索引 `wos_finder_taxonomy`
--
ALTER TABLE `wos_finder_taxonomy`
  ADD PRIMARY KEY (`id`),
  ADD KEY `parent_id` (`parent_id`),
  ADD KEY `state` (`state`),
  ADD KEY `ordering` (`ordering`),
  ADD KEY `access` (`access`),
  ADD KEY `idx_parent_published` (`parent_id`,`state`,`access`);

--
-- 資料表索引 `wos_finder_taxonomy_map`
--
ALTER TABLE `wos_finder_taxonomy_map`
  ADD PRIMARY KEY (`link_id`,`node_id`),
  ADD KEY `link_id` (`link_id`),
  ADD KEY `node_id` (`node_id`);

--
-- 資料表索引 `wos_finder_terms`
--
ALTER TABLE `wos_finder_terms`
  ADD PRIMARY KEY (`term_id`),
  ADD UNIQUE KEY `idx_term` (`term`),
  ADD KEY `idx_term_phrase` (`term`,`phrase`),
  ADD KEY `idx_stem_phrase` (`stem`,`phrase`),
  ADD KEY `idx_soundex_phrase` (`soundex`,`phrase`);

--
-- 資料表索引 `wos_finder_terms_common`
--
ALTER TABLE `wos_finder_terms_common`
  ADD KEY `idx_word_lang` (`term`,`language`),
  ADD KEY `idx_lang` (`language`);

--
-- 資料表索引 `wos_finder_tokens`
--
ALTER TABLE `wos_finder_tokens`
  ADD KEY `idx_word` (`term`),
  ADD KEY `idx_context` (`context`);

--
-- 資料表索引 `wos_finder_tokens_aggregate`
--
ALTER TABLE `wos_finder_tokens_aggregate`
  ADD KEY `token` (`term`),
  ADD KEY `keyword_id` (`term_id`);

--
-- 資料表索引 `wos_finder_types`
--
ALTER TABLE `wos_finder_types`
  ADD PRIMARY KEY (`id`),
  ADD UNIQUE KEY `title` (`title`);

--
-- 資料表索引 `wos_flipbooks`
--
ALTER TABLE `wos_flipbooks`
  ADD PRIMARY KEY (`id`);

--
-- 資料表索引 `wos_forms`
--
ALTER TABLE `wos_forms`
  ADD PRIMARY KEY (`id`);

--
-- 資料表索引 `wos_forms_entries`
--
ALTER TABLE `wos_forms_entries`
  ADD PRIMARY KEY (`id`);

--
-- 資料表索引 `wos_forms_fields`
--
ALTER TABLE `wos_forms_fields`
  ADD PRIMARY KEY (`id`);

--
-- 資料表索引 `wos_jce_extensions`
--
ALTER TABLE `wos_jce_extensions`
  ADD PRIMARY KEY (`id`);

--
-- 資料表索引 `wos_jce_groups`
--
ALTER TABLE `wos_jce_groups`
  ADD PRIMARY KEY (`id`);

--
-- 資料表索引 `wos_jce_plugins`
--
ALTER TABLE `wos_jce_plugins`
  ADD PRIMARY KEY (`id`),
  ADD UNIQUE KEY `plugin` (`name`);

--
-- 資料表索引 `wos_languages`
--
ALTER TABLE `wos_languages`
  ADD PRIMARY KEY (`lang_id`),
  ADD UNIQUE KEY `idx_sef` (`sef`),
  ADD UNIQUE KEY `idx_image` (`image`),
  ADD UNIQUE KEY `idx_langcode` (`lang_code`),
  ADD KEY `idx_access` (`access`),
  ADD KEY `idx_ordering` (`ordering`);

--
-- 資料表索引 `wos_members`
--
ALTER TABLE `wos_members`
  ADD PRIMARY KEY (`id`);

--
-- 資料表索引 `wos_menu`
--
ALTER TABLE `wos_menu`
  ADD PRIMARY KEY (`id`),
  ADD UNIQUE KEY `idx_client_id_parent_id_alias_language` (`client_id`,`parent_id`,`alias`,`language`),
  ADD KEY `idx_componentid` (`component_id`,`menutype`,`published`,`access`),
  ADD KEY `idx_menutype` (`menutype`),
  ADD KEY `idx_left_right` (`lft`,`rgt`),
  ADD KEY `idx_alias` (`alias`),
  ADD KEY `idx_path` (`path`(255)),
  ADD KEY `idx_language` (`language`);

--
-- 資料表索引 `wos_menu_types`
--
ALTER TABLE `wos_menu_types`
  ADD PRIMARY KEY (`id`),
  ADD UNIQUE KEY `idx_menutype` (`menutype`);

--
-- 資料表索引 `wos_messages`
--
ALTER TABLE `wos_messages`
  ADD PRIMARY KEY (`message_id`),
  ADD KEY `useridto_state` (`user_id_to`,`state`);

--
-- 資料表索引 `wos_messages_cfg`
--
ALTER TABLE `wos_messages_cfg`
  ADD UNIQUE KEY `idx_user_var_name` (`user_id`,`cfg_name`);

--
-- 資料表索引 `wos_modules`
--
ALTER TABLE `wos_modules`
  ADD PRIMARY KEY (`id`),
  ADD KEY `published` (`published`,`access`),
  ADD KEY `newsfeeds` (`module`,`published`),
  ADD KEY `idx_language` (`language`);

--
-- 資料表索引 `wos_modules_menu`
--
ALTER TABLE `wos_modules_menu`
  ADD PRIMARY KEY (`moduleid`,`menuid`);

--
-- 資料表索引 `wos_msgtemplates`
--
ALTER TABLE `wos_msgtemplates`
  ADD PRIMARY KEY (`id`);

--
-- 資料表索引 `wos_newsfeeds`
--
ALTER TABLE `wos_newsfeeds`
  ADD PRIMARY KEY (`id`),
  ADD KEY `idx_access` (`access`),
  ADD KEY `idx_checkout` (`checked_out`),
  ADD KEY `idx_state` (`published`),
  ADD KEY `idx_catid` (`catid`),
  ADD KEY `idx_createdby` (`created_by`),
  ADD KEY `idx_language` (`language`),
  ADD KEY `idx_xreference` (`xreference`);

--
-- 資料表索引 `wos_newsletter`
--
ALTER TABLE `wos_newsletter`
  ADD PRIMARY KEY (`id`);

--
-- 資料表索引 `wos_overrider`
--
ALTER TABLE `wos_overrider`
  ADD PRIMARY KEY (`id`);

--
-- 資料表索引 `wos_redirect_links`
--
ALTER TABLE `wos_redirect_links`
  ADD PRIMARY KEY (`id`),
  ADD UNIQUE KEY `idx_link_old` (`old_url`),
  ADD KEY `idx_link_modifed` (`modified_date`);

--
-- 資料表索引 `wos_schemas`
--
ALTER TABLE `wos_schemas`
  ADD PRIMARY KEY (`extension_id`,`version_id`);

--
-- 資料表索引 `wos_session`
--
ALTER TABLE `wos_session`
  ADD PRIMARY KEY (`session_id`),
  ADD KEY `whosonline` (`guest`,`usertype`),
  ADD KEY `userid` (`userid`),
  ADD KEY `time` (`time`);

--
-- 資料表索引 `wos_shop_addresses`
--
ALTER TABLE `wos_shop_addresses`
  ADD PRIMARY KEY (`id`),
  ADD KEY `idx_user_id` (`user_id`) USING BTREE;

--
-- 資料表索引 `wos_shop_attrs`
--
ALTER TABLE `wos_shop_attrs`
  ADD PRIMARY KEY (`id`),
  ADD UNIQUE KEY `name` (`name`);

--
-- 資料表索引 `wos_shop_brands`
--
ALTER TABLE `wos_shop_brands`
  ADD PRIMARY KEY (`id`);

--
-- 資料表索引 `wos_shop_campaigns`
--
ALTER TABLE `wos_shop_campaigns`
  ADD PRIMARY KEY (`id`);

--
-- 資料表索引 `wos_shop_cart`
--
ALTER TABLE `wos_shop_cart`
  ADD PRIMARY KEY (`id`),
  ADD KEY `idx_cart_id` (`cart_id`) USING BTREE,
  ADD KEY `idx_user_id` (`user_id`) USING BTREE,
  ADD KEY `idx_product_id` (`product_id`) USING BTREE;

--
-- 資料表索引 `wos_shop_combos`
--
ALTER TABLE `wos_shop_combos`
  ADD PRIMARY KEY (`id`);

--
-- 資料表索引 `wos_shop_combos_prices`
--
ALTER TABLE `wos_shop_combos_prices`
  ADD PRIMARY KEY (`id`),
  ADD KEY `product_id` (`combo_id`),
  ADD KEY `ranking_id` (`ranking_id`);

--
-- 資料表索引 `wos_shop_combos_products`
--
ALTER TABLE `wos_shop_combos_products`
  ADD PRIMARY KEY (`id`),
  ADD KEY `combo_id` (`combo_id`) USING BTREE,
  ADD KEY `product_id` (`product_id`) USING BTREE;

--
-- 資料表索引 `wos_shop_comments`
--
ALTER TABLE `wos_shop_comments`
  ADD PRIMARY KEY (`id`);

--
-- 資料表索引 `wos_shop_country`
--
ALTER TABLE `wos_shop_country`
  ADD PRIMARY KEY (`id`),
  ADD KEY `iso` (`iso`) USING BTREE;

--
-- 資料表索引 `wos_shop_country_zone`
--
ALTER TABLE `wos_shop_country_zone`
  ADD PRIMARY KEY (`id`),
  ADD KEY `iso` (`iso`) USING BTREE;

--
-- 資料表索引 `wos_shop_coupons`
--
ALTER TABLE `wos_shop_coupons`
  ADD PRIMARY KEY (`id`),
  ADD UNIQUE KEY `coupon_code` (`coupon_code`);

--
-- 資料表索引 `wos_shop_coupons_history`
--
ALTER TABLE `wos_shop_coupons_history`
  ADD PRIMARY KEY (`id`);

--
-- 資料表索引 `wos_shop_currency`
--
ALTER TABLE `wos_shop_currency`
  ADD PRIMARY KEY (`id`),
  ADD KEY `idx_name` (`name`);

--
-- 資料表索引 `wos_shop_inventory_notices`
--
ALTER TABLE `wos_shop_inventory_notices`
  ADD PRIMARY KEY (`id`);

--
-- 資料表索引 `wos_shop_orders`
--
ALTER TABLE `wos_shop_orders`
  ADD PRIMARY KEY (`id`),
  ADD KEY `idx_user_id` (`user_id`) USING BTREE;

--
-- 資料表索引 `wos_shop_orders_detail`
--
ALTER TABLE `wos_shop_orders_detail`
  ADD PRIMARY KEY (`id`),
  ADD KEY `idx_order_id` (`order_id`) USING BTREE,
  ADD KEY `idx_product_id` (`product_id`) USING BTREE;

--
-- 資料表索引 `wos_shop_payments`
--
ALTER TABLE `wos_shop_payments`
  ADD PRIMARY KEY (`id`);

--
-- 資料表索引 `wos_shop_products`
--
ALTER TABLE `wos_shop_products`
  ADD PRIMARY KEY (`id`),
  ADD KEY `id` (`id`),
  ADD KEY `catid` (`catid`),
  ADD KEY `catid2` (`catid2`),
  ADD KEY `catid3` (`catid3`),
  ADD KEY `sku` (`sku`) USING BTREE,
  ADD KEY `name` (`name`) USING BTREE;

--
-- 資料表索引 `wos_shop_products_attrs`
--
ALTER TABLE `wos_shop_products_attrs`
  ADD PRIMARY KEY (`id`),
  ADD KEY `idx_product_id` (`product_id`) USING BTREE,
  ADD KEY `idx_attr_id` (`attr_id`) USING BTREE;

--
-- 資料表索引 `wos_shop_products_images`
--
ALTER TABLE `wos_shop_products_images`
  ADD PRIMARY KEY (`id`),
  ADD KEY `product_id` (`product_id`);

--
-- 資料表索引 `wos_shop_products_inventory`
--
ALTER TABLE `wos_shop_products_inventory`
  ADD PRIMARY KEY (`id`),
  ADD KEY `product_id` (`product_id`),
  ADD KEY `option_id` (`option_id`),
  ADD KEY `option2_id` (`option2_id`),
  ADD KEY `option3_id` (`option3_id`);

--
-- 資料表索引 `wos_shop_products_options`
--
ALTER TABLE `wos_shop_products_options`
  ADD PRIMARY KEY (`id`),
  ADD KEY `product_id` (`product_id`);

--
-- 資料表索引 `wos_shop_products_prices`
--
ALTER TABLE `wos_shop_products_prices`
  ADD PRIMARY KEY (`id`),
  ADD KEY `product_id` (`product_id`),
  ADD KEY `option_id` (`option_id`),
  ADD KEY `option2_id` (`option2_id`),
  ADD KEY `option3_id` (`option3_id`),
  ADD KEY `ranking_id` (`ranking_id`);

--
-- 資料表索引 `wos_shop_products_related`
--
ALTER TABLE `wos_shop_products_related`
  ADD PRIMARY KEY (`id`),
  ADD KEY `product_id` (`product_id`),
  ADD KEY `related_id` (`related_id`);

--
-- 資料表索引 `wos_shop_products_tags`
--
ALTER TABLE `wos_shop_products_tags`
  ADD PRIMARY KEY (`id`);

--
-- 資料表索引 `wos_shop_ranking`
--
ALTER TABLE `wos_shop_ranking`
  ADD PRIMARY KEY (`id`);

--
-- 資料表索引 `wos_shop_refunds`
--
ALTER TABLE `wos_shop_refunds`
  ADD PRIMARY KEY (`id`);

--
-- 資料表索引 `wos_shop_reward_history`
--
ALTER TABLE `wos_shop_reward_history`
  ADD PRIMARY KEY (`id`);

--
-- 資料表索引 `wos_shop_shipping`
--
ALTER TABLE `wos_shop_shipping`
  ADD PRIMARY KEY (`id`);

--
-- 資料表索引 `wos_shop_user_exp`
--
ALTER TABLE `wos_shop_user_exp`
  ADD PRIMARY KEY (`id`);

--
-- 資料表索引 `wos_shop_vendors`
--
ALTER TABLE `wos_shop_vendors`
  ADD PRIMARY KEY (`id`);

--
-- 資料表索引 `wos_shop_vendors_po`
--
ALTER TABLE `wos_shop_vendors_po`
  ADD PRIMARY KEY (`id`);

--
-- 資料表索引 `wos_shop_wishlist`
--
ALTER TABLE `wos_shop_wishlist`
  ADD PRIMARY KEY (`id`);

--
-- 資料表索引 `wos_subscriptions_subscribers`
--
ALTER TABLE `wos_subscriptions_subscribers`
  ADD PRIMARY KEY (`id`);

--
-- 資料表索引 `wos_template_styles`
--
ALTER TABLE `wos_template_styles`
  ADD PRIMARY KEY (`id`),
  ADD KEY `idx_template` (`template`),
  ADD KEY `idx_home` (`home`);

--
-- 資料表索引 `wos_updates`
--
ALTER TABLE `wos_updates`
  ADD PRIMARY KEY (`update_id`);

--
-- 資料表索引 `wos_update_categories`
--
ALTER TABLE `wos_update_categories`
  ADD PRIMARY KEY (`categoryid`);

--
-- 資料表索引 `wos_update_sites`
--
ALTER TABLE `wos_update_sites`
  ADD PRIMARY KEY (`update_site_id`);

--
-- 資料表索引 `wos_update_sites_extensions`
--
ALTER TABLE `wos_update_sites_extensions`
  ADD PRIMARY KEY (`update_site_id`,`extension_id`);

--
-- 資料表索引 `wos_usergroups`
--
ALTER TABLE `wos_usergroups`
  ADD PRIMARY KEY (`id`),
  ADD UNIQUE KEY `idx_usergroup_parent_title_lookup` (`parent_id`,`title`),
  ADD KEY `idx_usergroup_title_lookup` (`title`),
  ADD KEY `idx_usergroup_adjacency_lookup` (`parent_id`),
  ADD KEY `idx_usergroup_nested_set_lookup` (`lft`,`rgt`) USING BTREE;

--
-- 資料表索引 `wos_users`
--
ALTER TABLE `wos_users`
  ADD PRIMARY KEY (`id`),
  ADD KEY `usertype` (`usertype`),
  ADD KEY `idx_name` (`name`),
  ADD KEY `idx_block` (`block`),
  ADD KEY `username` (`username`),
  ADD KEY `email` (`email`);

--
-- 資料表索引 `wos_user_notes`
--
ALTER TABLE `wos_user_notes`
  ADD PRIMARY KEY (`id`),
  ADD KEY `idx_user_id` (`user_id`),
  ADD KEY `idx_category_id` (`catid`);

--
-- 資料表索引 `wos_user_profiles`
--
ALTER TABLE `wos_user_profiles`
  ADD UNIQUE KEY `idx_user_id_profile_key` (`user_id`,`profile_key`);

--
-- 資料表索引 `wos_user_usergroup_map`
--
ALTER TABLE `wos_user_usergroup_map`
  ADD PRIMARY KEY (`user_id`,`group_id`);

--
-- 資料表索引 `wos_viewlevels`
--
ALTER TABLE `wos_viewlevels`
  ADD PRIMARY KEY (`id`),
  ADD UNIQUE KEY `idx_assetgroup_title_lookup` (`title`);

--
-- 資料表索引 `wos_weblinks`
--
ALTER TABLE `wos_weblinks`
  ADD PRIMARY KEY (`id`),
  ADD KEY `idx_access` (`access`),
  ADD KEY `idx_checkout` (`checked_out`),
  ADD KEY `idx_state` (`state`),
  ADD KEY `idx_catid` (`catid`),
  ADD KEY `idx_createdby` (`created_by`),
  ADD KEY `idx_featured_catid` (`featured`,`catid`),
  ADD KEY `idx_language` (`language`),
  ADD KEY `idx_xreference` (`xreference`);

--
-- 資料表索引 `wos_wf_profiles`
--
ALTER TABLE `wos_wf_profiles`
  ADD PRIMARY KEY (`id`);

--
-- 資料表索引 `wos_xmap_items`
--
ALTER TABLE `wos_xmap_items`
  ADD PRIMARY KEY (`uid`,`itemid`,`view`,`sitemap_id`),
  ADD KEY `uid` (`uid`,`itemid`),
  ADD KEY `view` (`view`);

--
-- 資料表索引 `wos_xmap_sitemap`
--
ALTER TABLE `wos_xmap_sitemap`
  ADD PRIMARY KEY (`id`);

--
-- 在傾印的資料表使用自動遞增(AUTO_INCREMENT)
--

--
-- 使用資料表自動遞增(AUTO_INCREMENT) `wos_akquickicons_icons`
--
ALTER TABLE `wos_akquickicons_icons`
  MODIFY `id` int UNSIGNED NOT NULL AUTO_INCREMENT, AUTO_INCREMENT=39;

--
-- 使用資料表自動遞增(AUTO_INCREMENT) `wos_albums`
--
ALTER TABLE `wos_albums`
  MODIFY `id` int UNSIGNED NOT NULL AUTO_INCREMENT, AUTO_INCREMENT=4;

--
-- 使用資料表自動遞增(AUTO_INCREMENT) `wos_albums_images`
--
ALTER TABLE `wos_albums_images`
  MODIFY `id` int UNSIGNED NOT NULL AUTO_INCREMENT, AUTO_INCREMENT=21;

--
-- 使用資料表自動遞增(AUTO_INCREMENT) `wos_assets`
--
ALTER TABLE `wos_assets`
  MODIFY `id` int UNSIGNED NOT NULL AUTO_INCREMENT COMMENT 'Primary Key', AUTO_INCREMENT=7204;

--
-- 使用資料表自動遞增(AUTO_INCREMENT) `wos_banners`
--
ALTER TABLE `wos_banners`
  MODIFY `id` int NOT NULL AUTO_INCREMENT, AUTO_INCREMENT=9;

--
-- 使用資料表自動遞增(AUTO_INCREMENT) `wos_banner_clients`
--
ALTER TABLE `wos_banner_clients`
  MODIFY `id` int NOT NULL AUTO_INCREMENT;

--
-- 使用資料表自動遞增(AUTO_INCREMENT) `wos_categories`
--
ALTER TABLE `wos_categories`
  MODIFY `id` int NOT NULL AUTO_INCREMENT, AUTO_INCREMENT=283;

--
-- 使用資料表自動遞增(AUTO_INCREMENT) `wos_contact_details`
--
ALTER TABLE `wos_contact_details`
  MODIFY `id` int NOT NULL AUTO_INCREMENT;

--
-- 使用資料表自動遞增(AUTO_INCREMENT) `wos_content`
--
ALTER TABLE `wos_content`
  MODIFY `id` int UNSIGNED NOT NULL AUTO_INCREMENT, AUTO_INCREMENT=174;

--
-- 使用資料表自動遞增(AUTO_INCREMENT) `wos_easyjoomlabackup`
--
ALTER TABLE `wos_easyjoomlabackup`
  MODIFY `id` int NOT NULL AUTO_INCREMENT;

--
-- 使用資料表自動遞增(AUTO_INCREMENT) `wos_extensions`
--
ALTER TABLE `wos_extensions`
  MODIFY `extension_id` int NOT NULL AUTO_INCREMENT, AUTO_INCREMENT=10176;

--
-- 使用資料表自動遞增(AUTO_INCREMENT) `wos_falang_content`
--
ALTER TABLE `wos_falang_content`
  MODIFY `id` int UNSIGNED NOT NULL AUTO_INCREMENT;

--
-- 使用資料表自動遞增(AUTO_INCREMENT) `wos_falang_tableinfo`
--
ALTER TABLE `wos_falang_tableinfo`
  MODIFY `id` int NOT NULL AUTO_INCREMENT, AUTO_INCREMENT=12567;

--
-- 使用資料表自動遞增(AUTO_INCREMENT) `wos_finder_filters`
--
ALTER TABLE `wos_finder_filters`
  MODIFY `filter_id` int UNSIGNED NOT NULL AUTO_INCREMENT;

--
-- 使用資料表自動遞增(AUTO_INCREMENT) `wos_finder_links`
--
ALTER TABLE `wos_finder_links`
  MODIFY `link_id` int UNSIGNED NOT NULL AUTO_INCREMENT;

--
-- 使用資料表自動遞增(AUTO_INCREMENT) `wos_finder_taxonomy`
--
ALTER TABLE `wos_finder_taxonomy`
  MODIFY `id` int UNSIGNED NOT NULL AUTO_INCREMENT, AUTO_INCREMENT=2;

--
-- 使用資料表自動遞增(AUTO_INCREMENT) `wos_finder_terms`
--
ALTER TABLE `wos_finder_terms`
  MODIFY `term_id` int UNSIGNED NOT NULL AUTO_INCREMENT;

--
-- 使用資料表自動遞增(AUTO_INCREMENT) `wos_finder_types`
--
ALTER TABLE `wos_finder_types`
  MODIFY `id` int UNSIGNED NOT NULL AUTO_INCREMENT;

--
-- 使用資料表自動遞增(AUTO_INCREMENT) `wos_flipbooks`
--
ALTER TABLE `wos_flipbooks`
  MODIFY `id` int UNSIGNED NOT NULL AUTO_INCREMENT, AUTO_INCREMENT=30;

--
-- 使用資料表自動遞增(AUTO_INCREMENT) `wos_forms`
--
ALTER TABLE `wos_forms`
  MODIFY `id` int UNSIGNED NOT NULL AUTO_INCREMENT;

--
-- 使用資料表自動遞增(AUTO_INCREMENT) `wos_forms_entries`
--
ALTER TABLE `wos_forms_entries`
  MODIFY `id` int UNSIGNED NOT NULL AUTO_INCREMENT;

--
-- 使用資料表自動遞增(AUTO_INCREMENT) `wos_forms_fields`
--
ALTER TABLE `wos_forms_fields`
  MODIFY `id` int UNSIGNED NOT NULL AUTO_INCREMENT;

--
-- 使用資料表自動遞增(AUTO_INCREMENT) `wos_jce_extensions`
--
ALTER TABLE `wos_jce_extensions`
  MODIFY `id` int NOT NULL AUTO_INCREMENT, AUTO_INCREMENT=2;

--
-- 使用資料表自動遞增(AUTO_INCREMENT) `wos_jce_groups`
--
ALTER TABLE `wos_jce_groups`
  MODIFY `id` int NOT NULL AUTO_INCREMENT, AUTO_INCREMENT=3;

--
-- 使用資料表自動遞增(AUTO_INCREMENT) `wos_jce_plugins`
--
ALTER TABLE `wos_jce_plugins`
  MODIFY `id` int NOT NULL AUTO_INCREMENT, AUTO_INCREMENT=57;

--
-- 使用資料表自動遞增(AUTO_INCREMENT) `wos_languages`
--
ALTER TABLE `wos_languages`
  MODIFY `lang_id` int UNSIGNED NOT NULL AUTO_INCREMENT, AUTO_INCREMENT=4;

--
-- 使用資料表自動遞增(AUTO_INCREMENT) `wos_members`
--
ALTER TABLE `wos_members`
  MODIFY `id` int UNSIGNED NOT NULL AUTO_INCREMENT, AUTO_INCREMENT=22218;

--
-- 使用資料表自動遞增(AUTO_INCREMENT) `wos_menu`
--
ALTER TABLE `wos_menu`
  MODIFY `id` int NOT NULL AUTO_INCREMENT, AUTO_INCREMENT=390;

--
-- 使用資料表自動遞增(AUTO_INCREMENT) `wos_menu_types`
--
ALTER TABLE `wos_menu_types`
  MODIFY `id` int UNSIGNED NOT NULL AUTO_INCREMENT, AUTO_INCREMENT=5;

--
-- 使用資料表自動遞增(AUTO_INCREMENT) `wos_messages`
--
ALTER TABLE `wos_messages`
  MODIFY `message_id` int UNSIGNED NOT NULL AUTO_INCREMENT;

--
-- 使用資料表自動遞增(AUTO_INCREMENT) `wos_modules`
--
ALTER TABLE `wos_modules`
  MODIFY `id` int NOT NULL AUTO_INCREMENT, AUTO_INCREMENT=242;

--
-- 使用資料表自動遞增(AUTO_INCREMENT) `wos_msgtemplates`
--
ALTER TABLE `wos_msgtemplates`
  MODIFY `id` int UNSIGNED NOT NULL AUTO_INCREMENT, AUTO_INCREMENT=48;

--
-- 使用資料表自動遞增(AUTO_INCREMENT) `wos_newsfeeds`
--
ALTER TABLE `wos_newsfeeds`
  MODIFY `id` int UNSIGNED NOT NULL AUTO_INCREMENT;

--
-- 使用資料表自動遞增(AUTO_INCREMENT) `wos_newsletter`
--
ALTER TABLE `wos_newsletter`
  MODIFY `id` int UNSIGNED NOT NULL AUTO_INCREMENT;

--
-- 使用資料表自動遞增(AUTO_INCREMENT) `wos_overrider`
--
ALTER TABLE `wos_overrider`
  MODIFY `id` int NOT NULL AUTO_INCREMENT COMMENT 'Primary Key', AUTO_INCREMENT=2687;

--
-- 使用資料表自動遞增(AUTO_INCREMENT) `wos_redirect_links`
--
ALTER TABLE `wos_redirect_links`
  MODIFY `id` int UNSIGNED NOT NULL AUTO_INCREMENT, AUTO_INCREMENT=1228;

--
-- 使用資料表自動遞增(AUTO_INCREMENT) `wos_shop_addresses`
--
ALTER TABLE `wos_shop_addresses`
  MODIFY `id` int UNSIGNED NOT NULL AUTO_INCREMENT, AUTO_INCREMENT=13;

--
-- 使用資料表自動遞增(AUTO_INCREMENT) `wos_shop_attrs`
--
ALTER TABLE `wos_shop_attrs`
  MODIFY `id` int UNSIGNED NOT NULL AUTO_INCREMENT;

--
-- 使用資料表自動遞增(AUTO_INCREMENT) `wos_shop_brands`
--
ALTER TABLE `wos_shop_brands`
  MODIFY `id` int UNSIGNED NOT NULL AUTO_INCREMENT;

--
-- 使用資料表自動遞增(AUTO_INCREMENT) `wos_shop_campaigns`
--
ALTER TABLE `wos_shop_campaigns`
  MODIFY `id` int UNSIGNED NOT NULL AUTO_INCREMENT;

--
-- 使用資料表自動遞增(AUTO_INCREMENT) `wos_shop_cart`
--
ALTER TABLE `wos_shop_cart`
  MODIFY `id` int UNSIGNED NOT NULL AUTO_INCREMENT, AUTO_INCREMENT=70;

--
-- 使用資料表自動遞增(AUTO_INCREMENT) `wos_shop_combos`
--
ALTER TABLE `wos_shop_combos`
  MODIFY `id` int UNSIGNED NOT NULL AUTO_INCREMENT;

--
-- 使用資料表自動遞增(AUTO_INCREMENT) `wos_shop_combos_prices`
--
ALTER TABLE `wos_shop_combos_prices`
  MODIFY `id` int UNSIGNED NOT NULL AUTO_INCREMENT;

--
-- 使用資料表自動遞增(AUTO_INCREMENT) `wos_shop_combos_products`
--
ALTER TABLE `wos_shop_combos_products`
  MODIFY `id` int UNSIGNED NOT NULL AUTO_INCREMENT;

--
-- 使用資料表自動遞增(AUTO_INCREMENT) `wos_shop_comments`
--
ALTER TABLE `wos_shop_comments`
  MODIFY `id` int UNSIGNED NOT NULL AUTO_INCREMENT;

--
-- 使用資料表自動遞增(AUTO_INCREMENT) `wos_shop_country`
--
ALTER TABLE `wos_shop_country`
  MODIFY `id` int NOT NULL AUTO_INCREMENT, AUTO_INCREMENT=252;

--
-- 使用資料表自動遞增(AUTO_INCREMENT) `wos_shop_country_zone`
--
ALTER TABLE `wos_shop_country_zone`
  MODIFY `id` int UNSIGNED NOT NULL AUTO_INCREMENT, AUTO_INCREMENT=4033;

--
-- 使用資料表自動遞增(AUTO_INCREMENT) `wos_shop_coupons`
--
ALTER TABLE `wos_shop_coupons`
  MODIFY `id` int UNSIGNED NOT NULL AUTO_INCREMENT;

--
-- 使用資料表自動遞增(AUTO_INCREMENT) `wos_shop_coupons_history`
--
ALTER TABLE `wos_shop_coupons_history`
  MODIFY `id` int UNSIGNED NOT NULL AUTO_INCREMENT;

--
-- 使用資料表自動遞增(AUTO_INCREMENT) `wos_shop_currency`
--
ALTER TABLE `wos_shop_currency`
  MODIFY `id` int UNSIGNED NOT NULL AUTO_INCREMENT, AUTO_INCREMENT=7;

--
-- 使用資料表自動遞增(AUTO_INCREMENT) `wos_shop_inventory_notices`
--
ALTER TABLE `wos_shop_inventory_notices`
  MODIFY `id` int UNSIGNED NOT NULL AUTO_INCREMENT;

--
-- 使用資料表自動遞增(AUTO_INCREMENT) `wos_shop_orders`
--
ALTER TABLE `wos_shop_orders`
  MODIFY `id` int UNSIGNED NOT NULL AUTO_INCREMENT, AUTO_INCREMENT=17;

--
-- 使用資料表自動遞增(AUTO_INCREMENT) `wos_shop_orders_detail`
--
ALTER TABLE `wos_shop_orders_detail`
  MODIFY `id` int UNSIGNED NOT NULL AUTO_INCREMENT, AUTO_INCREMENT=19;

--
-- 使用資料表自動遞增(AUTO_INCREMENT) `wos_shop_payments`
--
ALTER TABLE `wos_shop_payments`
  MODIFY `id` int UNSIGNED NOT NULL AUTO_INCREMENT, AUTO_INCREMENT=6;

--
-- 使用資料表自動遞增(AUTO_INCREMENT) `wos_shop_products`
--
ALTER TABLE `wos_shop_products`
  MODIFY `id` int UNSIGNED NOT NULL AUTO_INCREMENT, AUTO_INCREMENT=70;

--
-- 使用資料表自動遞增(AUTO_INCREMENT) `wos_shop_products_attrs`
--
ALTER TABLE `wos_shop_products_attrs`
  MODIFY `id` int UNSIGNED NOT NULL AUTO_INCREMENT;

--
-- 使用資料表自動遞增(AUTO_INCREMENT) `wos_shop_products_images`
--
ALTER TABLE `wos_shop_products_images`
  MODIFY `id` int UNSIGNED NOT NULL AUTO_INCREMENT, AUTO_INCREMENT=219;

--
-- 使用資料表自動遞增(AUTO_INCREMENT) `wos_shop_products_inventory`
--
ALTER TABLE `wos_shop_products_inventory`
  MODIFY `id` int UNSIGNED NOT NULL AUTO_INCREMENT, AUTO_INCREMENT=18;

--
-- 使用資料表自動遞增(AUTO_INCREMENT) `wos_shop_products_options`
--
ALTER TABLE `wos_shop_products_options`
  MODIFY `id` int UNSIGNED NOT NULL AUTO_INCREMENT, AUTO_INCREMENT=87;

--
-- 使用資料表自動遞增(AUTO_INCREMENT) `wos_shop_products_prices`
--
ALTER TABLE `wos_shop_products_prices`
  MODIFY `id` int UNSIGNED NOT NULL AUTO_INCREMENT, AUTO_INCREMENT=385;

--
-- 使用資料表自動遞增(AUTO_INCREMENT) `wos_shop_products_related`
--
ALTER TABLE `wos_shop_products_related`
  MODIFY `id` int UNSIGNED NOT NULL AUTO_INCREMENT;

--
-- 使用資料表自動遞增(AUTO_INCREMENT) `wos_shop_products_tags`
--
ALTER TABLE `wos_shop_products_tags`
  MODIFY `id` int UNSIGNED NOT NULL AUTO_INCREMENT, AUTO_INCREMENT=35;

--
-- 使用資料表自動遞增(AUTO_INCREMENT) `wos_shop_ranking`
--
ALTER TABLE `wos_shop_ranking`
  MODIFY `id` int UNSIGNED NOT NULL AUTO_INCREMENT, AUTO_INCREMENT=2;

--
-- 使用資料表自動遞增(AUTO_INCREMENT) `wos_shop_refunds`
--
ALTER TABLE `wos_shop_refunds`
  MODIFY `id` int UNSIGNED NOT NULL AUTO_INCREMENT;

--
-- 使用資料表自動遞增(AUTO_INCREMENT) `wos_shop_reward_history`
--
ALTER TABLE `wos_shop_reward_history`
  MODIFY `id` int UNSIGNED NOT NULL AUTO_INCREMENT;

--
-- 使用資料表自動遞增(AUTO_INCREMENT) `wos_shop_shipping`
--
ALTER TABLE `wos_shop_shipping`
  MODIFY `id` int UNSIGNED NOT NULL AUTO_INCREMENT, AUTO_INCREMENT=38;

--
-- 使用資料表自動遞增(AUTO_INCREMENT) `wos_shop_user_exp`
--
ALTER TABLE `wos_shop_user_exp`
  MODIFY `id` int UNSIGNED NOT NULL AUTO_INCREMENT;

--
-- 使用資料表自動遞增(AUTO_INCREMENT) `wos_shop_vendors`
--
ALTER TABLE `wos_shop_vendors`
  MODIFY `id` int UNSIGNED NOT NULL AUTO_INCREMENT;

--
-- 使用資料表自動遞增(AUTO_INCREMENT) `wos_shop_vendors_po`
--
ALTER TABLE `wos_shop_vendors_po`
  MODIFY `id` int UNSIGNED NOT NULL AUTO_INCREMENT;

--
-- 使用資料表自動遞增(AUTO_INCREMENT) `wos_shop_wishlist`
--
ALTER TABLE `wos_shop_wishlist`
  MODIFY `id` int UNSIGNED NOT NULL AUTO_INCREMENT, AUTO_INCREMENT=5;

--
-- 使用資料表自動遞增(AUTO_INCREMENT) `wos_subscriptions_subscribers`
--
ALTER TABLE `wos_subscriptions_subscribers`
  MODIFY `id` int UNSIGNED NOT NULL AUTO_INCREMENT, AUTO_INCREMENT=2;

--
-- 使用資料表自動遞增(AUTO_INCREMENT) `wos_template_styles`
--
ALTER TABLE `wos_template_styles`
  MODIFY `id` int UNSIGNED NOT NULL AUTO_INCREMENT, AUTO_INCREMENT=9;

--
-- 使用資料表自動遞增(AUTO_INCREMENT) `wos_updates`
--
ALTER TABLE `wos_updates`
  MODIFY `update_id` int NOT NULL AUTO_INCREMENT, AUTO_INCREMENT=70;

--
-- 使用資料表自動遞增(AUTO_INCREMENT) `wos_update_categories`
--
ALTER TABLE `wos_update_categories`
  MODIFY `categoryid` int NOT NULL AUTO_INCREMENT;

--
-- 使用資料表自動遞增(AUTO_INCREMENT) `wos_update_sites`
--
ALTER TABLE `wos_update_sites`
  MODIFY `update_site_id` int NOT NULL AUTO_INCREMENT, AUTO_INCREMENT=17;

--
-- 使用資料表自動遞增(AUTO_INCREMENT) `wos_usergroups`
--
ALTER TABLE `wos_usergroups`
  MODIFY `id` int UNSIGNED NOT NULL AUTO_INCREMENT COMMENT 'Primary Key', AUTO_INCREMENT=9;

--
-- 使用資料表自動遞增(AUTO_INCREMENT) `wos_users`
--
ALTER TABLE `wos_users`
  MODIFY `id` int NOT NULL AUTO_INCREMENT, AUTO_INCREMENT=29;

--
-- 使用資料表自動遞增(AUTO_INCREMENT) `wos_user_notes`
--
ALTER TABLE `wos_user_notes`
  MODIFY `id` int UNSIGNED NOT NULL AUTO_INCREMENT;

--
-- 使用資料表自動遞增(AUTO_INCREMENT) `wos_viewlevels`
--
ALTER TABLE `wos_viewlevels`
  MODIFY `id` int UNSIGNED NOT NULL AUTO_INCREMENT COMMENT 'Primary Key', AUTO_INCREMENT=6;

--
-- 使用資料表自動遞增(AUTO_INCREMENT) `wos_weblinks`
--
ALTER TABLE `wos_weblinks`
  MODIFY `id` int UNSIGNED NOT NULL AUTO_INCREMENT;

--
-- 使用資料表自動遞增(AUTO_INCREMENT) `wos_wf_profiles`
--
ALTER TABLE `wos_wf_profiles`
  MODIFY `id` int NOT NULL AUTO_INCREMENT, AUTO_INCREMENT=4;

--
-- 使用資料表自動遞增(AUTO_INCREMENT) `wos_xmap_sitemap`
--
ALTER TABLE `wos_xmap_sitemap`
  MODIFY `id` int NOT NULL AUTO_INCREMENT, AUTO_INCREMENT=2;
COMMIT;

