INSERT INTO `wos_ucm_history` (`version_id`, `ucm_item_id`, `ucm_type_id`, `version_note`, `save_date`, `editor_user_id`, `character_count`, `sha1_hash`, `version_data`, `keep_forever`) VALUES
(824, 203, 1, '', '2024-04-22 10:44:55', 197, 2924, '959344821dc2a17a259c601f86f47272ded939ab', '{\"id\":203,\"asset_id\":\"1151\",\"title\":\"\\u7368\\u5bb6\\u4ee3\\u7406\",\"alias\":\"\\u7368\\u5bb6\\u4ee3\\u7406\",\"introtext\":\"<p>\\u7368\\u5bb6\\u4ee3\\u7406<\\/p>\\r\\n<p><span>vMarket <\\/span>\\u70ba\\u53f0\\u7063\\u54c1\\u724c - \\u65e6\\u4e4b\\u7f8e <span>dundun <\\/span>\\u7684\\u9999\\u6e2f\\u552f\\u4e00\\u4ee3\\u7406\\u5546\\u3002<\\/p>\\r\\n<p><img src=\\\"images\\/_content.jpg\\\" width=\\\"100%\\\" caption=\\\"false\\\" \\/><\\/p>\\r\\n<p>\\u5c0d\\u53f0\\u7063\\u65e6\\u4e4b\\u7f8edundun\\u7684\\u7522\\u54c1\\u6709\\u8208\\u8da3\\uff1f<br \\/>\\u6211\\u5011\\u6b61\\u8fce\\u4ee5\\u4efb\\u4f55\\u5f62\\u5f0f\\u7684\\u5546\\u696d\\u5408\\u4f5c\\uff0c\\u4ea6\\u975e\\u5e38\\u671f\\u5f85\\u4e86\\u89e3\\u60a8\\u7684\\u60f3\\u6cd5\\u6216\\u8a08\\u5283\\uff0c\\u8acb\\u900f\\u904e\\u4ee5\\u4e0b\\u65b9\\u5f0f\\u8207\\u6211\\u5011\\u806f\\u7d61\\u3002<br \\/>\\u96fb\\u90f5\\uff1acs@vmarket.com.hk \\uff08\\u6279\\u767c\\u53ca\\u5546\\u696d\\u5408\\u4f5c\\uff09<br \\/>WhatsApp\\uff1a+852 6897 0390 <br \\/>\\u56de\\u8986\\u6642\\u9593\\u6216\\u6703\\u56e0\\u67e5\\u8a62\\u6578\\u91cf\\u800c\\u7a0d\\u6709\\u5ef6\\u9072\\uff0c\\u8acb\\u8010\\u5fc3\\u7b49\\u5019\\uff0c\\u6211\\u5011\\u6703\\u76e1\\u5feb\\u8207\\u4f60\\u806f\\u7d61\\uff0c\\u8b1d\\u8b1d\\uff01<\\/p>\\r\\n<p><\\/p>\\r\\n<p><\\/p>\\r\\n<p><\\/p>\\r\\n<p><\\/p>\\r\\n<p><\\/p>\\r\\n<p><\\/p>\",\"fulltext\":\"\",\"state\":1,\"catid\":\"102\",\"created\":\"2021-09-08 00:32:27\",\"created_by\":\"197\",\"created_by_alias\":\"\",\"modified\":\"2024-04-22 10:44:55\",\"modified_by\":\"197\",\"checked_out\":\"197\",\"checked_out_time\":\"2024-04-22 10:42:38\",\"publish_up\":\"2021-09-08 00:32:27\",\"publish_down\":\"0000-00-00 00:00:00\",\"images\":\"{\\\"image_intro\\\":\\\"images\\\\\\/news\\\\\\/n29.jpg\\\",\\\"float_intro\\\":\\\"\\\",\\\"image_intro_alt\\\":\\\"\\\",\\\"image_intro_caption\\\":\\\"\\\",\\\"image_fulltext\\\":\\\"images\\\\\\/news\\\\\\/n29b.jpg\\\",\\\"float_fulltext\\\":\\\"\\\",\\\"image_fulltext_alt\\\":\\\"\\\",\\\"image_fulltext_caption\\\":\\\"\\\"}\",\"urls\":\"{\\\"urla\\\":false,\\\"urlatext\\\":\\\"\\\",\\\"targeta\\\":\\\"\\\",\\\"urlb\\\":false,\\\"urlbtext\\\":\\\"\\\",\\\"targetb\\\":\\\"\\\",\\\"urlc\\\":false,\\\"urlctext\\\":\\\"\\\",\\\"targetc\\\":\\\"\\\"}\",\"attribs\":\"{\\\"article_layout\\\":\\\"\\\",\\\"show_title\\\":\\\"\\\",\\\"link_titles\\\":\\\"\\\",\\\"show_tags\\\":\\\"\\\",\\\"show_intro\\\":\\\"\\\",\\\"info_block_position\\\":\\\"\\\",\\\"info_block_show_title\\\":\\\"\\\",\\\"show_category\\\":\\\"\\\",\\\"link_category\\\":\\\"\\\",\\\"show_parent_category\\\":\\\"\\\",\\\"link_parent_category\\\":\\\"\\\",\\\"show_associations\\\":\\\"\\\",\\\"show_author\\\":\\\"\\\",\\\"link_author\\\":\\\"\\\",\\\"show_create_date\\\":\\\"\\\",\\\"show_modify_date\\\":\\\"\\\",\\\"show_publish_date\\\":\\\"\\\",\\\"show_item_navigation\\\":\\\"\\\",\\\"show_icons\\\":\\\"\\\",\\\"show_print_icon\\\":\\\"\\\",\\\"show_email_icon\\\":\\\"\\\",\\\"show_vote\\\":\\\"\\\",\\\"show_hits\\\":\\\"\\\",\\\"show_noauth\\\":\\\"\\\",\\\"urls_position\\\":\\\"\\\",\\\"alternative_readmore\\\":\\\"\\\",\\\"article_page_title\\\":\\\"\\\",\\\"show_publishing_options\\\":\\\"\\\",\\\"show_article_options\\\":\\\"\\\",\\\"show_urls_images_backend\\\":\\\"\\\",\\\"show_urls_images_frontend\\\":\\\"\\\"}\",\"version\":7,\"ordering\":\"0\",\"metakey\":\"\",\"metadesc\":\"\",\"access\":\"1\",\"hits\":\"1\",\"metadata\":\"{\\\"robots\\\":\\\"\\\",\\\"author\\\":\\\"\\\",\\\"rights\\\":\\\"\\\",\\\"xreference\\\":\\\"\\\"}\",\"featured\":\"0\",\"language\":\"*\",\"xreference\":\"\",\"note\":\"\"}', 0),
(825, 203, 1, '', '2024-04-22 10:45:07', 197, 2854, '37c2323b080c7bba775f066da0eb3611293c6a3a', '{\"id\":203,\"asset_id\":\"1151\",\"title\":\"\\u7368\\u5bb6\\u4ee3\\u7406\",\"alias\":\"\\u7368\\u5bb6\\u4ee3\\u7406\",\"introtext\":\"<p>\\u7368\\u5bb6\\u4ee3\\u7406<\\/p>\\r\\n<p><span>vMarket <\\/span>\\u70ba\\u53f0\\u7063\\u54c1\\u724c - \\u65e6\\u4e4b\\u7f8e <span>dundun <\\/span>\\u7684\\u9999\\u6e2f\\u552f\\u4e00\\u4ee3\\u7406\\u5546\\u3002<\\/p>\\r\\n<p><\\/p>\\r\\n<p>\\u5c0d\\u53f0\\u7063\\u65e6\\u4e4b\\u7f8edundun\\u7684\\u7522\\u54c1\\u6709\\u8208\\u8da3\\uff1f<br \\/>\\u6211\\u5011\\u6b61\\u8fce\\u4ee5\\u4efb\\u4f55\\u5f62\\u5f0f\\u7684\\u5546\\u696d\\u5408\\u4f5c\\uff0c\\u4ea6\\u975e\\u5e38\\u671f\\u5f85\\u4e86\\u89e3\\u60a8\\u7684\\u60f3\\u6cd5\\u6216\\u8a08\\u5283\\uff0c\\u8acb\\u900f\\u904e\\u4ee5\\u4e0b\\u65b9\\u5f0f\\u8207\\u6211\\u5011\\u806f\\u7d61\\u3002<br \\/>\\u96fb\\u90f5\\uff1acs@vmarket.com.hk \\uff08\\u6279\\u767c\\u53ca\\u5546\\u696d\\u5408\\u4f5c\\uff09<br \\/>WhatsApp\\uff1a+852 6897 0390 <br \\/>\\u56de\\u8986\\u6642\\u9593\\u6216\\u6703\\u56e0\\u67e5\\u8a62\\u6578\\u91cf\\u800c\\u7a0d\\u6709\\u5ef6\\u9072\\uff0c\\u8acb\\u8010\\u5fc3\\u7b49\\u5019\\uff0c\\u6211\\u5011\\u6703\\u76e1\\u5feb\\u8207\\u4f60\\u806f\\u7d61\\uff0c\\u8b1d\\u8b1d\\uff01<\\/p>\\r\\n<p><\\/p>\\r\\n<p><\\/p>\\r\\n<p><\\/p>\\r\\n<p><\\/p>\\r\\n<p><\\/p>\\r\\n<p><\\/p>\",\"fulltext\":\"\",\"state\":1,\"catid\":\"102\",\"created\":\"2021-09-08 00:32:27\",\"created_by\":\"197\",\"created_by_alias\":\"\",\"modified\":\"2024-04-22 10:45:07\",\"modified_by\":\"197\",\"checked_out\":\"197\",\"checked_out_time\":\"2024-04-22 10:44:55\",\"publish_up\":\"2021-09-08 00:32:27\",\"publish_down\":\"0000-00-00 00:00:00\",\"images\":\"{\\\"image_intro\\\":\\\"images\\\\\\/news\\\\\\/n29.jpg\\\",\\\"float_intro\\\":\\\"\\\",\\\"image_intro_alt\\\":\\\"\\\",\\\"image_intro_caption\\\":\\\"\\\",\\\"image_fulltext\\\":\\\"images\\\\\\/news\\\\\\/n29b.jpg\\\",\\\"float_fulltext\\\":\\\"\\\",\\\"image_fulltext_alt\\\":\\\"\\\",\\\"image_fulltext_caption\\\":\\\"\\\"}\",\"urls\":\"{\\\"urla\\\":false,\\\"urlatext\\\":\\\"\\\",\\\"targeta\\\":\\\"\\\",\\\"urlb\\\":false,\\\"urlbtext\\\":\\\"\\\",\\\"targetb\\\":\\\"\\\",\\\"urlc\\\":false,\\\"urlctext\\\":\\\"\\\",\\\"targetc\\\":\\\"\\\"}\",\"attribs\":\"{\\\"article_layout\\\":\\\"\\\",\\\"show_title\\\":\\\"\\\",\\\"link_titles\\\":\\\"\\\",\\\"show_tags\\\":\\\"\\\",\\\"show_intro\\\":\\\"\\\",\\\"info_block_position\\\":\\\"\\\",\\\"info_block_show_title\\\":\\\"\\\",\\\"show_category\\\":\\\"\\\",\\\"link_category\\\":\\\"\\\",\\\"show_parent_category\\\":\\\"\\\",\\\"link_parent_category\\\":\\\"\\\",\\\"show_associations\\\":\\\"\\\",\\\"show_author\\\":\\\"\\\",\\\"link_author\\\":\\\"\\\",\\\"show_create_date\\\":\\\"\\\",\\\"show_modify_date\\\":\\\"\\\",\\\"show_publish_date\\\":\\\"\\\",\\\"show_item_navigation\\\":\\\"\\\",\\\"show_icons\\\":\\\"\\\",\\\"show_print_icon\\\":\\\"\\\",\\\"show_email_icon\\\":\\\"\\\",\\\"show_vote\\\":\\\"\\\",\\\"show_hits\\\":\\\"\\\",\\\"show_noauth\\\":\\\"\\\",\\\"urls_position\\\":\\\"\\\",\\\"alternative_readmore\\\":\\\"\\\",\\\"article_page_title\\\":\\\"\\\",\\\"show_publishing_options\\\":\\\"\\\",\\\"show_article_options\\\":\\\"\\\",\\\"show_urls_images_backend\\\":\\\"\\\",\\\"show_urls_images_frontend\\\":\\\"\\\"}\",\"version\":8,\"ordering\":\"0\",\"metakey\":\"\",\"metadesc\":\"\",\"access\":\"1\",\"hits\":\"2\",\"metadata\":\"{\\\"robots\\\":\\\"\\\",\\\"author\\\":\\\"\\\",\\\"rights\\\":\\\"\\\",\\\"xreference\\\":\\\"\\\"}\",\"featured\":\"0\",\"language\":\"*\",\"xreference\":\"\",\"note\":\"\"}', 0),
(826, 203, 1, '', '2024-04-22 10:45:33', 197, 2818, 'ff47696eae27c0da189a820b68720a497b334475', '{\"id\":203,\"asset_id\":\"1151\",\"title\":\"\\u7368\\u5bb6\\u4ee3\\u7406\",\"alias\":\"\\u7368\\u5bb6\\u4ee3\\u7406\",\"introtext\":\"<p><span>vMarket <\\/span>\\u70ba\\u53f0\\u7063\\u54c1\\u724c - \\u65e6\\u4e4b\\u7f8e <span>dundun <\\/span>\\u7684\\u9999\\u6e2f\\u552f\\u4e00\\u4ee3\\u7406\\u5546\\u3002<\\/p>\\r\\n<p><\\/p>\\r\\n<p>\\u5c0d\\u53f0\\u7063\\u65e6\\u4e4b\\u7f8edundun\\u7684\\u7522\\u54c1\\u6709\\u8208\\u8da3\\uff1f<br \\/>\\u6211\\u5011\\u6b61\\u8fce\\u4ee5\\u4efb\\u4f55\\u5f62\\u5f0f\\u7684\\u5546\\u696d\\u5408\\u4f5c\\uff0c\\u4ea6\\u975e\\u5e38\\u671f\\u5f85\\u4e86\\u89e3\\u60a8\\u7684\\u60f3\\u6cd5\\u6216\\u8a08\\u5283\\uff0c\\u8acb\\u900f\\u904e\\u4ee5\\u4e0b\\u65b9\\u5f0f\\u8207\\u6211\\u5011\\u806f\\u7d61\\u3002<br \\/>\\u96fb\\u90f5\\uff1acs@vmarket.com.hk \\uff08\\u6279\\u767c\\u53ca\\u5546\\u696d\\u5408\\u4f5c\\uff09<br \\/>WhatsApp\\uff1a+852 6897 0390 <br \\/>\\u56de\\u8986\\u6642\\u9593\\u6216\\u6703\\u56e0\\u67e5\\u8a62\\u6578\\u91cf\\u800c\\u7a0d\\u6709\\u5ef6\\u9072\\uff0c\\u8acb\\u8010\\u5fc3\\u7b49\\u5019\\uff0c\\u6211\\u5011\\u6703\\u76e1\\u5feb\\u8207\\u4f60\\u806f\\u7d61\\uff0c\\u8b1d\\u8b1d\\uff01<\\/p>\\r\\n<p><\\/p>\\r\\n<p><\\/p>\\r\\n<p><\\/p>\\r\\n<p><\\/p>\\r\\n<p><\\/p>\\r\\n<p><\\/p>\",\"fulltext\":\"\",\"state\":1,\"catid\":\"102\",\"created\":\"2021-09-08 00:32:27\",\"created_by\":\"197\",\"created_by_alias\":\"\",\"modified\":\"2024-04-22 10:45:33\",\"modified_by\":\"197\",\"checked_out\":\"197\",\"checked_out_time\":\"2024-04-22 10:45:07\",\"publish_up\":\"2021-09-08 00:32:27\",\"publish_down\":\"0000-00-00 00:00:00\",\"images\":\"{\\\"image_intro\\\":\\\"images\\\\\\/news\\\\\\/n29.jpg\\\",\\\"float_intro\\\":\\\"\\\",\\\"image_intro_alt\\\":\\\"\\\",\\\"image_intro_caption\\\":\\\"\\\",\\\"image_fulltext\\\":\\\"images\\\\\\/news\\\\\\/n29b.jpg\\\",\\\"float_fulltext\\\":\\\"\\\",\\\"image_fulltext_alt\\\":\\\"\\\",\\\"image_fulltext_caption\\\":\\\"\\\"}\",\"urls\":\"{\\\"urla\\\":false,\\\"urlatext\\\":\\\"\\\",\\\"targeta\\\":\\\"\\\",\\\"urlb\\\":false,\\\"urlbtext\\\":\\\"\\\",\\\"targetb\\\":\\\"\\\",\\\"urlc\\\":false,\\\"urlctext\\\":\\\"\\\",\\\"targetc\\\":\\\"\\\"}\",\"attribs\":\"{\\\"article_layout\\\":\\\"\\\",\\\"show_title\\\":\\\"\\\",\\\"link_titles\\\":\\\"\\\",\\\"show_tags\\\":\\\"\\\",\\\"show_intro\\\":\\\"\\\",\\\"info_block_position\\\":\\\"\\\",\\\"info_block_show_title\\\":\\\"\\\",\\\"show_category\\\":\\\"\\\",\\\"link_category\\\":\\\"\\\",\\\"show_parent_category\\\":\\\"\\\",\\\"link_parent_category\\\":\\\"\\\",\\\"show_associations\\\":\\\"\\\",\\\"show_author\\\":\\\"\\\",\\\"link_author\\\":\\\"\\\",\\\"show_create_date\\\":\\\"\\\",\\\"show_modify_date\\\":\\\"\\\",\\\"show_publish_date\\\":\\\"\\\",\\\"show_item_navigation\\\":\\\"\\\",\\\"show_icons\\\":\\\"\\\",\\\"show_print_icon\\\":\\\"\\\",\\\"show_email_icon\\\":\\\"\\\",\\\"show_vote\\\":\\\"\\\",\\\"show_hits\\\":\\\"\\\",\\\"show_noauth\\\":\\\"\\\",\\\"urls_position\\\":\\\"\\\",\\\"alternative_readmore\\\":\\\"\\\",\\\"article_page_title\\\":\\\"\\\",\\\"show_publishing_options\\\":\\\"\\\",\\\"show_article_options\\\":\\\"\\\",\\\"show_urls_images_backend\\\":\\\"\\\",\\\"show_urls_images_frontend\\\":\\\"\\\"}\",\"version\":9,\"ordering\":\"0\",\"metakey\":\"\",\"metadesc\":\"\",\"access\":\"1\",\"hits\":\"3\",\"metadata\":\"{\\\"robots\\\":\\\"\\\",\\\"author\\\":\\\"\\\",\\\"rights\\\":\\\"\\\",\\\"xreference\\\":\\\"\\\"}\",\"featured\":\"0\",\"language\":\"*\",\"xreference\":\"\",\"note\":\"\"}', 0),
(827, 203, 1, '', '2024-04-22 10:47:51', 197, 2807, 'f941cfe9679581376dcb57e6bbc03818400490ce', '{\"id\":203,\"asset_id\":\"1151\",\"title\":\"\\u7368\\u5bb6\\u4ee3\\u7406\",\"alias\":\"\\u7368\\u5bb6\\u4ee3\\u7406\",\"introtext\":\"<p><span>vMarket <\\/span>\\u70ba\\u53f0\\u7063\\u54c1\\u724c - \\u65e6\\u4e4b\\u7f8e <span>dundun <\\/span>\\u7684\\u9999\\u6e2f\\u552f\\u4e00\\u4ee3\\u7406\\u5546\\u3002<\\/p>\\r\\n<p>\\u5c0d\\u53f0\\u7063\\u65e6\\u4e4b\\u7f8edundun\\u7684\\u7522\\u54c1\\u6709\\u8208\\u8da3\\uff1f<br \\/>\\u6211\\u5011\\u6b61\\u8fce\\u4ee5\\u4efb\\u4f55\\u5f62\\u5f0f\\u7684\\u5546\\u696d\\u5408\\u4f5c\\uff0c\\u4ea6\\u975e\\u5e38\\u671f\\u5f85\\u4e86\\u89e3\\u60a8\\u7684\\u60f3\\u6cd5\\u6216\\u8a08\\u5283\\uff0c\\u8acb\\u900f\\u904e\\u4ee5\\u4e0b\\u65b9\\u5f0f\\u8207\\u6211\\u5011\\u806f\\u7d61\\u3002<br \\/>\\u96fb\\u90f5\\uff1acs@vmarket.com.hk \\uff08\\u6279\\u767c\\u53ca\\u5546\\u696d\\u5408\\u4f5c\\uff09<br \\/>WhatsApp\\uff1a+852 6897 0390 <br \\/>\\u56de\\u8986\\u6642\\u9593\\u6216\\u6703\\u56e0\\u67e5\\u8a62\\u6578\\u91cf\\u800c\\u7a0d\\u6709\\u5ef6\\u9072\\uff0c\\u8acb\\u8010\\u5fc3\\u7b49\\u5019\\uff0c\\u6211\\u5011\\u6703\\u76e1\\u5feb\\u8207\\u4f60\\u806f\\u7d61\\uff0c\\u8b1d\\u8b1d\\uff01<\\/p>\\r\\n<p><\\/p>\\r\\n<p><\\/p>\\r\\n<p><\\/p>\\r\\n<p><\\/p>\\r\\n<p><\\/p>\\r\\n<p><\\/p>\",\"fulltext\":\"\",\"state\":1,\"catid\":\"102\",\"created\":\"2021-09-08 00:32:27\",\"created_by\":\"197\",\"created_by_alias\":\"\",\"modified\":\"2024-04-22 10:47:51\",\"modified_by\":\"197\",\"checked_out\":\"197\",\"checked_out_time\":\"2024-04-22 10:45:33\",\"publish_up\":\"2021-09-08 00:32:27\",\"publish_down\":\"0000-00-00 00:00:00\",\"images\":\"{\\\"image_intro\\\":\\\"images\\\\\\/news\\\\\\/n29.jpg\\\",\\\"float_intro\\\":\\\"\\\",\\\"image_intro_alt\\\":\\\"\\\",\\\"image_intro_caption\\\":\\\"\\\",\\\"image_fulltext\\\":\\\"images\\\\\\/news\\\\\\/n29b.jpg\\\",\\\"float_fulltext\\\":\\\"\\\",\\\"image_fulltext_alt\\\":\\\"\\\",\\\"image_fulltext_caption\\\":\\\"\\\"}\",\"urls\":\"{\\\"urla\\\":false,\\\"urlatext\\\":\\\"\\\",\\\"targeta\\\":\\\"\\\",\\\"urlb\\\":false,\\\"urlbtext\\\":\\\"\\\",\\\"targetb\\\":\\\"\\\",\\\"urlc\\\":false,\\\"urlctext\\\":\\\"\\\",\\\"targetc\\\":\\\"\\\"}\",\"attribs\":\"{\\\"article_layout\\\":\\\"\\\",\\\"show_title\\\":\\\"\\\",\\\"link_titles\\\":\\\"\\\",\\\"show_tags\\\":\\\"\\\",\\\"show_intro\\\":\\\"\\\",\\\"info_block_position\\\":\\\"\\\",\\\"info_block_show_title\\\":\\\"\\\",\\\"show_category\\\":\\\"\\\",\\\"link_category\\\":\\\"\\\",\\\"show_parent_category\\\":\\\"\\\",\\\"link_parent_category\\\":\\\"\\\",\\\"show_associations\\\":\\\"\\\",\\\"show_author\\\":\\\"\\\",\\\"link_author\\\":\\\"\\\",\\\"show_create_date\\\":\\\"\\\",\\\"show_modify_date\\\":\\\"\\\",\\\"show_publish_date\\\":\\\"\\\",\\\"show_item_navigation\\\":\\\"\\\",\\\"show_icons\\\":\\\"\\\",\\\"show_print_icon\\\":\\\"\\\",\\\"show_email_icon\\\":\\\"\\\",\\\"show_vote\\\":\\\"\\\",\\\"show_hits\\\":\\\"\\\",\\\"show_noauth\\\":\\\"\\\",\\\"urls_position\\\":\\\"\\\",\\\"alternative_readmore\\\":\\\"\\\",\\\"article_page_title\\\":\\\"\\\",\\\"show_publishing_options\\\":\\\"\\\",\\\"show_article_options\\\":\\\"\\\",\\\"show_urls_images_backend\\\":\\\"\\\",\\\"show_urls_images_frontend\\\":\\\"\\\"}\",\"version\":10,\"ordering\":\"0\",\"metakey\":\"\",\"metadesc\":\"\",\"access\":\"1\",\"hits\":\"4\",\"metadata\":\"{\\\"robots\\\":\\\"\\\",\\\"author\\\":\\\"\\\",\\\"rights\\\":\\\"\\\",\\\"xreference\\\":\\\"\\\"}\",\"featured\":\"0\",\"language\":\"*\",\"xreference\":\"\",\"note\":\"\"}', 0),
(828, 204, 1, '', '2024-04-22 10:47:59', 197, 2774, 'a897ae7fbf49f3fb1e652108407d311144d532c6', '{\"id\":204,\"asset_id\":1152,\"title\":\"\\u7368\\u5bb6\\u4ee3\\u7406 (2)\",\"alias\":\"\\u7368\\u5bb6\\u4ee3\\u7406-2\",\"introtext\":\"<p><span>vMarket <\\/span>\\u70ba\\u53f0\\u7063\\u54c1\\u724c - \\u65e6\\u4e4b\\u7f8e <span>dundun <\\/span>\\u7684\\u9999\\u6e2f\\u552f\\u4e00\\u4ee3\\u7406\\u5546\\u3002<\\/p>\\r\\n<p>\\u5c0d\\u53f0\\u7063\\u65e6\\u4e4b\\u7f8edundun\\u7684\\u7522\\u54c1\\u6709\\u8208\\u8da3\\uff1f<br \\/>\\u6211\\u5011\\u6b61\\u8fce\\u4ee5\\u4efb\\u4f55\\u5f62\\u5f0f\\u7684\\u5546\\u696d\\u5408\\u4f5c\\uff0c\\u4ea6\\u975e\\u5e38\\u671f\\u5f85\\u4e86\\u89e3\\u60a8\\u7684\\u60f3\\u6cd5\\u6216\\u8a08\\u5283\\uff0c\\u8acb\\u900f\\u904e\\u4ee5\\u4e0b\\u65b9\\u5f0f\\u8207\\u6211\\u5011\\u806f\\u7d61\\u3002<br \\/>\\u96fb\\u90f5\\uff1acs@vmarket.com.hk \\uff08\\u6279\\u767c\\u53ca\\u5546\\u696d\\u5408\\u4f5c\\uff09<br \\/>WhatsApp\\uff1a+852 6897 0390 <br \\/>\\u56de\\u8986\\u6642\\u9593\\u6216\\u6703\\u56e0\\u67e5\\u8a62\\u6578\\u91cf\\u800c\\u7a0d\\u6709\\u5ef6\\u9072\\uff0c\\u8acb\\u8010\\u5fc3\\u7b49\\u5019\\uff0c\\u6211\\u5011\\u6703\\u76e1\\u5feb\\u8207\\u4f60\\u806f\\u7d61\\uff0c\\u8b1d\\u8b1d\\uff01<\\/p>\\r\\n<p><\\/p>\\r\\n<p><\\/p>\\r\\n<p><\\/p>\\r\\n<p><\\/p>\\r\\n<p><\\/p>\\r\\n<p><\\/p>\",\"fulltext\":\"\",\"state\":0,\"catid\":\"102\",\"created\":\"2021-09-08 00:32:27\",\"created_by\":\"197\",\"created_by_alias\":\"\",\"modified\":\"2024-04-22 10:47:59\",\"modified_by\":null,\"checked_out\":null,\"checked_out_time\":null,\"publish_up\":\"2021-09-08 00:32:27\",\"publish_down\":\"\",\"images\":\"{\\\"image_intro\\\":\\\"images\\\\\\/news\\\\\\/n29.jpg\\\",\\\"float_intro\\\":\\\"\\\",\\\"image_intro_alt\\\":\\\"\\\",\\\"image_intro_caption\\\":\\\"\\\",\\\"image_fulltext\\\":\\\"images\\\\\\/news\\\\\\/n29b.jpg\\\",\\\"float_fulltext\\\":\\\"\\\",\\\"image_fulltext_alt\\\":\\\"\\\",\\\"image_fulltext_caption\\\":\\\"\\\"}\",\"urls\":\"{\\\"urla\\\":false,\\\"urlatext\\\":\\\"\\\",\\\"targeta\\\":\\\"\\\",\\\"urlb\\\":false,\\\"urlbtext\\\":\\\"\\\",\\\"targetb\\\":\\\"\\\",\\\"urlc\\\":false,\\\"urlctext\\\":\\\"\\\",\\\"targetc\\\":\\\"\\\"}\",\"attribs\":\"{\\\"article_layout\\\":\\\"\\\",\\\"show_title\\\":\\\"\\\",\\\"link_titles\\\":\\\"\\\",\\\"show_tags\\\":\\\"\\\",\\\"show_intro\\\":\\\"\\\",\\\"info_block_position\\\":\\\"\\\",\\\"info_block_show_title\\\":\\\"\\\",\\\"show_category\\\":\\\"\\\",\\\"link_category\\\":\\\"\\\",\\\"show_parent_category\\\":\\\"\\\",\\\"link_parent_category\\\":\\\"\\\",\\\"show_associations\\\":\\\"\\\",\\\"show_author\\\":\\\"\\\",\\\"link_author\\\":\\\"\\\",\\\"show_create_date\\\":\\\"\\\",\\\"show_modify_date\\\":\\\"\\\",\\\"show_publish_date\\\":\\\"\\\",\\\"show_item_navigation\\\":\\\"\\\",\\\"show_icons\\\":\\\"\\\",\\\"show_print_icon\\\":\\\"\\\",\\\"show_email_icon\\\":\\\"\\\",\\\"show_vote\\\":\\\"\\\",\\\"show_hits\\\":\\\"\\\",\\\"show_noauth\\\":\\\"\\\",\\\"urls_position\\\":\\\"\\\",\\\"alternative_readmore\\\":\\\"\\\",\\\"article_page_title\\\":\\\"\\\",\\\"show_publishing_options\\\":\\\"\\\",\\\"show_article_options\\\":\\\"\\\",\\\"show_urls_images_backend\\\":\\\"\\\",\\\"show_urls_images_frontend\\\":\\\"\\\"}\",\"version\":1,\"ordering\":null,\"metakey\":\"\",\"metadesc\":\"\",\"access\":\"1\",\"hits\":null,\"metadata\":\"{\\\"robots\\\":\\\"\\\",\\\"author\\\":\\\"\\\",\\\"rights\\\":\\\"\\\",\\\"xreference\\\":\\\"\\\"}\",\"featured\":\"0\",\"language\":\"*\",\"xreference\":\"\",\"note\":\"\"}', 0),
(829, 204, 1, '', '2024-04-22 10:48:48', 197, 2671, '676450deee15b2ef62ebeb49c167d908f4a5d858', '{\"id\":204,\"asset_id\":\"1152\",\"title\":\"\\u5546\\u696d\\u5408\\u4f5c\",\"alias\":\"\\u5546\\u696d\\u5408\\u4f5c\",\"introtext\":\"<p>\\u5c0dvMarket \\u6240\\u4ee3\\u7406\\u6216\\u552e\\u8ce3\\u7684\\u7522\\u54c1\\u6709\\u8208\\u8da3\\uff1f<br \\/>\\u6216\\u662f\\u60a8\\u6709\\u975e\\u5e38\\u597d\\u7684\\u5408\\u4f5c\\u8a08\\u5283\\u60f3\\u8207\\u6211\\u5011\\u5546\\u8ac7\\uff1f<br \\/><br \\/>\\u6211\\u5011\\u6b61\\u8fce\\u4ee5\\u4efb\\u4f55\\u5f62\\u5f0f\\u7684\\u5546\\u696d\\u5408\\u4f5c\\uff0c\\u4ea6\\u975e\\u5e38\\u671f\\u5f85\\u4e86\\u89e3\\u60a8\\u7684\\u60f3\\u6cd5\\u6216\\u8a08\\u5283\\uff0c\\u8acb\\u900f\\u904e\\u4ee5\\u4e0b\\u65b9\\u5f0f\\u8207\\u6211\\u5011\\u806f\\u7d61\\u3002<br \\/>\\u96fb\\u90f5\\uff1acs@vmarket.com.hk \\uff08\\u6279\\u767c\\u53ca\\u5546\\u696d\\u5408\\u4f5c\\uff09<br \\/>WhatsApp\\uff1a+852 6897 0390<br \\/> <br \\/>\\u56de\\u8986\\u6642\\u9593\\u6216\\u6703\\u56e0\\u67e5\\u8a62\\u6578\\u91cf\\u800c\\u7a0d\\u6709\\u5ef6\\u9072\\uff0c\\u8acb\\u8010\\u5fc3\\u7b49\\u5019\\uff0c\\u6211\\u5011\\u6703\\u76e1\\u5feb\\u8207\\u4f60\\u806f\\u7d61\\uff0c\\u8b1d\\u8b1d\\uff01<\\/p>\",\"fulltext\":\"\",\"state\":0,\"catid\":\"102\",\"created\":\"2021-09-08 00:32:27\",\"created_by\":\"197\",\"created_by_alias\":\"\",\"modified\":\"2024-04-22 10:48:48\",\"modified_by\":\"197\",\"checked_out\":\"197\",\"checked_out_time\":\"2024-04-22 10:47:59\",\"publish_up\":\"2021-09-08 00:32:27\",\"publish_down\":\"\",\"images\":\"{\\\"image_intro\\\":\\\"images\\\\\\/news\\\\\\/n30.jpg\\\",\\\"float_intro\\\":\\\"\\\",\\\"image_intro_alt\\\":\\\"\\\",\\\"image_intro_caption\\\":\\\"\\\",\\\"image_fulltext\\\":\\\"\\\",\\\"float_fulltext\\\":\\\"\\\",\\\"image_fulltext_alt\\\":\\\"\\\",\\\"image_fulltext_caption\\\":\\\"\\\"}\",\"urls\":\"{\\\"urla\\\":false,\\\"urlatext\\\":\\\"\\\",\\\"targeta\\\":\\\"\\\",\\\"urlb\\\":false,\\\"urlbtext\\\":\\\"\\\",\\\"targetb\\\":\\\"\\\",\\\"urlc\\\":false,\\\"urlctext\\\":\\\"\\\",\\\"targetc\\\":\\\"\\\"}\",\"attribs\":\"{\\\"article_layout\\\":\\\"\\\",\\\"show_title\\\":\\\"\\\",\\\"link_titles\\\":\\\"\\\",\\\"show_tags\\\":\\\"\\\",\\\"show_intro\\\":\\\"\\\",\\\"info_block_position\\\":\\\"\\\",\\\"info_block_show_title\\\":\\\"\\\",\\\"show_category\\\":\\\"\\\",\\\"link_category\\\":\\\"\\\",\\\"show_parent_category\\\":\\\"\\\",\\\"link_parent_category\\\":\\\"\\\",\\\"show_associations\\\":\\\"\\\",\\\"show_author\\\":\\\"\\\",\\\"link_author\\\":\\\"\\\",\\\"show_create_date\\\":\\\"\\\",\\\"show_modify_date\\\":\\\"\\\",\\\"show_publish_date\\\":\\\"\\\",\\\"show_item_navigation\\\":\\\"\\\",\\\"show_icons\\\":\\\"\\\",\\\"show_print_icon\\\":\\\"\\\",\\\"show_email_icon\\\":\\\"\\\",\\\"show_vote\\\":\\\"\\\",\\\"show_hits\\\":\\\"\\\",\\\"show_noauth\\\":\\\"\\\",\\\"urls_position\\\":\\\"\\\",\\\"alternative_readmore\\\":\\\"\\\",\\\"article_page_title\\\":\\\"\\\",\\\"show_publishing_options\\\":\\\"\\\",\\\"show_article_options\\\":\\\"\\\",\\\"show_urls_images_backend\\\":\\\"\\\",\\\"show_urls_images_frontend\\\":\\\"\\\"}\",\"version\":2,\"ordering\":\"0\",\"metakey\":\"\",\"metadesc\":\"\",\"access\":\"1\",\"hits\":\"0\",\"metadata\":\"{\\\"robots\\\":\\\"\\\",\\\"author\\\":\\\"\\\",\\\"rights\\\":\\\"\\\",\\\"xreference\\\":\\\"\\\"}\",\"featured\":\"0\",\"language\":\"*\",\"xreference\":\"\",\"note\":\"\"}', 0),
(830, 204, 1, '', '2024-04-22 10:48:58', 197, 2690, '34696d7ded8e1b40043390ea8cf02e4345db823b', '{\"id\":204,\"asset_id\":\"1152\",\"title\":\"\\u5546\\u696d\\u5408\\u4f5c\",\"alias\":\"\\u5546\\u696d\\u5408\\u4f5c\",\"introtext\":\"<p>\\u5c0dvMarket \\u6240\\u4ee3\\u7406\\u6216\\u552e\\u8ce3\\u7684\\u7522\\u54c1\\u6709\\u8208\\u8da3\\uff1f<br \\/>\\u6216\\u662f\\u60a8\\u6709\\u975e\\u5e38\\u597d\\u7684\\u5408\\u4f5c\\u8a08\\u5283\\u60f3\\u8207\\u6211\\u5011\\u5546\\u8ac7\\uff1f<br \\/><br \\/>\\u6211\\u5011\\u6b61\\u8fce\\u4ee5\\u4efb\\u4f55\\u5f62\\u5f0f\\u7684\\u5546\\u696d\\u5408\\u4f5c\\uff0c\\u4ea6\\u975e\\u5e38\\u671f\\u5f85\\u4e86\\u89e3\\u60a8\\u7684\\u60f3\\u6cd5\\u6216\\u8a08\\u5283\\uff0c\\u8acb\\u900f\\u904e\\u4ee5\\u4e0b\\u65b9\\u5f0f\\u8207\\u6211\\u5011\\u806f\\u7d61\\u3002<br \\/>\\u96fb\\u90f5\\uff1acs@vmarket.com.hk \\uff08\\u6279\\u767c\\u53ca\\u5546\\u696d\\u5408\\u4f5c\\uff09<br \\/>WhatsApp\\uff1a+852 6897 0390<br \\/> <br \\/>\\u56de\\u8986\\u6642\\u9593\\u6216\\u6703\\u56e0\\u67e5\\u8a62\\u6578\\u91cf\\u800c\\u7a0d\\u6709\\u5ef6\\u9072\\uff0c\\u8acb\\u8010\\u5fc3\\u7b49\\u5019\\uff0c\\u6211\\u5011\\u6703\\u76e1\\u5feb\\u8207\\u4f60\\u806f\\u7d61\\uff0c\\u8b1d\\u8b1d\\uff01<\\/p>\",\"fulltext\":\"\",\"state\":1,\"catid\":\"102\",\"created\":\"2021-09-08 00:32:27\",\"created_by\":\"197\",\"created_by_alias\":\"\",\"modified\":\"2024-04-22 10:48:58\",\"modified_by\":\"197\",\"checked_out\":\"197\",\"checked_out_time\":\"2024-04-22 10:48:48\",\"publish_up\":\"2021-09-08 00:32:27\",\"publish_down\":\"0000-00-00 00:00:00\",\"images\":\"{\\\"image_intro\\\":\\\"images\\\\\\/news\\\\\\/n30.jpg\\\",\\\"float_intro\\\":\\\"\\\",\\\"image_intro_alt\\\":\\\"\\\",\\\"image_intro_caption\\\":\\\"\\\",\\\"image_fulltext\\\":\\\"\\\",\\\"float_fulltext\\\":\\\"\\\",\\\"image_fulltext_alt\\\":\\\"\\\",\\\"image_fulltext_caption\\\":\\\"\\\"}\",\"urls\":\"{\\\"urla\\\":false,\\\"urlatext\\\":\\\"\\\",\\\"targeta\\\":\\\"\\\",\\\"urlb\\\":false,\\\"urlbtext\\\":\\\"\\\",\\\"targetb\\\":\\\"\\\",\\\"urlc\\\":false,\\\"urlctext\\\":\\\"\\\",\\\"targetc\\\":\\\"\\\"}\",\"attribs\":\"{\\\"article_layout\\\":\\\"\\\",\\\"show_title\\\":\\\"\\\",\\\"link_titles\\\":\\\"\\\",\\\"show_tags\\\":\\\"\\\",\\\"show_intro\\\":\\\"\\\",\\\"info_block_position\\\":\\\"\\\",\\\"info_block_show_title\\\":\\\"\\\",\\\"show_category\\\":\\\"\\\",\\\"link_category\\\":\\\"\\\",\\\"show_parent_category\\\":\\\"\\\",\\\"link_parent_category\\\":\\\"\\\",\\\"show_associations\\\":\\\"\\\",\\\"show_author\\\":\\\"\\\",\\\"link_author\\\":\\\"\\\",\\\"show_create_date\\\":\\\"\\\",\\\"show_modify_date\\\":\\\"\\\",\\\"show_publish_date\\\":\\\"\\\",\\\"show_item_navigation\\\":\\\"\\\",\\\"show_icons\\\":\\\"\\\",\\\"show_print_icon\\\":\\\"\\\",\\\"show_email_icon\\\":\\\"\\\",\\\"show_vote\\\":\\\"\\\",\\\"show_hits\\\":\\\"\\\",\\\"show_noauth\\\":\\\"\\\",\\\"urls_position\\\":\\\"\\\",\\\"alternative_readmore\\\":\\\"\\\",\\\"article_page_title\\\":\\\"\\\",\\\"show_publishing_options\\\":\\\"\\\",\\\"show_article_options\\\":\\\"\\\",\\\"show_urls_images_backend\\\":\\\"\\\",\\\"show_urls_images_frontend\\\":\\\"\\\"}\",\"version\":3,\"ordering\":\"0\",\"metakey\":\"\",\"metadesc\":\"\",\"access\":\"1\",\"hits\":\"0\",\"metadata\":\"{\\\"robots\\\":\\\"\\\",\\\"author\\\":\\\"\\\",\\\"rights\\\":\\\"\\\",\\\"xreference\\\":\\\"\\\"}\",\"featured\":\"0\",\"language\":\"*\",\"xreference\":\"\",\"note\":\"\"}', 0),
(831, 205, 1, '', '2024-04-22 10:49:57', 197, 2658, 'af302da1f1a74320e975e480dc4186b067b331fb', '{\"id\":205,\"asset_id\":1153,\"title\":\"\\u5546\\u696d\\u5408\\u4f5c (2)\",\"alias\":\"\\u5546\\u696d\\u5408\\u4f5c-2\",\"introtext\":\"<p>\\u5c0dvMarket \\u6240\\u4ee3\\u7406\\u6216\\u552e\\u8ce3\\u7684\\u7522\\u54c1\\u6709\\u8208\\u8da3\\uff1f<br \\/>\\u6216\\u662f\\u60a8\\u6709\\u975e\\u5e38\\u597d\\u7684\\u5408\\u4f5c\\u8a08\\u5283\\u60f3\\u8207\\u6211\\u5011\\u5546\\u8ac7\\uff1f<br \\/><br \\/>\\u6211\\u5011\\u6b61\\u8fce\\u4ee5\\u4efb\\u4f55\\u5f62\\u5f0f\\u7684\\u5546\\u696d\\u5408\\u4f5c\\uff0c\\u4ea6\\u975e\\u5e38\\u671f\\u5f85\\u4e86\\u89e3\\u60a8\\u7684\\u60f3\\u6cd5\\u6216\\u8a08\\u5283\\uff0c\\u8acb\\u900f\\u904e\\u4ee5\\u4e0b\\u65b9\\u5f0f\\u8207\\u6211\\u5011\\u806f\\u7d61\\u3002<br \\/>\\u96fb\\u90f5\\uff1acs@vmarket.com.hk \\uff08\\u6279\\u767c\\u53ca\\u5546\\u696d\\u5408\\u4f5c\\uff09<br \\/>WhatsApp\\uff1a+852 6897 0390<br \\/> <br \\/>\\u56de\\u8986\\u6642\\u9593\\u6216\\u6703\\u56e0\\u67e5\\u8a62\\u6578\\u91cf\\u800c\\u7a0d\\u6709\\u5ef6\\u9072\\uff0c\\u8acb\\u8010\\u5fc3\\u7b49\\u5019\\uff0c\\u6211\\u5011\\u6703\\u76e1\\u5feb\\u8207\\u4f60\\u806f\\u7d61\\uff0c\\u8b1d\\u8b1d\\uff01<\\/p>\",\"fulltext\":\"\",\"state\":0,\"catid\":\"102\",\"created\":\"2021-09-08 00:32:27\",\"created_by\":\"197\",\"created_by_alias\":\"\",\"modified\":\"2024-04-22 10:49:57\",\"modified_by\":null,\"checked_out\":null,\"checked_out_time\":null,\"publish_up\":\"2021-09-08 00:32:27\",\"publish_down\":\"\",\"images\":\"{\\\"image_intro\\\":\\\"images\\\\\\/news\\\\\\/n30.jpg\\\",\\\"float_intro\\\":\\\"\\\",\\\"image_intro_alt\\\":\\\"\\\",\\\"image_intro_caption\\\":\\\"\\\",\\\"image_fulltext\\\":\\\"\\\",\\\"float_fulltext\\\":\\\"\\\",\\\"image_fulltext_alt\\\":\\\"\\\",\\\"image_fulltext_caption\\\":\\\"\\\"}\",\"urls\":\"{\\\"urla\\\":false,\\\"urlatext\\\":\\\"\\\",\\\"targeta\\\":\\\"\\\",\\\"urlb\\\":false,\\\"urlbtext\\\":\\\"\\\",\\\"targetb\\\":\\\"\\\",\\\"urlc\\\":false,\\\"urlctext\\\":\\\"\\\",\\\"targetc\\\":\\\"\\\"}\",\"attribs\":\"{\\\"article_layout\\\":\\\"\\\",\\\"show_title\\\":\\\"\\\",\\\"link_titles\\\":\\\"\\\",\\\"show_tags\\\":\\\"\\\",\\\"show_intro\\\":\\\"\\\",\\\"info_block_position\\\":\\\"\\\",\\\"info_block_show_title\\\":\\\"\\\",\\\"show_category\\\":\\\"\\\",\\\"link_category\\\":\\\"\\\",\\\"show_parent_category\\\":\\\"\\\",\\\"link_parent_category\\\":\\\"\\\",\\\"show_associations\\\":\\\"\\\",\\\"show_author\\\":\\\"\\\",\\\"link_author\\\":\\\"\\\",\\\"show_create_date\\\":\\\"\\\",\\\"show_modify_date\\\":\\\"\\\",\\\"show_publish_date\\\":\\\"\\\",\\\"show_item_navigation\\\":\\\"\\\",\\\"show_icons\\\":\\\"\\\",\\\"show_print_icon\\\":\\\"\\\",\\\"show_email_icon\\\":\\\"\\\",\\\"show_vote\\\":\\\"\\\",\\\"show_hits\\\":\\\"\\\",\\\"show_noauth\\\":\\\"\\\",\\\"urls_position\\\":\\\"\\\",\\\"alternative_readmore\\\":\\\"\\\",\\\"article_page_title\\\":\\\"\\\",\\\"show_publishing_options\\\":\\\"\\\",\\\"show_article_options\\\":\\\"\\\",\\\"show_urls_images_backend\\\":\\\"\\\",\\\"show_urls_images_frontend\\\":\\\"\\\"}\",\"version\":1,\"ordering\":null,\"metakey\":\"\",\"metadesc\":\"\",\"access\":\"1\",\"hits\":null,\"metadata\":\"{\\\"robots\\\":\\\"\\\",\\\"author\\\":\\\"\\\",\\\"rights\\\":\\\"\\\",\\\"xreference\\\":\\\"\\\"}\",\"featured\":\"0\",\"language\":\"*\",\"xreference\":\"\",\"note\":\"\"}', 0),
(832, 205, 1, '', '2024-04-22 10:51:06', 197, 1996, '5f28e56c1b522055d26151967358e40515edbdc3', '{\"id\":205,\"asset_id\":\"1153\",\"title\":\"\\u5f37\\u5f37\\u806f\\u5408 vMarket X Nesture\",\"alias\":\"\\u5f37\\u5f37\\u806f\\u5408-vmarket-x-nesture\",\"introtext\":\"<p>vMarket X \\u767d\\u71d5Nesture<br \\/>\\u5f37\\u5f37\\u806f\\u5408 \\u2027 \\u6709\\u60a8\\u8457\\u6578<\\/p>\",\"fulltext\":\"\",\"state\":1,\"catid\":\"102\",\"created\":\"2021-09-08 00:32:27\",\"created_by\":\"197\",\"created_by_alias\":\"\",\"modified\":\"2024-04-22 10:51:06\",\"modified_by\":\"197\",\"checked_out\":\"197\",\"checked_out_time\":\"2024-04-22 10:49:57\",\"publish_up\":\"2021-09-08 00:32:27\",\"publish_down\":\"0000-00-00 00:00:00\",\"images\":\"{\\\"image_intro\\\":\\\"images\\\\\\/news\\\\\\/n31.jpg\\\",\\\"float_intro\\\":\\\"\\\",\\\"image_intro_alt\\\":\\\"\\\",\\\"image_intro_caption\\\":\\\"\\\",\\\"image_fulltext\\\":\\\"images\\\\\\/news\\\\\\/n31b.jpg\\\",\\\"float_fulltext\\\":\\\"\\\",\\\"image_fulltext_alt\\\":\\\"\\\",\\\"image_fulltext_caption\\\":\\\"\\\"}\",\"urls\":\"{\\\"urla\\\":false,\\\"urlatext\\\":\\\"\\\",\\\"targeta\\\":\\\"\\\",\\\"urlb\\\":false,\\\"urlbtext\\\":\\\"\\\",\\\"targetb\\\":\\\"\\\",\\\"urlc\\\":false,\\\"urlctext\\\":\\\"\\\",\\\"targetc\\\":\\\"\\\"}\",\"attribs\":\"{\\\"article_layout\\\":\\\"\\\",\\\"show_title\\\":\\\"\\\",\\\"link_titles\\\":\\\"\\\",\\\"show_tags\\\":\\\"\\\",\\\"show_intro\\\":\\\"\\\",\\\"info_block_position\\\":\\\"\\\",\\\"info_block_show_title\\\":\\\"\\\",\\\"show_category\\\":\\\"\\\",\\\"link_category\\\":\\\"\\\",\\\"show_parent_category\\\":\\\"\\\",\\\"link_parent_category\\\":\\\"\\\",\\\"show_associations\\\":\\\"\\\",\\\"show_author\\\":\\\"\\\",\\\"link_author\\\":\\\"\\\",\\\"show_create_date\\\":\\\"\\\",\\\"show_modify_date\\\":\\\"\\\",\\\"show_publish_date\\\":\\\"\\\",\\\"show_item_navigation\\\":\\\"\\\",\\\"show_icons\\\":\\\"\\\",\\\"show_print_icon\\\":\\\"\\\",\\\"show_email_icon\\\":\\\"\\\",\\\"show_vote\\\":\\\"\\\",\\\"show_hits\\\":\\\"\\\",\\\"show_noauth\\\":\\\"\\\",\\\"urls_position\\\":\\\"\\\",\\\"alternative_readmore\\\":\\\"\\\",\\\"article_page_title\\\":\\\"\\\",\\\"show_publishing_options\\\":\\\"\\\",\\\"show_article_options\\\":\\\"\\\",\\\"show_urls_images_backend\\\":\\\"\\\",\\\"show_urls_images_frontend\\\":\\\"\\\"}\",\"version\":2,\"ordering\":\"0\",\"metakey\":\"\",\"metadesc\":\"\",\"access\":\"1\",\"hits\":\"0\",\"metadata\":\"{\\\"robots\\\":\\\"\\\",\\\"author\\\":\\\"\\\",\\\"rights\\\":\\\"\\\",\\\"xreference\\\":\\\"\\\"}\",\"featured\":\"0\",\"language\":\"*\",\"xreference\":\"\",\"note\":\"\"}', 0),
(833, 205, 1, '', '2024-04-22 10:51:35', 197, 1964, '4c092db9a110a87786f9c84f1e3f13cb28fb5a80', '{\"id\":205,\"asset_id\":\"1153\",\"title\":\"vMarket X Nesture \\u5f37\\u5f37\\u806f\\u5408\",\"alias\":\"\\u5f37\\u5f37\\u806f\\u5408-vmarket-x-nesture\",\"introtext\":\"<p>vMarket X \\u767d\\u71d5Nesture<br \\/>\\u6709\\u60a8\\u8457\\u6578<\\/p>\",\"fulltext\":\"\",\"state\":1,\"catid\":\"102\",\"created\":\"2021-09-08 00:32:27\",\"created_by\":\"197\",\"created_by_alias\":\"\",\"modified\":\"2024-04-22 10:51:35\",\"modified_by\":\"197\",\"checked_out\":\"197\",\"checked_out_time\":\"2024-04-22 10:51:06\",\"publish_up\":\"2021-09-08 00:32:27\",\"publish_down\":\"0000-00-00 00:00:00\",\"images\":\"{\\\"image_intro\\\":\\\"images\\\\\\/news\\\\\\/n31.jpg\\\",\\\"float_intro\\\":\\\"\\\",\\\"image_intro_alt\\\":\\\"\\\",\\\"image_intro_caption\\\":\\\"\\\",\\\"image_fulltext\\\":\\\"images\\\\\\/news\\\\\\/n31b.jpg\\\",\\\"float_fulltext\\\":\\\"\\\",\\\"image_fulltext_alt\\\":\\\"\\\",\\\"image_fulltext_caption\\\":\\\"\\\"}\",\"urls\":\"{\\\"urla\\\":false,\\\"urlatext\\\":\\\"\\\",\\\"targeta\\\":\\\"\\\",\\\"urlb\\\":false,\\\"urlbtext\\\":\\\"\\\",\\\"targetb\\\":\\\"\\\",\\\"urlc\\\":false,\\\"urlctext\\\":\\\"\\\",\\\"targetc\\\":\\\"\\\"}\",\"attribs\":\"{\\\"article_layout\\\":\\\"\\\",\\\"show_title\\\":\\\"\\\",\\\"link_titles\\\":\\\"\\\",\\\"show_tags\\\":\\\"\\\",\\\"show_intro\\\":\\\"\\\",\\\"info_block_position\\\":\\\"\\\",\\\"info_block_show_title\\\":\\\"\\\",\\\"show_category\\\":\\\"\\\",\\\"link_category\\\":\\\"\\\",\\\"show_parent_category\\\":\\\"\\\",\\\"link_parent_category\\\":\\\"\\\",\\\"show_associations\\\":\\\"\\\",\\\"show_author\\\":\\\"\\\",\\\"link_author\\\":\\\"\\\",\\\"show_create_date\\\":\\\"\\\",\\\"show_modify_date\\\":\\\"\\\",\\\"show_publish_date\\\":\\\"\\\",\\\"show_item_navigation\\\":\\\"\\\",\\\"show_icons\\\":\\\"\\\",\\\"show_print_icon\\\":\\\"\\\",\\\"show_email_icon\\\":\\\"\\\",\\\"show_vote\\\":\\\"\\\",\\\"show_hits\\\":\\\"\\\",\\\"show_noauth\\\":\\\"\\\",\\\"urls_position\\\":\\\"\\\",\\\"alternative_readmore\\\":\\\"\\\",\\\"article_page_title\\\":\\\"\\\",\\\"show_publishing_options\\\":\\\"\\\",\\\"show_article_options\\\":\\\"\\\",\\\"show_urls_images_backend\\\":\\\"\\\",\\\"show_urls_images_frontend\\\":\\\"\\\"}\",\"version\":3,\"ordering\":\"0\",\"metakey\":\"\",\"metadesc\":\"\",\"access\":\"1\",\"hits\":\"0\",\"metadata\":\"{\\\"robots\\\":\\\"\\\",\\\"author\\\":\\\"\\\",\\\"rights\\\":\\\"\\\",\\\"xreference\\\":\\\"\\\"}\",\"featured\":\"0\",\"language\":\"*\",\"xreference\":\"\",\"note\":\"\"}', 0),
(834, 205, 1, '', '2024-04-22 10:51:51', 197, 1928, 'f840f3523afa1cdcd69c8471e7f93b82976a2b1c', '{\"id\":205,\"asset_id\":\"1153\",\"title\":\"vMarket X Nesture \\u5f37\\u5f37\\u806f\\u5408\",\"alias\":\"\\u5f37\\u5f37\\u806f\\u5408-vmarket-x-nesture\",\"introtext\":\"<p>\\u6709\\u60a8\\u8457\\u6578<\\/p>\",\"fulltext\":\"\",\"state\":1,\"catid\":\"102\",\"created\":\"2021-09-08 00:32:27\",\"created_by\":\"197\",\"created_by_alias\":\"\",\"modified\":\"2024-04-22 10:51:51\",\"modified_by\":\"197\",\"checked_out\":\"197\",\"checked_out_time\":\"2024-04-22 10:51:35\",\"publish_up\":\"2021-09-08 00:32:27\",\"publish_down\":\"0000-00-00 00:00:00\",\"images\":\"{\\\"image_intro\\\":\\\"images\\\\\\/news\\\\\\/n31.jpg\\\",\\\"float_intro\\\":\\\"\\\",\\\"image_intro_alt\\\":\\\"\\\",\\\"image_intro_caption\\\":\\\"\\\",\\\"image_fulltext\\\":\\\"images\\\\\\/news\\\\\\/n31b.jpg\\\",\\\"float_fulltext\\\":\\\"\\\",\\\"image_fulltext_alt\\\":\\\"\\\",\\\"image_fulltext_caption\\\":\\\"\\\"}\",\"urls\":\"{\\\"urla\\\":false,\\\"urlatext\\\":\\\"\\\",\\\"targeta\\\":\\\"\\\",\\\"urlb\\\":false,\\\"urlbtext\\\":\\\"\\\",\\\"targetb\\\":\\\"\\\",\\\"urlc\\\":false,\\\"urlctext\\\":\\\"\\\",\\\"targetc\\\":\\\"\\\"}\",\"attribs\":\"{\\\"article_layout\\\":\\\"\\\",\\\"show_title\\\":\\\"\\\",\\\"link_titles\\\":\\\"\\\",\\\"show_tags\\\":\\\"\\\",\\\"show_intro\\\":\\\"\\\",\\\"info_block_position\\\":\\\"\\\",\\\"info_block_show_title\\\":\\\"\\\",\\\"show_category\\\":\\\"\\\",\\\"link_category\\\":\\\"\\\",\\\"show_parent_category\\\":\\\"\\\",\\\"link_parent_category\\\":\\\"\\\",\\\"show_associations\\\":\\\"\\\",\\\"show_author\\\":\\\"\\\",\\\"link_author\\\":\\\"\\\",\\\"show_create_date\\\":\\\"\\\",\\\"show_modify_date\\\":\\\"\\\",\\\"show_publish_date\\\":\\\"\\\",\\\"show_item_navigation\\\":\\\"\\\",\\\"show_icons\\\":\\\"\\\",\\\"show_print_icon\\\":\\\"\\\",\\\"show_email_icon\\\":\\\"\\\",\\\"show_vote\\\":\\\"\\\",\\\"show_hits\\\":\\\"\\\",\\\"show_noauth\\\":\\\"\\\",\\\"urls_position\\\":\\\"\\\",\\\"alternative_readmore\\\":\\\"\\\",\\\"article_page_title\\\":\\\"\\\",\\\"show_publishing_options\\\":\\\"\\\",\\\"show_article_options\\\":\\\"\\\",\\\"show_urls_images_backend\\\":\\\"\\\",\\\"show_urls_images_frontend\\\":\\\"\\\"}\",\"version\":4,\"ordering\":\"0\",\"metakey\":\"\",\"metadesc\":\"\",\"access\":\"1\",\"hits\":\"0\",\"metadata\":\"{\\\"robots\\\":\\\"\\\",\\\"author\\\":\\\"\\\",\\\"rights\\\":\\\"\\\",\\\"xreference\\\":\\\"\\\"}\",\"featured\":\"0\",\"language\":\"*\",\"xreference\":\"\",\"note\":\"\"}', 0),
(835, 156, 1, '', '2024-04-22 10:53:17', 197, 1943, 'fdc2bba19be0f3d7932ee6a21dbceb8c8cc39767', '{\"id\":156,\"asset_id\":\"657\",\"title\":\"\\u8cfc\\u7269\\u6de8\\u50f9\\u6eff$500\\u514d\\u904b\\u8cbb\",\"alias\":\"free_delivery\",\"introtext\":\"<p>Nesture \\u767d\\u71d5\\u5546\\u54c1\\u9664\\u5916<\\/p>\\r\\n<p><\\/p>\",\"fulltext\":\"\",\"state\":1,\"catid\":\"102\",\"created\":\"2021-09-08 00:32:27\",\"created_by\":\"197\",\"created_by_alias\":\"\",\"modified\":\"2024-04-22 10:53:17\",\"modified_by\":\"197\",\"checked_out\":\"197\",\"checked_out_time\":\"2024-04-22 10:52:54\",\"publish_up\":\"2021-09-08 00:32:27\",\"publish_down\":\"0000-00-00 00:00:00\",\"images\":\"{\\\"image_intro\\\":\\\"images\\\\\\/news\\\\\\/n22.jpg\\\",\\\"float_intro\\\":\\\"\\\",\\\"image_intro_alt\\\":\\\"\\\",\\\"image_intro_caption\\\":\\\"\\\",\\\"image_fulltext\\\":\\\"images\\\\\\/news\\\\\\/n08b.jpg\\\",\\\"float_fulltext\\\":\\\"\\\",\\\"image_fulltext_alt\\\":\\\"\\\",\\\"image_fulltext_caption\\\":\\\"\\\"}\",\"urls\":\"{\\\"urla\\\":false,\\\"urlatext\\\":\\\"\\\",\\\"targeta\\\":\\\"\\\",\\\"urlb\\\":false,\\\"urlbtext\\\":\\\"\\\",\\\"targetb\\\":\\\"\\\",\\\"urlc\\\":false,\\\"urlctext\\\":\\\"\\\",\\\"targetc\\\":\\\"\\\"}\",\"attribs\":\"{\\\"article_layout\\\":\\\"\\\",\\\"show_title\\\":\\\"\\\",\\\"link_titles\\\":\\\"\\\",\\\"show_tags\\\":\\\"\\\",\\\"show_intro\\\":\\\"\\\",\\\"info_block_position\\\":\\\"\\\",\\\"info_block_show_title\\\":\\\"\\\",\\\"show_category\\\":\\\"\\\",\\\"link_category\\\":\\\"\\\",\\\"show_parent_category\\\":\\\"\\\",\\\"link_parent_category\\\":\\\"\\\",\\\"show_associations\\\":\\\"\\\",\\\"show_author\\\":\\\"\\\",\\\"link_author\\\":\\\"\\\",\\\"show_create_date\\\":\\\"\\\",\\\"show_modify_date\\\":\\\"\\\",\\\"show_publish_date\\\":\\\"\\\",\\\"show_item_navigation\\\":\\\"\\\",\\\"show_icons\\\":\\\"\\\",\\\"show_print_icon\\\":\\\"\\\",\\\"show_email_icon\\\":\\\"\\\",\\\"show_vote\\\":\\\"\\\",\\\"show_hits\\\":\\\"\\\",\\\"show_noauth\\\":\\\"\\\",\\\"urls_position\\\":\\\"\\\",\\\"alternative_readmore\\\":\\\"\\\",\\\"article_page_title\\\":\\\"\\\",\\\"show_publishing_options\\\":\\\"\\\",\\\"show_article_options\\\":\\\"\\\",\\\"show_urls_images_backend\\\":\\\"\\\",\\\"show_urls_images_frontend\\\":\\\"\\\"}\",\"version\":23,\"ordering\":\"6\",\"metakey\":\"\",\"metadesc\":\"\",\"access\":\"1\",\"hits\":\"705\",\"metadata\":\"{\\\"robots\\\":\\\"\\\",\\\"author\\\":\\\"\\\",\\\"rights\\\":\\\"\\\",\\\"xreference\\\":\\\"\\\"}\",\"featured\":\"0\",\"language\":\"*\",\"xreference\":\"\",\"note\":\"\"}', 0),
(836, 206, 1, '', '2024-04-25 07:26:00', 197, 1896, '5ad02562db3ae645dd6606ef87d41f6101afc8b9', '{\"id\":206,\"asset_id\":1154,\"title\":\"vMarket X Nesture \\u5f37\\u5f37\\u806f\\u5408 (2)\",\"alias\":\"\\u5f37\\u5f37\\u806f\\u5408-vmarket-x-nesture-2\",\"introtext\":\"<p>\\u6709\\u60a8\\u8457\\u6578<\\/p>\",\"fulltext\":\"\",\"state\":0,\"catid\":\"102\",\"created\":\"2021-09-08 00:32:27\",\"created_by\":\"197\",\"created_by_alias\":\"\",\"modified\":\"2024-04-25 07:26:00\",\"modified_by\":null,\"checked_out\":null,\"checked_out_time\":null,\"publish_up\":\"2021-09-08 00:32:27\",\"publish_down\":\"\",\"images\":\"{\\\"image_intro\\\":\\\"images\\\\\\/news\\\\\\/n31.jpg\\\",\\\"float_intro\\\":\\\"\\\",\\\"image_intro_alt\\\":\\\"\\\",\\\"image_intro_caption\\\":\\\"\\\",\\\"image_fulltext\\\":\\\"images\\\\\\/news\\\\\\/n31b.jpg\\\",\\\"float_fulltext\\\":\\\"\\\",\\\"image_fulltext_alt\\\":\\\"\\\",\\\"image_fulltext_caption\\\":\\\"\\\"}\",\"urls\":\"{\\\"urla\\\":false,\\\"urlatext\\\":\\\"\\\",\\\"targeta\\\":\\\"\\\",\\\"urlb\\\":false,\\\"urlbtext\\\":\\\"\\\",\\\"targetb\\\":\\\"\\\",\\\"urlc\\\":false,\\\"urlctext\\\":\\\"\\\",\\\"targetc\\\":\\\"\\\"}\",\"attribs\":\"{\\\"article_layout\\\":\\\"\\\",\\\"show_title\\\":\\\"\\\",\\\"link_titles\\\":\\\"\\\",\\\"show_tags\\\":\\\"\\\",\\\"show_intro\\\":\\\"\\\",\\\"info_block_position\\\":\\\"\\\",\\\"info_block_show_title\\\":\\\"\\\",\\\"show_category\\\":\\\"\\\",\\\"link_category\\\":\\\"\\\",\\\"show_parent_category\\\":\\\"\\\",\\\"link_parent_category\\\":\\\"\\\",\\\"show_associations\\\":\\\"\\\",\\\"show_author\\\":\\\"\\\",\\\"link_author\\\":\\\"\\\",\\\"show_create_date\\\":\\\"\\\",\\\"show_modify_date\\\":\\\"\\\",\\\"show_publish_date\\\":\\\"\\\",\\\"show_item_navigation\\\":\\\"\\\",\\\"show_icons\\\":\\\"\\\",\\\"show_print_icon\\\":\\\"\\\",\\\"show_email_icon\\\":\\\"\\\",\\\"show_vote\\\":\\\"\\\",\\\"show_hits\\\":\\\"\\\",\\\"show_noauth\\\":\\\"\\\",\\\"urls_position\\\":\\\"\\\",\\\"alternative_readmore\\\":\\\"\\\",\\\"article_page_title\\\":\\\"\\\",\\\"show_publishing_options\\\":\\\"\\\",\\\"show_article_options\\\":\\\"\\\",\\\"show_urls_images_backend\\\":\\\"\\\",\\\"show_urls_images_frontend\\\":\\\"\\\"}\",\"version\":1,\"ordering\":null,\"metakey\":\"\",\"metadesc\":\"\",\"access\":\"1\",\"hits\":null,\"metadata\":\"{\\\"robots\\\":\\\"\\\",\\\"author\\\":\\\"\\\",\\\"rights\\\":\\\"\\\",\\\"xreference\\\":\\\"\\\"}\",\"featured\":\"0\",\"language\":\"*\",\"xreference\":\"\",\"note\":\"\"}', 0),
(837, 207, 1, '', '2024-04-25 07:26:59', 197, 6326, 'f1062a0bcae006b049e45361820439a8532ee625', '{\"id\":207,\"asset_id\":1155,\"title\":\"\\u61f7\\u5b55\\u5abd\\u5abd\\u5fc5\\u7747\\u6587\\u7ae0 - \\u54a9\\u7522\\u54c1\\u6700\\u9069\\u5408\\u4f60\\u5462\\uff1f\",\"alias\":\"\\u61f7\\u5b55\\u5abd\\u5abd\\u5fc5\\u7747\\u6587\\u7ae0-\\u54a9\\u7522\\u54c1\\u6700\\u9069\\u5408\\u4f60\\u5462\\uff1f\",\"introtext\":\"<p>1. \\u71d5\\u7aa9<\\/p>\\r\\n<p>\\u4e3b\\u8981\\u529f\\u80fd1\\uff1a\\u4fc3\\u9032\\u80ce\\u5152\\u8166\\u90e8\\u767c\\u80b2<br \\/>\\u5728\\u6240\\u6709\\u98df\\u7269\\u4e2d\\uff0c\\u53ea\\u6709\\u7b2c\\u4e00\\u9031\\u7684\\u6bcd\\u521d\\u4e73\\u4e2d\\u553e\\u6db2\\u9178\\u542b\\u91cf\\u80fd\\u8d0f\\u5f97\\u904e\\u71d5\\u7aa9\\uff0c\\u4f46\\u96a8\\u8457\\u54fa\\u4e73\\u671f\\u7684\\u62c9\\u9577\\uff0c\\u553e\\u6db2\\u9178\\u542b\\u91cf\\u4e5f\\u6703\\u96a8\\u4e4b\\u905e\\u6e1b\\u3002<\\/p>\\r\\n<p>\\u7f8e\\u570b\\u81e8\\u5e8a\\u71df\\u990a\\u96dc\\u8a8c\\u57282003\\u5e74\\u767c\\u8868\\u4e86\\u4e00\\u7bc7\\u81e8\\u5e8a\\u7814\\u7a76\\u5831\\u544a\\uff0c\\u7814\\u7a76\\u8b49\\u660e\\uff0c\\u559d\\u6bcd\\u5976\\u7684\\u5b30\\u5152\\u5927\\u8166\\u4e2d\\u553e\\u6db2\\u9178\\u7684\\u542b\\u91cf\\u6bd4\\u559d\\u5976\\u7c89\\u7684\\u5b30\\u5152\\u9ad822%~32%\\u3002\\u71d5\\u7aa9\\u7576\\u4e2d\\u65e2\\u553e\\u6db2\\u9178\\u4fc2\\u6bcd\\u4e73\\u91cd\\u8981\\u6210\\u5206\\uff0c\\u96d6\\u7136\\u725b\\u5976\\u3001\\u96de\\u86cb\\u548c\\u4e73\\u916a\\u90fd\\u6709\\uff0c\\u4e0d\\u904e\\u542b\\u91cf\\u4e0d\\u591a\\u3002\\u82e5\\u679c\\u60f3\\u5f9e\\u98df\\u7269\\u4e2d\\u651d\\u53d6\\u5230\\u6700\\u5927\\u91cf\\u65e2\\u553e\\u6db2\\u9178\\uff0c\\u71d5\\u7aa9\\u7d55\\u5c0d\\u662f\\u7121\\u5eb8\\u7f6e\\u7591\\u65e2\\u300c\\u553e\\u6db2\\u9178\\u4e4b\\u738b\\u300d \\u975e\\u5e38\\u6709\\u6548\\u4fc3\\u9032\\u80ce\\u5152\\u8166\\u90e8\\u767c\\u80b2\\uff01<\\/p>\\r\\n<p>\\u4e3b\\u8981\\u529f\\u80fd2\\uff1a\\u9810\\u9632\\u300c\\u4e00\\u5b55\\u50bb\\u4e09\\u5e74\\u300d<br \\/>\\u5b55\\u80b2\\u671f\\u56e0\\u5167\\u5206\\u6ccc\\u6c34\\u5e73\\u7684\\u6539\\u8b8a\\uff0c\\u800c\\u80ce\\u5152\\u5927\\u8166\\u548c\\u795e\\u7d93\\u7684\\u767c\\u80b2\\u6703\\u6d88\\u8017\\u6bcd\\u9ad4\\u6240\\u63d0\\u4f9b\\u7684\\u7e3d\\u90e8\\u7684\\u4e00\\u534a\\u4ee5\\u4e0a\\uff0c\\u5982\\u679c\\u9019\\u500b\\u6642\\u671f\\u6bcd\\u9ad4\\u98df\\u7269\\u71df\\u990a\\u4f9b\\u61c9\\u4e0d\\u8db3\\uff0c\\u5c31\\u6703\\u5c0e\\u81f4\\u81ea\\u8eab\\u6bcd\\u9ad4\\u7684\\u7f3a\\u4e4f\\u3002\\u5f9e\\u800c\\u8a18\\u61b6\\u529b\\u4e0b\\u964d\\uff0c\\u6ce8\\u610f\\u529b\\u4e5f\\u6703\\u96e3\\u4ee5\\u5be6\\u73fe\\u96c6\\u4e2d\\u3002\\u800c\\u71d5\\u7aa9\\u542b\\u6709\\u9ad8\\u86cb\\u767d\\u8cea\\u3001\\u4f4e\\u8102\\u80aa\\u548c18\\u7a2e\\u80fa\\u57fa\\u9178\\u3001\\u9223\\u3001\\u9435\\u3001\\u78f7\\u3001\\u92c5\\u7b49\\u591a\\u7a2e\\u7926\\u7269\\u8cea\\u8207\\u8868\\u76ae\\u751f\\u9577\\u56e0\\u5b50(EGF)\\u7b49\\u71df\\u990a\\u6210\\u5206\\uff0c\\u53ef\\u4ee5\\u7d66\\u80ce\\u5152\\u767c\\u80b2\\u6210\\u9577\\u548c\\u5b55\\u5abd\\u6eff\\u6eff\\u7684\\u71df\\u990a\\u88dc\\u7d66\\u3002<\\/p>\\r\\n<p>\\u4e3b\\u8981\\u529f\\u80fd3\\uff1a\\u9810\\u9632\\u598a\\u5a20\\u7d0b<br \\/>\\u5927\\u90e8\\u5206\\u7684\\u5973\\u6027\\u5728\\u61f7\\u5b55\\u7684\\u6642\\u5019\\uff0c\\u6709\\u5927\\u7d04\\u516d\\u81f3\\u516b\\u6210\\u7684\\u6a5f\\u7387\\u6703\\u51fa\\u73fe\\u598a\\u5a20\\u7d0b\\uff0c\\u53c8\\u4f9d\\u64da\\u6bcd\\u89aa\\u672c\\u8eab\\u7684\\u9ad4\\u8cea\\uff0c\\u51fa\\u73fe\\u7684\\u6578\\u91cf\\u4e0d\\u4e00\\u3002\\u71d5\\u7aa9\\u7576\\u4e2d\\u542b\\u6709\\u8c50\\u5bcc\\u7684\\u6c34\\u6eb6\\u6027\\u86cb\\u767d\\u8cea\\u3001\\u6c28\\u57fa\\u9178\\uff0c\\u4ee5\\u53ca\\u5404\\u7a2e\\u5fae\\u91cf\\u5143\\u7d20\\uff0c\\u4f8b\\u5982\\u9223\\u3001\\u9240\\u7b49\\u7b49\\uff0c\\u9019\\u4e9b\\u5143\\u7d20\\u90fd\\u662f\\u69cb\\u6210\\u4eba\\u9ad4\\u975e\\u5e38\\u91cd\\u8981\\u7684\\u5143\\u7d20\\u4e4b\\u4e00\\uff0c\\u53ef\\u4ee5\\u4fc3\\u9032\\u4eba\\u9ad4\\u65b0\\u9673\\u4ee3\\u8b1d\\uff0c\\u5e6b\\u5b55\\u5a66\\u505a\\u597d\\u7522\\u524d\\u7522\\u5f8c\\u7684\\u8eab\\u9ad4\\u88dc\\u990a\\u3002\\u6700\\u91cd\\u8981\\u7684\\u662f\\uff0c\\u71d5\\u7aa9\\u80fd\\u990a\\u984f\\u7f8e\\u5bb9\\uff0c\\u70ba\\u5b55\\u5a66\\u88dc\\u7d66\\u71df\\u990a\\uff0c\\u7dad\\u6301\\u5065\\u5eb7\\u8207\\u9752\\u6625\\u7f8e\\u9e97\\u3002<\\/p>\\r\\n<p>\\u8cfc\\u8cb7\\u96a8\\u610f\\u9580 :<\\/p>\\r\\n<p>\\u3010\\u5962\\u83ef\\u79ae\\u76d2\\u88dd 30\\u74f6\\u3011\\u8d85\\u9ad8\\u5bc6\\u5ea6\\u6975\\u6fc3\\u71d5\\u7aa9<br \\/>\\u3010\\u65e5\\u5e38\\u7c21\\u7d04\\u88dd 15\\u5929\\u3011\\u8d85\\u9ad8\\u5bc6\\u5ea6\\u6975\\u6fc3\\u71d5\\u7aa9<\\/p>\\r\\n<p>2. \\u751f\\u9aee\\u98f2<\\/p>\\r\\n<p>\\u4e3b\\u8981\\u529f\\u80fd\\uff1a\\u9810\\u9632\\u53ca\\u6539\\u5584\\u8131\\u9aee\\u554f\\u984c<br \\/>\\u5b55\\u5a66\\u7522\\u5f8c\\u6703\\u6c23\\u865b\\u3001\\u8840\\u6c23\\u4e0d\\u8db3\\uff0c\\u589e\\u52a0\\u6389\\u9aee\\u7684\\u73fe\\u8c61\\uff0c\\u8981\\u89e3\\u6c7a\\u554f\\u984c\\u5c31\\u8981\\u5f9e\\u9ad4\\u8cea\\u8abf\\u7406\\u958b\\u59cb\\u3002\\u751f\\u9aee\\u98f2\\u662f\\u91dd\\u5c0d\\u5168\\u5929\\u7136\\u751f\\u9aee\\u85e5\\u6750\\uff0c\\u662f\\u6e05\\u65b0\\u9ed1\\u829d\\u9ebb\\u674f\\u4ec1\\u751c\\u5473\\uff0c\\u5805\\u6301\\u9023\\u7e8c\\u98f23\\u500b\\u6708\\u6703\\u958b\\u59cb\\u898b\\u5230\\u660e\\u986f\\u751fBB\\u9aee\\uff01<\\/p>\\r\\n<p>\\u8cfc\\u8cb7\\u96a8\\u610f\\u9580 :<\\/p>\\r\\n<p>\\u70cf\\u9ed1\\u990a\\u814e\\u751f\\u9aee\\u98f2<\\/p>\\r\\n<p><\\/p>\",\"fulltext\":\"\",\"state\":0,\"catid\":\"102\",\"created\":\"2021-09-08 00:32:27\",\"created_by\":\"197\",\"created_by_alias\":\"\",\"modified\":\"2024-04-25 07:26:59\",\"modified_by\":null,\"checked_out\":null,\"checked_out_time\":null,\"publish_up\":\"2021-09-08 00:32:27\",\"publish_down\":\"\",\"images\":\"{\\\"image_intro\\\":\\\"images\\\\\\/news\\\\\\/n31.jpg\\\",\\\"float_intro\\\":\\\"\\\",\\\"image_intro_alt\\\":\\\"\\\",\\\"image_intro_caption\\\":\\\"\\\",\\\"image_fulltext\\\":\\\"images\\\\\\/news\\\\\\/n31b.jpg\\\",\\\"float_fulltext\\\":\\\"\\\",\\\"image_fulltext_alt\\\":\\\"\\\",\\\"image_fulltext_caption\\\":\\\"\\\"}\",\"urls\":\"{\\\"urla\\\":false,\\\"urlatext\\\":\\\"\\\",\\\"targeta\\\":\\\"\\\",\\\"urlb\\\":false,\\\"urlbtext\\\":\\\"\\\",\\\"targetb\\\":\\\"\\\",\\\"urlc\\\":false,\\\"urlctext\\\":\\\"\\\",\\\"targetc\\\":\\\"\\\"}\",\"attribs\":\"{\\\"article_layout\\\":\\\"\\\",\\\"show_title\\\":\\\"\\\",\\\"link_titles\\\":\\\"\\\",\\\"show_tags\\\":\\\"\\\",\\\"show_intro\\\":\\\"\\\",\\\"info_block_position\\\":\\\"\\\",\\\"info_block_show_title\\\":\\\"\\\",\\\"show_category\\\":\\\"\\\",\\\"link_category\\\":\\\"\\\",\\\"show_parent_category\\\":\\\"\\\",\\\"link_parent_category\\\":\\\"\\\",\\\"show_associations\\\":\\\"\\\",\\\"show_author\\\":\\\"\\\",\\\"link_author\\\":\\\"\\\",\\\"show_create_date\\\":\\\"\\\",\\\"show_modify_date\\\":\\\"\\\",\\\"show_publish_date\\\":\\\"\\\",\\\"show_item_navigation\\\":\\\"\\\",\\\"show_icons\\\":\\\"\\\",\\\"show_print_icon\\\":\\\"\\\",\\\"show_email_icon\\\":\\\"\\\",\\\"show_vote\\\":\\\"\\\",\\\"show_hits\\\":\\\"\\\",\\\"show_noauth\\\":\\\"\\\",\\\"urls_position\\\":\\\"\\\",\\\"alternative_readmore\\\":\\\"\\\",\\\"article_page_title\\\":\\\"\\\",\\\"show_publishing_options\\\":\\\"\\\",\\\"show_article_options\\\":\\\"\\\",\\\"show_urls_images_backend\\\":\\\"\\\",\\\"show_urls_images_frontend\\\":\\\"\\\"}\",\"version\":1,\"ordering\":null,\"metakey\":\"\",\"metadesc\":\"\",\"access\":\"1\",\"hits\":null,\"metadata\":\"{\\\"robots\\\":\\\"\\\",\\\"author\\\":\\\"\\\",\\\"rights\\\":\\\"\\\",\\\"xreference\\\":\\\"\\\"}\",\"featured\":\"0\",\"language\":\"*\",\"xreference\":\"\",\"note\":\"\"}', 0);
INSERT INTO `wos_ucm_history` (`version_id`, `ucm_item_id`, `ucm_type_id`, `version_note`, `save_date`, `editor_user_id`, `character_count`, `sha1_hash`, `version_data`, `keep_forever`) VALUES
(838, 207, 1, '', '2024-04-25 07:29:20', 197, 6371, 'af0f66b7af724f6f817b15bcf33fa2b02481da86', '{\"id\":207,\"asset_id\":\"1155\",\"title\":\"\\u61f7\\u5b55\\u5abd\\u5abd\\u5fc5\\u7747\\u6587\\u7ae0 - \\u54a9\\u7522\\u54c1\\u6700\\u9069\\u5408\\u4f60\\u5462\\uff1f\",\"alias\":\"\\u61f7\\u5b55\\u5abd\\u5abd\\u5fc5\\u7747\\u6587\\u7ae0-\\u54a9\\u7522\\u54c1\\u6700\\u9069\\u5408\\u4f60\\u5462\\uff1f\",\"introtext\":\"<p>1. \\u71d5\\u7aa9<\\/p>\\r\\n<p>\\u4e3b\\u8981\\u529f\\u80fd1\\uff1a\\u4fc3\\u9032\\u80ce\\u5152\\u8166\\u90e8\\u767c\\u80b2<br \\/>\\u5728\\u6240\\u6709\\u98df\\u7269\\u4e2d\\uff0c\\u53ea\\u6709\\u7b2c\\u4e00\\u9031\\u7684\\u6bcd\\u521d\\u4e73\\u4e2d\\u553e\\u6db2\\u9178\\u542b\\u91cf\\u80fd\\u8d0f\\u5f97\\u904e\\u71d5\\u7aa9\\uff0c\\u4f46\\u96a8\\u8457\\u54fa\\u4e73\\u671f\\u7684\\u62c9\\u9577\\uff0c\\u553e\\u6db2\\u9178\\u542b\\u91cf\\u4e5f\\u6703\\u96a8\\u4e4b\\u905e\\u6e1b\\u3002<\\/p>\\r\\n<p>\\u7f8e\\u570b\\u81e8\\u5e8a\\u71df\\u990a\\u96dc\\u8a8c\\u57282003\\u5e74\\u767c\\u8868\\u4e86\\u4e00\\u7bc7\\u81e8\\u5e8a\\u7814\\u7a76\\u5831\\u544a\\uff0c\\u7814\\u7a76\\u8b49\\u660e\\uff0c\\u559d\\u6bcd\\u5976\\u7684\\u5b30\\u5152\\u5927\\u8166\\u4e2d\\u553e\\u6db2\\u9178\\u7684\\u542b\\u91cf\\u6bd4\\u559d\\u5976\\u7c89\\u7684\\u5b30\\u5152\\u9ad822%~32%\\u3002\\u71d5\\u7aa9\\u7576\\u4e2d\\u65e2\\u553e\\u6db2\\u9178\\u4fc2\\u6bcd\\u4e73\\u91cd\\u8981\\u6210\\u5206\\uff0c\\u96d6\\u7136\\u725b\\u5976\\u3001\\u96de\\u86cb\\u548c\\u4e73\\u916a\\u90fd\\u6709\\uff0c\\u4e0d\\u904e\\u542b\\u91cf\\u4e0d\\u591a\\u3002\\u82e5\\u679c\\u60f3\\u5f9e\\u98df\\u7269\\u4e2d\\u651d\\u53d6\\u5230\\u6700\\u5927\\u91cf\\u65e2\\u553e\\u6db2\\u9178\\uff0c\\u71d5\\u7aa9\\u7d55\\u5c0d\\u662f\\u7121\\u5eb8\\u7f6e\\u7591\\u65e2\\u300c\\u553e\\u6db2\\u9178\\u4e4b\\u738b\\u300d \\u975e\\u5e38\\u6709\\u6548\\u4fc3\\u9032\\u80ce\\u5152\\u8166\\u90e8\\u767c\\u80b2\\uff01<\\/p>\\r\\n<p>\\u4e3b\\u8981\\u529f\\u80fd2\\uff1a\\u9810\\u9632\\u300c\\u4e00\\u5b55\\u50bb\\u4e09\\u5e74\\u300d<br \\/>\\u5b55\\u80b2\\u671f\\u56e0\\u5167\\u5206\\u6ccc\\u6c34\\u5e73\\u7684\\u6539\\u8b8a\\uff0c\\u800c\\u80ce\\u5152\\u5927\\u8166\\u548c\\u795e\\u7d93\\u7684\\u767c\\u80b2\\u6703\\u6d88\\u8017\\u6bcd\\u9ad4\\u6240\\u63d0\\u4f9b\\u7684\\u7e3d\\u90e8\\u7684\\u4e00\\u534a\\u4ee5\\u4e0a\\uff0c\\u5982\\u679c\\u9019\\u500b\\u6642\\u671f\\u6bcd\\u9ad4\\u98df\\u7269\\u71df\\u990a\\u4f9b\\u61c9\\u4e0d\\u8db3\\uff0c\\u5c31\\u6703\\u5c0e\\u81f4\\u81ea\\u8eab\\u6bcd\\u9ad4\\u7684\\u7f3a\\u4e4f\\u3002\\u5f9e\\u800c\\u8a18\\u61b6\\u529b\\u4e0b\\u964d\\uff0c\\u6ce8\\u610f\\u529b\\u4e5f\\u6703\\u96e3\\u4ee5\\u5be6\\u73fe\\u96c6\\u4e2d\\u3002\\u800c\\u71d5\\u7aa9\\u542b\\u6709\\u9ad8\\u86cb\\u767d\\u8cea\\u3001\\u4f4e\\u8102\\u80aa\\u548c18\\u7a2e\\u80fa\\u57fa\\u9178\\u3001\\u9223\\u3001\\u9435\\u3001\\u78f7\\u3001\\u92c5\\u7b49\\u591a\\u7a2e\\u7926\\u7269\\u8cea\\u8207\\u8868\\u76ae\\u751f\\u9577\\u56e0\\u5b50(EGF)\\u7b49\\u71df\\u990a\\u6210\\u5206\\uff0c\\u53ef\\u4ee5\\u7d66\\u80ce\\u5152\\u767c\\u80b2\\u6210\\u9577\\u548c\\u5b55\\u5abd\\u6eff\\u6eff\\u7684\\u71df\\u990a\\u88dc\\u7d66\\u3002<\\/p>\\r\\n<p>\\u4e3b\\u8981\\u529f\\u80fd3\\uff1a\\u9810\\u9632\\u598a\\u5a20\\u7d0b<br \\/>\\u5927\\u90e8\\u5206\\u7684\\u5973\\u6027\\u5728\\u61f7\\u5b55\\u7684\\u6642\\u5019\\uff0c\\u6709\\u5927\\u7d04\\u516d\\u81f3\\u516b\\u6210\\u7684\\u6a5f\\u7387\\u6703\\u51fa\\u73fe\\u598a\\u5a20\\u7d0b\\uff0c\\u53c8\\u4f9d\\u64da\\u6bcd\\u89aa\\u672c\\u8eab\\u7684\\u9ad4\\u8cea\\uff0c\\u51fa\\u73fe\\u7684\\u6578\\u91cf\\u4e0d\\u4e00\\u3002\\u71d5\\u7aa9\\u7576\\u4e2d\\u542b\\u6709\\u8c50\\u5bcc\\u7684\\u6c34\\u6eb6\\u6027\\u86cb\\u767d\\u8cea\\u3001\\u6c28\\u57fa\\u9178\\uff0c\\u4ee5\\u53ca\\u5404\\u7a2e\\u5fae\\u91cf\\u5143\\u7d20\\uff0c\\u4f8b\\u5982\\u9223\\u3001\\u9240\\u7b49\\u7b49\\uff0c\\u9019\\u4e9b\\u5143\\u7d20\\u90fd\\u662f\\u69cb\\u6210\\u4eba\\u9ad4\\u975e\\u5e38\\u91cd\\u8981\\u7684\\u5143\\u7d20\\u4e4b\\u4e00\\uff0c\\u53ef\\u4ee5\\u4fc3\\u9032\\u4eba\\u9ad4\\u65b0\\u9673\\u4ee3\\u8b1d\\uff0c\\u5e6b\\u5b55\\u5a66\\u505a\\u597d\\u7522\\u524d\\u7522\\u5f8c\\u7684\\u8eab\\u9ad4\\u88dc\\u990a\\u3002\\u6700\\u91cd\\u8981\\u7684\\u662f\\uff0c\\u71d5\\u7aa9\\u80fd\\u990a\\u984f\\u7f8e\\u5bb9\\uff0c\\u70ba\\u5b55\\u5a66\\u88dc\\u7d66\\u71df\\u990a\\uff0c\\u7dad\\u6301\\u5065\\u5eb7\\u8207\\u9752\\u6625\\u7f8e\\u9e97\\u3002<\\/p>\\r\\n<p>\\u8cfc\\u8cb7\\u96a8\\u610f\\u9580 :<\\/p>\\r\\n<p>\\u3010\\u5962\\u83ef\\u79ae\\u76d2\\u88dd 30\\u74f6\\u3011\\u8d85\\u9ad8\\u5bc6\\u5ea6\\u6975\\u6fc3\\u71d5\\u7aa9<br \\/>\\u3010\\u65e5\\u5e38\\u7c21\\u7d04\\u88dd 15\\u5929\\u3011\\u8d85\\u9ad8\\u5bc6\\u5ea6\\u6975\\u6fc3\\u71d5\\u7aa9<\\/p>\\r\\n<p>2. \\u751f\\u9aee\\u98f2<\\/p>\\r\\n<p>\\u4e3b\\u8981\\u529f\\u80fd\\uff1a\\u9810\\u9632\\u53ca\\u6539\\u5584\\u8131\\u9aee\\u554f\\u984c<br \\/>\\u5b55\\u5a66\\u7522\\u5f8c\\u6703\\u6c23\\u865b\\u3001\\u8840\\u6c23\\u4e0d\\u8db3\\uff0c\\u589e\\u52a0\\u6389\\u9aee\\u7684\\u73fe\\u8c61\\uff0c\\u8981\\u89e3\\u6c7a\\u554f\\u984c\\u5c31\\u8981\\u5f9e\\u9ad4\\u8cea\\u8abf\\u7406\\u958b\\u59cb\\u3002\\u751f\\u9aee\\u98f2\\u662f\\u91dd\\u5c0d\\u5168\\u5929\\u7136\\u751f\\u9aee\\u85e5\\u6750\\uff0c\\u662f\\u6e05\\u65b0\\u9ed1\\u829d\\u9ebb\\u674f\\u4ec1\\u751c\\u5473\\uff0c\\u5805\\u6301\\u9023\\u7e8c\\u98f23\\u500b\\u6708\\u6703\\u958b\\u59cb\\u898b\\u5230\\u660e\\u986f\\u751fBB\\u9aee\\uff01<\\/p>\\r\\n<p>\\u8cfc\\u8cb7\\u96a8\\u610f\\u9580 :<\\/p>\\r\\n<p>\\u70cf\\u9ed1\\u990a\\u814e\\u751f\\u9aee\\u98f2<\\/p>\\r\\n<p><\\/p>\",\"fulltext\":\"\",\"state\":1,\"catid\":\"102\",\"created\":\"2021-09-08 00:32:27\",\"created_by\":\"197\",\"created_by_alias\":\"\",\"modified\":\"2024-04-25 07:29:20\",\"modified_by\":\"197\",\"checked_out\":\"197\",\"checked_out_time\":\"2024-04-25 07:26:59\",\"publish_up\":\"2021-09-08 00:32:27\",\"publish_down\":\"0000-00-00 00:00:00\",\"images\":\"{\\\"image_intro\\\":\\\"images\\\\\\/news\\\\\\/n32.jpg\\\",\\\"float_intro\\\":\\\"\\\",\\\"image_intro_alt\\\":\\\"\\\",\\\"image_intro_caption\\\":\\\"\\\",\\\"image_fulltext\\\":\\\"images\\\\\\/news\\\\\\/_content-01.jpg\\\",\\\"float_fulltext\\\":\\\"\\\",\\\"image_fulltext_alt\\\":\\\"\\\",\\\"image_fulltext_caption\\\":\\\"\\\"}\",\"urls\":\"{\\\"urla\\\":false,\\\"urlatext\\\":\\\"\\\",\\\"targeta\\\":\\\"\\\",\\\"urlb\\\":false,\\\"urlbtext\\\":\\\"\\\",\\\"targetb\\\":\\\"\\\",\\\"urlc\\\":false,\\\"urlctext\\\":\\\"\\\",\\\"targetc\\\":\\\"\\\"}\",\"attribs\":\"{\\\"article_layout\\\":\\\"\\\",\\\"show_title\\\":\\\"\\\",\\\"link_titles\\\":\\\"\\\",\\\"show_tags\\\":\\\"\\\",\\\"show_intro\\\":\\\"\\\",\\\"info_block_position\\\":\\\"\\\",\\\"info_block_show_title\\\":\\\"\\\",\\\"show_category\\\":\\\"\\\",\\\"link_category\\\":\\\"\\\",\\\"show_parent_category\\\":\\\"\\\",\\\"link_parent_category\\\":\\\"\\\",\\\"show_associations\\\":\\\"\\\",\\\"show_author\\\":\\\"\\\",\\\"link_author\\\":\\\"\\\",\\\"show_create_date\\\":\\\"\\\",\\\"show_modify_date\\\":\\\"\\\",\\\"show_publish_date\\\":\\\"\\\",\\\"show_item_navigation\\\":\\\"\\\",\\\"show_icons\\\":\\\"\\\",\\\"show_print_icon\\\":\\\"\\\",\\\"show_email_icon\\\":\\\"\\\",\\\"show_vote\\\":\\\"\\\",\\\"show_hits\\\":\\\"\\\",\\\"show_noauth\\\":\\\"\\\",\\\"urls_position\\\":\\\"\\\",\\\"alternative_readmore\\\":\\\"\\\",\\\"article_page_title\\\":\\\"\\\",\\\"show_publishing_options\\\":\\\"\\\",\\\"show_article_options\\\":\\\"\\\",\\\"show_urls_images_backend\\\":\\\"\\\",\\\"show_urls_images_frontend\\\":\\\"\\\"}\",\"version\":2,\"ordering\":\"0\",\"metakey\":\"\",\"metadesc\":\"\",\"access\":\"1\",\"hits\":\"0\",\"metadata\":\"{\\\"robots\\\":\\\"\\\",\\\"author\\\":\\\"\\\",\\\"rights\\\":\\\"\\\",\\\"xreference\\\":\\\"\\\"}\",\"featured\":\"0\",\"language\":\"*\",\"xreference\":\"\",\"note\":\"\"}', 0),
(839, 207, 1, '', '2024-04-25 07:30:32', 197, 7129, 'c22c9b58a70cd2b9f043ce485e321dd7ceb44dfc', '{\"id\":207,\"asset_id\":\"1155\",\"title\":\"\\u61f7\\u5b55\\u5abd\\u5abd\\u5fc5\\u7747\\u6587\\u7ae0 - \\u54a9\\u7522\\u54c1\\u6700\\u9069\\u5408\\u4f60\\u5462\\uff1f\",\"alias\":\"\\u61f7\\u5b55\\u5abd\\u5abd\\u5fc5\\u7747\\u6587\\u7ae0-\\u54a9\\u7522\\u54c1\\u6700\\u9069\\u5408\\u4f60\\u5462\\uff1f\",\"introtext\":\"<p>1. \\u71d5\\u7aa9<\\/p>\\r\\n<p>\\u4e3b\\u8981\\u529f\\u80fd1\\uff1a\\u4fc3\\u9032\\u80ce\\u5152\\u8166\\u90e8\\u767c\\u80b2<br \\/>\\u5728\\u6240\\u6709\\u98df\\u7269\\u4e2d\\uff0c\\u53ea\\u6709\\u7b2c\\u4e00\\u9031\\u7684\\u6bcd\\u521d\\u4e73\\u4e2d\\u553e\\u6db2\\u9178\\u542b\\u91cf\\u80fd\\u8d0f\\u5f97\\u904e\\u71d5\\u7aa9\\uff0c\\u4f46\\u96a8\\u8457\\u54fa\\u4e73\\u671f\\u7684\\u62c9\\u9577\\uff0c\\u553e\\u6db2\\u9178\\u542b\\u91cf\\u4e5f\\u6703\\u96a8\\u4e4b\\u905e\\u6e1b\\u3002<\\/p>\\r\\n<p>\\u7f8e\\u570b\\u81e8\\u5e8a\\u71df\\u990a\\u96dc\\u8a8c\\u57282003\\u5e74\\u767c\\u8868\\u4e86\\u4e00\\u7bc7\\u81e8\\u5e8a\\u7814\\u7a76\\u5831\\u544a\\uff0c\\u7814\\u7a76\\u8b49\\u660e\\uff0c\\u559d\\u6bcd\\u5976\\u7684\\u5b30\\u5152\\u5927\\u8166\\u4e2d\\u553e\\u6db2\\u9178\\u7684\\u542b\\u91cf\\u6bd4\\u559d\\u5976\\u7c89\\u7684\\u5b30\\u5152\\u9ad822%~32%\\u3002\\u71d5\\u7aa9\\u7576\\u4e2d\\u65e2\\u553e\\u6db2\\u9178\\u4fc2\\u6bcd\\u4e73\\u91cd\\u8981\\u6210\\u5206\\uff0c\\u96d6\\u7136\\u725b\\u5976\\u3001\\u96de\\u86cb\\u548c\\u4e73\\u916a\\u90fd\\u6709\\uff0c\\u4e0d\\u904e\\u542b\\u91cf\\u4e0d\\u591a\\u3002\\u82e5\\u679c\\u60f3\\u5f9e\\u98df\\u7269\\u4e2d\\u651d\\u53d6\\u5230\\u6700\\u5927\\u91cf\\u65e2\\u553e\\u6db2\\u9178\\uff0c\\u71d5\\u7aa9\\u7d55\\u5c0d\\u662f\\u7121\\u5eb8\\u7f6e\\u7591\\u65e2\\u300c\\u553e\\u6db2\\u9178\\u4e4b\\u738b\\u300d \\u975e\\u5e38\\u6709\\u6548\\u4fc3\\u9032\\u80ce\\u5152\\u8166\\u90e8\\u767c\\u80b2\\uff01<\\/p>\\r\\n<p>\\u4e3b\\u8981\\u529f\\u80fd2\\uff1a\\u9810\\u9632\\u300c\\u4e00\\u5b55\\u50bb\\u4e09\\u5e74\\u300d<br \\/>\\u5b55\\u80b2\\u671f\\u56e0\\u5167\\u5206\\u6ccc\\u6c34\\u5e73\\u7684\\u6539\\u8b8a\\uff0c\\u800c\\u80ce\\u5152\\u5927\\u8166\\u548c\\u795e\\u7d93\\u7684\\u767c\\u80b2\\u6703\\u6d88\\u8017\\u6bcd\\u9ad4\\u6240\\u63d0\\u4f9b\\u7684\\u7e3d\\u90e8\\u7684\\u4e00\\u534a\\u4ee5\\u4e0a\\uff0c\\u5982\\u679c\\u9019\\u500b\\u6642\\u671f\\u6bcd\\u9ad4\\u98df\\u7269\\u71df\\u990a\\u4f9b\\u61c9\\u4e0d\\u8db3\\uff0c\\u5c31\\u6703\\u5c0e\\u81f4\\u81ea\\u8eab\\u6bcd\\u9ad4\\u7684\\u7f3a\\u4e4f\\u3002\\u5f9e\\u800c\\u8a18\\u61b6\\u529b\\u4e0b\\u964d\\uff0c\\u6ce8\\u610f\\u529b\\u4e5f\\u6703\\u96e3\\u4ee5\\u5be6\\u73fe\\u96c6\\u4e2d\\u3002\\u800c\\u71d5\\u7aa9\\u542b\\u6709\\u9ad8\\u86cb\\u767d\\u8cea\\u3001\\u4f4e\\u8102\\u80aa\\u548c18\\u7a2e\\u80fa\\u57fa\\u9178\\u3001\\u9223\\u3001\\u9435\\u3001\\u78f7\\u3001\\u92c5\\u7b49\\u591a\\u7a2e\\u7926\\u7269\\u8cea\\u8207\\u8868\\u76ae\\u751f\\u9577\\u56e0\\u5b50(EGF)\\u7b49\\u71df\\u990a\\u6210\\u5206\\uff0c\\u53ef\\u4ee5\\u7d66\\u80ce\\u5152\\u767c\\u80b2\\u6210\\u9577\\u548c\\u5b55\\u5abd\\u6eff\\u6eff\\u7684\\u71df\\u990a\\u88dc\\u7d66\\u3002<\\/p>\\r\\n<p>\\u4e3b\\u8981\\u529f\\u80fd3\\uff1a\\u9810\\u9632\\u598a\\u5a20\\u7d0b<br \\/>\\u5927\\u90e8\\u5206\\u7684\\u5973\\u6027\\u5728\\u61f7\\u5b55\\u7684\\u6642\\u5019\\uff0c\\u6709\\u5927\\u7d04\\u516d\\u81f3\\u516b\\u6210\\u7684\\u6a5f\\u7387\\u6703\\u51fa\\u73fe\\u598a\\u5a20\\u7d0b\\uff0c\\u53c8\\u4f9d\\u64da\\u6bcd\\u89aa\\u672c\\u8eab\\u7684\\u9ad4\\u8cea\\uff0c\\u51fa\\u73fe\\u7684\\u6578\\u91cf\\u4e0d\\u4e00\\u3002\\u71d5\\u7aa9\\u7576\\u4e2d\\u542b\\u6709\\u8c50\\u5bcc\\u7684\\u6c34\\u6eb6\\u6027\\u86cb\\u767d\\u8cea\\u3001\\u6c28\\u57fa\\u9178\\uff0c\\u4ee5\\u53ca\\u5404\\u7a2e\\u5fae\\u91cf\\u5143\\u7d20\\uff0c\\u4f8b\\u5982\\u9223\\u3001\\u9240\\u7b49\\u7b49\\uff0c\\u9019\\u4e9b\\u5143\\u7d20\\u90fd\\u662f\\u69cb\\u6210\\u4eba\\u9ad4\\u975e\\u5e38\\u91cd\\u8981\\u7684\\u5143\\u7d20\\u4e4b\\u4e00\\uff0c\\u53ef\\u4ee5\\u4fc3\\u9032\\u4eba\\u9ad4\\u65b0\\u9673\\u4ee3\\u8b1d\\uff0c\\u5e6b\\u5b55\\u5a66\\u505a\\u597d\\u7522\\u524d\\u7522\\u5f8c\\u7684\\u8eab\\u9ad4\\u88dc\\u990a\\u3002\\u6700\\u91cd\\u8981\\u7684\\u662f\\uff0c\\u71d5\\u7aa9\\u80fd\\u990a\\u984f\\u7f8e\\u5bb9\\uff0c\\u70ba\\u5b55\\u5a66\\u88dc\\u7d66\\u71df\\u990a\\uff0c\\u7dad\\u6301\\u5065\\u5eb7\\u8207\\u9752\\u6625\\u7f8e\\u9e97\\u3002<\\/p>\\r\\n<p>\\u8cfc\\u8cb7\\u96a8\\u610f\\u9580 :<\\/p>\\r\\n<p><a href=\\\"catalog\\/product\\/228:%E7%99%BD%E7%87%95nesture-%E3%80%90%E5%A5%A2%E8%8F%AF%E7%A6%AE%E7%9B%92%E8%A3%9D-30%E5%A4%A9%E3%80%91%E4%B8%80%E5%8F%A3%E8%B6%85%E9%AB%98%E5%AF%86%E5%BA%A6%E6%A5%B5%E6%BF%83%E7%87%95%E7%AA%A9?catid=391\\\">\\u3010\\u5962\\u83ef\\u79ae\\u76d2\\u88dd 30\\u74f6\\u3011\\u8d85\\u9ad8\\u5bc6\\u5ea6\\u6975\\u6fc3\\u71d5\\u7aa9<\\/a><br \\/><a href=\\\"catalog\\/product\\/281:%E7%99%BD%E7%87%95nesture-%E3%80%90%E6%97%A5%E5%B8%B8%E7%B0%A1%E7%B4%84%E8%A3%9D15%E5%A4%A9%E3%80%91%E8%B6%85%E9%AB%98%E5%AF%86%E5%BA%A6%E6%A5%B5%E6%BF%83%E7%87%95%E7%AA%A9?catid=391\\\">\\u3010\\u65e5\\u5e38\\u7c21\\u7d04\\u88dd 15\\u5929\\u3011\\u8d85\\u9ad8\\u5bc6\\u5ea6\\u6975\\u6fc3\\u71d5\\u7aa9<\\/a><\\/p>\\r\\n<p>2. \\u751f\\u9aee\\u98f2<\\/p>\\r\\n<p>\\u4e3b\\u8981\\u529f\\u80fd\\uff1a\\u9810\\u9632\\u53ca\\u6539\\u5584\\u8131\\u9aee\\u554f\\u984c<br \\/>\\u5b55\\u5a66\\u7522\\u5f8c\\u6703\\u6c23\\u865b\\u3001\\u8840\\u6c23\\u4e0d\\u8db3\\uff0c\\u589e\\u52a0\\u6389\\u9aee\\u7684\\u73fe\\u8c61\\uff0c\\u8981\\u89e3\\u6c7a\\u554f\\u984c\\u5c31\\u8981\\u5f9e\\u9ad4\\u8cea\\u8abf\\u7406\\u958b\\u59cb\\u3002\\u751f\\u9aee\\u98f2\\u662f\\u91dd\\u5c0d\\u5168\\u5929\\u7136\\u751f\\u9aee\\u85e5\\u6750\\uff0c\\u662f\\u6e05\\u65b0\\u9ed1\\u829d\\u9ebb\\u674f\\u4ec1\\u751c\\u5473\\uff0c\\u5805\\u6301\\u9023\\u7e8c\\u98f23\\u500b\\u6708\\u6703\\u958b\\u59cb\\u898b\\u5230\\u660e\\u986f\\u751fBB\\u9aee\\uff01<\\/p>\\r\\n<p>\\u8cfc\\u8cb7\\u96a8\\u610f\\u9580 :<\\/p>\\r\\n<p><a href=\\\"catalog\\/product\\/443:%E7%99%BD%E7%87%95nesture-%E7%83%8F%E9%BB%91%E9%A4%8A%E8%85%8E%E7%94%9F%E9%AB%AE%E9%A3%B2-%E7%94%9F%E9%AB%AEx%E6%94%B9%E5%96%84%E8%85%8E%E8%99%9Bx%E5%8D%B5%E5%B7%A2%E4%BF%9D%E9%A4%8A%E5%BF%85%E9%A3%B2%EF%BD%9C%E7%94%9F%E9%AB%AE%E9%A3%9F%E7%99%82?catid=391\\\">\\u70cf\\u9ed1\\u990a\\u814e\\u751f\\u9aee\\u98f2<\\/a><\\/p>\\r\\n<p><\\/p>\",\"fulltext\":\"\",\"state\":1,\"catid\":\"102\",\"created\":\"2021-09-08 00:32:27\",\"created_by\":\"197\",\"created_by_alias\":\"\",\"modified\":\"2024-04-25 07:30:32\",\"modified_by\":\"197\",\"checked_out\":\"197\",\"checked_out_time\":\"2024-04-25 07:29:20\",\"publish_up\":\"2021-09-08 00:32:27\",\"publish_down\":\"0000-00-00 00:00:00\",\"images\":\"{\\\"image_intro\\\":\\\"images\\\\\\/news\\\\\\/n32.jpg\\\",\\\"float_intro\\\":\\\"\\\",\\\"image_intro_alt\\\":\\\"\\\",\\\"image_intro_caption\\\":\\\"\\\",\\\"image_fulltext\\\":\\\"images\\\\\\/news\\\\\\/_content-01.jpg\\\",\\\"float_fulltext\\\":\\\"\\\",\\\"image_fulltext_alt\\\":\\\"\\\",\\\"image_fulltext_caption\\\":\\\"\\\"}\",\"urls\":\"{\\\"urla\\\":false,\\\"urlatext\\\":\\\"\\\",\\\"targeta\\\":\\\"\\\",\\\"urlb\\\":false,\\\"urlbtext\\\":\\\"\\\",\\\"targetb\\\":\\\"\\\",\\\"urlc\\\":false,\\\"urlctext\\\":\\\"\\\",\\\"targetc\\\":\\\"\\\"}\",\"attribs\":\"{\\\"article_layout\\\":\\\"\\\",\\\"show_title\\\":\\\"\\\",\\\"link_titles\\\":\\\"\\\",\\\"show_tags\\\":\\\"\\\",\\\"show_intro\\\":\\\"\\\",\\\"info_block_position\\\":\\\"\\\",\\\"info_block_show_title\\\":\\\"\\\",\\\"show_category\\\":\\\"\\\",\\\"link_category\\\":\\\"\\\",\\\"show_parent_category\\\":\\\"\\\",\\\"link_parent_category\\\":\\\"\\\",\\\"show_associations\\\":\\\"\\\",\\\"show_author\\\":\\\"\\\",\\\"link_author\\\":\\\"\\\",\\\"show_create_date\\\":\\\"\\\",\\\"show_modify_date\\\":\\\"\\\",\\\"show_publish_date\\\":\\\"\\\",\\\"show_item_navigation\\\":\\\"\\\",\\\"show_icons\\\":\\\"\\\",\\\"show_print_icon\\\":\\\"\\\",\\\"show_email_icon\\\":\\\"\\\",\\\"show_vote\\\":\\\"\\\",\\\"show_hits\\\":\\\"\\\",\\\"show_noauth\\\":\\\"\\\",\\\"urls_position\\\":\\\"\\\",\\\"alternative_readmore\\\":\\\"\\\",\\\"article_page_title\\\":\\\"\\\",\\\"show_publishing_options\\\":\\\"\\\",\\\"show_article_options\\\":\\\"\\\",\\\"show_urls_images_backend\\\":\\\"\\\",\\\"show_urls_images_frontend\\\":\\\"\\\"}\",\"version\":3,\"ordering\":\"0\",\"metakey\":\"\",\"metadesc\":\"\",\"access\":\"1\",\"hits\":\"1\",\"metadata\":\"{\\\"robots\\\":\\\"\\\",\\\"author\\\":\\\"\\\",\\\"rights\\\":\\\"\\\",\\\"xreference\\\":\\\"\\\"}\",\"featured\":\"0\",\"language\":\"*\",\"xreference\":\"\",\"note\":\"\"}', 0),
(840, 206, 1, '', '2024-04-25 07:33:54', 197, 2991, '10fda1d0b0ca256ca769863cb61e0f9e14c5e447', '{\"id\":206,\"asset_id\":\"1154\",\"title\":\"\\u8fce\\u65b0\\u734e\\u8cde $100 Coupon \\u908a\\u5ea6\\u6435\",\"alias\":\"\\u8fce\\u65b0\\u734e\\u8cde-$100-coupon-\\u908a\\u5ea6\\u6435\",\"introtext\":\"<p>\\u7576\\u60a8\\u767b\\u8a18\\u70ba\\u6210<span>vMarket<\\/span>\\u6703\\u54e1\\u5f8c\\uff0c\\u8acb\\u524d\\u5f80\\u8a3b\\u518a\\u7684\\u96fb\\u5b50\\u90f5\\u7bb1\\uff0c\\u5c31\\u6703\\u898b\\u5230\\u7531\\u6211\\u54cb<span>vMarket <\\/span>\\u767c\\u51fa\\u5605<span>$100<\\/span>\\u8fce\\u65b0\\u79ae\\u52b5\\u67b6\\u5587<span>~<\\/span><\\/p>\\r\\n<p>\\u00a0<\\/p>\\r\\n<p>\\u00a0<\\/p>\\r\\n<p>\\u00a0<\\/p>\\r\\n<p>\\u00a0<\\/p>\\r\\n<p>\\u00a0<\\/p>\\r\\n<p>\\u00a0<\\/p>\\r\\n<p>\\u00a0<\\/p>\\r\\n<p>\\u00a0<\\/p>\\r\\n<p>\\u00a0<\\/p>\\r\\n<p>\\u8907\\u88fd\\u8fce\\u65b0\\u512a\\u60e0\\u78bc\\uff0c\\u9ede\\u64ca\\u300c\\u67e5\\u770b\\u8cfc\\u7269\\u8eca\\u300d\\uff0c\\u5728\\u300c\\u4f7f\\u7528\\u79ae\\u52b5\\u300d\\u8f38\\u5165\\u512a\\u60e0\\u78bc<span> (<\\/span>\\u4f8b<span> : welcomeVQORQUT<\\/span><\\/p>\\r\\n<p>)\\uff0c\\u7136\\u5f8c\\u6309\\u300c\\u4f7f\\u7528\\u300d\\uff0c\\u7cfb\\u7d71\\u4fbf\\u6703\\u70ba\\u60a8\\u5373\\u6642\\u6263\\u6e1b<span>100<\\/span>\\u5143<span>*<\\/span>\\u3002<\\/p>\\r\\n<p>\\u00a0<\\/p>\\r\\n<p>*\\u6ce8\\u610f<span> : <\\/span>\\u6d88\\u8cbb\\u6eff<span>$500<\\/span>\\u65b9\\u53ef\\u4f7f\\u7528\\u3002<\\/p>\\r\\n<p>\\u00a0<\\/p>\\r\\n<p>\\u00a0<\\/p>\\r\\n<p>ENJOY SHOPPING<\\/p>\",\"fulltext\":\"\",\"state\":0,\"catid\":\"102\",\"created\":\"2021-09-08 00:32:27\",\"created_by\":\"197\",\"created_by_alias\":\"\",\"modified\":\"2024-04-25 07:33:54\",\"modified_by\":\"197\",\"checked_out\":\"197\",\"checked_out_time\":\"2024-04-25 07:31:16\",\"publish_up\":\"2021-09-08 00:32:27\",\"publish_down\":\"\",\"images\":\"{\\\"image_intro\\\":\\\"images\\\\\\/news\\\\\\/100_coupon.jpg\\\",\\\"float_intro\\\":\\\"\\\",\\\"image_intro_alt\\\":\\\"\\\",\\\"image_intro_caption\\\":\\\"\\\",\\\"image_fulltext\\\":\\\"images\\\\\\/news\\\\\\/coupon_sample.jpg\\\",\\\"float_fulltext\\\":\\\"\\\",\\\"image_fulltext_alt\\\":\\\"\\\",\\\"image_fulltext_caption\\\":\\\"\\\"}\",\"urls\":\"{\\\"urla\\\":false,\\\"urlatext\\\":\\\"\\\",\\\"targeta\\\":\\\"\\\",\\\"urlb\\\":false,\\\"urlbtext\\\":\\\"\\\",\\\"targetb\\\":\\\"\\\",\\\"urlc\\\":false,\\\"urlctext\\\":\\\"\\\",\\\"targetc\\\":\\\"\\\"}\",\"attribs\":\"{\\\"article_layout\\\":\\\"\\\",\\\"show_title\\\":\\\"\\\",\\\"link_titles\\\":\\\"\\\",\\\"show_tags\\\":\\\"\\\",\\\"show_intro\\\":\\\"\\\",\\\"info_block_position\\\":\\\"\\\",\\\"info_block_show_title\\\":\\\"\\\",\\\"show_category\\\":\\\"\\\",\\\"link_category\\\":\\\"\\\",\\\"show_parent_category\\\":\\\"\\\",\\\"link_parent_category\\\":\\\"\\\",\\\"show_associations\\\":\\\"\\\",\\\"show_author\\\":\\\"\\\",\\\"link_author\\\":\\\"\\\",\\\"show_create_date\\\":\\\"\\\",\\\"show_modify_date\\\":\\\"\\\",\\\"show_publish_date\\\":\\\"\\\",\\\"show_item_navigation\\\":\\\"\\\",\\\"show_icons\\\":\\\"\\\",\\\"show_print_icon\\\":\\\"\\\",\\\"show_email_icon\\\":\\\"\\\",\\\"show_vote\\\":\\\"\\\",\\\"show_hits\\\":\\\"\\\",\\\"show_noauth\\\":\\\"\\\",\\\"urls_position\\\":\\\"\\\",\\\"alternative_readmore\\\":\\\"\\\",\\\"article_page_title\\\":\\\"\\\",\\\"show_publishing_options\\\":\\\"\\\",\\\"show_article_options\\\":\\\"\\\",\\\"show_urls_images_backend\\\":\\\"\\\",\\\"show_urls_images_frontend\\\":\\\"\\\"}\",\"version\":2,\"ordering\":\"1\",\"metakey\":\"\",\"metadesc\":\"\",\"access\":\"1\",\"hits\":\"0\",\"metadata\":\"{\\\"robots\\\":\\\"\\\",\\\"author\\\":\\\"\\\",\\\"rights\\\":\\\"\\\",\\\"xreference\\\":\\\"\\\"}\",\"featured\":\"0\",\"language\":\"*\",\"xreference\":\"\",\"note\":\"\"}', 0),
(841, 206, 1, '', '2024-04-25 07:34:10', 197, 3010, 'e0c5769db9a1ff4c7849944181d465ebf3c5e904', '{\"id\":206,\"asset_id\":\"1154\",\"title\":\"\\u8fce\\u65b0\\u734e\\u8cde $100 Coupon \\u908a\\u5ea6\\u6435\",\"alias\":\"\\u8fce\\u65b0\\u734e\\u8cde-$100-coupon-\\u908a\\u5ea6\\u6435\",\"introtext\":\"<p>\\u7576\\u60a8\\u767b\\u8a18\\u70ba\\u6210<span>vMarket<\\/span>\\u6703\\u54e1\\u5f8c\\uff0c\\u8acb\\u524d\\u5f80\\u8a3b\\u518a\\u7684\\u96fb\\u5b50\\u90f5\\u7bb1\\uff0c\\u5c31\\u6703\\u898b\\u5230\\u7531\\u6211\\u54cb<span>vMarket <\\/span>\\u767c\\u51fa\\u5605<span>$100<\\/span>\\u8fce\\u65b0\\u79ae\\u52b5\\u67b6\\u5587<span>~<\\/span><\\/p>\\r\\n<p>\\u00a0<\\/p>\\r\\n<p>\\u00a0<\\/p>\\r\\n<p>\\u00a0<\\/p>\\r\\n<p>\\u00a0<\\/p>\\r\\n<p>\\u00a0<\\/p>\\r\\n<p>\\u00a0<\\/p>\\r\\n<p>\\u00a0<\\/p>\\r\\n<p>\\u00a0<\\/p>\\r\\n<p>\\u00a0<\\/p>\\r\\n<p>\\u8907\\u88fd\\u8fce\\u65b0\\u512a\\u60e0\\u78bc\\uff0c\\u9ede\\u64ca\\u300c\\u67e5\\u770b\\u8cfc\\u7269\\u8eca\\u300d\\uff0c\\u5728\\u300c\\u4f7f\\u7528\\u79ae\\u52b5\\u300d\\u8f38\\u5165\\u512a\\u60e0\\u78bc<span> (<\\/span>\\u4f8b<span> : welcomeVQORQUT<\\/span><\\/p>\\r\\n<p>)\\uff0c\\u7136\\u5f8c\\u6309\\u300c\\u4f7f\\u7528\\u300d\\uff0c\\u7cfb\\u7d71\\u4fbf\\u6703\\u70ba\\u60a8\\u5373\\u6642\\u6263\\u6e1b<span>100<\\/span>\\u5143<span>*<\\/span>\\u3002<\\/p>\\r\\n<p>\\u00a0<\\/p>\\r\\n<p>*\\u6ce8\\u610f<span> : <\\/span>\\u6d88\\u8cbb\\u6eff<span>$500<\\/span>\\u65b9\\u53ef\\u4f7f\\u7528\\u3002<\\/p>\\r\\n<p>\\u00a0<\\/p>\\r\\n<p>\\u00a0<\\/p>\\r\\n<p>ENJOY SHOPPING<\\/p>\",\"fulltext\":\"\",\"state\":1,\"catid\":\"102\",\"created\":\"2021-09-08 00:32:27\",\"created_by\":\"197\",\"created_by_alias\":\"\",\"modified\":\"2024-04-25 07:34:10\",\"modified_by\":\"197\",\"checked_out\":\"197\",\"checked_out_time\":\"2024-04-25 07:33:54\",\"publish_up\":\"2021-09-08 00:32:27\",\"publish_down\":\"0000-00-00 00:00:00\",\"images\":\"{\\\"image_intro\\\":\\\"images\\\\\\/news\\\\\\/100_coupon.jpg\\\",\\\"float_intro\\\":\\\"\\\",\\\"image_intro_alt\\\":\\\"\\\",\\\"image_intro_caption\\\":\\\"\\\",\\\"image_fulltext\\\":\\\"images\\\\\\/news\\\\\\/coupon_sample.jpg\\\",\\\"float_fulltext\\\":\\\"\\\",\\\"image_fulltext_alt\\\":\\\"\\\",\\\"image_fulltext_caption\\\":\\\"\\\"}\",\"urls\":\"{\\\"urla\\\":false,\\\"urlatext\\\":\\\"\\\",\\\"targeta\\\":\\\"\\\",\\\"urlb\\\":false,\\\"urlbtext\\\":\\\"\\\",\\\"targetb\\\":\\\"\\\",\\\"urlc\\\":false,\\\"urlctext\\\":\\\"\\\",\\\"targetc\\\":\\\"\\\"}\",\"attribs\":\"{\\\"article_layout\\\":\\\"\\\",\\\"show_title\\\":\\\"\\\",\\\"link_titles\\\":\\\"\\\",\\\"show_tags\\\":\\\"\\\",\\\"show_intro\\\":\\\"\\\",\\\"info_block_position\\\":\\\"\\\",\\\"info_block_show_title\\\":\\\"\\\",\\\"show_category\\\":\\\"\\\",\\\"link_category\\\":\\\"\\\",\\\"show_parent_category\\\":\\\"\\\",\\\"link_parent_category\\\":\\\"\\\",\\\"show_associations\\\":\\\"\\\",\\\"show_author\\\":\\\"\\\",\\\"link_author\\\":\\\"\\\",\\\"show_create_date\\\":\\\"\\\",\\\"show_modify_date\\\":\\\"\\\",\\\"show_publish_date\\\":\\\"\\\",\\\"show_item_navigation\\\":\\\"\\\",\\\"show_icons\\\":\\\"\\\",\\\"show_print_icon\\\":\\\"\\\",\\\"show_email_icon\\\":\\\"\\\",\\\"show_vote\\\":\\\"\\\",\\\"show_hits\\\":\\\"\\\",\\\"show_noauth\\\":\\\"\\\",\\\"urls_position\\\":\\\"\\\",\\\"alternative_readmore\\\":\\\"\\\",\\\"article_page_title\\\":\\\"\\\",\\\"show_publishing_options\\\":\\\"\\\",\\\"show_article_options\\\":\\\"\\\",\\\"show_urls_images_backend\\\":\\\"\\\",\\\"show_urls_images_frontend\\\":\\\"\\\"}\",\"version\":3,\"ordering\":\"1\",\"metakey\":\"\",\"metadesc\":\"\",\"access\":\"1\",\"hits\":\"0\",\"metadata\":\"{\\\"robots\\\":\\\"\\\",\\\"author\\\":\\\"\\\",\\\"rights\\\":\\\"\\\",\\\"xreference\\\":\\\"\\\"}\",\"featured\":\"0\",\"language\":\"*\",\"xreference\":\"\",\"note\":\"\"}', 0),
(842, 206, 1, '', '2024-04-25 07:35:34', 197, 2782, '1dda6cf00c3990b79506b9ce4618d1a35ab1258b', '{\"id\":206,\"asset_id\":\"1154\",\"title\":\"\\u8fce\\u65b0\\u734e\\u8cde $100 Coupon \\u908a\\u5ea6\\u6435\",\"alias\":\"\\u8fce\\u65b0\\u734e\\u8cde-$100-coupon-\\u908a\\u5ea6\\u6435\",\"introtext\":\"<p>\\u7576\\u60a8\\u767b\\u8a18\\u70ba\\u6210<span>vMarket<\\/span>\\u6703\\u54e1\\u5f8c\\uff0c\\u8acb\\u524d\\u5f80\\u8a3b\\u518a\\u7684\\u96fb\\u5b50\\u90f5\\u7bb1\\uff0c\\u5c31\\u6703\\u898b\\u5230\\u7531\\u6211\\u54cb<span>vMarket <\\/span>\\u767c\\u51fa\\u5605<span>$100<\\/span>\\u8fce\\u65b0\\u79ae\\u52b5\\u67b6\\u5587<span>~<br \\/><\\/span>\\u8907\\u88fd\\u8fce\\u65b0\\u512a\\u60e0\\u78bc\\uff0c\\u9ede\\u64ca\\u300c\\u67e5\\u770b\\u8cfc\\u7269\\u8eca\\u300d\\uff0c\\u5728\\u300c\\u4f7f\\u7528\\u79ae\\u52b5\\u300d\\u8f38\\u5165\\u512a\\u60e0\\u78bc<span> (<\\/span>\\u4f8b<span> : welcomeVQORQUT<\\/span>)<br \\/>\\u7136\\u5f8c\\u6309\\u300c\\u4f7f\\u7528\\u300d\\uff0c\\u7cfb\\u7d71\\u4fbf\\u6703\\u70ba\\u60a8\\u5373\\u6642\\u6263\\u6e1b<span>100<\\/span>\\u5143<span>*<\\/span>\\u3002<\\/p>\\r\\n<p>*\\u6ce8\\u610f<span> : <\\/span>\\u6d88\\u8cbb\\u6eff<span>$500<\\/span>\\u65b9\\u53ef\\u4f7f\\u7528\\u3002<\\/p>\\r\\n<p>\\u00a0<\\/p>\\r\\n<p><\\/p>\",\"fulltext\":\"\",\"state\":1,\"catid\":\"102\",\"created\":\"2021-09-08 00:32:27\",\"created_by\":\"197\",\"created_by_alias\":\"\",\"modified\":\"2024-04-25 07:35:34\",\"modified_by\":\"197\",\"checked_out\":\"197\",\"checked_out_time\":\"2024-04-25 07:34:10\",\"publish_up\":\"2021-09-08 00:32:27\",\"publish_down\":\"0000-00-00 00:00:00\",\"images\":\"{\\\"image_intro\\\":\\\"images\\\\\\/news\\\\\\/100_coupon.jpg\\\",\\\"float_intro\\\":\\\"\\\",\\\"image_intro_alt\\\":\\\"\\\",\\\"image_intro_caption\\\":\\\"\\\",\\\"image_fulltext\\\":\\\"images\\\\\\/news\\\\\\/coupon_sample.jpg\\\",\\\"float_fulltext\\\":\\\"\\\",\\\"image_fulltext_alt\\\":\\\"\\\",\\\"image_fulltext_caption\\\":\\\"\\\"}\",\"urls\":\"{\\\"urla\\\":false,\\\"urlatext\\\":\\\"\\\",\\\"targeta\\\":\\\"\\\",\\\"urlb\\\":false,\\\"urlbtext\\\":\\\"\\\",\\\"targetb\\\":\\\"\\\",\\\"urlc\\\":false,\\\"urlctext\\\":\\\"\\\",\\\"targetc\\\":\\\"\\\"}\",\"attribs\":\"{\\\"article_layout\\\":\\\"\\\",\\\"show_title\\\":\\\"\\\",\\\"link_titles\\\":\\\"\\\",\\\"show_tags\\\":\\\"\\\",\\\"show_intro\\\":\\\"\\\",\\\"info_block_position\\\":\\\"\\\",\\\"info_block_show_title\\\":\\\"\\\",\\\"show_category\\\":\\\"\\\",\\\"link_category\\\":\\\"\\\",\\\"show_parent_category\\\":\\\"\\\",\\\"link_parent_category\\\":\\\"\\\",\\\"show_associations\\\":\\\"\\\",\\\"show_author\\\":\\\"\\\",\\\"link_author\\\":\\\"\\\",\\\"show_create_date\\\":\\\"\\\",\\\"show_modify_date\\\":\\\"\\\",\\\"show_publish_date\\\":\\\"\\\",\\\"show_item_navigation\\\":\\\"\\\",\\\"show_icons\\\":\\\"\\\",\\\"show_print_icon\\\":\\\"\\\",\\\"show_email_icon\\\":\\\"\\\",\\\"show_vote\\\":\\\"\\\",\\\"show_hits\\\":\\\"\\\",\\\"show_noauth\\\":\\\"\\\",\\\"urls_position\\\":\\\"\\\",\\\"alternative_readmore\\\":\\\"\\\",\\\"article_page_title\\\":\\\"\\\",\\\"show_publishing_options\\\":\\\"\\\",\\\"show_article_options\\\":\\\"\\\",\\\"show_urls_images_backend\\\":\\\"\\\",\\\"show_urls_images_frontend\\\":\\\"\\\"}\",\"version\":4,\"ordering\":\"1\",\"metakey\":\"\",\"metadesc\":\"\",\"access\":\"1\",\"hits\":\"1\",\"metadata\":\"{\\\"robots\\\":\\\"\\\",\\\"author\\\":\\\"\\\",\\\"rights\\\":\\\"\\\",\\\"xreference\\\":\\\"\\\"}\",\"featured\":\"0\",\"language\":\"*\",\"xreference\":\"\",\"note\":\"\"}', 0),
(843, 206, 1, '', '2024-04-25 07:36:31', 197, 2824, '7f77af0361a75b189ed15b3d49fbb19910e4ebcf', '{\"id\":206,\"asset_id\":\"1154\",\"title\":\"\\u8fce\\u65b0\\u734e\\u8cde $100 Coupon \\u908a\\u5ea6\\u6435\",\"alias\":\"\\u8fce\\u65b0\\u734e\\u8cde-$100-coupon-\\u908a\\u5ea6\\u6435\",\"introtext\":\"<p style=\\\"text-align: center;\\\">\\u7576\\u60a8\\u767b\\u8a18\\u70ba\\u6210<span>vMarket<\\/span>\\u6703\\u54e1\\u5f8c\\uff0c\\u8acb\\u524d\\u5f80\\u8a3b\\u518a\\u7684\\u96fb\\u5b50\\u90f5\\u7bb1\\uff0c\\u5c31\\u6703\\u898b\\u5230\\u7531\\u6211\\u54cb<span>vMarket <\\/span>\\u767c\\u51fa\\u5605<span>$100<\\/span>\\u8fce\\u65b0\\u79ae\\u52b5\\u67b6\\u5587<span>~<br \\/><\\/span>\\u8907\\u88fd\\u8fce\\u65b0\\u512a\\u60e0\\u78bc\\uff0c\\u9ede\\u64ca\\u300c\\u67e5\\u770b\\u8cfc\\u7269\\u8eca\\u300d\\uff0c\\u5728\\u300c\\u4f7f\\u7528\\u79ae\\u52b5\\u300d\\u8f38\\u5165\\u512a\\u60e0\\u78bc<span> (<\\/span>\\u4f8b<span> : welcomeVQORQUT<\\/span>)<br \\/>\\u7136\\u5f8c\\u6309\\u300c\\u4f7f\\u7528\\u300d\\uff0c\\u7cfb\\u7d71\\u4fbf\\u6703\\u70ba\\u60a8\\u5373\\u6642\\u6263\\u6e1b<span>100<\\/span>\\u5143<span>*<\\/span>\\u3002<\\/p>\\r\\n<p style=\\\"text-align: center;\\\">*\\u6ce8\\u610f<span> : <\\/span>\\u6d88\\u8cbb\\u6eff<span>$500<\\/span>\\u65b9\\u53ef\\u4f7f\\u7528\\u3002<\\/p>\\r\\n<p><\\/p>\",\"fulltext\":\"\",\"state\":1,\"catid\":\"102\",\"created\":\"2021-09-08 00:32:27\",\"created_by\":\"197\",\"created_by_alias\":\"\",\"modified\":\"2024-04-25 07:36:31\",\"modified_by\":\"197\",\"checked_out\":\"197\",\"checked_out_time\":\"2024-04-25 07:35:34\",\"publish_up\":\"2021-09-08 00:32:27\",\"publish_down\":\"0000-00-00 00:00:00\",\"images\":\"{\\\"image_intro\\\":\\\"images\\\\\\/news\\\\\\/100_coupon.jpg\\\",\\\"float_intro\\\":\\\"\\\",\\\"image_intro_alt\\\":\\\"\\\",\\\"image_intro_caption\\\":\\\"\\\",\\\"image_fulltext\\\":\\\"images\\\\\\/news\\\\\\/coupon_sample.jpg\\\",\\\"float_fulltext\\\":\\\"\\\",\\\"image_fulltext_alt\\\":\\\"\\\",\\\"image_fulltext_caption\\\":\\\"\\\"}\",\"urls\":\"{\\\"urla\\\":false,\\\"urlatext\\\":\\\"\\\",\\\"targeta\\\":\\\"\\\",\\\"urlb\\\":false,\\\"urlbtext\\\":\\\"\\\",\\\"targetb\\\":\\\"\\\",\\\"urlc\\\":false,\\\"urlctext\\\":\\\"\\\",\\\"targetc\\\":\\\"\\\"}\",\"attribs\":\"{\\\"article_layout\\\":\\\"\\\",\\\"show_title\\\":\\\"\\\",\\\"link_titles\\\":\\\"\\\",\\\"show_tags\\\":\\\"\\\",\\\"show_intro\\\":\\\"\\\",\\\"info_block_position\\\":\\\"\\\",\\\"info_block_show_title\\\":\\\"\\\",\\\"show_category\\\":\\\"\\\",\\\"link_category\\\":\\\"\\\",\\\"show_parent_category\\\":\\\"\\\",\\\"link_parent_category\\\":\\\"\\\",\\\"show_associations\\\":\\\"\\\",\\\"show_author\\\":\\\"\\\",\\\"link_author\\\":\\\"\\\",\\\"show_create_date\\\":\\\"\\\",\\\"show_modify_date\\\":\\\"\\\",\\\"show_publish_date\\\":\\\"\\\",\\\"show_item_navigation\\\":\\\"\\\",\\\"show_icons\\\":\\\"\\\",\\\"show_print_icon\\\":\\\"\\\",\\\"show_email_icon\\\":\\\"\\\",\\\"show_vote\\\":\\\"\\\",\\\"show_hits\\\":\\\"\\\",\\\"show_noauth\\\":\\\"\\\",\\\"urls_position\\\":\\\"\\\",\\\"alternative_readmore\\\":\\\"\\\",\\\"article_page_title\\\":\\\"\\\",\\\"show_publishing_options\\\":\\\"\\\",\\\"show_article_options\\\":\\\"\\\",\\\"show_urls_images_backend\\\":\\\"\\\",\\\"show_urls_images_frontend\\\":\\\"\\\"}\",\"version\":5,\"ordering\":\"1\",\"metakey\":\"\",\"metadesc\":\"\",\"access\":\"1\",\"hits\":\"3\",\"metadata\":\"{\\\"robots\\\":\\\"\\\",\\\"author\\\":\\\"\\\",\\\"rights\\\":\\\"\\\",\\\"xreference\\\":\\\"\\\"}\",\"featured\":\"0\",\"language\":\"*\",\"xreference\":\"\",\"note\":\"\"}', 0),
(844, 206, 1, '', '2024-04-25 07:45:17', 197, 2833, 'b76af45704503b5db1499edb5135277efb2347b5', '{\"id\":206,\"asset_id\":\"1154\",\"title\":\"\\u8fce\\u65b0\\u734e\\u8cde $100 Coupon \\u908a\\u5ea6\\u6435\",\"alias\":\"\\u8fce\\u65b0\\u734e\\u8cde-$100-coupon-\\u908a\\u5ea6\\u6435\",\"introtext\":\"<p style=\\\"text-align: center;\\\">\\u7576\\u60a8\\u767b\\u8a18\\u70ba\\u6210<span>vMarket<\\/span>\\u6703\\u54e1\\u5f8c\\uff0c\\u8acb\\u524d\\u5f80\\u8a3b\\u518a\\u7684\\u96fb\\u5b50\\u90f5\\u7bb1\\uff0c\\u5c31\\u6703\\u898b\\u5230\\u7531\\u6211\\u54cb<span>vMarket <\\/span>\\u767c\\u51fa\\u5605<span>$100<\\/span>\\u8fce\\u65b0\\u79ae\\u52b5\\u67b6\\u5587<span>~<br \\/><\\/span>\\u8907\\u88fd\\u8fce\\u65b0\\u512a\\u60e0\\u78bc\\uff0c\\u9ede\\u64ca\\u300c\\u67e5\\u770b\\u8cfc\\u7269\\u8eca\\u300d\\uff0c\\u5728\\u300c\\u4f7f\\u7528\\u79ae\\u52b5\\u300d\\u8f38\\u5165\\u512a\\u60e0\\u78bc<span> (<\\/span>\\u4f8b<span> : welcomeVQORQUT<\\/span>)<br \\/>\\u7136\\u5f8c\\u6309\\u300c\\u4f7f\\u7528\\u300d\\uff0c\\u7cfb\\u7d71\\u4fbf\\u6703\\u70ba\\u60a8\\u5373\\u6642\\u6263\\u6e1b<span>100<\\/span>\\u5143<span>*<\\/span>\\u3002<\\/p>\\r\\n<p style=\\\"text-align: center;\\\">*\\u6ce8\\u610f<span> : <\\/span>\\u6d88\\u8cbb\\u6eff<span>$500<\\/span>\\u65b9\\u53ef\\u4f7f\\u7528\\u3002<\\/p>\\r\\n<p><\\/p>\",\"fulltext\":\"\",\"state\":1,\"catid\":\"102\",\"created\":\"2021-09-08 00:32:27\",\"created_by\":\"197\",\"created_by_alias\":\"\",\"modified\":\"2024-04-25 07:45:17\",\"modified_by\":\"197\",\"checked_out\":\"197\",\"checked_out_time\":\"2024-04-25 07:44:56\",\"publish_up\":\"2021-09-08 00:32:27\",\"publish_down\":\"0000-00-00 00:00:00\",\"images\":\"{\\\"image_intro\\\":\\\"images\\\\\\/news\\\\\\/100_coupon.jpg\\\",\\\"float_intro\\\":\\\"\\\",\\\"image_intro_alt\\\":\\\"\\\",\\\"image_intro_caption\\\":\\\"\\\",\\\"image_fulltext\\\":\\\"images\\\\\\/news\\\\\\/coupon_sample_-_Rachel.jpg\\\",\\\"float_fulltext\\\":\\\"\\\",\\\"image_fulltext_alt\\\":\\\"\\\",\\\"image_fulltext_caption\\\":\\\"\\\"}\",\"urls\":\"{\\\"urla\\\":false,\\\"urlatext\\\":\\\"\\\",\\\"targeta\\\":\\\"\\\",\\\"urlb\\\":false,\\\"urlbtext\\\":\\\"\\\",\\\"targetb\\\":\\\"\\\",\\\"urlc\\\":false,\\\"urlctext\\\":\\\"\\\",\\\"targetc\\\":\\\"\\\"}\",\"attribs\":\"{\\\"article_layout\\\":\\\"\\\",\\\"show_title\\\":\\\"\\\",\\\"link_titles\\\":\\\"\\\",\\\"show_tags\\\":\\\"\\\",\\\"show_intro\\\":\\\"\\\",\\\"info_block_position\\\":\\\"\\\",\\\"info_block_show_title\\\":\\\"\\\",\\\"show_category\\\":\\\"\\\",\\\"link_category\\\":\\\"\\\",\\\"show_parent_category\\\":\\\"\\\",\\\"link_parent_category\\\":\\\"\\\",\\\"show_associations\\\":\\\"\\\",\\\"show_author\\\":\\\"\\\",\\\"link_author\\\":\\\"\\\",\\\"show_create_date\\\":\\\"\\\",\\\"show_modify_date\\\":\\\"\\\",\\\"show_publish_date\\\":\\\"\\\",\\\"show_item_navigation\\\":\\\"\\\",\\\"show_icons\\\":\\\"\\\",\\\"show_print_icon\\\":\\\"\\\",\\\"show_email_icon\\\":\\\"\\\",\\\"show_vote\\\":\\\"\\\",\\\"show_hits\\\":\\\"\\\",\\\"show_noauth\\\":\\\"\\\",\\\"urls_position\\\":\\\"\\\",\\\"alternative_readmore\\\":\\\"\\\",\\\"article_page_title\\\":\\\"\\\",\\\"show_publishing_options\\\":\\\"\\\",\\\"show_article_options\\\":\\\"\\\",\\\"show_urls_images_backend\\\":\\\"\\\",\\\"show_urls_images_frontend\\\":\\\"\\\"}\",\"version\":7,\"ordering\":\"1\",\"metakey\":\"\",\"metadesc\":\"\",\"access\":\"1\",\"hits\":\"4\",\"metadata\":\"{\\\"robots\\\":\\\"\\\",\\\"author\\\":\\\"\\\",\\\"rights\\\":\\\"\\\",\\\"xreference\\\":\\\"\\\"}\",\"featured\":\"0\",\"language\":\"*\",\"xreference\":\"\",\"note\":\"\"}', 0),
(845, 203, 1, '', '2024-04-30 03:53:56', 197, 2634, '6e1417d89609b171600159f8d68c2e99bf39c743', '{\"id\":203,\"asset_id\":\"1151\",\"title\":\"\\u7368\\u5bb6\\u4ee3\\u7406\",\"alias\":\"\\u7368\\u5bb6\\u4ee3\\u7406\",\"introtext\":\"<p><span>vMarket <\\/span>\\u70ba\\u53f0\\u7063\\u54c1\\u724c - \\u65e6\\u4e4b\\u7f8e <span>dundun <\\/span>\\u7684\\u9999\\u6e2f\\u552f\\u4e00\\u4ee3\\u7406\\u5546\\u3002<\\/p>\\r\\n<p>\\u5c0d\\u53f0\\u7063\\u65e6\\u4e4b\\u7f8edundun\\u7684\\u7522\\u54c1\\u6709\\u8208\\u8da3\\uff1f<br \\/>\\u6b61\\u8fce\\u900f\\u904e\\u4ee5\\u4e0b\\u65b9\\u5f0f\\u8207\\u6211\\u5011\\u806f\\u7d61\\u3002<br \\/>\\u96fb\\u90f5\\uff1acs@vmarket.com.hk \\uff08\\u6279\\u767c\\u53ca\\u5546\\u696d\\u5408\\u4f5c\\uff09<br \\/>WhatsApp\\uff1a+852 6897 0390 <br \\/>\\u56de\\u8986\\u6642\\u9593\\u6216\\u6703\\u56e0\\u67e5\\u8a62\\u6578\\u91cf\\u800c\\u7a0d\\u6709\\u5ef6\\u9072\\uff0c\\u8acb\\u8010\\u5fc3\\u7b49\\u5019\\uff0c\\u6211\\u5011\\u6703\\u76e1\\u5feb\\u8207\\u4f60\\u806f\\u7d61\\uff0c\\u8b1d\\u8b1d\\uff01<\\/p>\\r\\n<p><\\/p>\\r\\n<p><\\/p>\\r\\n<p><\\/p>\\r\\n<p><\\/p>\\r\\n<p><\\/p>\\r\\n<p><\\/p>\",\"fulltext\":\"\",\"state\":1,\"catid\":\"102\",\"created\":\"2021-09-08 00:32:27\",\"created_by\":\"197\",\"created_by_alias\":\"\",\"modified\":\"2024-04-30 03:53:56\",\"modified_by\":\"197\",\"checked_out\":\"197\",\"checked_out_time\":\"2024-04-30 03:53:19\",\"publish_up\":\"2021-09-08 00:32:27\",\"publish_down\":\"0000-00-00 00:00:00\",\"images\":\"{\\\"image_intro\\\":\\\"images\\\\\\/news\\\\\\/n29.jpg\\\",\\\"float_intro\\\":\\\"\\\",\\\"image_intro_alt\\\":\\\"\\\",\\\"image_intro_caption\\\":\\\"\\\",\\\"image_fulltext\\\":\\\"images\\\\\\/news\\\\\\/n29b.jpg\\\",\\\"float_fulltext\\\":\\\"\\\",\\\"image_fulltext_alt\\\":\\\"\\\",\\\"image_fulltext_caption\\\":\\\"\\\"}\",\"urls\":\"{\\\"urla\\\":false,\\\"urlatext\\\":\\\"\\\",\\\"targeta\\\":\\\"\\\",\\\"urlb\\\":false,\\\"urlbtext\\\":\\\"\\\",\\\"targetb\\\":\\\"\\\",\\\"urlc\\\":false,\\\"urlctext\\\":\\\"\\\",\\\"targetc\\\":\\\"\\\"}\",\"attribs\":\"{\\\"article_layout\\\":\\\"\\\",\\\"show_title\\\":\\\"\\\",\\\"link_titles\\\":\\\"\\\",\\\"show_tags\\\":\\\"\\\",\\\"show_intro\\\":\\\"\\\",\\\"info_block_position\\\":\\\"\\\",\\\"info_block_show_title\\\":\\\"\\\",\\\"show_category\\\":\\\"\\\",\\\"link_category\\\":\\\"\\\",\\\"show_parent_category\\\":\\\"\\\",\\\"link_parent_category\\\":\\\"\\\",\\\"show_associations\\\":\\\"\\\",\\\"show_author\\\":\\\"\\\",\\\"link_author\\\":\\\"\\\",\\\"show_create_date\\\":\\\"\\\",\\\"show_modify_date\\\":\\\"\\\",\\\"show_publish_date\\\":\\\"\\\",\\\"show_item_navigation\\\":\\\"\\\",\\\"show_icons\\\":\\\"\\\",\\\"show_print_icon\\\":\\\"\\\",\\\"show_email_icon\\\":\\\"\\\",\\\"show_vote\\\":\\\"\\\",\\\"show_hits\\\":\\\"\\\",\\\"show_noauth\\\":\\\"\\\",\\\"urls_position\\\":\\\"\\\",\\\"alternative_readmore\\\":\\\"\\\",\\\"article_page_title\\\":\\\"\\\",\\\"show_publishing_options\\\":\\\"\\\",\\\"show_article_options\\\":\\\"\\\",\\\"show_urls_images_backend\\\":\\\"\\\",\\\"show_urls_images_frontend\\\":\\\"\\\"}\",\"version\":11,\"ordering\":\"4\",\"metakey\":\"\",\"metadesc\":\"\",\"access\":\"1\",\"hits\":\"27\",\"metadata\":\"{\\\"robots\\\":\\\"\\\",\\\"author\\\":\\\"\\\",\\\"rights\\\":\\\"\\\",\\\"xreference\\\":\\\"\\\"}\",\"featured\":\"0\",\"language\":\"*\",\"xreference\":\"\",\"note\":\"\"}', 0),
(846, 3, 1, '', '2024-06-07 01:54:44', 197, 1818, '0d38cf0ef8db296f4d111310d40bfe22267a8214', '{\"id\":3,\"asset_id\":\"66\",\"title\":\"\\u5e97\\u8216\\u5730\\u5740\",\"alias\":\"contact\",\"introtext\":\"\",\"fulltext\":\"\",\"state\":1,\"catid\":\"2\",\"created\":\"2016-05-03 05:41:44\",\"created_by\":\"195\",\"created_by_alias\":\"\",\"modified\":\"2024-06-07 01:54:44\",\"modified_by\":\"197\",\"checked_out\":\"197\",\"checked_out_time\":\"2024-06-07 01:53:55\",\"publish_up\":\"2016-05-03 05:41:44\",\"publish_down\":\"0000-00-00 00:00:00\",\"images\":\"{\\\"image_intro\\\":\\\"\\\",\\\"float_intro\\\":\\\"\\\",\\\"image_intro_alt\\\":\\\"\\\",\\\"image_intro_caption\\\":\\\"\\\",\\\"image_fulltext\\\":\\\"images\\\\\\/news\\\\\\/n15C.jpg\\\",\\\"float_fulltext\\\":\\\"\\\",\\\"image_fulltext_alt\\\":\\\"\\\",\\\"image_fulltext_caption\\\":\\\"\\\"}\",\"urls\":\"{\\\"urla\\\":false,\\\"urlatext\\\":\\\"\\\",\\\"targeta\\\":\\\"\\\",\\\"urlb\\\":false,\\\"urlbtext\\\":\\\"\\\",\\\"targetb\\\":\\\"\\\",\\\"urlc\\\":false,\\\"urlctext\\\":\\\"\\\",\\\"targetc\\\":\\\"\\\"}\",\"attribs\":\"{\\\"article_layout\\\":\\\"\\\",\\\"show_title\\\":\\\"\\\",\\\"link_titles\\\":\\\"\\\",\\\"show_tags\\\":\\\"\\\",\\\"show_intro\\\":\\\"\\\",\\\"info_block_position\\\":\\\"\\\",\\\"info_block_show_title\\\":\\\"\\\",\\\"show_category\\\":\\\"\\\",\\\"link_category\\\":\\\"\\\",\\\"show_parent_category\\\":\\\"\\\",\\\"link_parent_category\\\":\\\"\\\",\\\"show_associations\\\":\\\"\\\",\\\"show_author\\\":\\\"\\\",\\\"link_author\\\":\\\"\\\",\\\"show_create_date\\\":\\\"\\\",\\\"show_modify_date\\\":\\\"\\\",\\\"show_publish_date\\\":\\\"\\\",\\\"show_item_navigation\\\":\\\"\\\",\\\"show_icons\\\":\\\"\\\",\\\"show_print_icon\\\":\\\"\\\",\\\"show_email_icon\\\":\\\"\\\",\\\"show_vote\\\":\\\"\\\",\\\"show_hits\\\":\\\"\\\",\\\"show_noauth\\\":\\\"\\\",\\\"urls_position\\\":\\\"\\\",\\\"alternative_readmore\\\":\\\"\\\",\\\"article_page_title\\\":\\\"\\\",\\\"show_publishing_options\\\":\\\"\\\",\\\"show_article_options\\\":\\\"\\\",\\\"show_urls_images_backend\\\":\\\"\\\",\\\"show_urls_images_frontend\\\":\\\"\\\"}\",\"version\":241,\"ordering\":\"20\",\"metakey\":\"\",\"metadesc\":\"\",\"access\":\"1\",\"hits\":\"2295\",\"metadata\":\"{\\\"robots\\\":\\\"\\\",\\\"author\\\":\\\"\\\",\\\"rights\\\":\\\"\\\",\\\"xreference\\\":\\\"\\\"}\",\"featured\":\"0\",\"language\":\"*\",\"xreference\":\"\",\"note\":\"\"}', 0);

-- --------------------------------------------------------

--
-- 資料表結構 `wos_updates`
--

CREATE TABLE `wos_updates` (
  `update_id` int NOT NULL,
  `update_site_id` int DEFAULT '0',
  `extension_id` int DEFAULT '0',
  `name` varchar(100) COLLATE utf8mb4_unicode_ci DEFAULT '',
  `description` text COLLATE utf8mb4_unicode_ci NOT NULL,
  `element` varchar(100) COLLATE utf8mb4_unicode_ci DEFAULT '',
  `type` varchar(20) COLLATE utf8mb4_unicode_ci DEFAULT '',
  `folder` varchar(20) COLLATE utf8mb4_unicode_ci DEFAULT '',
  `client_id` tinyint DEFAULT '0',
  `version` varchar(32) COLLATE utf8mb4_unicode_ci DEFAULT '',
  `data` text COLLATE utf8mb4_unicode_ci NOT NULL,
  `detailsurl` text COLLATE utf8mb4_unicode_ci NOT NULL,
  `infourl` text COLLATE utf8mb4_unicode_ci NOT NULL,
  `extra_query` varchar(1000) COLLATE utf8mb4_unicode_ci DEFAULT ''
) ENGINE=InnoDB DEFAULT CHARSET=utf8mb4 COLLATE=utf8mb4_unicode_ci COMMENT='Available Updates' ROW_FORMAT=COMPACT;

--
-- 傾印資料表的資料 `wos_updates`
--

INSERT INTO `wos_updates` (`update_id`, `update_site_id`, `extension_id`, `name`, `description`, `element`, `type`, `folder`, `client_id`, `version`, `data`, `detailsurl`, `infourl`, `extra_query`) VALUES
(84, 3, 0, 'Afrikaans', '', 'pkg_af-ZA', 'package', '', 0, '3.9.16.1', '', 'https://update.joomla.org/language/details3/af-ZA_details.xml', '', ''),
(85, 3, 0, 'Albanian', '', 'pkg_sq-AL', 'package', '', 0, '3.1.1.2', '', 'https://update.joomla.org/language/details3/sq-AL_details.xml', '', ''),
(86, 3, 0, 'Arabic Unitag', '', 'pkg_ar-AA', 'package', '', 0, '3.9.27.1', '', 'https://update.joomla.org/language/details3/ar-AA_details.xml', '', ''),
(87, 3, 0, 'Armenian', '', 'pkg_hy-AM', 'package', '', 0, '3.4.4.1', '', 'https://update.joomla.org/language/details3/hy-AM_details.xml', '', ''),
(88, 3, 0, 'Basque', '', 'pkg_eu-ES', 'package', '', 0, '3.9.24.1', '', 'https://update.joomla.org/language/details3/eu-ES_details.xml', '', ''),
(89, 3, 0, 'Belarusian', '', 'pkg_be-BY', 'package', '', 0, '3.2.1.2', '', 'https://update.joomla.org/language/details3/be-BY_details.xml', '', ''),
(90, 3, 0, 'Bengali, Bangladesh', '', 'pkg_bn-BD', 'package', '', 0, '3.8.10.1', '', 'https://update.joomla.org/language/details3/bn-BD_details.xml', '', ''),
(91, 3, 0, 'Bosnian', '', 'pkg_bs-BA', 'package', '', 0, '3.9.24.1', '', 'https://update.joomla.org/language/details3/bs-BA_details.xml', '', ''),
(92, 3, 0, 'Bulgarian', '', 'pkg_bg-BG', 'package', '', 0, '3.6.5.2', '', 'https://update.joomla.org/language/details3/bg-BG_details.xml', '', ''),
(93, 3, 0, 'Catalan', '', 'pkg_ca-ES', 'package', '', 0, '3.9.23.1', '', 'https://update.joomla.org/language/details3/ca-ES_details.xml', '', ''),
(94, 3, 10094, 'Chinese, Simplified', '', 'pkg_zh-CN', 'package', '', 0, '3.9.28.1', '', 'https://update.joomla.org/language/details3/zh-CN_details.xml', '', ''),
(95, 3, 0, 'Croatian', '', 'pkg_hr-HR', 'package', '', 0, '3.10.3.1', '', 'https://update.joomla.org/language/details3/hr-HR_details.xml', '', ''),
(96, 3, 0, 'Czech', '', 'pkg_cs-CZ', 'package', '', 0, '3.10.2.1', '', 'https://update.joomla.org/language/details3/cs-CZ_details.xml', '', ''),
(97, 3, 0, 'Danish', '', 'pkg_da-DK', 'package', '', 0, '3.10.3.1', '', 'https://update.joomla.org/language/details3/da-DK_details.xml', '', ''),
(98, 3, 0, 'Dari Persian', '', 'pkg_prs-AF', 'package', '', 0, '3.4.4.3', '', 'https://update.joomla.org/language/details3/prs-AF_details.xml', '', ''),
(99, 3, 0, 'Dutch', '', 'pkg_nl-NL', 'package', '', 0, '3.10.3.1', '', 'https://update.joomla.org/language/details3/nl-NL_details.xml', '', ''),
(100, 3, 0, 'Dzongkha', '', 'pkg_dz-BT', 'package', '', 0, '3.6.2.1', '', 'https://update.joomla.org/language/details3/dz-BT_details.xml', '', ''),
(101, 3, 0, 'English, Australia', '', 'pkg_en-AU', 'package', '', 0, '3.9.28.1', '', 'https://update.joomla.org/language/details3/en-AU_details.xml', '', ''),
(102, 3, 0, 'English, Canada', '', 'pkg_en-CA', 'package', '', 0, '3.9.28.1', '', 'https://update.joomla.org/language/details3/en-CA_details.xml', '', ''),
(103, 3, 0, 'English, New Zealand', '', 'pkg_en-NZ', 'package', '', 0, '3.9.28.1', '', 'https://update.joomla.org/language/details3/en-NZ_details.xml', '', ''),
(104, 3, 0, 'English, USA', '', 'pkg_en-US', 'package', '', 0, '3.9.28.1', '', 'https://update.joomla.org/language/details3/en-US_details.xml', '', ''),
(105, 3, 0, 'Esperanto', '', 'pkg_eo-XX', 'package', '', 0, '3.8.11.1', '', 'https://update.joomla.org/language/details3/eo-XX_details.xml', '', ''),
(106, 3, 0, 'Estonian', '', 'pkg_et-EE', 'package', '', 0, '3.9.21.1', '', 'https://update.joomla.org/language/details3/et-EE_details.xml', '', ''),
(107, 3, 0, 'Finnish', '', 'pkg_fi-FI', 'package', '', 0, '3.9.16.1', '', 'https://update.joomla.org/language/details3/fi-FI_details.xml', '', ''),
(108, 3, 0, 'Flemish', '', 'pkg_nl-BE', 'package', '', 0, '3.10.3.1', '', 'https://update.joomla.org/language/details3/nl-BE_details.xml', '', ''),
(109, 3, 0, 'French', '', 'pkg_fr-FR', 'package', '', 0, '3.10.3.1', '', 'https://update.joomla.org/language/details3/fr-FR_details.xml', '', ''),
(110, 3, 0, 'French, Canada', '', 'pkg_fr-CA', 'package', '', 0, '3.6.5.1', '', 'https://update.joomla.org/language/details3/fr-CA_details.xml', '', ''),
(111, 3, 0, 'Galician', '', 'pkg_gl-ES', 'package', '', 0, '3.3.1.2', '', 'https://update.joomla.org/language/details3/gl-ES_details.xml', '', ''),
(112, 3, 0, 'Georgian', '', 'pkg_ka-GE', 'package', '', 0, '3.10.3.2', '', 'https://update.joomla.org/language/details3/ka-GE_details.xml', '', ''),
(113, 3, 0, 'German', '', 'pkg_de-DE', 'package', '', 0, '3.10.3.1', '', 'https://update.joomla.org/language/details3/de-DE_details.xml', '', ''),
(114, 3, 0, 'German, Austria', '', 'pkg_de-AT', 'package', '', 0, '3.10.3.1', '', 'https://update.joomla.org/language/details3/de-AT_details.xml', '', ''),
(115, 3, 0, 'German, Liechtenstein', '', 'pkg_de-LI', 'package', '', 0, '3.10.3.1', '', 'https://update.joomla.org/language/details3/de-LI_details.xml', '', ''),
(116, 3, 0, 'German, Luxembourg', '', 'pkg_de-LU', 'package', '', 0, '3.10.3.1', '', 'https://update.joomla.org/language/details3/de-LU_details.xml', '', ''),
(117, 3, 0, 'German, Switzerland', '', 'pkg_de-CH', 'package', '', 0, '3.10.3.1', '', 'https://update.joomla.org/language/details3/de-CH_details.xml', '', ''),
(118, 3, 0, 'Greek', '', 'pkg_el-GR', 'package', '', 0, '3.10.3.1', '', 'https://update.joomla.org/language/details3/el-GR_details.xml', '', ''),
(119, 3, 0, 'Hebrew', '', 'pkg_he-IL', 'package', '', 0, '3.1.1.2', '', 'https://update.joomla.org/language/details3/he-IL_details.xml', '', ''),
(120, 3, 0, 'Hindi, India', '', 'pkg_hi-IN', 'package', '', 0, '3.3.6.2', '', 'https://update.joomla.org/language/details3/hi-IN_details.xml', '', ''),
(121, 3, 0, 'Hungarian', '', 'pkg_hu-HU', 'package', '', 0, '3.10.1.1', '', 'https://update.joomla.org/language/details3/hu-HU_details.xml', '', ''),
(122, 3, 0, 'Indonesian, Bahasa Indonesia', '', 'pkg_id-ID', 'package', '', 0, '3.6.2.1', '', 'https://update.joomla.org/language/details3/id-ID_details.xml', '', ''),
(123, 3, 0, 'Irish', '', 'pkg_ga-IE', 'package', '', 0, '3.8.13.1', '', 'https://update.joomla.org/language/details3/ga-IE_details.xml', '', ''),
(124, 3, 0, 'Italian', '', 'pkg_it-IT', 'package', '', 0, '3.10.3.1', '', 'https://update.joomla.org/language/details3/it-IT_details.xml', '', ''),
(125, 3, 0, 'Japanese', '', 'pkg_ja-JP', 'package', '', 0, '3.10.3.1', '', 'https://update.joomla.org/language/details3/ja-JP_details.xml', '', ''),
(126, 3, 0, 'Kazakh', '', 'pkg_kk-KZ)', 'package', '', 0, '3.9.23.1', '', 'https://update.joomla.org/language/details3/kk-KZ)_details.xml', '', ''),
(127, 3, 0, 'Khmer', '', 'pkg_km-KH', 'package', '', 0, '3.4.5.1', '', 'https://update.joomla.org/language/details3/km-KH_details.xml', '', ''),
(128, 3, 0, 'Korean', '', 'pkg_ko-KR', 'package', '', 0, '3.8.9.1', '', 'https://update.joomla.org/language/details3/ko-KR_details.xml', '', ''),
(129, 3, 0, 'Latvian', '', 'pkg_lv-LV', 'package', '', 0, '3.9.25.2', '', 'https://update.joomla.org/language/details3/lv-LV_details.xml', '', ''),
(130, 3, 0, 'Lithuanian', '', 'pkg_lt-LT', 'package', '', 0, '3.9.16.1', '', 'https://update.joomla.org/language/details3/lt-LT_details.xml', '', ''),
(131, 3, 0, 'Macedonian', '', 'pkg_mk-MK', 'package', '', 0, '3.6.5.1', '', 'https://update.joomla.org/language/details3/mk-MK_details.xml', '', ''),
(132, 3, 0, 'Malay', '', 'pkg_ms-MY', 'package', '', 0, '3.4.1.2', '', 'https://update.joomla.org/language/details3/ms-MY_details.xml', '', ''),
(133, 3, 0, 'Montenegrin', '', 'pkg_srp-ME', 'package', '', 0, '3.3.1.2', '', 'https://update.joomla.org/language/details3/srp-ME_details.xml', '', ''),
(134, 3, 0, 'Norwegian Bokmål', '', 'pkg_nb-NO', 'package', '', 0, '3.10.0.1', '', 'https://update.joomla.org/language/details3/nb-NO_details.xml', '', ''),
(135, 3, 0, 'Norwegian Nynorsk', '', 'pkg_nn-NO', 'package', '', 0, '3.4.2.1', '', 'https://update.joomla.org/language/details3/nn-NO_details.xml', '', ''),
(136, 3, 0, 'Persian Farsi', '', 'pkg_fa-IR', 'package', '', 0, '3.10.3.1', '', 'https://update.joomla.org/language/details3/fa-IR_details.xml', '', ''),
(137, 3, 0, 'Polish', '', 'pkg_pl-PL', 'package', '', 0, '3.9.28.1', '', 'https://update.joomla.org/language/details3/pl-PL_details.xml', '', ''),
(138, 3, 0, 'Portuguese, Brazil', '', 'pkg_pt-BR', 'package', '', 0, '3.9.21.1', '', 'https://update.joomla.org/language/details3/pt-BR_details.xml', '', ''),
(139, 3, 0, 'Portuguese, Portugal', '', 'pkg_pt-PT', 'package', '', 0, '3.9.29.2', '', 'https://update.joomla.org/language/details3/pt-PT_details.xml', '', ''),
(140, 3, 0, 'Romanian', '', 'pkg_ro-RO', 'package', '', 0, '3.10.1.1', '', 'https://update.joomla.org/language/details3/ro-RO_details.xml', '', ''),
(141, 3, 0, 'Russian', '', 'pkg_ru-RU', 'package', '', 0, '3.10.0.1', '', 'https://update.joomla.org/language/details3/ru-RU_details.xml', '', ''),
(142, 3, 0, 'Serbian, Cyrillic', '', 'pkg_sr-RS', 'package', '', 0, '3.10.2.1', '', 'https://update.joomla.org/language/details3/sr-RS_details.xml', '', ''),
(143, 3, 0, 'Serbian, Latin', '', 'pkg_sr-YU', 'package', '', 0, '3.10.2.1', '', 'https://update.joomla.org/language/details3/sr-YU_details.xml', '', ''),
(144, 3, 0, 'Sinhala', '', 'pkg_si-LK', 'package', '', 0, '3.3.1.2', '', 'https://update.joomla.org/language/details3/si-LK_details.xml', '', ''),
(145, 3, 0, 'Slovak', '', 'pkg_sk-SK', 'package', '', 0, '3.10.3.1', '', 'https://update.joomla.org/language/details3/sk-SK_details.xml', '', ''),
(146, 3, 0, 'Slovenian', '', 'pkg_sl-SI', 'package', '', 0, '3.10.3.1', '', 'https://update.joomla.org/language/details3/sl-SI_details.xml', '', ''),
(147, 3, 0, 'Spanish', '', 'pkg_es-ES', 'package', '', 0, '3.10.3.1', '', 'https://update.joomla.org/language/details3/es-ES_details.xml', '', ''),
(148, 3, 0, 'Spanish, Colombia', '', 'pkg_es-CO', 'package', '', 0, '3.9.15.1', '', 'https://update.joomla.org/language/details3/es-CO_details.xml', '', ''),
(149, 3, 0, 'Swahili', '', 'pkg_sw-KE', 'package', '', 0, '3.10.3.3', '', 'https://update.joomla.org/language/details3/sw-KE_details.xml', '', ''),
(150, 3, 0, 'Swedish', '', 'pkg_sv-SE', 'package', '', 0, '3.10.3.1', '', 'https://update.joomla.org/language/details3/sv-SE_details.xml', '', ''),
(151, 3, 0, 'Syriac, East', '', 'pkg_sy-IQ', 'package', '', 0, '3.4.5.1', '', 'https://update.joomla.org/language/details3/sy-IQ_details.xml', '', ''),
(152, 3, 0, 'Tamil, India', '', 'pkg_ta-IN', 'package', '', 0, '3.10.3.1', '', 'https://update.joomla.org/language/details3/ta-IN_details.xml', '', ''),
(153, 3, 0, 'Thai', '', 'pkg_th-TH', 'package', '', 0, '3.10.3.1', '', 'https://update.joomla.org/language/details3/th-TH_details.xml', '', ''),
(154, 3, 0, 'Turkish', '', 'pkg_tr-TR', 'package', '', 0, '3.9.28.1', '', 'https://update.joomla.org/language/details3/tr-TR_details.xml', '', ''),
(155, 3, 0, 'Turkmen', '', 'pkg_tk-TM', 'package', '', 0, '3.5.0.2', '', 'https://update.joomla.org/language/details3/tk-TM_details.xml', '', ''),
(156, 3, 0, 'Ukrainian', '', 'pkg_uk-UA', 'package', '', 0, '3.10.2.1', '', 'https://update.joomla.org/language/details3/uk-UA_details.xml', '', ''),
(157, 3, 0, 'Uyghur', '', 'pkg_ug-CN', 'package', '', 0, '3.7.5.2', '', 'https://update.joomla.org/language/details3/ug-CN_details.xml', '', ''),
(158, 3, 0, 'Vietnamese', '', 'pkg_vi-VN', 'package', '', 0, '3.2.1.2', '', 'https://update.joomla.org/language/details3/vi-VN_details.xml', '', ''),
(159, 3, 0, 'Welsh', '', 'pkg_cy-GB', 'package', '', 0, '3.10.3.1', '', 'https://update.joomla.org/language/details3/cy-GB_details.xml', '', ''),
(160, 43, 10109, 'Slideshow CK', 'Show your images with a nice effect', 'mod_slideshowck', 'module', '', 0, '2.0.0', '', 'http://update.joomlack.fr/mod_slideshowck_update.xml', 'https://www.joomlack.fr/extensions-joomla/slideshow-ck', ''),
(161, 46, 0, 'JavaScript Async-Defer', '- Removed php warnings. \r\n- Php 7.2 compatibility', 'jsasyncdefer', 'plugin', 'system', 1, '2.0.0', '', 'https://www.daycounts.com/index.php?option=com_versions&catid=37&task=updateserver.xml', 'http://www.daycounts.com/?option=com_versions&catid=37', ''),
(162, 56, 10455, 'Nicepage', 'Nicepage', 'com_nicepage', 'component', '', 1, '3.29.1', '', 'https://nicepage.com/downloads/joomla_nicepage_update.xml', 'https://nicepage.com/forum', ''),
(166, 1, 700, 'Joomla', '', 'joomla', 'file', '', 0, '3.10.10', '', 'https://update.joomla.org/core/extension.xml', '', '');

-- --------------------------------------------------------

--
-- 資料表結構 `wos_update_sites`
--

CREATE TABLE `wos_update_sites` (
  `update_site_id` int NOT NULL,
  `name` varchar(100) COLLATE utf8mb4_unicode_ci DEFAULT '',
  `type` varchar(20) COLLATE utf8mb4_unicode_ci DEFAULT '',
  `location` text COLLATE utf8mb4_unicode_ci NOT NULL,
  `enabled` int DEFAULT '0',
  `last_check_timestamp` bigint DEFAULT '0',
  `extra_query` varchar(1000) COLLATE utf8mb4_unicode_ci DEFAULT ''
) ENGINE=InnoDB DEFAULT CHARSET=utf8mb4 COLLATE=utf8mb4_unicode_ci COMMENT='Update Sites' ROW_FORMAT=COMPACT;

--
-- 傾印資料表的資料 `wos_update_sites`
--

INSERT INTO `wos_update_sites` (`update_site_id`, `name`, `type`, `location`, `enabled`, `last_check_timestamp`, `extra_query`) VALUES
(1, 'Joomla! Core', 'collection', 'https://update.joomla.org/core/list.xml', 1, 1660125468, ''),
(3, 'Accredited Joomla! Translations', 'collection', 'https://update.joomla.org/language/translationlist_3.xml', 1, 1635480752, ''),
(4, 'Joomla! Update Component Update Site', 'extension', 'https://update.joomla.org/core/extensions/com_joomlaupdate.xml', 1, 1660125469, ''),
(43, 'Slideshow CK Update', 'extension', 'http://update.joomlack.fr/mod_slideshowck_update.xml', 1, 1635480754, ''),
(44, 'mediahof', 'collection', 'http://extensions.mediahof.de/extensions.xml', 1, 1635480755, ''),
(45, 'Google TagManager Updates', 'extension', 'http://toolsforjoomla.com/index.php?option=com_ars&view=update&task=stream&format=xml&id=2', 1, 1635480757, ''),
(46, 'JavaScript Async/Defer plugin', 'extension', 'https://www.daycounts.com/index.php?option=com_versions&catid=37&task=updateserver.xml', 1, 1635480758, ''),
(47, 'jHackGuard Plugin Updates', 'extension', 'http://www.jhackguard.com/updates/plg_jhackguard.xml', 1, 1635480759, ''),
(48, 'jHackGuard Component Updates', 'extension', 'http://www.jhackguard.com/updates/com_jhackguard.xml', 1, 1635480759, ''),
(49, 'COM_EASYJOOMLABACKUP', 'extension', 'https://check.kubik-rubik.de/updates/com_easyjoomlabackup.xml', 1, 1635480760, ''),
(50, 'COM_SHOPNITE', 'extension', 'http://dev.kanotec.com/joomla/updates/shopnite.xml', 1, 1635480760, ''),
(52, 'Falang Community', 'extension', 'https://www.faboba.com/update/falang/pkgfalangcom.xml', 1, 1635480761, ''),
(53, 'Webeasy Update Server', 'collection', 'http://demo2.webeasy.com.hk/resources/joomla/list.xml', 0, 0, ''),
(55, 'Official Facebook Pixel Plugin Updates', 'extension', 'https://raw.githubusercontent.com/facebookincubator/Facebook-Pixel-for-Joomla/master/update.xml', 1, 1635480761, ''),
(56, 'Nicepage', 'extension', 'https://nicepage.com/downloads/joomla_nicepage_update.xml', 1, 1635480763, ''),
(57, 'Noordoost.nl - Google Analytics with gtag.js', 'extension', 'https://www.noordoost.nl/downloads/plugins/updates-google-analytics-plugin.xml', 1, 0, '');

-- --------------------------------------------------------

--
-- 資料表結構 `wos_update_sites_extensions`
--

CREATE TABLE `wos_update_sites_extensions` (
  `update_site_id` int NOT NULL DEFAULT '0',
  `extension_id` int NOT NULL DEFAULT '0'
) ENGINE=InnoDB DEFAULT CHARSET=utf8mb4 COLLATE=utf8mb4_unicode_ci COMMENT='Links extensions to update sites' ROW_FORMAT=COMPACT;

--
-- 傾印資料表的資料 `wos_update_sites_extensions`
--

INSERT INTO `wos_update_sites_extensions` (`update_site_id`, `extension_id`) VALUES
(1, 700),
(3, 802),
(3, 10094),
(3, 10097),
(4, 28),
(43, 10109),
(44, 10121),
(45, 10242),
(46, 10122),
(47, 10154),
(48, 10155),
(49, 10113),
(50, 10179),
(52, 10102),
(53, 10091),
(53, 10117),
(55, 10417),
(56, 10448),
(56, 10454),
(56, 10455),
(56, 10456),
(56, 10457),
(56, 10458),
(56, 10459),
(57, 10469);

-- --------------------------------------------------------

--
-- 資料表結構 `wos_usergroups`
--

CREATE TABLE `wos_usergroups` (
  `id` int UNSIGNED NOT NULL COMMENT 'Primary Key',
  `parent_id` int UNSIGNED NOT NULL DEFAULT '0' COMMENT 'Adjacency List Reference Id',
  `lft` int NOT NULL DEFAULT '0' COMMENT 'Nested set lft.',
  `rgt` int NOT NULL DEFAULT '0' COMMENT 'Nested set rgt.',
  `title` varchar(100) COLLATE utf8mb4_unicode_ci NOT NULL DEFAULT ''
) ENGINE=InnoDB DEFAULT CHARSET=utf8mb4 COLLATE=utf8mb4_unicode_ci ROW_FORMAT=COMPACT;

--
-- 傾印資料表的資料 `wos_usergroups`
--

INSERT INTO `wos_usergroups` (`id`, `parent_id`, `lft`, `rgt`, `title`) VALUES
(1, 0, 1, 32, 'Public'),
(2, 1, 12, 29, 'Registered'),
(3, 2, 13, 18, 'Author'),
(4, 3, 14, 17, 'Editor'),
(5, 4, 15, 16, 'Publisher'),
(6, 1, 4, 11, 'Manager'),
(7, 6, 5, 6, 'Administrator'),
(8, 1, 30, 31, 'Super Users'),
(9, 1, 2, 3, 'Guest'),
(10, 14, 8, 9, 'Customer Service'),
(14, 6, 7, 10, 'Support'),
(15, 2, 27, 28, 'Silver'),
(16, 2, 21, 22, 'Gold'),
(17, 2, 23, 24, 'Platinum'),
(18, 2, 25, 26, 'Reseller'),
(19, 2, 19, 20, 'Diamond');

-- --------------------------------------------------------

--
-- 資料表結構 `wos_user_notes`
--

CREATE TABLE `wos_user_notes` (
  `id` int UNSIGNED NOT NULL,
  `user_id` int UNSIGNED NOT NULL DEFAULT '0',
  `catid` int UNSIGNED NOT NULL DEFAULT '0',
  `subject` varchar(100) COLLATE utf8mb4_unicode_ci NOT NULL DEFAULT '',
  `body` text COLLATE utf8mb4_unicode_ci NOT NULL,
  `state` tinyint NOT NULL DEFAULT '0',
  `checked_out` int UNSIGNED NOT NULL DEFAULT '0',
  `checked_out_time` datetime NOT NULL DEFAULT '0000-00-00 00:00:00',
  `created_user_id` int UNSIGNED NOT NULL DEFAULT '0',
  `created_time` datetime NOT NULL DEFAULT '0000-00-00 00:00:00',
  `modified_user_id` int UNSIGNED NOT NULL,
  `modified_time` datetime NOT NULL DEFAULT '0000-00-00 00:00:00',
  `review_time` datetime NOT NULL DEFAULT '0000-00-00 00:00:00',
  `publish_up` datetime NOT NULL DEFAULT '0000-00-00 00:00:00',
  `publish_down` datetime NOT NULL DEFAULT '0000-00-00 00:00:00'
) ENGINE=InnoDB DEFAULT CHARSET=utf8mb4 COLLATE=utf8mb4_unicode_ci ROW_FORMAT=COMPACT;

-- --------------------------------------------------------

--
-- 資料表結構 `wos_user_profiles`
--

CREATE TABLE `wos_user_profiles` (
  `user_id` int NOT NULL,
  `profile_key` varchar(100) COLLATE utf8mb4_unicode_ci NOT NULL,
  `profile_value` text COLLATE utf8mb4_unicode_ci NOT NULL,
  `ordering` int NOT NULL DEFAULT '0'
) ENGINE=InnoDB DEFAULT CHARSET=utf8mb4 COLLATE=utf8mb4_unicode_ci COMMENT='Simple user profile storage table' ROW_FORMAT=COMPACT;

-- --------------------------------------------------------

--
-- 資料表結構 `wos_user_usergroup_map`
--

CREATE TABLE `wos_user_usergroup_map` (
  `user_id` int UNSIGNED NOT NULL DEFAULT '0' COMMENT 'Foreign Key to #__users.id',
  `group_id` int UNSIGNED NOT NULL DEFAULT '0' COMMENT 'Foreign Key to #__usergroups.id'
) ENGINE=InnoDB DEFAULT CHARSET=utf8mb4 COLLATE=utf8mb4_unicode_ci ROW_FORMAT=COMPACT;

--
-- 傾印資料表的資料 `wos_user_usergroup_map`
--

INSERT INTO `wos_user_usergroup_map` (`user_id`, `group_id`) VALUES
(195, 8),
(197, 7),
(197, 8),
(690, 2),
(690, 15),
(690, 18),
(692, 2),
(692, 15),
(693, 2),
(693, 15),
(694, 2),
(694, 15),
(695, 2),
(695, 15),
(695, 18),
(701, 2),
(701, 7),
(701, 15),
(701, 18),
(702, 2),
(702, 16),
(703, 10),
(703, 16),
(704, 2),
(704, 18),
(704, 19),
(707, 2),
(707, 17),
(707, 18),
(707, 19),
(708, 2),
(708, 16),
(708, 18),
(708, 19),
(709, 2),
(709, 16),
(709, 17),
(709, 18),
(709, 19),
(710, 2),
(710, 15),
(711, 2),
(711, 15),
(712, 2),
(712, 15),
(713, 2),
(713, 16),
(714, 2),
(714, 15),
(714, 18),
(715, 2),
(715, 7),
(715, 15),
(716, 2),
(717, 2),
(718, 2),
(719, 2),
(720, 2),
(721, 2),
(722, 2),
(722, 15),
(723, 2),
(723, 15),
(724, 2),
(724, 15),
(725, 2),
(725, 16),
(726, 2),
(726, 15),
(727, 2),
(727, 15),
(728, 2),
(728, 15),
(729, 2),
(729, 15),
(730, 2),
(730, 15),
(731, 2),
(731, 15),
(732, 2),
(732, 15),
(733, 2),
(733, 15),
(734, 2),
(734, 15),
(735, 2),
(735, 15),
(736, 2),
(736, 15),
(737, 2),
(737, 15),
(738, 2),
(738, 15),
(739, 2),
(739, 15),
(740, 2),
(740, 15),
(741, 2),
(741, 15),
(742, 2),
(742, 15),
(743, 2),
(743, 15),
(744, 2),
(744, 15),
(745, 2),
(745, 15),
(746, 2),
(746, 15),
(747, 2),
(747, 15),
(748, 2),
(748, 15),
(749, 2),
(749, 15),
(750, 2),
(750, 15),
(751, 2),
(751, 15),
(752, 2),
(752, 15),
(753, 2),
(753, 15),
(754, 2),
(754, 15),
(755, 2),
(755, 15),
(756, 2),
(757, 2),
(757, 15),
(758, 2),
(758, 15),
(759, 2),
(759, 15),
(760, 2),
(760, 15),
(761, 2),
(761, 15),
(762, 2),
(762, 15),
(763, 2),
(763, 15),
(764, 2),
(764, 15),
(765, 2),
(765, 15),
(766, 2),
(766, 15),
(767, 2),
(767, 15),
(768, 2),
(768, 15),
(769, 2),
(769, 15),
(770, 2),
(770, 16),
(771, 2),
(771, 15),
(772, 2),
(772, 15),
(773, 2),
(773, 15),
(774, 2),
(774, 16),
(775, 2),
(775, 15),
(776, 2),
(776, 15),
(777, 2),
(777, 15),
(778, 2),
(778, 15),
(779, 2),
(779, 15),
(780, 2),
(780, 15),
(781, 2),
(781, 15),
(782, 2),
(782, 15),
(783, 2),
(783, 15),
(784, 2),
(784, 15),
(785, 2),
(785, 15),
(786, 2),
(786, 15),
(787, 2),
(787, 15),
(788, 2),
(788, 15),
(789, 2),
(789, 15),
(790, 2),
(790, 15),
(791, 2),
(791, 15),
(792, 2),
(792, 15),
(793, 2),
(793, 15),
(794, 2),
(794, 15),
(795, 2),
(795, 15),
(796, 2),
(796, 15),
(797, 2),
(797, 15),
(798, 2),
(798, 15),
(799, 2),
(799, 15),
(800, 2),
(800, 15),
(801, 2),
(801, 15),
(802, 2),
(802, 15),
(803, 2),
(803, 15),
(804, 2),
(804, 15),
(805, 2),
(805, 15),
(806, 2),
(806, 15),
(807, 2),
(807, 15),
(808, 2),
(808, 15),
(809, 2),
(809, 15),
(810, 2),
(810, 15),
(811, 2),
(811, 15),
(812, 2),
(812, 15),
(813, 2),
(813, 15),
(814, 2),
(814, 15),
(815, 2),
(815, 15),
(816, 2),
(816, 15),
(819, 2),
(819, 15),
(820, 2),
(820, 15),
(821, 2),
(821, 15),
(822, 2),
(822, 15),
(823, 2),
(823, 15),
(824, 2),
(824, 15),
(825, 2),
(825, 15),
(826, 2),
(826, 15),
(827, 2),
(827, 15),
(828, 2),
(828, 15),
(829, 2),
(829, 15),
(829, 18),
(830, 2),
(830, 15),
(831, 2),
(831, 15),
(832, 2),
(832, 15),
(833, 2),
(833, 15),
(834, 2),
(834, 15),
(835, 2),
(835, 15),
(836, 2),
(836, 15),
(837, 2),
(837, 15),
(838, 2),
(838, 15),
(839, 2),
(839, 15),
(840, 2),
(840, 15),
(841, 2),
(841, 15),
(842, 2),
(842, 15),
(843, 2),
(843, 15),
(844, 2),
(844, 15),
(845, 2),
(845, 15),
(846, 2),
(846, 15),
(847, 2),
(847, 15),
(848, 2),
(848, 15),
(849, 2),
(849, 15),
(850, 2),
(851, 2),
(851, 15),
(852, 2),
(852, 15),
(853, 2),
(853, 15),
(854, 2),
(854, 15),
(855, 2),
(855, 15),
(856, 2),
(856, 15),
(857, 2),
(857, 15),
(858, 2),
(858, 15),
(859, 2),
(859, 15),
(860, 2),
(860, 15),
(861, 2),
(861, 15),
(862, 2),
(862, 15),
(863, 2),
(863, 15),
(864, 2),
(864, 15),
(865, 2),
(865, 15),
(866, 2),
(866, 15),
(867, 2),
(867, 15),
(868, 2),
(868, 15),
(869, 2),
(869, 15),
(870, 2),
(870, 15),
(871, 2),
(871, 15),
(872, 2),
(872, 15),
(873, 2),
(873, 15),
(874, 2),
(874, 15),
(875, 2),
(875, 15),
(876, 2),
(876, 15),
(877, 2),
(877, 15),
(878, 2),
(878, 15),
(879, 2),
(879, 15),
(880, 2),
(880, 15),
(881, 2),
(881, 15),
(882, 2),
(882, 15),
(883, 2),
(883, 15),
(884, 2),
(884, 15),
(885, 2),
(885, 15),
(886, 2),
(886, 15),
(887, 2),
(887, 15),
(888, 2),
(888, 15),
(889, 2),
(889, 15),
(890, 2),
(890, 15),
(891, 2),
(891, 15),
(892, 2),
(892, 15),
(893, 2),
(893, 15),
(894, 2),
(894, 15),
(895, 2),
(895, 15),
(896, 2),
(896, 15),
(897, 2),
(897, 15);

-- --------------------------------------------------------

--
-- 資料表結構 `wos_utf8_conversion`
--

CREATE TABLE `wos_utf8_conversion` (
  `converted` tinyint NOT NULL DEFAULT '0'
) ENGINE=InnoDB DEFAULT CHARSET=utf8mb4 COLLATE=utf8mb4_unicode_ci ROW_FORMAT=COMPACT;

--
-- 傾印資料表的資料 `wos_utf8_conversion`
--

INSERT INTO `wos_utf8_conversion` (`converted`) VALUES
(5);

-- --------------------------------------------------------

--
-- 資料表結構 `wos_viewlevels`
--

CREATE TABLE `wos_viewlevels` (
  `id` int UNSIGNED NOT NULL COMMENT 'Primary Key',
  `title` varchar(100) COLLATE utf8mb4_unicode_ci NOT NULL DEFAULT '',
  `ordering` int NOT NULL DEFAULT '0',
  `rules` varchar(5120) COLLATE utf8mb4_unicode_ci NOT NULL COMMENT 'JSON encoded access control.'
) ENGINE=InnoDB DEFAULT CHARSET=utf8mb4 COLLATE=utf8mb4_unicode_ci ROW_FORMAT=COMPACT;

--
-- 傾印資料表的資料 `wos_viewlevels`
--

INSERT INTO `wos_viewlevels` (`id`, `title`, `ordering`, `rules`) VALUES
(1, 'Public', 2, '[1]'),
(2, 'Registered', 9, '[6,2,8]'),
(3, 'Special', 10, '[6,3,8]'),
(5, 'Guest', 1, '[9]'),
(6, 'Super Users', 11, '[8]'),
(7, 'Customer Service', 5, '[7,10,8]'),
(8, 'Administrator', 8, '[7,8]'),
(12, 'Support', 3, '[7,14,10,8]'),
(13, 'Reseller', 0, '[18]');

-- --------------------------------------------------------

--
-- 資料表結構 `wos_vmart_memberships`
--

CREATE TABLE `wos_vmart_memberships` (
  `id` int UNSIGNED NOT NULL,
  `user_id` int UNSIGNED NOT NULL,
  `customergroup_id` int UNSIGNED DEFAULT NULL,
  `pts_total` int UNSIGNED NOT NULL DEFAULT '0',
  `since` date NOT NULL,
  `expire_on` date DEFAULT NULL,
  `birthday_coupon_sent` datetime DEFAULT NULL
) ENGINE=InnoDB DEFAULT CHARSET=utf8mb3 ROW_FORMAT=COMPACT;

--
-- 傾印資料表的資料 `wos_vmart_memberships`
--

INSERT INTO `wos_vmart_memberships` (`id`, `user_id`, `customergroup_id`, `pts_total`, `since`, `expire_on`, `birthday_coupon_sent`) VALUES
(11, 197, NULL, 0, '2018-05-10', '2019-05-10', NULL),
(24, 195, NULL, 0, '2016-05-03', '2017-05-03', NULL),
(28, 690, 3, 0, '2022-07-08', '2023-07-08', NULL),
(30, 692, 3, 0, '2022-07-08', '2023-07-08', NULL),
(31, 695, 3, 3063, '2022-07-13', '2023-07-13', NULL),
(36, 701, 3, 1569, '2022-07-19', '2023-07-19', NULL),
(37, 702, 2, 1126, '2022-09-06', '2023-09-06', NULL),
(38, 703, 2, 6110, '2022-09-20', '2023-09-20', NULL),
(39, 704, 4, 43017, '2022-09-06', '2023-09-06', '0000-00-00 00:00:00'),
(42, 707, 1, 690, '2022-07-24', '2023-07-24', '0000-00-00 00:00:00'),
(43, 708, 4, 16694, '2022-09-01', '2023-09-01', NULL),
(44, 709, 4, 49280, '2022-08-22', '2023-08-22', '0000-00-00 00:00:00'),
(45, 710, 3, 3460, '2022-08-02', '2023-08-02', NULL),
(46, 711, 3, 0, '2022-08-03', '2023-08-03', NULL),
(47, 712, 3, 0, '2022-08-03', '2023-08-03', NULL),
(48, 713, 2, 9612, '2022-09-19', '2023-09-19', '0000-00-00 00:00:00'),
(49, 714, 3, 720, '2022-08-16', '2023-08-16', NULL),
(50, 715, 3, 0, '2022-08-18', '2023-08-18', NULL),
(51, 719, NULL, 0, '2022-09-01', '2023-09-01', NULL),
(52, 720, NULL, 0, '2022-09-01', '2023-09-01', NULL),
(53, 722, 3, 1967, '2022-09-28', '2023-09-28', NULL),
(54, 723, 3, 0, '2022-09-30', '2023-09-30', NULL),
(55, 724, 3, 0, '2022-09-30', '2023-09-30', NULL),
(56, 725, 2, 5900, '2023-03-08', '2024-03-08', NULL),
(57, 726, 3, 208, '2022-10-01', '2023-10-01', NULL),
(58, 727, 3, 25, '2022-10-01', '2023-10-01', NULL),
(59, 728, 3, 25, '2022-10-01', '2023-10-01', NULL),
(60, 729, 3, 34, '2022-10-01', '2023-10-01', NULL),
(61, 730, 3, 184, '2022-10-02', '2023-10-02', NULL),
(62, 731, 3, 184, '2022-10-02', '2023-10-02', NULL),
(63, 732, 3, 184, '2022-10-02', '2023-10-02', NULL),
(64, 733, 3, 790, '2022-10-02', '2023-10-02', NULL),
(65, 735, 3, 10, '2022-10-02', '2023-10-02', NULL),
(66, 737, 3, 10, '2022-10-02', '2023-10-02', NULL),
(67, 736, 3, 0, '2022-10-02', '2023-10-02', NULL),
(68, 738, 3, 10, '2022-10-02', '2023-10-02', NULL),
(69, 739, 3, 1, '2022-10-02', '2023-10-02', NULL),
(70, 740, 3, 4, '2022-10-02', '2023-10-02', NULL),
(71, 741, 3, 28, '2022-10-02', '2023-10-02', NULL),
(72, 742, 3, 16, '2022-10-02', '2023-10-02', NULL),
(73, 743, 3, 10, '2022-10-02', '2023-10-02', NULL),
(74, 746, 3, 94, '2022-10-02', '2023-10-02', NULL),
(75, 744, 3, 88, '2022-10-02', '2023-10-02', NULL),
(76, 747, 3, 530, '2022-10-02', '2023-10-02', NULL),
(77, 748, 3, 25, '2022-10-02', '2023-10-02', NULL),
(78, 749, 3, 55, '2022-10-02', '2023-10-02', NULL),
(79, 745, 3, 40, '2022-10-02', '2023-10-02', NULL),
(80, 750, 3, 0, '2022-10-02', '2023-10-02', NULL),
(81, 751, 3, 34, '2022-10-02', '2023-10-02', NULL),
(82, 753, 3, 306, '2022-10-03', '2023-10-03', NULL),
(83, 755, 3, 0, '2022-10-03', '2023-10-03', NULL),
(84, 757, 3, 300, '2022-10-03', '2023-10-03', NULL),
(85, 758, 3, 0, '2022-10-04', '2023-10-04', NULL),
(86, 759, 3, 428, '2022-10-04', '2023-10-04', NULL),
(87, 761, 3, 0, '2022-10-05', '2023-10-05', NULL),
(88, 762, 3, 0, '2022-10-05', '2023-10-05', NULL),
(89, 763, 3, 944, '2022-10-05', '2023-10-05', NULL),
(90, 764, 3, 404, '2022-10-06', '2023-10-06', NULL),
(91, 765, 3, 674, '2022-10-07', '2023-10-07', NULL),
(92, 766, 3, 0, '2022-10-07', '2023-10-07', NULL),
(93, 767, 3, 680, '2022-10-09', '2023-10-09', NULL),
(94, 768, 3, 500, '2022-10-13', '2023-10-13', NULL),
(95, 769, 3, 530, '2022-10-13', '2023-10-13', NULL),
(96, 770, 2, 1872, '2023-09-20', '2024-09-20', NULL),
(97, 771, 3, 587, '2022-10-15', '2023-10-15', NULL),
(98, 772, 3, 1088, '2022-10-16', '2023-10-16', NULL),
(99, 773, 3, 300, '2022-10-16', '2023-10-16', NULL),
(100, 774, 2, 3141, '2023-10-11', '2024-10-11', NULL),
(101, 775, 3, 2518, '2022-10-20', '2023-10-20', NULL),
(102, 776, 3, 500, '2022-10-20', '2023-10-20', NULL),
(103, 777, 3, 500, '2022-10-23', '2023-10-23', NULL),
(104, 778, 3, 2060, '2022-10-24', '2023-10-24', NULL),
(105, 779, 3, 1040, '2022-10-25', '2023-10-25', NULL),
(106, 781, 3, 4884, '2022-11-03', '2023-11-03', NULL),
(107, 782, 3, 0, '2022-11-04', '2023-11-04', NULL),
(108, 783, 3, 620, '2022-11-07', '2023-11-07', NULL),
(109, 785, 3, 0, '2022-11-09', '2023-11-09', NULL),
(110, 786, 3, 558, '2022-11-10', '2023-11-10', NULL),
(111, 787, 3, 1600, '2022-11-12', '2023-11-12', NULL),
(112, 789, 3, 0, '2022-11-18', '2023-11-18', NULL),
(113, 790, 3, 0, '2022-11-18', '2023-11-18', NULL),
(114, 791, 3, 0, '2022-11-18', '2023-11-18', NULL),
(115, 792, 3, 0, '2022-11-18', '2023-11-18', NULL),
(116, 793, 3, 0, '2022-11-18', '2023-11-18', NULL),
(117, 794, 3, 0, '2022-11-18', '2023-11-18', NULL),
(118, 795, 3, 0, '2022-11-18', '2023-11-18', NULL),
(119, 797, 3, 0, '2022-11-18', '2023-11-18', NULL),
(120, 798, 3, 0, '2022-11-18', '2023-11-18', NULL),
(121, 796, 3, 0, '2022-11-18', '2023-11-18', NULL),
(122, 799, 3, 0, '2022-11-18', '2023-11-18', NULL),
(123, 800, 3, 0, '2022-11-18', '2023-11-18', NULL),
(124, 801, 3, 0, '2022-11-18', '2023-11-18', NULL),
(125, 803, 3, 0, '2022-11-18', '2023-11-18', NULL),
(126, 805, 3, 0, '2022-11-18', '2023-11-18', NULL),
(127, 804, 3, 0, '2022-11-18', '2023-11-18', NULL),
(128, 806, 3, 0, '2022-11-18', '2023-11-18', NULL),
(129, 807, 3, 0, '2022-11-18', '2023-11-18', NULL),
(130, 808, 3, 0, '2022-11-18', '2023-11-18', NULL),
(131, 810, 3, 0, '2022-11-18', '2023-11-18', NULL),
(132, 811, 3, 0, '2022-11-18', '2023-11-18', NULL),
(133, 812, 3, 0, '2022-11-18', '2023-11-18', NULL),
(134, 813, 3, 0, '2022-11-18', '2023-11-18', NULL),
(135, 814, 3, 0, '2022-11-18', '2023-11-18', NULL),
(136, 815, 3, 0, '2022-11-17', '2023-11-17', '0000-00-00 00:00:00'),
(137, 756, NULL, 0, '2022-10-03', '2023-10-03', NULL),
(138, 820, 3, 1076, '2022-12-11', '2023-12-11', NULL),
(139, 821, 3, 2972, '2022-12-19', '2023-12-19', NULL),
(140, 822, 3, 3320, '2022-12-20', '2023-12-20', NULL),
(141, 823, 3, 1080, '2022-12-24', '2023-12-24', NULL),
(142, 824, 3, 462, '2022-12-25', '2023-12-25', NULL),
(143, 825, 3, 3828, '2022-12-25', '2023-12-25', NULL),
(144, 826, 3, 300, '2022-12-27', '2023-12-27', NULL),
(145, 827, 3, 2816, '2022-12-29', '2023-12-29', NULL),
(146, 828, 3, 375, '2023-01-09', '2024-01-09', NULL),
(147, 829, 3, 0, '2023-01-17', '2024-01-17', NULL),
(148, 830, 3, 727, '2023-01-17', '2024-01-17', NULL),
(149, 831, 3, 1200, '2023-01-17', '2024-01-17', NULL),
(150, 832, 3, 0, '2023-01-26', '2024-01-26', NULL),
(151, 834, 3, 588, '2023-02-12', '2024-02-12', NULL),
(152, 835, 3, 0, '2023-02-22', '2024-02-22', NULL),
(153, 836, 3, 336, '2023-02-22', '2024-02-22', NULL),
(154, 837, 3, 1362, '2023-03-02', '2024-03-02', NULL),
(155, 838, 3, 177, '2023-03-08', '2024-03-08', NULL),
(156, 839, 3, 125, '2023-03-11', '2024-03-11', NULL),
(157, 840, 3, 0, '2023-04-05', '2024-04-05', NULL),
(158, 841, 3, 566, '2023-04-26', '2024-04-26', NULL),
(159, 842, 3, 466, '2023-04-26', '2024-04-26', NULL),
(160, 843, 3, 0, '2023-04-27', '2024-04-27', NULL),
(161, 844, 3, 2212, '2023-04-28', '2024-04-28', NULL),
(162, 845, 3, 0, '2023-05-06', '2024-05-06', NULL),
(163, 846, 3, 1456, '2023-05-09', '2024-05-09', NULL),
(164, 847, 3, 509, '2023-05-15', '2024-05-15', NULL),
(165, 848, 3, 1348, '2023-05-15', '2024-05-15', NULL),
(166, 849, 3, 574, '2023-05-16', '2024-05-16', NULL),
(167, 850, NULL, 0, '2023-05-17', '2024-05-17', NULL),
(168, 851, 3, 1280, '2023-05-17', '2024-05-17', NULL),
(169, 852, 3, 0, '2023-05-19', '2024-05-19', NULL),
(170, 853, 3, 0, '2023-05-29', '2024-05-29', NULL),
(171, 854, 3, 0, '2023-05-31', '2024-05-31', NULL),
(172, 855, 3, 540, '2023-06-05', '2024-06-05', NULL),
(173, 856, 3, 128, '2023-06-14', '2024-06-14', NULL),
(174, 857, 3, 300, '2023-06-17', '2024-06-17', NULL),
(175, 858, 3, 1298, '2023-06-18', '2024-06-18', NULL),
(176, 859, 3, 650, '2023-06-21', '2024-06-21', NULL),
(177, 861, 3, 500, '2023-07-01', '2024-07-01', NULL),
(178, 862, 3, 1750, '2023-07-04', '2024-07-04', NULL),
(179, 863, 3, 0, '2023-07-08', '2024-07-08', NULL),
(180, 865, 3, 1300, '2023-08-01', '2024-08-01', NULL),
(181, 866, 3, 516, '2023-08-05', '2024-08-05', NULL),
(182, 867, 3, 0, '2023-08-09', '2024-08-09', NULL),
(183, 868, 3, 560, '2023-08-12', '2024-08-12', NULL),
(184, 869, 3, 0, '2023-08-13', '2024-08-13', NULL),
(185, 870, 3, 0, '2023-08-13', '2024-08-13', NULL),
(186, 871, 3, 500, '2023-08-28', '2024-08-28', NULL),
(187, 872, 3, 268, '2023-09-09', '2024-09-09', NULL),
(188, 873, 3, 1062, '2023-09-11', '2024-09-11', NULL),
(189, 874, 3, 96, '2023-09-17', '2024-09-17', NULL),
(190, 875, 3, 354, '2023-09-20', '2024-09-20', NULL),
(191, 876, 3, 660, '2023-10-14', '2024-10-14', NULL),
(192, 878, 3, 668, '2023-10-20', '2024-10-20', NULL),
(193, 879, 3, 0, '2023-11-17', '2024-11-17', NULL),
(194, 880, 3, 58, '2023-12-15', '2024-12-15', NULL),
(195, 881, 3, 0, '2023-12-31', '2024-12-31', NULL),
(196, 882, 3, 690, '2024-02-16', '2025-02-16', NULL),
(197, 884, 3, 400, '2024-03-13', '2025-03-13', NULL),
(198, 885, 3, 400, '2024-03-13', '2025-03-13', NULL),
(199, 886, 3, 157, '2024-03-13', '2025-03-13', '0000-00-00 00:00:00'),
(200, 887, 3, 37, '2024-03-15', '2025-03-15', NULL),
(201, 888, 3, 61, '2024-03-15', '2025-03-15', NULL),
(202, 889, 3, 760, '2024-04-05', '2025-04-05', NULL),
(203, 889, 3, 760, '2024-03-26', '2025-03-26', '0000-00-00 00:00:00'),
(204, 890, 3, 0, '2024-04-10', '2025-04-10', NULL),
(205, 891, 3, 2788, '2024-04-11', '2025-04-11', NULL),
(206, 892, 3, 0, '2024-04-25', '2025-04-25', NULL),
(207, 893, 3, 0, '2024-05-11', '2025-05-11', NULL),
(208, 894, 3, 400, '2024-05-30', '2025-05-30', NULL),
(209, 895, 3, 820, '2024-06-05', '2025-06-05', NULL);

--
-- 已傾印資料表的索引
--

--
-- 資料表索引 `wos_action_logs`
--
ALTER TABLE `wos_action_logs`
  ADD PRIMARY KEY (`id`) USING BTREE,
  ADD KEY `idx_user_id` (`user_id`) USING BTREE,
  ADD KEY `idx_user_id_logdate` (`user_id`,`log_date`) USING BTREE,
  ADD KEY `idx_user_id_extension` (`user_id`,`extension`) USING BTREE,
  ADD KEY `idx_extension_item_id` (`extension`,`item_id`) USING BTREE;

--
-- 資料表索引 `wos_action_logs_extensions`
--
ALTER TABLE `wos_action_logs_extensions`
  ADD PRIMARY KEY (`id`) USING BTREE;

--
-- 資料表索引 `wos_action_logs_users`
--
ALTER TABLE `wos_action_logs_users`
  ADD PRIMARY KEY (`user_id`) USING BTREE,
  ADD KEY `idx_notify` (`notify`) USING BTREE;

--
-- 資料表索引 `wos_action_log_config`
--
ALTER TABLE `wos_action_log_config`
  ADD PRIMARY KEY (`id`) USING BTREE;

--
-- 資料表索引 `wos_affiliates_commissions`
--
ALTER TABLE `wos_affiliates_commissions`
  ADD PRIMARY KEY (`id`) USING BTREE;

--
-- 資料表索引 `wos_affiliates_hashes`
--
ALTER TABLE `wos_affiliates_hashes`
  ADD PRIMARY KEY (`referee_id`) USING BTREE;

--
-- 資料表索引 `wos_affiliates_messages`
--
ALTER TABLE `wos_affiliates_messages`
  ADD PRIMARY KEY (`id`) USING BTREE,
  ADD KEY `idx_alias` (`alias`) USING BTREE;

--
-- 資料表索引 `wos_affiliates_payouts`
--
ALTER TABLE `wos_affiliates_payouts`
  ADD PRIMARY KEY (`id`) USING BTREE;

--
-- 資料表索引 `wos_affiliates_referers`
--
ALTER TABLE `wos_affiliates_referers`
  ADD PRIMARY KEY (`id`) USING BTREE,
  ADD KEY `idx_user_id` (`user_id`) USING BTREE;

--
-- 資料表索引 `wos_affiliates_referrals`
--
ALTER TABLE `wos_affiliates_referrals`
  ADD PRIMARY KEY (`id`) USING BTREE,
  ADD KEY `idx_referer_user_id` (`referer_user_id`) USING BTREE,
  ADD KEY `idx_referee_user_id` (`referee_user_id`) USING BTREE;

--
-- 資料表索引 `wos_affiliates_templates`
--
ALTER TABLE `wos_affiliates_templates`
  ADD PRIMARY KEY (`id`) USING BTREE,
  ADD KEY `idx_alias` (`alias`) USING BTREE;

--
-- 資料表索引 `wos_assets`
--
ALTER TABLE `wos_assets`
  ADD PRIMARY KEY (`id`) USING BTREE,
  ADD UNIQUE KEY `idx_asset_name` (`name`) USING BTREE,
  ADD KEY `idx_lft_rgt` (`lft`,`rgt`) USING BTREE,
  ADD KEY `idx_parent_id` (`parent_id`) USING BTREE;

--
-- 資料表索引 `wos_associations`
--
ALTER TABLE `wos_associations`
  ADD PRIMARY KEY (`context`,`id`) USING BTREE,
  ADD KEY `idx_key` (`key`) USING BTREE;

--
-- 資料表索引 `wos_banners`
--
ALTER TABLE `wos_banners`
  ADD PRIMARY KEY (`id`) USING BTREE,
  ADD KEY `idx_state` (`state`) USING BTREE,
  ADD KEY `idx_own_prefix` (`own_prefix`) USING BTREE,
  ADD KEY `idx_banner_catid` (`catid`) USING BTREE,
  ADD KEY `idx_language` (`language`) USING BTREE,
  ADD KEY `idx_metakey_prefix` (`metakey_prefix`(100)) USING BTREE;

--
-- 資料表索引 `wos_banner_clients`
--
ALTER TABLE `wos_banner_clients`
  ADD PRIMARY KEY (`id`) USING BTREE,
  ADD KEY `idx_own_prefix` (`own_prefix`) USING BTREE,
  ADD KEY `idx_metakey_prefix` (`metakey_prefix`(100)) USING BTREE;

--
-- 資料表索引 `wos_banner_tracks`
--
ALTER TABLE `wos_banner_tracks`
  ADD PRIMARY KEY (`track_date`,`track_type`,`banner_id`) USING BTREE,
  ADD KEY `idx_track_date` (`track_date`) USING BTREE,
  ADD KEY `idx_track_type` (`track_type`) USING BTREE,
  ADD KEY `idx_banner_id` (`banner_id`) USING BTREE;

--
-- 資料表索引 `wos_categories`
--
ALTER TABLE `wos_categories`
  ADD PRIMARY KEY (`id`) USING BTREE,
  ADD KEY `cat_idx` (`extension`,`published`,`access`) USING BTREE,
  ADD KEY `idx_access` (`access`) USING BTREE,
  ADD KEY `idx_checkout` (`checked_out`) USING BTREE,
  ADD KEY `idx_left_right` (`lft`,`rgt`) USING BTREE,
  ADD KEY `idx_language` (`language`) USING BTREE,
  ADD KEY `idx_path` (`path`(100)) USING BTREE,
  ADD KEY `idx_alias` (`alias`(100)) USING BTREE;

--
-- 資料表索引 `wos_contact_details`
--
ALTER TABLE `wos_contact_details`
  ADD PRIMARY KEY (`id`) USING BTREE,
  ADD KEY `idx_access` (`access`) USING BTREE,
  ADD KEY `idx_checkout` (`checked_out`) USING BTREE,
  ADD KEY `idx_state` (`published`) USING BTREE,
  ADD KEY `idx_catid` (`catid`) USING BTREE,
  ADD KEY `idx_createdby` (`created_by`) USING BTREE,
  ADD KEY `idx_featured_catid` (`featured`,`catid`) USING BTREE,
  ADD KEY `idx_language` (`language`) USING BTREE,
  ADD KEY `idx_xreference` (`xreference`) USING BTREE;

--
-- 資料表索引 `wos_content`
--
ALTER TABLE `wos_content`
  ADD PRIMARY KEY (`id`) USING BTREE,
  ADD KEY `idx_access` (`access`) USING BTREE,
  ADD KEY `idx_checkout` (`checked_out`) USING BTREE,
  ADD KEY `idx_state` (`state`) USING BTREE,
  ADD KEY `idx_catid` (`catid`) USING BTREE,
  ADD KEY `idx_createdby` (`created_by`) USING BTREE,
  ADD KEY `idx_featured_catid` (`featured`,`catid`) USING BTREE,
  ADD KEY `idx_language` (`language`) USING BTREE,
  ADD KEY `idx_xreference` (`xreference`) USING BTREE,
  ADD KEY `idx_alias` (`alias`(191)) USING BTREE;

--
-- 資料表索引 `wos_contentitem_tag_map`
--
ALTER TABLE `wos_contentitem_tag_map`
  ADD UNIQUE KEY `uc_ItemnameTagid` (`type_id`,`content_item_id`,`tag_id`) USING BTREE,
  ADD KEY `idx_tag_type` (`tag_id`,`type_id`) USING BTREE,
  ADD KEY `idx_date_id` (`tag_date`,`tag_id`) USING BTREE,
  ADD KEY `idx_core_content_id` (`core_content_id`) USING BTREE;

--
-- 資料表索引 `wos_content_frontpage`
--
ALTER TABLE `wos_content_frontpage`
  ADD PRIMARY KEY (`content_id`) USING BTREE;

--
-- 資料表索引 `wos_content_rating`
--
ALTER TABLE `wos_content_rating`
  ADD PRIMARY KEY (`content_id`) USING BTREE;

--
-- 資料表索引 `wos_content_types`
--
ALTER TABLE `wos_content_types`
  ADD PRIMARY KEY (`type_id`) USING BTREE,
  ADD KEY `idx_alias` (`type_alias`(100)) USING BTREE;

--
-- 資料表索引 `wos_easyjoomlabackup`
--
ALTER TABLE `wos_easyjoomlabackup`
  ADD PRIMARY KEY (`id`) USING BTREE,
  ADD UNIQUE KEY `id` (`id`) USING BTREE;

--
-- 資料表索引 `wos_extensions`
--
ALTER TABLE `wos_extensions`
  ADD PRIMARY KEY (`extension_id`) USING BTREE,
  ADD KEY `element_clientid` (`element`,`client_id`) USING BTREE,
  ADD KEY `element_folder_clientid` (`element`,`folder`,`client_id`) USING BTREE,
  ADD KEY `extension` (`type`,`element`,`folder`,`client_id`) USING BTREE;

--
-- 資料表索引 `wos_falang_content`
--
ALTER TABLE `wos_falang_content`
  ADD PRIMARY KEY (`id`) USING BTREE,
  ADD KEY `idxFalang1` (`reference_id`,`reference_field`,`reference_table`) USING BTREE,
  ADD KEY `falangContent` (`language_id`,`reference_id`,`reference_table`) USING BTREE,
  ADD KEY `falangContentLanguage` (`reference_id`,`reference_field`,`reference_table`,`language_id`) USING BTREE,
  ADD KEY `reference_id` (`reference_id`) USING BTREE,
  ADD KEY `language_id` (`language_id`) USING BTREE,
  ADD KEY `reference_table` (`reference_table`) USING BTREE,
  ADD KEY `reference_field` (`reference_field`) USING BTREE;

--
-- 資料表索引 `wos_falang_tableinfo`
--
ALTER TABLE `wos_falang_tableinfo`
  ADD PRIMARY KEY (`id`) USING BTREE;

--
-- 資料表索引 `wos_fields`
--
ALTER TABLE `wos_fields`
  ADD PRIMARY KEY (`id`) USING BTREE,
  ADD KEY `idx_checkout` (`checked_out`) USING BTREE,
  ADD KEY `idx_state` (`state`) USING BTREE,
  ADD KEY `idx_created_user_id` (`created_user_id`) USING BTREE,
  ADD KEY `idx_access` (`access`) USING BTREE,
  ADD KEY `idx_context` (`context`(191)) USING BTREE,
  ADD KEY `idx_language` (`language`) USING BTREE;

--
-- 資料表索引 `wos_fields_categories`
--
ALTER TABLE `wos_fields_categories`
  ADD PRIMARY KEY (`field_id`,`category_id`) USING BTREE;

--
-- 資料表索引 `wos_fields_groups`
--
ALTER TABLE `wos_fields_groups`
  ADD PRIMARY KEY (`id`) USING BTREE,
  ADD KEY `idx_checkout` (`checked_out`) USING BTREE,
  ADD KEY `idx_state` (`state`) USING BTREE,
  ADD KEY `idx_created_by` (`created_by`) USING BTREE,
  ADD KEY `idx_access` (`access`) USING BTREE,
  ADD KEY `idx_context` (`context`(191)) USING BTREE,
  ADD KEY `idx_language` (`language`) USING BTREE;

--
-- 資料表索引 `wos_fields_values`
--
ALTER TABLE `wos_fields_values`
  ADD KEY `idx_field_id` (`field_id`) USING BTREE,
  ADD KEY `idx_item_id` (`item_id`(191)) USING BTREE;

--
-- 資料表索引 `wos_finder_filters`
--
ALTER TABLE `wos_finder_filters`
  ADD PRIMARY KEY (`filter_id`) USING BTREE;

--
-- 資料表索引 `wos_finder_links`
--
ALTER TABLE `wos_finder_links`
  ADD PRIMARY KEY (`link_id`) USING BTREE,
  ADD KEY `idx_type` (`type_id`) USING BTREE,
  ADD KEY `idx_md5` (`md5sum`) USING BTREE,
  ADD KEY `idx_url` (`url`(75)) USING BTREE,
  ADD KEY `idx_published_list` (`published`,`state`,`access`,`publish_start_date`,`publish_end_date`,`list_price`) USING BTREE,
  ADD KEY `idx_published_sale` (`published`,`state`,`access`,`publish_start_date`,`publish_end_date`,`sale_price`) USING BTREE,
  ADD KEY `idx_title` (`title`(100)) USING BTREE;

--
-- 資料表索引 `wos_finder_links_terms0`
--
ALTER TABLE `wos_finder_links_terms0`
  ADD PRIMARY KEY (`link_id`,`term_id`) USING BTREE,
  ADD KEY `idx_term_weight` (`term_id`,`weight`) USING BTREE,
  ADD KEY `idx_link_term_weight` (`link_id`,`term_id`,`weight`) USING BTREE;

--
-- 資料表索引 `wos_finder_links_terms1`
--
ALTER TABLE `wos_finder_links_terms1`
  ADD PRIMARY KEY (`link_id`,`term_id`) USING BTREE,
  ADD KEY `idx_term_weight` (`term_id`,`weight`) USING BTREE,
  ADD KEY `idx_link_term_weight` (`link_id`,`term_id`,`weight`) USING BTREE;

--
-- 資料表索引 `wos_finder_links_terms2`
--
ALTER TABLE `wos_finder_links_terms2`
  ADD PRIMARY KEY (`link_id`,`term_id`) USING BTREE,
  ADD KEY `idx_term_weight` (`term_id`,`weight`) USING BTREE,
  ADD KEY `idx_link_term_weight` (`link_id`,`term_id`,`weight`) USING BTREE;

--
-- 資料表索引 `wos_finder_links_terms3`
--
ALTER TABLE `wos_finder_links_terms3`
  ADD PRIMARY KEY (`link_id`,`term_id`) USING BTREE,
  ADD KEY `idx_term_weight` (`term_id`,`weight`) USING BTREE,
  ADD KEY `idx_link_term_weight` (`link_id`,`term_id`,`weight`) USING BTREE;

--
-- 資料表索引 `wos_finder_links_terms4`
--
ALTER TABLE `wos_finder_links_terms4`
  ADD PRIMARY KEY (`link_id`,`term_id`) USING BTREE,
  ADD KEY `idx_term_weight` (`term_id`,`weight`) USING BTREE,
  ADD KEY `idx_link_term_weight` (`link_id`,`term_id`,`weight`) USING BTREE;

--
-- 資料表索引 `wos_finder_links_terms5`
--
ALTER TABLE `wos_finder_links_terms5`
  ADD PRIMARY KEY (`link_id`,`term_id`) USING BTREE,
  ADD KEY `idx_term_weight` (`term_id`,`weight`) USING BTREE,
  ADD KEY `idx_link_term_weight` (`link_id`,`term_id`,`weight`) USING BTREE;

--
-- 資料表索引 `wos_finder_links_terms6`
--
ALTER TABLE `wos_finder_links_terms6`
  ADD PRIMARY KEY (`link_id`,`term_id`) USING BTREE,
  ADD KEY `idx_term_weight` (`term_id`,`weight`) USING BTREE,
  ADD KEY `idx_link_term_weight` (`link_id`,`term_id`,`weight`) USING BTREE;

--
-- 資料表索引 `wos_finder_links_terms7`
--
ALTER TABLE `wos_finder_links_terms7`
  ADD PRIMARY KEY (`link_id`,`term_id`) USING BTREE,
  ADD KEY `idx_term_weight` (`term_id`,`weight`) USING BTREE,
  ADD KEY `idx_link_term_weight` (`link_id`,`term_id`,`weight`) USING BTREE;

--
-- 資料表索引 `wos_finder_links_terms8`
--
ALTER TABLE `wos_finder_links_terms8`
  ADD PRIMARY KEY (`link_id`,`term_id`) USING BTREE,
  ADD KEY `idx_term_weight` (`term_id`,`weight`) USING BTREE,
  ADD KEY `idx_link_term_weight` (`link_id`,`term_id`,`weight`) USING BTREE;

--
-- 資料表索引 `wos_finder_links_terms9`
--
ALTER TABLE `wos_finder_links_terms9`
  ADD PRIMARY KEY (`link_id`,`term_id`) USING BTREE,
  ADD KEY `idx_term_weight` (`term_id`,`weight`) USING BTREE,
  ADD KEY `idx_link_term_weight` (`link_id`,`term_id`,`weight`) USING BTREE;

--
-- 資料表索引 `wos_finder_links_termsa`
--
ALTER TABLE `wos_finder_links_termsa`
  ADD PRIMARY KEY (`link_id`,`term_id`) USING BTREE,
  ADD KEY `idx_term_weight` (`term_id`,`weight`) USING BTREE,
  ADD KEY `idx_link_term_weight` (`link_id`,`term_id`,`weight`) USING BTREE;

--
-- 資料表索引 `wos_finder_links_termsb`
--
ALTER TABLE `wos_finder_links_termsb`
  ADD PRIMARY KEY (`link_id`,`term_id`) USING BTREE,
  ADD KEY `idx_term_weight` (`term_id`,`weight`) USING BTREE,
  ADD KEY `idx_link_term_weight` (`link_id`,`term_id`,`weight`) USING BTREE;

--
-- 資料表索引 `wos_finder_links_termsc`
--
ALTER TABLE `wos_finder_links_termsc`
  ADD PRIMARY KEY (`link_id`,`term_id`) USING BTREE,
  ADD KEY `idx_term_weight` (`term_id`,`weight`) USING BTREE,
  ADD KEY `idx_link_term_weight` (`link_id`,`term_id`,`weight`) USING BTREE;

--
-- 資料表索引 `wos_finder_links_termsd`
--
ALTER TABLE `wos_finder_links_termsd`
  ADD PRIMARY KEY (`link_id`,`term_id`) USING BTREE,
  ADD KEY `idx_term_weight` (`term_id`,`weight`) USING BTREE,
  ADD KEY `idx_link_term_weight` (`link_id`,`term_id`,`weight`) USING BTREE;

--
-- 資料表索引 `wos_finder_links_termse`
--
ALTER TABLE `wos_finder_links_termse`
  ADD PRIMARY KEY (`link_id`,`term_id`) USING BTREE,
  ADD KEY `idx_term_weight` (`term_id`,`weight`) USING BTREE,
  ADD KEY `idx_link_term_weight` (`link_id`,`term_id`,`weight`) USING BTREE;

--
-- 資料表索引 `wos_finder_links_termsf`
--
ALTER TABLE `wos_finder_links_termsf`
  ADD PRIMARY KEY (`link_id`,`term_id`) USING BTREE,
  ADD KEY `idx_term_weight` (`term_id`,`weight`) USING BTREE,
  ADD KEY `idx_link_term_weight` (`link_id`,`term_id`,`weight`) USING BTREE;

--
-- 資料表索引 `wos_finder_taxonomy`
--
ALTER TABLE `wos_finder_taxonomy`
  ADD PRIMARY KEY (`id`) USING BTREE,
  ADD KEY `parent_id` (`parent_id`) USING BTREE,
  ADD KEY `state` (`state`) USING BTREE,
  ADD KEY `ordering` (`ordering`) USING BTREE,
  ADD KEY `access` (`access`) USING BTREE,
  ADD KEY `idx_parent_published` (`parent_id`,`state`,`access`) USING BTREE;

--
-- 資料表索引 `wos_finder_taxonomy_map`
--
ALTER TABLE `wos_finder_taxonomy_map`
  ADD PRIMARY KEY (`link_id`,`node_id`) USING BTREE,
  ADD KEY `link_id` (`link_id`) USING BTREE,
  ADD KEY `node_id` (`node_id`) USING BTREE;

--
-- 資料表索引 `wos_finder_terms`
--
ALTER TABLE `wos_finder_terms`
  ADD PRIMARY KEY (`term_id`) USING BTREE,
  ADD UNIQUE KEY `idx_term` (`term`) USING BTREE,
  ADD KEY `idx_term_phrase` (`term`,`phrase`) USING BTREE,
  ADD KEY `idx_stem_phrase` (`stem`,`phrase`) USING BTREE,
  ADD KEY `idx_soundex_phrase` (`soundex`,`phrase`) USING BTREE;

--
-- 資料表索引 `wos_finder_terms_common`
--
ALTER TABLE `wos_finder_terms_common`
  ADD KEY `idx_word_lang` (`term`,`language`) USING BTREE,
  ADD KEY `idx_lang` (`language`) USING BTREE;

--
-- 資料表索引 `wos_finder_tokens`
--
ALTER TABLE `wos_finder_tokens`
  ADD KEY `idx_word` (`term`) USING HASH,
  ADD KEY `idx_context` (`context`) USING HASH;

--
-- 資料表索引 `wos_finder_tokens_aggregate`
--
ALTER TABLE `wos_finder_tokens_aggregate`
  ADD KEY `token` (`term`) USING HASH,
  ADD KEY `keyword_id` (`term_id`) USING HASH;

--
-- 資料表索引 `wos_finder_types`
--
ALTER TABLE `wos_finder_types`
  ADD PRIMARY KEY (`id`) USING BTREE,
  ADD UNIQUE KEY `title` (`title`) USING BTREE;

--
-- 資料表索引 `wos_formpro_entries`
--
ALTER TABLE `wos_formpro_entries`
  ADD PRIMARY KEY (`id`) USING BTREE,
  ADD KEY `idx_form_id` (`form_id`) USING BTREE,
  ADD KEY `idx_user_id` (`user_id`) USING BTREE;

--
-- 資料表索引 `wos_formpro_fields`
--
ALTER TABLE `wos_formpro_fields`
  ADD PRIMARY KEY (`id`) USING BTREE,
  ADD KEY `idx_form_id` (`form_id`) USING BTREE;

--
-- 資料表索引 `wos_formpro_field_options`
--
ALTER TABLE `wos_formpro_field_options`
  ADD PRIMARY KEY (`id`) USING BTREE,
  ADD KEY `idx_field_id` (`field_id`) USING BTREE;

--
-- 資料表索引 `wos_formpro_forms`
--
ALTER TABLE `wos_formpro_forms`
  ADD PRIMARY KEY (`id`) USING BTREE;

--
-- 資料表索引 `wos_formpro_notifications`
--
ALTER TABLE `wos_formpro_notifications`
  ADD PRIMARY KEY (`id`) USING BTREE,
  ADD KEY `idx_form_id` (`form_id`) USING BTREE;

--
-- 資料表索引 `wos_jhackguard_bot_scout`
--
ALTER TABLE `wos_jhackguard_bot_scout`
  ADD PRIMARY KEY (`id`) USING BTREE;

--
-- 資料表索引 `wos_jhackguard_input_filters`
--
ALTER TABLE `wos_jhackguard_input_filters`
  ADD PRIMARY KEY (`id`) USING BTREE;

--
-- 資料表索引 `wos_jhackguard_ip_filters`
--
ALTER TABLE `wos_jhackguard_ip_filters`
  ADD PRIMARY KEY (`id`) USING BTREE;

--
-- 資料表索引 `wos_jhackguard_logs`
--
ALTER TABLE `wos_jhackguard_logs`
  ADD PRIMARY KEY (`id`) USING BTREE;

--
-- 資料表索引 `wos_jhackguard_output_filters`
--
ALTER TABLE `wos_jhackguard_output_filters`
  ADD PRIMARY KEY (`id`) USING BTREE;

--
-- 資料表索引 `wos_jhackguard_scan_files`
--
ALTER TABLE `wos_jhackguard_scan_files`
  ADD PRIMARY KEY (`id`) USING BTREE;

--
-- 資料表索引 `wos_jhackguard_scan_hits`
--
ALTER TABLE `wos_jhackguard_scan_hits`
  ADD PRIMARY KEY (`id`) USING BTREE,
  ADD KEY `scan_id` (`scan_id`) USING BTREE;

--
-- 資料表索引 `wos_knquickicons`
--
ALTER TABLE `wos_knquickicons`
  ADD PRIMARY KEY (`id`) USING BTREE,
  ADD KEY `idx_access` (`access`) USING BTREE,
  ADD KEY `idx_alias` (`alias`) USING BTREE,
  ADD KEY `idx_createdby` (`catid`) USING BTREE,
  ADD KEY `idx_checkout` (`checked_out`) USING BTREE,
  ADD KEY `cat_index` (`state`,`access`,`catid`) USING BTREE;

--
-- 資料表索引 `wos_languages`
--
ALTER TABLE `wos_languages`
  ADD PRIMARY KEY (`lang_id`) USING BTREE,
  ADD UNIQUE KEY `idx_sef` (`sef`) USING BTREE,
  ADD UNIQUE KEY `idx_langcode` (`lang_code`) USING BTREE,
  ADD KEY `idx_access` (`access`) USING BTREE,
  ADD KEY `idx_ordering` (`ordering`) USING BTREE;

--
-- 資料表索引 `wos_layerslider`
--
ALTER TABLE `wos_layerslider`
  ADD PRIMARY KEY (`id`) USING BTREE;

--
-- 資料表索引 `wos_layerslider_options`
--
ALTER TABLE `wos_layerslider_options`
  ADD PRIMARY KEY (`option_id`) USING BTREE,
  ADD UNIQUE KEY `option_name` (`option_name`) USING BTREE;

--
-- 資料表索引 `wos_memberpro_addons`
--
ALTER TABLE `wos_memberpro_addons`
  ADD PRIMARY KEY (`id`) USING BTREE,
  ADD KEY `idx_name` (`name`) USING BTREE;

--
-- 資料表索引 `wos_memberpro_fbcnt_users`
--
ALTER TABLE `wos_memberpro_fbcnt_users`
  ADD PRIMARY KEY (`id`) USING BTREE,
  ADD KEY `idx_user_id` (`user_id`) USING BTREE;

--
-- 資料表索引 `wos_memberpro_fields`
--
ALTER TABLE `wos_memberpro_fields`
  ADD PRIMARY KEY (`id`) USING BTREE,
  ADD KEY `idx_path` (`path`) USING BTREE,
  ADD KEY `idx_left_right` (`lft`,`rgt`) USING BTREE,
  ADD KEY `idx_alias` (`alias`) USING BTREE,
  ADD KEY `idx_access` (`access`) USING BTREE;

--
-- 資料表索引 `wos_memberpro_instagram_users`
--
ALTER TABLE `wos_memberpro_instagram_users`
  ADD PRIMARY KEY (`id`) USING BTREE;

--
-- 資料表索引 `wos_memberpro_messages`
--
ALTER TABLE `wos_memberpro_messages`
  ADD PRIMARY KEY (`id`) USING BTREE,
  ADD KEY `idx_alias` (`alias`) USING BTREE;

--
-- 資料表索引 `wos_memberpro_profiles`
--
ALTER TABLE `wos_memberpro_profiles`
  ADD PRIMARY KEY (`id`) USING BTREE,
  ADD KEY `idx_user_id` (`user_id`) USING BTREE;

--
-- 資料表索引 `wos_memberpro_resend_history`
--
ALTER TABLE `wos_memberpro_resend_history`
  ADD PRIMARY KEY (`id`) USING BTREE;

--
-- 資料表索引 `wos_memberpro_templates`
--
ALTER TABLE `wos_memberpro_templates`
  ADD PRIMARY KEY (`id`) USING BTREE,
  ADD KEY `idx_alias` (`alias`) USING BTREE;

--
-- 資料表索引 `wos_menu`
--
ALTER TABLE `wos_menu`
  ADD PRIMARY KEY (`id`) USING BTREE,
  ADD UNIQUE KEY `idx_client_id_parent_id_alias_language` (`client_id`,`parent_id`,`alias`(100),`language`) USING BTREE,
  ADD KEY `idx_componentid` (`component_id`,`menutype`,`published`,`access`) USING BTREE,
  ADD KEY `idx_menutype` (`menutype`) USING BTREE,
  ADD KEY `idx_left_right` (`lft`,`rgt`) USING BTREE,
  ADD KEY `idx_language` (`language`) USING BTREE,
  ADD KEY `idx_alias` (`alias`(100)) USING BTREE,
  ADD KEY `idx_path` (`path`(100)) USING BTREE;

--
-- 資料表索引 `wos_menu_types`
--
ALTER TABLE `wos_menu_types`
  ADD PRIMARY KEY (`id`) USING BTREE,
  ADD UNIQUE KEY `idx_menutype` (`menutype`) USING BTREE;

--
-- 資料表索引 `wos_messages`
--
ALTER TABLE `wos_messages`
  ADD PRIMARY KEY (`message_id`) USING BTREE,
  ADD KEY `useridto_state` (`user_id_to`,`state`) USING BTREE;

--
-- 資料表索引 `wos_messages_cfg`
--
ALTER TABLE `wos_messages_cfg`
  ADD UNIQUE KEY `idx_user_var_name` (`user_id`,`cfg_name`) USING BTREE;

--
-- 資料表索引 `wos_modules`
--
ALTER TABLE `wos_modules`
  ADD PRIMARY KEY (`id`) USING BTREE,
  ADD KEY `published` (`published`,`access`) USING BTREE,
  ADD KEY `newsfeeds` (`module`,`published`) USING BTREE,
  ADD KEY `idx_language` (`language`) USING BTREE;

--
-- 資料表索引 `wos_modules_menu`
--
ALTER TABLE `wos_modules_menu`
  ADD PRIMARY KEY (`moduleid`,`menuid`) USING BTREE;

--
-- 資料表索引 `wos_newsfeeds`
--
ALTER TABLE `wos_newsfeeds`
  ADD PRIMARY KEY (`id`) USING BTREE,
  ADD KEY `idx_access` (`access`) USING BTREE,
  ADD KEY `idx_checkout` (`checked_out`) USING BTREE,
  ADD KEY `idx_state` (`published`) USING BTREE,
  ADD KEY `idx_catid` (`catid`) USING BTREE,
  ADD KEY `idx_createdby` (`created_by`) USING BTREE,
  ADD KEY `idx_language` (`language`) USING BTREE,
  ADD KEY `idx_xreference` (`xreference`) USING BTREE;

--
-- 資料表索引 `wos_nicepage_params`
--
ALTER TABLE `wos_nicepage_params`
  ADD PRIMARY KEY (`id`) USING BTREE;

--
-- 資料表索引 `wos_nicepage_sections`
--
ALTER TABLE `wos_nicepage_sections`
  ADD PRIMARY KEY (`id`) USING BTREE;

--
-- 資料表索引 `wos_orderpickup_history`
--
ALTER TABLE `wos_orderpickup_history`
  ADD PRIMARY KEY (`id`) USING BTREE;

--
-- 資料表索引 `wos_overrider`
--
ALTER TABLE `wos_overrider`
  ADD PRIMARY KEY (`id`) USING BTREE;

--
-- 資料表索引 `wos_postinstall_messages`
--
ALTER TABLE `wos_postinstall_messages`
  ADD PRIMARY KEY (`postinstall_message_id`) USING BTREE;

--
-- 資料表索引 `wos_privacy_consents`
--
ALTER TABLE `wos_privacy_consents`
  ADD PRIMARY KEY (`id`) USING BTREE,
  ADD KEY `idx_user_id` (`user_id`) USING BTREE;

--
-- 資料表索引 `wos_privacy_requests`
--
ALTER TABLE `wos_privacy_requests`
  ADD PRIMARY KEY (`id`) USING BTREE;

--
-- 資料表索引 `wos_redirect_links`
--
ALTER TABLE `wos_redirect_links`
  ADD PRIMARY KEY (`id`) USING BTREE,
  ADD KEY `idx_link_modifed` (`modified_date`) USING BTREE,
  ADD KEY `idx_old_url` (`old_url`(100)) USING BTREE;

--
-- 資料表索引 `wos_schemas`
--
ALTER TABLE `wos_schemas`
  ADD PRIMARY KEY (`extension_id`,`version_id`) USING BTREE;

--
-- 資料表索引 `wos_shopnite_addons`
--
ALTER TABLE `wos_shopnite_addons`
  ADD PRIMARY KEY (`id`) USING BTREE;

--
-- 資料表索引 `wos_shopnite_addresses`
--
ALTER TABLE `wos_shopnite_addresses`
  ADD PRIMARY KEY (`id`) USING BTREE,
  ADD KEY `idx_user_id` (`user_id`) USING BTREE,
  ADD KEY `idx_country_id` (`country_id`) USING BTREE,
  ADD KEY `idx_state_id` (`state_id`) USING BTREE;

--
-- 資料表索引 `wos_shopnite_bulkpurchases`
--
ALTER TABLE `wos_shopnite_bulkpurchases`
  ADD PRIMARY KEY (`id`) USING BTREE;

--
-- 資料表索引 `wos_shopnite_bundles`
--
ALTER TABLE `wos_shopnite_bundles`
  ADD PRIMARY KEY (`id`) USING BTREE,
  ADD KEY `idx_alias` (`alias`(255)) USING BTREE;

--
-- 資料表索引 `wos_shopnite_bundles_items`
--
ALTER TABLE `wos_shopnite_bundles_items`
  ADD PRIMARY KEY (`id`) USING BTREE,
  ADD KEY `idx_bundle_id` (`bundle_id`) USING BTREE;

--
-- 資料表索引 `wos_shopnite_countries`
--
ALTER TABLE `wos_shopnite_countries`
  ADD PRIMARY KEY (`id`) USING BTREE,
  ADD KEY `idx_iso` (`iso`) USING BTREE,
  ADD KEY `idx_iso3` (`iso3`) USING BTREE;

--
-- 資料表索引 `wos_shopnite_countries_states`
--
ALTER TABLE `wos_shopnite_countries_states`
  ADD PRIMARY KEY (`id`) USING BTREE,
  ADD KEY `idx_country_id` (`country_id`) USING BTREE;

--
-- 資料表索引 `wos_shopnite_coupons`
--
ALTER TABLE `wos_shopnite_coupons`
  ADD PRIMARY KEY (`id`) USING BTREE,
  ADD UNIQUE KEY `idx_code` (`code`) USING BTREE;

--
-- 資料表索引 `wos_shopnite_coupons_history`
--
ALTER TABLE `wos_shopnite_coupons_history`
  ADD PRIMARY KEY (`id`) USING BTREE,
  ADD KEY `idx_user_id` (`user_id`) USING BTREE,
  ADD KEY `idx_order_id` (`order_id`) USING BTREE,
  ADD KEY `idx_coupon_id` (`coupon_id`) USING BTREE;

--
-- 資料表索引 `wos_shopnite_currencies`
--
ALTER TABLE `wos_shopnite_currencies`
  ADD PRIMARY KEY (`id`) USING BTREE,
  ADD KEY `idx_name` (`name`) USING BTREE,
  ADD KEY `idx_code` (`code`) USING BTREE;

--
-- 資料表索引 `wos_shopnite_customergroups`
--
ALTER TABLE `wos_shopnite_customergroups`
  ADD PRIMARY KEY (`id`) USING BTREE,
  ADD KEY `idx_group_id` (`group_id`) USING BTREE;

--
-- 資料表索引 `wos_shopnite_customergroups_prices`
--
ALTER TABLE `wos_shopnite_customergroups_prices`
  ADD PRIMARY KEY (`id`) USING BTREE,
  ADD KEY `idx_customergroup_id` (`customergroup_id`) USING BTREE,
  ADD KEY `idx_product_id` (`product_id`) USING BTREE,
  ADD KEY `idx_variant_id` (`variant_id`) USING BTREE;

--
-- 資料表索引 `wos_shopnite_geozones`
--
ALTER TABLE `wos_shopnite_geozones`
  ADD PRIMARY KEY (`id`) USING BTREE;

--
-- 資料表索引 `wos_shopnite_geozones_countries_map`
--
ALTER TABLE `wos_shopnite_geozones_countries_map`
  ADD PRIMARY KEY (`geozone_id`,`country_id`,`state_id`) USING BTREE;

--
-- 資料表索引 `wos_shopnite_messages`
--
ALTER TABLE `wos_shopnite_messages`
  ADD PRIMARY KEY (`id`) USING BTREE,
  ADD KEY `idx_alias` (`alias`) USING BTREE;

--
-- 資料表索引 `wos_shopnite_orders`
--
ALTER TABLE `wos_shopnite_orders`
  ADD PRIMARY KEY (`id`) USING BTREE,
  ADD KEY `idx_user_id` (`user_id`) USING BTREE,
  ADD KEY `idx_bill_state_id` (`bill_state_id`) USING BTREE,
  ADD KEY `idx_bill_country_id` (`bill_country_id`) USING BTREE,
  ADD KEY `idx_ship_state_id` (`ship_state_id`) USING BTREE,
  ADD KEY `idx_ship_country_id` (`ship_country_id`) USING BTREE;

--
-- 資料表索引 `wos_shopnite_orders_discounts`
--
ALTER TABLE `wos_shopnite_orders_discounts`
  ADD PRIMARY KEY (`id`) USING BTREE,
  ADD KEY `idx_order_id` (`order_id`) USING BTREE;

--
-- 資料表索引 `wos_shopnite_orders_history`
--
ALTER TABLE `wos_shopnite_orders_history`
  ADD PRIMARY KEY (`id`) USING BTREE,
  ADD KEY `idx_order_id` (`order_id`) USING BTREE;

--
-- 資料表索引 `wos_shopnite_orders_items`
--
ALTER TABLE `wos_shopnite_orders_items`
  ADD PRIMARY KEY (`id`) USING BTREE,
  ADD KEY `idx_order_id` (`order_id`) USING BTREE,
  ADD KEY `idx_product_id` (`product_id`) USING BTREE,
  ADD KEY `idx_variant_id` (`variant_id`) USING BTREE;

--
-- 資料表索引 `wos_shopnite_payments`
--
ALTER TABLE `wos_shopnite_payments`
  ADD PRIMARY KEY (`id`) USING BTREE,
  ADD KEY `idx_addon_id` (`addon_id`) USING BTREE;

--
-- 資料表索引 `wos_shopnite_payment_customers`
--
ALTER TABLE `wos_shopnite_payment_customers`
  ADD PRIMARY KEY (`id`) USING BTREE,
  ADD KEY `idx_user_id` (`user_id`) USING BTREE,
  ADD KEY `idx_customer_id` (`customer_id`) USING BTREE;

--
-- 資料表索引 `wos_shopnite_products`
--
ALTER TABLE `wos_shopnite_products`
  ADD PRIMARY KEY (`id`) USING BTREE,
  ADD UNIQUE KEY `idx_alias` (`alias`(255)) USING BTREE,
  ADD KEY `idx_access` (`access`) USING BTREE,
  ADD KEY `idx_state` (`state`) USING BTREE;

--
-- 資料表索引 `wos_shopnite_products_categories`
--
ALTER TABLE `wos_shopnite_products_categories`
  ADD PRIMARY KEY (`product_id`,`category_id`) USING BTREE;

--
-- 資料表索引 `wos_shopnite_products_images`
--
ALTER TABLE `wos_shopnite_products_images`
  ADD PRIMARY KEY (`id`) USING BTREE,
  ADD KEY `idx_product_id` (`product_id`) USING BTREE;

--
-- 資料表索引 `wos_shopnite_products_options`
--
ALTER TABLE `wos_shopnite_products_options`
  ADD PRIMARY KEY (`id`) USING BTREE,
  ADD KEY `idx_product_id` (`product_id`) USING BTREE;

--
-- 資料表索引 `wos_shopnite_products_options_values`
--
ALTER TABLE `wos_shopnite_products_options_values`
  ADD PRIMARY KEY (`id`) USING BTREE,
  ADD KEY `idx_option_id` (`option_id`) USING BTREE;

--
-- 資料表索引 `wos_shopnite_products_relateds`
--
ALTER TABLE `wos_shopnite_products_relateds`
  ADD PRIMARY KEY (`product_id`,`rel_group`) USING BTREE;

--
-- 資料表索引 `wos_shopnite_products_variants`
--
ALTER TABLE `wos_shopnite_products_variants`
  ADD PRIMARY KEY (`id`) USING BTREE,
  ADD KEY `idx_product_id` (`product_id`) USING BTREE;

--
-- 資料表索引 `wos_shopnite_products_variants_map`
--
ALTER TABLE `wos_shopnite_products_variants_map`
  ADD PRIMARY KEY (`product_id`,`variant_group`,`product_option_id`) USING BTREE,
  ADD KEY `idx_product_id` (`product_id`) USING BTREE,
  ADD KEY `idx_product_option_id` (`product_option_id`) USING BTREE,
  ADD KEY `idx_option_value_id` (`option_value_id`) USING BTREE;

--
-- 資料表索引 `wos_shopnite_rewardpoints`
--
ALTER TABLE `wos_shopnite_rewardpoints`
  ADD PRIMARY KEY (`id`) USING BTREE,
  ADD KEY `idx_user_id` (`user_id`) USING BTREE;

--
-- 資料表索引 `wos_shopnite_rewardpoints_history`
--
ALTER TABLE `wos_shopnite_rewardpoints_history`
  ADD PRIMARY KEY (`id`) USING BTREE,
  ADD KEY `idx_user_id` (`user_id`) USING BTREE,
  ADD KEY `idx_order_id` (`order_id`) USING BTREE;

--
-- 資料表索引 `wos_shopnite_shippings`
--
ALTER TABLE `wos_shopnite_shippings`
  ADD PRIMARY KEY (`id`) USING BTREE;

--
-- 資料表索引 `wos_shopnite_shippings_classes`
--
ALTER TABLE `wos_shopnite_shippings_classes`
  ADD PRIMARY KEY (`id`) USING BTREE;

--
-- 資料表索引 `wos_shopnite_swatches`
--
ALTER TABLE `wos_shopnite_swatches`
  ADD PRIMARY KEY (`id`) USING BTREE;

--
-- 資料表索引 `wos_shopnite_swatches_colors`
--
ALTER TABLE `wos_shopnite_swatches_colors`
  ADD PRIMARY KEY (`id`) USING BTREE,
  ADD KEY `idx_swatch_id` (`swatch_id`) USING BTREE;

--
-- 資料表索引 `wos_shopnite_templates`
--
ALTER TABLE `wos_shopnite_templates`
  ADD PRIMARY KEY (`id`) USING BTREE;

--
-- 資料表索引 `wos_shopnite_vouchers`
--
ALTER TABLE `wos_shopnite_vouchers`
  ADD PRIMARY KEY (`id`) USING BTREE,
  ADD UNIQUE KEY `idx_code` (`code`) USING BTREE;

--
-- 資料表索引 `wos_shopnite_vouchers_map`
--
ALTER TABLE `wos_shopnite_vouchers_map`
  ADD PRIMARY KEY (`id`) USING BTREE;

--
-- 資料表索引 `wos_shopnite_vouchers_templates`
--
ALTER TABLE `wos_shopnite_vouchers_templates`
  ADD PRIMARY KEY (`id`) USING BTREE,
  ADD KEY `idx_contains_product_id` (`contains_product_id`) USING BTREE;

--
-- 資料表索引 `wos_shopnite_wishlists`
--
ALTER TABLE `wos_shopnite_wishlists`
  ADD PRIMARY KEY (`user_id`,`product_id`) USING BTREE;

--
-- 資料表索引 `wos_subscriptions_messages`
--
ALTER TABLE `wos_subscriptions_messages`
  ADD PRIMARY KEY (`id`) USING BTREE,
  ADD KEY `idx_alias` (`alias`) USING BTREE;

--
-- 資料表索引 `wos_subscriptions_subscribers`
--
ALTER TABLE `wos_subscriptions_subscribers`
  ADD PRIMARY KEY (`id`) USING BTREE;

--
-- 資料表索引 `wos_subscriptions_templates`
--
ALTER TABLE `wos_subscriptions_templates`
  ADD PRIMARY KEY (`id`) USING BTREE;

--
-- 資料表索引 `wos_tags`
--
ALTER TABLE `wos_tags`
  ADD PRIMARY KEY (`id`) USING BTREE,
  ADD KEY `tag_idx` (`published`,`access`) USING BTREE,
  ADD KEY `idx_access` (`access`) USING BTREE,
  ADD KEY `idx_checkout` (`checked_out`) USING BTREE,
  ADD KEY `idx_left_right` (`lft`,`rgt`) USING BTREE,
  ADD KEY `idx_language` (`language`) USING BTREE,
  ADD KEY `idx_path` (`path`(100)) USING BTREE,
  ADD KEY `idx_alias` (`alias`(100)) USING BTREE;

--
-- 資料表索引 `wos_template_styles`
--
ALTER TABLE `wos_template_styles`
  ADD PRIMARY KEY (`id`) USING BTREE,
  ADD KEY `idx_template` (`template`) USING BTREE,
  ADD KEY `idx_client_id` (`client_id`) USING BTREE,
  ADD KEY `idx_client_id_home` (`client_id`,`home`) USING BTREE;

--
-- 資料表索引 `wos_ucm_base`
--
ALTER TABLE `wos_ucm_base`
  ADD PRIMARY KEY (`ucm_id`) USING BTREE,
  ADD KEY `idx_ucm_item_id` (`ucm_item_id`) USING BTREE,
  ADD KEY `idx_ucm_type_id` (`ucm_type_id`) USING BTREE,
  ADD KEY `idx_ucm_language_id` (`ucm_language_id`) USING BTREE;

--
-- 資料表索引 `wos_ucm_content`
--
ALTER TABLE `wos_ucm_content`
  ADD PRIMARY KEY (`core_content_id`) USING BTREE,
  ADD KEY `tag_idx` (`core_state`,`core_access`) USING BTREE,
  ADD KEY `idx_access` (`core_access`) USING BTREE,
  ADD KEY `idx_language` (`core_language`) USING BTREE,
  ADD KEY `idx_modified_time` (`core_modified_time`) USING BTREE,
  ADD KEY `idx_created_time` (`core_created_time`) USING BTREE,
  ADD KEY `idx_core_modified_user_id` (`core_modified_user_id`) USING BTREE,
  ADD KEY `idx_core_checked_out_user_id` (`core_checked_out_user_id`) USING BTREE,
  ADD KEY `idx_core_created_user_id` (`core_created_user_id`) USING BTREE,
  ADD KEY `idx_core_type_id` (`core_type_id`) USING BTREE,
  ADD KEY `idx_alias` (`core_alias`(100)) USING BTREE,
  ADD KEY `idx_title` (`core_title`(100)) USING BTREE,
  ADD KEY `idx_content_type` (`core_type_alias`(100)) USING BTREE;

--
-- 資料表索引 `wos_ucm_history`
--
ALTER TABLE `wos_ucm_history`
  ADD PRIMARY KEY (`version_id`) USING BTREE,
  ADD KEY `idx_ucm_item_id` (`ucm_type_id`,`ucm_item_id`) USING BTREE,
  ADD KEY `idx_save_date` (`save_date`) USING BTREE;

--
-- 資料表索引 `wos_updates`
--
ALTER TABLE `wos_updates`
  ADD PRIMARY KEY (`update_id`) USING BTREE;

--
-- 資料表索引 `wos_update_sites`
--
ALTER TABLE `wos_update_sites`
  ADD PRIMARY KEY (`update_site_id`) USING BTREE;

--
-- 資料表索引 `wos_update_sites_extensions`
--
ALTER TABLE `wos_update_sites_extensions`
  ADD PRIMARY KEY (`update_site_id`,`extension_id`) USING BTREE;

--
-- 資料表索引 `wos_usergroups`
--
ALTER TABLE `wos_usergroups`
  ADD PRIMARY KEY (`id`) USING BTREE,
  ADD UNIQUE KEY `idx_usergroup_parent_title_lookup` (`parent_id`,`title`) USING BTREE,
  ADD KEY `idx_usergroup_title_lookup` (`title`) USING BTREE,
  ADD KEY `idx_usergroup_adjacency_lookup` (`parent_id`) USING BTREE,
  ADD KEY `idx_usergroup_nested_set_lookup` (`lft`,`rgt`) USING BTREE;

--
-- 資料表索引 `wos_user_notes`
--
ALTER TABLE `wos_user_notes`
  ADD PRIMARY KEY (`id`) USING BTREE,
  ADD KEY `idx_user_id` (`user_id`) USING BTREE,
  ADD KEY `idx_category_id` (`catid`) USING BTREE;

--
-- 資料表索引 `wos_user_profiles`
--
ALTER TABLE `wos_user_profiles`
  ADD UNIQUE KEY `idx_user_id_profile_key` (`user_id`,`profile_key`) USING BTREE;

--
-- 資料表索引 `wos_user_usergroup_map`
--
ALTER TABLE `wos_user_usergroup_map`
  ADD PRIMARY KEY (`user_id`,`group_id`) USING BTREE;

--
-- 資料表索引 `wos_viewlevels`
--
ALTER TABLE `wos_viewlevels`
  ADD PRIMARY KEY (`id`) USING BTREE,
  ADD UNIQUE KEY `idx_assetgroup_title_lookup` (`title`) USING BTREE;

--
-- 資料表索引 `wos_vmart_memberships`
--
ALTER TABLE `wos_vmart_memberships`
  ADD PRIMARY KEY (`id`) USING BTREE;

--
-- 在傾印的資料表使用自動遞增(AUTO_INCREMENT)
--

--
-- 使用資料表自動遞增(AUTO_INCREMENT) `wos_action_logs`
--
ALTER TABLE `wos_action_logs`
  MODIFY `id` int UNSIGNED NOT NULL AUTO_INCREMENT;

--
-- 使用資料表自動遞增(AUTO_INCREMENT) `wos_action_logs_extensions`
--
ALTER TABLE `wos_action_logs_extensions`
  MODIFY `id` int UNSIGNED NOT NULL AUTO_INCREMENT, AUTO_INCREMENT=3;

--
-- 使用資料表自動遞增(AUTO_INCREMENT) `wos_action_log_config`
--
ALTER TABLE `wos_action_log_config`
  MODIFY `id` int UNSIGNED NOT NULL AUTO_INCREMENT;

--
-- 使用資料表自動遞增(AUTO_INCREMENT) `wos_affiliates_commissions`
--
ALTER TABLE `wos_affiliates_commissions`
  MODIFY `id` int UNSIGNED NOT NULL AUTO_INCREMENT, AUTO_INCREMENT=34;

--
-- 使用資料表自動遞增(AUTO_INCREMENT) `wos_affiliates_messages`
--
ALTER TABLE `wos_affiliates_messages`
  MODIFY `id` int UNSIGNED NOT NULL AUTO_INCREMENT, AUTO_INCREMENT=6;

--
-- 使用資料表自動遞增(AUTO_INCREMENT) `wos_affiliates_payouts`
--
ALTER TABLE `wos_affiliates_payouts`
  MODIFY `id` int UNSIGNED NOT NULL AUTO_INCREMENT, AUTO_INCREMENT=10;

--
-- 使用資料表自動遞增(AUTO_INCREMENT) `wos_affiliates_referers`
--
ALTER TABLE `wos_affiliates_referers`
  MODIFY `id` int UNSIGNED NOT NULL AUTO_INCREMENT, AUTO_INCREMENT=185;

--
-- 使用資料表自動遞增(AUTO_INCREMENT) `wos_affiliates_referrals`
--
ALTER TABLE `wos_affiliates_referrals`
  MODIFY `id` int UNSIGNED NOT NULL AUTO_INCREMENT, AUTO_INCREMENT=37;

--
-- 使用資料表自動遞增(AUTO_INCREMENT) `wos_affiliates_templates`
--
ALTER TABLE `wos_affiliates_templates`
  MODIFY `id` int UNSIGNED NOT NULL AUTO_INCREMENT, AUTO_INCREMENT=2;

--
-- 使用資料表自動遞增(AUTO_INCREMENT) `wos_assets`
--
ALTER TABLE `wos_assets`
  MODIFY `id` int UNSIGNED NOT NULL AUTO_INCREMENT COMMENT 'Primary Key', AUTO_INCREMENT=1163;

--
-- 使用資料表自動遞增(AUTO_INCREMENT) `wos_banners`
--
ALTER TABLE `wos_banners`
  MODIFY `id` int NOT NULL AUTO_INCREMENT, AUTO_INCREMENT=14;

--
-- 使用資料表自動遞增(AUTO_INCREMENT) `wos_banner_clients`
--
ALTER TABLE `wos_banner_clients`
  MODIFY `id` int NOT NULL AUTO_INCREMENT;

--
-- 使用資料表自動遞增(AUTO_INCREMENT) `wos_categories`
--
ALTER TABLE `wos_categories`
  MODIFY `id` int NOT NULL AUTO_INCREMENT, AUTO_INCREMENT=440;

--
-- 使用資料表自動遞增(AUTO_INCREMENT) `wos_contact_details`
--
ALTER TABLE `wos_contact_details`
  MODIFY `id` int NOT NULL AUTO_INCREMENT;

--
-- 使用資料表自動遞增(AUTO_INCREMENT) `wos_content`
--
ALTER TABLE `wos_content`
  MODIFY `id` int UNSIGNED NOT NULL AUTO_INCREMENT, AUTO_INCREMENT=208;

--
-- 使用資料表自動遞增(AUTO_INCREMENT) `wos_content_types`
--
ALTER TABLE `wos_content_types`
  MODIFY `type_id` int UNSIGNED NOT NULL AUTO_INCREMENT, AUTO_INCREMENT=10003;

--
-- 使用資料表自動遞增(AUTO_INCREMENT) `wos_easyjoomlabackup`
--
ALTER TABLE `wos_easyjoomlabackup`
  MODIFY `id` int NOT NULL AUTO_INCREMENT;

--
-- 使用資料表自動遞增(AUTO_INCREMENT) `wos_extensions`
--
ALTER TABLE `wos_extensions`
  MODIFY `extension_id` int NOT NULL AUTO_INCREMENT, AUTO_INCREMENT=10470;

--
-- 使用資料表自動遞增(AUTO_INCREMENT) `wos_falang_content`
--
ALTER TABLE `wos_falang_content`
  MODIFY `id` int UNSIGNED NOT NULL AUTO_INCREMENT;

--
-- 使用資料表自動遞增(AUTO_INCREMENT) `wos_falang_tableinfo`
--
ALTER TABLE `wos_falang_tableinfo`
  MODIFY `id` int NOT NULL AUTO_INCREMENT, AUTO_INCREMENT=78014;

--
-- 使用資料表自動遞增(AUTO_INCREMENT) `wos_fields`
--
ALTER TABLE `wos_fields`
  MODIFY `id` int UNSIGNED NOT NULL AUTO_INCREMENT, AUTO_INCREMENT=192;

--
-- 使用資料表自動遞增(AUTO_INCREMENT) `wos_fields_groups`
--
ALTER TABLE `wos_fields_groups`
  MODIFY `id` int UNSIGNED NOT NULL AUTO_INCREMENT, AUTO_INCREMENT=4;

--
-- 使用資料表自動遞增(AUTO_INCREMENT) `wos_finder_filters`
--
ALTER TABLE `wos_finder_filters`
  MODIFY `filter_id` int UNSIGNED NOT NULL AUTO_INCREMENT;

--
-- 使用資料表自動遞增(AUTO_INCREMENT) `wos_finder_links`
--
ALTER TABLE `wos_finder_links`
  MODIFY `link_id` int UNSIGNED NOT NULL AUTO_INCREMENT;

--
-- 使用資料表自動遞增(AUTO_INCREMENT) `wos_finder_taxonomy`
--
ALTER TABLE `wos_finder_taxonomy`
  MODIFY `id` int UNSIGNED NOT NULL AUTO_INCREMENT, AUTO_INCREMENT=2;

--
-- 使用資料表自動遞增(AUTO_INCREMENT) `wos_finder_terms`
--
ALTER TABLE `wos_finder_terms`
  MODIFY `term_id` int UNSIGNED NOT NULL AUTO_INCREMENT;

--
-- 使用資料表自動遞增(AUTO_INCREMENT) `wos_finder_types`
--
ALTER TABLE `wos_finder_types`
  MODIFY `id` int UNSIGNED NOT NULL AUTO_INCREMENT;

--
-- 使用資料表自動遞增(AUTO_INCREMENT) `wos_formpro_entries`
--
ALTER TABLE `wos_formpro_entries`
  MODIFY `id` int UNSIGNED NOT NULL AUTO_INCREMENT, AUTO_INCREMENT=5;

--
-- 使用資料表自動遞增(AUTO_INCREMENT) `wos_formpro_fields`
--
ALTER TABLE `wos_formpro_fields`
  MODIFY `id` int UNSIGNED NOT NULL AUTO_INCREMENT, AUTO_INCREMENT=41;

--
-- 使用資料表自動遞增(AUTO_INCREMENT) `wos_formpro_field_options`
--
ALTER TABLE `wos_formpro_field_options`
  MODIFY `id` int UNSIGNED NOT NULL AUTO_INCREMENT, AUTO_INCREMENT=8;

--
-- 使用資料表自動遞增(AUTO_INCREMENT) `wos_formpro_forms`
--
ALTER TABLE `wos_formpro_forms`
  MODIFY `id` int UNSIGNED NOT NULL AUTO_INCREMENT, AUTO_INCREMENT=2;

--
-- 使用資料表自動遞增(AUTO_INCREMENT) `wos_formpro_notifications`
--
ALTER TABLE `wos_formpro_notifications`
  MODIFY `id` int UNSIGNED NOT NULL AUTO_INCREMENT, AUTO_INCREMENT=4;

--
-- 使用資料表自動遞增(AUTO_INCREMENT) `wos_jhackguard_bot_scout`
--
ALTER TABLE `wos_jhackguard_bot_scout`
  MODIFY `id` int UNSIGNED NOT NULL AUTO_INCREMENT;

--
-- 使用資料表自動遞增(AUTO_INCREMENT) `wos_jhackguard_input_filters`
--
ALTER TABLE `wos_jhackguard_input_filters`
  MODIFY `id` int UNSIGNED NOT NULL AUTO_INCREMENT, AUTO_INCREMENT=14;

--
-- 使用資料表自動遞增(AUTO_INCREMENT) `wos_jhackguard_ip_filters`
--
ALTER TABLE `wos_jhackguard_ip_filters`
  MODIFY `id` int UNSIGNED NOT NULL AUTO_INCREMENT, AUTO_INCREMENT=2;

--
-- 使用資料表自動遞增(AUTO_INCREMENT) `wos_jhackguard_logs`
--
ALTER TABLE `wos_jhackguard_logs`
  MODIFY `id` int UNSIGNED NOT NULL AUTO_INCREMENT, AUTO_INCREMENT=5;

--
-- 使用資料表自動遞增(AUTO_INCREMENT) `wos_jhackguard_output_filters`
--
ALTER TABLE `wos_jhackguard_output_filters`
  MODIFY `id` int UNSIGNED NOT NULL AUTO_INCREMENT, AUTO_INCREMENT=2;

--
-- 使用資料表自動遞增(AUTO_INCREMENT) `wos_jhackguard_scan_files`
--
ALTER TABLE `wos_jhackguard_scan_files`
  MODIFY `id` int NOT NULL AUTO_INCREMENT;

--
-- 使用資料表自動遞增(AUTO_INCREMENT) `wos_jhackguard_scan_hits`
--
ALTER TABLE `wos_jhackguard_scan_hits`
  MODIFY `id` int NOT NULL AUTO_INCREMENT;

--
-- 使用資料表自動遞增(AUTO_INCREMENT) `wos_knquickicons`
--
ALTER TABLE `wos_knquickicons`
  MODIFY `id` int UNSIGNED NOT NULL AUTO_INCREMENT, AUTO_INCREMENT=29;

--
-- 使用資料表自動遞增(AUTO_INCREMENT) `wos_languages`
--
ALTER TABLE `wos_languages`
  MODIFY `lang_id` int UNSIGNED NOT NULL AUTO_INCREMENT, AUTO_INCREMENT=4;

--
-- 使用資料表自動遞增(AUTO_INCREMENT) `wos_layerslider`
--
ALTER TABLE `wos_layerslider`
  MODIFY `id` int NOT NULL AUTO_INCREMENT, AUTO_INCREMENT=2;

--
-- 使用資料表自動遞增(AUTO_INCREMENT) `wos_layerslider_options`
--
ALTER TABLE `wos_layerslider_options`
  MODIFY `option_id` int NOT NULL AUTO_INCREMENT, AUTO_INCREMENT=2;

--
-- 使用資料表自動遞增(AUTO_INCREMENT) `wos_memberpro_addons`
--
ALTER TABLE `wos_memberpro_addons`
  MODIFY `id` int UNSIGNED NOT NULL AUTO_INCREMENT, AUTO_INCREMENT=15;

--
-- 使用資料表自動遞增(AUTO_INCREMENT) `wos_memberpro_fbcnt_users`
--
ALTER TABLE `wos_memberpro_fbcnt_users`
  MODIFY `id` int UNSIGNED NOT NULL AUTO_INCREMENT;

--
-- 使用資料表自動遞增(AUTO_INCREMENT) `wos_memberpro_fields`
--
ALTER TABLE `wos_memberpro_fields`
  MODIFY `id` int UNSIGNED NOT NULL AUTO_INCREMENT, AUTO_INCREMENT=69;

--
-- 使用資料表自動遞增(AUTO_INCREMENT) `wos_memberpro_instagram_users`
--
ALTER TABLE `wos_memberpro_instagram_users`
  MODIFY `id` int UNSIGNED NOT NULL AUTO_INCREMENT;

--
-- 使用資料表自動遞增(AUTO_INCREMENT) `wos_memberpro_messages`
--
ALTER TABLE `wos_memberpro_messages`
  MODIFY `id` int UNSIGNED NOT NULL AUTO_INCREMENT, AUTO_INCREMENT=6;

--
-- 使用資料表自動遞增(AUTO_INCREMENT) `wos_memberpro_profiles`
--
ALTER TABLE `wos_memberpro_profiles`
  MODIFY `id` int UNSIGNED NOT NULL AUTO_INCREMENT, AUTO_INCREMENT=330;

--
-- 使用資料表自動遞增(AUTO_INCREMENT) `wos_memberpro_resend_history`
--
ALTER TABLE `wos_memberpro_resend_history`
  MODIFY `id` int UNSIGNED NOT NULL AUTO_INCREMENT, AUTO_INCREMENT=37;

--
-- 使用資料表自動遞增(AUTO_INCREMENT) `wos_memberpro_templates`
--
ALTER TABLE `wos_memberpro_templates`
  MODIFY `id` int UNSIGNED NOT NULL AUTO_INCREMENT, AUTO_INCREMENT=2;

--
-- 使用資料表自動遞增(AUTO_INCREMENT) `wos_menu`
--
ALTER TABLE `wos_menu`
  MODIFY `id` int NOT NULL AUTO_INCREMENT, AUTO_INCREMENT=466;

--
-- 使用資料表自動遞增(AUTO_INCREMENT) `wos_menu_types`
--
ALTER TABLE `wos_menu_types`
  MODIFY `id` int UNSIGNED NOT NULL AUTO_INCREMENT, AUTO_INCREMENT=11;

--
-- 使用資料表自動遞增(AUTO_INCREMENT) `wos_messages`
--
ALTER TABLE `wos_messages`
  MODIFY `message_id` int UNSIGNED NOT NULL AUTO_INCREMENT;

--
-- 使用資料表自動遞增(AUTO_INCREMENT) `wos_modules`
--
ALTER TABLE `wos_modules`
  MODIFY `id` int NOT NULL AUTO_INCREMENT, AUTO_INCREMENT=268;

--
-- 使用資料表自動遞增(AUTO_INCREMENT) `wos_newsfeeds`
--
ALTER TABLE `wos_newsfeeds`
  MODIFY `id` int UNSIGNED NOT NULL AUTO_INCREMENT;

--
-- 使用資料表自動遞增(AUTO_INCREMENT) `wos_nicepage_params`
--
ALTER TABLE `wos_nicepage_params`
  MODIFY `id` int UNSIGNED NOT NULL AUTO_INCREMENT, AUTO_INCREMENT=19;

--
-- 使用資料表自動遞增(AUTO_INCREMENT) `wos_nicepage_sections`
--
ALTER TABLE `wos_nicepage_sections`
  MODIFY `id` int UNSIGNED NOT NULL AUTO_INCREMENT, AUTO_INCREMENT=23;

--
-- 使用資料表自動遞增(AUTO_INCREMENT) `wos_orderpickup_history`
--
ALTER TABLE `wos_orderpickup_history`
  MODIFY `id` int UNSIGNED NOT NULL AUTO_INCREMENT;

--
-- 使用資料表自動遞增(AUTO_INCREMENT) `wos_overrider`
--
ALTER TABLE `wos_overrider`
  MODIFY `id` int NOT NULL AUTO_INCREMENT COMMENT 'Primary Key', AUTO_INCREMENT=3027;

--
-- 使用資料表自動遞增(AUTO_INCREMENT) `wos_postinstall_messages`
--
ALTER TABLE `wos_postinstall_messages`
  MODIFY `postinstall_message_id` bigint UNSIGNED NOT NULL AUTO_INCREMENT, AUTO_INCREMENT=14;

--
-- 使用資料表自動遞增(AUTO_INCREMENT) `wos_privacy_consents`
--
ALTER TABLE `wos_privacy_consents`
  MODIFY `id` int UNSIGNED NOT NULL AUTO_INCREMENT;

--
-- 使用資料表自動遞增(AUTO_INCREMENT) `wos_privacy_requests`
--
ALTER TABLE `wos_privacy_requests`
  MODIFY `id` int UNSIGNED NOT NULL AUTO_INCREMENT;

--
-- 使用資料表自動遞增(AUTO_INCREMENT) `wos_redirect_links`
--
ALTER TABLE `wos_redirect_links`
  MODIFY `id` int UNSIGNED NOT NULL AUTO_INCREMENT;

--
-- 使用資料表自動遞增(AUTO_INCREMENT) `wos_shopnite_addons`
--
ALTER TABLE `wos_shopnite_addons`
  MODIFY `id` int UNSIGNED NOT NULL AUTO_INCREMENT, AUTO_INCREMENT=22;

--
-- 使用資料表自動遞增(AUTO_INCREMENT) `wos_shopnite_addresses`
--
ALTER TABLE `wos_shopnite_addresses`
  MODIFY `id` int UNSIGNED NOT NULL AUTO_INCREMENT, AUTO_INCREMENT=123;

--
-- 使用資料表自動遞增(AUTO_INCREMENT) `wos_shopnite_bulkpurchases`
--
ALTER TABLE `wos_shopnite_bulkpurchases`
  MODIFY `id` int UNSIGNED NOT NULL AUTO_INCREMENT, AUTO_INCREMENT=273;

--
-- 使用資料表自動遞增(AUTO_INCREMENT) `wos_shopnite_bundles`
--
ALTER TABLE `wos_shopnite_bundles`
  MODIFY `id` int UNSIGNED NOT NULL AUTO_INCREMENT;

--
-- 使用資料表自動遞增(AUTO_INCREMENT) `wos_shopnite_bundles_items`
--
ALTER TABLE `wos_shopnite_bundles_items`
  MODIFY `id` int UNSIGNED NOT NULL AUTO_INCREMENT;

--
-- 使用資料表自動遞增(AUTO_INCREMENT) `wos_shopnite_countries`
--
ALTER TABLE `wos_shopnite_countries`
  MODIFY `id` int NOT NULL AUTO_INCREMENT, AUTO_INCREMENT=258;

--
-- 使用資料表自動遞增(AUTO_INCREMENT) `wos_shopnite_countries_states`
--
ALTER TABLE `wos_shopnite_countries_states`
  MODIFY `id` int UNSIGNED NOT NULL AUTO_INCREMENT, AUTO_INCREMENT=4389;

--
-- 使用資料表自動遞增(AUTO_INCREMENT) `wos_shopnite_coupons`
--
ALTER TABLE `wos_shopnite_coupons`
  MODIFY `id` int UNSIGNED NOT NULL AUTO_INCREMENT, AUTO_INCREMENT=30;

--
-- 使用資料表自動遞增(AUTO_INCREMENT) `wos_shopnite_coupons_history`
--
ALTER TABLE `wos_shopnite_coupons_history`
  MODIFY `id` int UNSIGNED NOT NULL AUTO_INCREMENT, AUTO_INCREMENT=31;

--
-- 使用資料表自動遞增(AUTO_INCREMENT) `wos_shopnite_currencies`
--
ALTER TABLE `wos_shopnite_currencies`
  MODIFY `id` int UNSIGNED NOT NULL AUTO_INCREMENT, AUTO_INCREMENT=5;

--
-- 使用資料表自動遞增(AUTO_INCREMENT) `wos_shopnite_customergroups`
--
ALTER TABLE `wos_shopnite_customergroups`
  MODIFY `id` int UNSIGNED NOT NULL AUTO_INCREMENT, AUTO_INCREMENT=5;

--
-- 使用資料表自動遞增(AUTO_INCREMENT) `wos_shopnite_customergroups_prices`
--
ALTER TABLE `wos_shopnite_customergroups_prices`
  MODIFY `id` int UNSIGNED NOT NULL AUTO_INCREMENT, AUTO_INCREMENT=3;

--
-- 使用資料表自動遞增(AUTO_INCREMENT) `wos_shopnite_geozones`
--
ALTER TABLE `wos_shopnite_geozones`
  MODIFY `id` int UNSIGNED NOT NULL AUTO_INCREMENT, AUTO_INCREMENT=7;

--
-- 使用資料表自動遞增(AUTO_INCREMENT) `wos_shopnite_messages`
--
ALTER TABLE `wos_shopnite_messages`
  MODIFY `id` int UNSIGNED NOT NULL AUTO_INCREMENT, AUTO_INCREMENT=16;

--
-- 使用資料表自動遞增(AUTO_INCREMENT) `wos_shopnite_orders`
--
ALTER TABLE `wos_shopnite_orders`
  MODIFY `id` int UNSIGNED NOT NULL AUTO_INCREMENT, AUTO_INCREMENT=358;

--
-- 使用資料表自動遞增(AUTO_INCREMENT) `wos_shopnite_orders_discounts`
--
ALTER TABLE `wos_shopnite_orders_discounts`
  MODIFY `id` int UNSIGNED NOT NULL AUTO_INCREMENT, AUTO_INCREMENT=182;

--
-- 使用資料表自動遞增(AUTO_INCREMENT) `wos_shopnite_orders_history`
--
ALTER TABLE `wos_shopnite_orders_history`
  MODIFY `id` int UNSIGNED NOT NULL AUTO_INCREMENT, AUTO_INCREMENT=1181;

--
-- 使用資料表自動遞增(AUTO_INCREMENT) `wos_shopnite_orders_items`
--
ALTER TABLE `wos_shopnite_orders_items`
  MODIFY `id` int UNSIGNED NOT NULL AUTO_INCREMENT, AUTO_INCREMENT=867;

--
-- 使用資料表自動遞增(AUTO_INCREMENT) `wos_shopnite_payments`
--
ALTER TABLE `wos_shopnite_payments`
  MODIFY `id` int UNSIGNED NOT NULL AUTO_INCREMENT, AUTO_INCREMENT=10;

--
-- 使用資料表自動遞增(AUTO_INCREMENT) `wos_shopnite_payment_customers`
--
ALTER TABLE `wos_shopnite_payment_customers`
  MODIFY `id` int UNSIGNED NOT NULL AUTO_INCREMENT, AUTO_INCREMENT=112;

--
-- 使用資料表自動遞增(AUTO_INCREMENT) `wos_shopnite_products`
--
ALTER TABLE `wos_shopnite_products`
  MODIFY `id` int UNSIGNED NOT NULL AUTO_INCREMENT, AUTO_INCREMENT=472;

--
-- 使用資料表自動遞增(AUTO_INCREMENT) `wos_shopnite_products_images`
--
ALTER TABLE `wos_shopnite_products_images`
  MODIFY `id` int UNSIGNED NOT NULL AUTO_INCREMENT, AUTO_INCREMENT=3073;

--
-- 使用資料表自動遞增(AUTO_INCREMENT) `wos_shopnite_products_options`
--
ALTER TABLE `wos_shopnite_products_options`
  MODIFY `id` int UNSIGNED NOT NULL AUTO_INCREMENT, AUTO_INCREMENT=60;

--
-- 使用資料表自動遞增(AUTO_INCREMENT) `wos_shopnite_products_options_values`
--
ALTER TABLE `wos_shopnite_products_options_values`
  MODIFY `id` int UNSIGNED NOT NULL AUTO_INCREMENT, AUTO_INCREMENT=220;

--
-- 使用資料表自動遞增(AUTO_INCREMENT) `wos_shopnite_products_variants`
--
ALTER TABLE `wos_shopnite_products_variants`
  MODIFY `id` int UNSIGNED NOT NULL AUTO_INCREMENT, AUTO_INCREMENT=304;

--
-- 使用資料表自動遞增(AUTO_INCREMENT) `wos_shopnite_rewardpoints`
--
ALTER TABLE `wos_shopnite_rewardpoints`
  MODIFY `id` int UNSIGNED NOT NULL AUTO_INCREMENT, AUTO_INCREMENT=129;

--
-- 使用資料表自動遞增(AUTO_INCREMENT) `wos_shopnite_rewardpoints_history`
--
ALTER TABLE `wos_shopnite_rewardpoints_history`
  MODIFY `id` int UNSIGNED NOT NULL AUTO_INCREMENT, AUTO_INCREMENT=454;

--
-- 使用資料表自動遞增(AUTO_INCREMENT) `wos_shopnite_shippings`
--
ALTER TABLE `wos_shopnite_shippings`
  MODIFY `id` int UNSIGNED NOT NULL AUTO_INCREMENT, AUTO_INCREMENT=39;

--
-- 使用資料表自動遞增(AUTO_INCREMENT) `wos_shopnite_shippings_classes`
--
ALTER TABLE `wos_shopnite_shippings_classes`
  MODIFY `id` int UNSIGNED NOT NULL AUTO_INCREMENT;

--
-- 使用資料表自動遞增(AUTO_INCREMENT) `wos_shopnite_swatches`
--
ALTER TABLE `wos_shopnite_swatches`
  MODIFY `id` int UNSIGNED NOT NULL AUTO_INCREMENT;

--
-- 使用資料表自動遞增(AUTO_INCREMENT) `wos_shopnite_swatches_colors`
--
ALTER TABLE `wos_shopnite_swatches_colors`
  MODIFY `id` int UNSIGNED NOT NULL AUTO_INCREMENT;

--
-- 使用資料表自動遞增(AUTO_INCREMENT) `wos_shopnite_templates`
--
ALTER TABLE `wos_shopnite_templates`
  MODIFY `id` int UNSIGNED NOT NULL AUTO_INCREMENT, AUTO_INCREMENT=4;

--
-- 使用資料表自動遞增(AUTO_INCREMENT) `wos_shopnite_vouchers`
--
ALTER TABLE `wos_shopnite_vouchers`
  MODIFY `id` int UNSIGNED NOT NULL AUTO_INCREMENT, AUTO_INCREMENT=191;

--
-- 使用資料表自動遞增(AUTO_INCREMENT) `wos_shopnite_vouchers_map`
--
ALTER TABLE `wos_shopnite_vouchers_map`
  MODIFY `id` int UNSIGNED NOT NULL AUTO_INCREMENT, AUTO_INCREMENT=250;

--
-- 使用資料表自動遞增(AUTO_INCREMENT) `wos_shopnite_vouchers_templates`
--
ALTER TABLE `wos_shopnite_vouchers_templates`
  MODIFY `id` int UNSIGNED NOT NULL AUTO_INCREMENT, AUTO_INCREMENT=7;

--
-- 使用資料表自動遞增(AUTO_INCREMENT) `wos_subscriptions_messages`
--
ALTER TABLE `wos_subscriptions_messages`
  MODIFY `id` int UNSIGNED NOT NULL AUTO_INCREMENT, AUTO_INCREMENT=9;

--
-- 使用資料表自動遞增(AUTO_INCREMENT) `wos_subscriptions_subscribers`
--
ALTER TABLE `wos_subscriptions_subscribers`
  MODIFY `id` int UNSIGNED NOT NULL AUTO_INCREMENT, AUTO_INCREMENT=42;

--
-- 使用資料表自動遞增(AUTO_INCREMENT) `wos_subscriptions_templates`
--
ALTER TABLE `wos_subscriptions_templates`
  MODIFY `id` int UNSIGNED NOT NULL AUTO_INCREMENT, AUTO_INCREMENT=5;

--
-- 使用資料表自動遞增(AUTO_INCREMENT) `wos_tags`
--
ALTER TABLE `wos_tags`
  MODIFY `id` int UNSIGNED NOT NULL AUTO_INCREMENT, AUTO_INCREMENT=5;

--
-- 使用資料表自動遞增(AUTO_INCREMENT) `wos_template_styles`
--
ALTER TABLE `wos_template_styles`
  MODIFY `id` int UNSIGNED NOT NULL AUTO_INCREMENT, AUTO_INCREMENT=10;

--
-- 使用資料表自動遞增(AUTO_INCREMENT) `wos_ucm_content`
--
ALTER TABLE `wos_ucm_content`
  MODIFY `core_content_id` int UNSIGNED NOT NULL AUTO_INCREMENT;

--
-- 使用資料表自動遞增(AUTO_INCREMENT) `wos_ucm_history`
--
ALTER TABLE `wos_ucm_history`
  MODIFY `version_id` int UNSIGNED NOT NULL AUTO_INCREMENT, AUTO_INCREMENT=847;

--
-- 使用資料表自動遞增(AUTO_INCREMENT) `wos_updates`
--
ALTER TABLE `wos_updates`
  MODIFY `update_id` int NOT NULL AUTO_INCREMENT, AUTO_INCREMENT=167;

--
-- 使用資料表自動遞增(AUTO_INCREMENT) `wos_update_sites`
--
ALTER TABLE `wos_update_sites`
  MODIFY `update_site_id` int NOT NULL AUTO_INCREMENT, AUTO_INCREMENT=58;

--
-- 使用資料表自動遞增(AUTO_INCREMENT) `wos_usergroups`
--
ALTER TABLE `wos_usergroups`
  MODIFY `id` int UNSIGNED NOT NULL AUTO_INCREMENT COMMENT 'Primary Key', AUTO_INCREMENT=20;

--
-- 使用資料表自動遞增(AUTO_INCREMENT) `wos_user_notes`
--
ALTER TABLE `wos_user_notes`
  MODIFY `id` int UNSIGNED NOT NULL AUTO_INCREMENT;

--
-- 使用資料表自動遞增(AUTO_INCREMENT) `wos_viewlevels`
--
ALTER TABLE `wos_viewlevels`
  MODIFY `id` int UNSIGNED NOT NULL AUTO_INCREMENT COMMENT 'Primary Key', AUTO_INCREMENT=14;

--
-- 使用資料表自動遞增(AUTO_INCREMENT) `wos_vmart_memberships`
--
ALTER TABLE `wos_vmart_memberships`
  MODIFY `id` int UNSIGNED NOT NULL AUTO_INCREMENT, AUTO_INCREMENT=210;
COMMIT;

